--
-- Host: localhost    Database: admin_mm_dev
-- ------------------------------------------------------


--
-- Table structure for table `craft_amnav_navs`
--

CREATE TABLE `craft_amnav_navs` (
  `id` int(11) NOT NULL AUTO_INCREMENT,
  `name` varchar(255) COLLATE utf8_unicode_ci NOT NULL,
  `handle` varchar(255) COLLATE utf8_unicode_ci NOT NULL,
  `settings` text COLLATE utf8_unicode_ci,
  `dateCreated` datetime NOT NULL,
  `dateUpdated` datetime NOT NULL,
  `uid` char(36) COLLATE utf8_unicode_ci NOT NULL DEFAULT '0',
  PRIMARY KEY (`id`),
  UNIQUE KEY `craft_amnav_navs_handle_unq_idx` (`handle`)
) ENGINE=InnoDB AUTO_INCREMENT=5 DEFAULT CHARSET=utf8 COLLATE=utf8_unicode_ci;

--
-- Dumping data for table `craft_amnav_navs`
--

INSERT INTO `craft_amnav_navs` VALUES (1,'Top Main Menu','topMainMenu','{\"entrySources\":\"*\",\"maxLevels\":\"1\",\"canMoveFromLevel\":\"\",\"canDeleteFromLevel\":\"\"}','2017-03-15 14:39:31','2017-03-15 14:39:31','052b3b62-642d-4946-8c22-ee0dc1b9f69c'),(2,'Bottom Customers','bottomCustomers','{\"entrySources\":\"*\",\"maxLevels\":\"\",\"canMoveFromLevel\":\"\",\"canDeleteFromLevel\":\"\"}','2017-03-15 14:39:47','2017-03-15 14:39:47','2dafae86-9d88-4e65-a997-c9eada64b682'),(3,'Bottom Contact','bottomContact','{\"entrySources\":\"*\",\"maxLevels\":\"1\",\"canMoveFromLevel\":\"\",\"canDeleteFromLevel\":\"\"}','2017-03-15 14:40:03','2017-03-15 14:40:03','1a311d73-a265-45e6-86c1-ab4e8a4426e6'),(4,'Bottom Social','bottomSocial','{\"entrySources\":\"*\",\"maxLevels\":\"1\",\"canMoveFromLevel\":\"\",\"canDeleteFromLevel\":\"\"}','2017-03-15 15:34:30','2017-03-15 15:34:30','b4a07133-fa62-427e-a309-822dfca31f4b');

--
-- Table structure for table `craft_amnav_nodes`
--

CREATE TABLE `craft_amnav_nodes` (
  `id` int(11) NOT NULL AUTO_INCREMENT,
  `navId` int(11) NOT NULL,
  `parentId` int(11) DEFAULT NULL,
  `order` int(11) DEFAULT '0',
  `name` varchar(255) COLLATE utf8_unicode_ci NOT NULL,
  `url` varchar(255) COLLATE utf8_unicode_ci DEFAULT NULL,
  `listClass` varchar(255) COLLATE utf8_unicode_ci DEFAULT NULL,
  `blank` tinyint(1) unsigned NOT NULL DEFAULT '0',
  `enabled` tinyint(1) unsigned NOT NULL DEFAULT '1',
  `elementId` int(11) DEFAULT NULL,
  `elementType` varchar(255) COLLATE utf8_unicode_ci DEFAULT NULL,
  `locale` char(12) COLLATE utf8_unicode_ci DEFAULT NULL,
  `dateCreated` datetime NOT NULL,
  `dateUpdated` datetime NOT NULL,
  `uid` char(36) COLLATE utf8_unicode_ci NOT NULL DEFAULT '0',
  PRIMARY KEY (`id`),
  KEY `craft_amnav_nodes_elementId_elementType_locale_idx` (`elementId`,`elementType`,`locale`)
) ENGINE=InnoDB AUTO_INCREMENT=15 DEFAULT CHARSET=utf8 COLLATE=utf8_unicode_ci;

--
-- Dumping data for table `craft_amnav_nodes`
--

INSERT INTO `craft_amnav_nodes` VALUES (1,3,0,0,'(866) 241-9639','tel:(866) 241-9639',NULL,0,1,NULL,NULL,'en_us','2017-03-15 14:40:30','2017-03-15 14:40:30','e05bafb1-e821-46cc-9f5d-576da0e9511e'),(2,3,0,1,'(866) 212-3476','tel:(866) 212-3476',NULL,0,1,NULL,NULL,'en_us','2017-03-15 14:40:48','2017-03-15 14:40:48','99e33c95-534c-4be4-808f-0ac7a33a1d33'),(3,3,0,2,'monarchm@gmail.com','mailto:monarchm@gmail.com',NULL,0,1,NULL,NULL,'en_us','2017-03-15 14:41:12','2017-03-15 14:41:12','57734b4b-0fb0-4e19-a9cf-0f670d82b9cc'),(4,2,0,0,'Terms of service',NULL,NULL,0,1,67,'Entry','en_us','2017-03-15 15:26:45','2017-03-15 15:26:45','66192db6-623d-4ad3-b7f3-32219334d933'),(5,2,0,1,'Custom formulation section',NULL,NULL,0,1,68,'Entry','en_us','2017-03-15 15:26:53','2017-03-15 15:26:53','b5bfb4e1-3568-4d03-991b-e39944658966'),(6,2,0,2,'Shipping',NULL,NULL,0,1,69,'Entry','en_us','2017-03-15 15:27:02','2017-03-26 22:42:45','3ce4bf0b-42f3-46e7-ad33-fb4b62e83c93'),(7,4,0,0,'facebook','#',NULL,0,1,NULL,NULL,'en_us','2017-03-15 15:34:50','2017-03-15 15:34:50','e713ce7e-4182-43ee-aed4-170e03c317ba'),(8,4,0,1,'twitter','#',NULL,0,1,NULL,NULL,'en_us','2017-03-15 15:34:58','2017-03-15 15:34:58','ed6db1fb-b1b4-4b66-8d10-7485b1f43ad5'),(9,4,0,2,'linkedin','#',NULL,0,1,NULL,NULL,'en_us','2017-03-15 15:35:04','2017-03-15 15:35:04','a524b3aa-a85a-4b21-a963-4a0f7107db26'),(10,1,0,0,'Shop <br>Products','/shop/products','',0,1,NULL,NULL,'en_us','2017-03-15 16:04:05','2017-03-16 16:08:30','a55710bf-54f9-40de-904f-bfd87828c523'),(11,1,0,1,'Shop <br>Ingredients','/shop/ingredients','',0,1,NULL,NULL,'en_us','2017-03-15 16:04:18','2017-03-16 16:08:42','dc37d597-df2a-48fb-a347-eb0c46bb6d56'),(12,1,0,2,'Explore Custom <br>Manufacturing','#',NULL,0,1,NULL,NULL,'en_us','2017-03-15 16:04:28','2017-03-15 16:04:28','9a93972f-106b-4d4b-870d-fc4a5508e2b5'),(13,1,0,3,'About <br> store','/about',NULL,0,1,NULL,NULL,'en_us','2017-03-15 16:04:49','2017-03-15 16:04:49','09350131-1a43-4b94-a334-f679dda1f6c4'),(14,1,0,4,'Learning Library','/learn',NULL,0,1,NULL,NULL,'en_us','2017-03-15 16:05:09','2017-03-15 16:05:09','04b9f62e-f8d4-424f-b4fa-aefc76a73c5a');

--
-- Table structure for table `craft_assetfiles`
--

CREATE TABLE `craft_assetfiles` (
  `id` int(11) NOT NULL,
  `sourceId` int(11) DEFAULT NULL,
  `folderId` int(11) NOT NULL,
  `filename` varchar(255) COLLATE utf8_unicode_ci NOT NULL,
  `kind` varchar(50) COLLATE utf8_unicode_ci NOT NULL DEFAULT 'unknown',
  `width` int(11) unsigned DEFAULT NULL,
  `height` int(11) unsigned DEFAULT NULL,
  `size` bigint(20) unsigned DEFAULT NULL,
  `dateModified` datetime DEFAULT NULL,
  `dateCreated` datetime NOT NULL,
  `dateUpdated` datetime NOT NULL,
  `uid` char(36) COLLATE utf8_unicode_ci NOT NULL DEFAULT '0',
  PRIMARY KEY (`id`),
  UNIQUE KEY `craft_assetfiles_filename_folderId_unq_idx` (`filename`,`folderId`),
  KEY `craft_assetfiles_sourceId_fk` (`sourceId`),
  KEY `craft_assetfiles_folderId_fk` (`folderId`),
  CONSTRAINT `craft_assetfiles_folderId_fk` FOREIGN KEY (`folderId`) REFERENCES `craft_assetfolders` (`id`) ON DELETE CASCADE,
  CONSTRAINT `craft_assetfiles_id_fk` FOREIGN KEY (`id`) REFERENCES `craft_elements` (`id`) ON DELETE CASCADE,
  CONSTRAINT `craft_assetfiles_sourceId_fk` FOREIGN KEY (`sourceId`) REFERENCES `craft_assetsources` (`id`) ON DELETE CASCADE
) ENGINE=InnoDB DEFAULT CHARSET=utf8 COLLATE=utf8_unicode_ci;

--
-- Dumping data for table `craft_assetfiles`
--

INSERT INTO `craft_assetfiles` VALUES (53,1,1,'img-title-01.jpg','image',1920,171,16511,'2017-03-15 15:09:47','2017-03-15 15:09:47','2017-03-15 16:30:06','5ba62c5b-ed52-4539-8de5-d697ec6eacc8'),(54,2,6,'img-person-01.jpg','image',270,360,15886,'2017-03-15 15:10:33','2017-03-15 15:10:33','2017-03-15 16:30:30','8d520512-4f44-4d90-a43f-09588602a134'),(55,2,6,'img-person-02.jpg','image',270,360,21583,'2017-03-15 15:10:34','2017-03-15 15:10:34','2017-03-15 16:30:32','1fa9f2cc-836b-44a9-84bf-a9c7f8815aa0'),(56,2,6,'img-person-03.jpg','image',270,360,17577,'2017-03-15 15:10:35','2017-03-15 15:10:35','2017-03-15 16:30:32','06ac2ef1-8d98-4f23-b8eb-87cbfdf7dba7'),(57,2,6,'img-person-04.jpg','image',270,360,22838,'2017-03-15 15:10:36','2017-03-15 15:10:36','2017-03-15 16:30:34','9933978f-1343-4ac6-beb4-d3fb4b77a943'),(74,1,7,'img-person-02.jpg','image',270,360,21583,'2017-03-15 15:10:34','2017-03-15 16:28:06','2017-03-15 16:30:16','c538312f-361a-4939-85e3-cfcbf4b652aa'),(75,1,7,'img-person-01.jpg','image',270,360,15886,'2017-03-15 15:10:33','2017-03-15 16:28:06','2017-03-15 16:30:15','fa38e9d5-707b-43d3-bd03-9688f00f297e'),(76,1,7,'img-person-03.jpg','image',270,360,17577,'2017-03-15 15:10:35','2017-03-15 16:28:07','2017-03-15 16:30:17','6229f871-0829-44ef-b428-911d3ca2f8a1'),(77,1,7,'img-person-04.jpg','image',270,360,22838,'2017-03-15 15:10:36','2017-03-15 16:28:08','2017-03-15 16:30:20','ab78d5a8-c69c-4f24-8d9d-0bd851bc231f'),(78,1,1,'img-02.png','image',270,200,58059,'2017-03-15 14:01:07','2017-03-15 16:29:32','2017-03-15 16:29:32','e4eaa79a-3ffe-4758-a666-1ef9cdef7197'),(79,1,1,'img-05.png','image',270,200,115803,'2017-03-15 14:01:07','2017-03-15 16:29:33','2017-03-15 16:29:33','0027964c-0102-4e41-8d0e-218af888636a'),(80,1,1,'img-03.png','image',270,200,76224,'2017-03-15 14:01:07','2017-03-15 16:29:34','2017-03-15 16:29:34','4c3b41c0-4acc-4d3d-9eab-d983aad2967f'),(81,1,1,'img-04.png','image',270,200,66261,'2017-03-15 14:01:07','2017-03-15 16:29:34','2017-03-15 16:29:34','29cc3438-739d-44ee-8090-b5592a871e12'),(82,1,1,'img-06.png','image',270,200,98111,'2017-03-15 14:01:07','2017-03-15 16:29:35','2017-03-15 16:29:35','512765ba-2c1c-4f44-b568-9245a70ab307'),(83,1,1,'img-07.png','image',270,200,90958,'2017-03-15 14:01:07','2017-03-15 16:29:36','2017-03-15 16:29:36','6778e0d8-30ac-493e-aeaf-df71e1ab8298'),(84,1,1,'img-08.png','image',270,200,77693,'2017-03-15 14:01:07','2017-03-15 16:29:37','2017-03-15 16:29:37','4f5dba22-770d-4c7d-bc1e-d40ee224f4ab'),(85,1,1,'img-09.png','image',270,200,60578,'2017-03-15 14:01:07','2017-03-15 16:29:37','2017-03-15 16:29:37','60c03d90-91b7-4361-8df9-e022bb219581'),(86,1,1,'img-10.png','image',270,200,88053,'2017-03-15 14:01:07','2017-03-15 16:29:38','2017-03-15 16:29:38','b531413e-9198-43e1-834c-a2f17c3e2c47'),(87,1,1,'img-11.png','image',276,188,60320,'2017-03-15 14:01:07','2017-03-15 16:29:39','2017-03-15 16:29:39','358d28e9-44f1-46b0-9743-9bcacfa8dfd6'),(88,1,1,'img-12.png','image',210,123,52802,'2017-03-15 14:01:07','2017-03-15 16:29:40','2017-03-15 16:29:40','0b556adc-668d-49df-ad8b-1bc46a13356a'),(89,1,1,'img-13.png','image',210,123,47318,'2017-03-15 14:01:07','2017-03-15 16:29:40','2017-03-15 16:29:40','489c2381-e8ce-473b-bba3-67a3d34cd217'),(90,1,1,'img-14.png','image',210,123,56090,'2017-03-15 14:01:07','2017-03-15 16:29:41','2017-03-15 16:29:41','bb98f845-450d-4099-ae2b-6babcb74d984'),(91,1,1,'img-15.png','image',210,123,33329,'2017-03-15 14:01:07','2017-03-15 16:29:42','2017-03-15 16:29:42','5024b57d-c4bb-44ec-851c-2afe186ec803'),(92,1,1,'img-blog-01.jpg','image',370,145,16106,'2017-03-15 14:01:07','2017-03-15 16:29:43','2017-03-15 16:29:43','8b7c2f6c-a882-45c8-bc68-7dbf442767a5'),(93,1,1,'img-cart-01.png','image',67,126,14320,'2017-03-15 14:01:07','2017-03-15 16:29:43','2017-03-15 16:29:43','8bf53707-5fe5-4f80-b807-c197c0fd57ef'),(94,1,1,'img-cart-small.png','image',23,45,2548,'2017-03-15 14:01:07','2017-03-15 16:29:45','2017-03-15 16:29:45','d860f9ed-70a8-4827-bd56-f11d83868f5c'),(95,1,1,'img-featured.jpg','image',370,200,10566,'2017-03-15 14:01:07','2017-03-15 16:29:46','2017-03-15 16:29:46','21bf3014-5f89-4c72-b854-f20dbf552d7c'),(96,1,1,'img-media-01.jpg','image',170,120,4048,'2017-03-15 14:01:07','2017-03-15 16:29:46','2017-03-15 16:29:46','1d098a3c-ebe6-4667-8e5c-28652655e58f'),(97,1,1,'img-media-02.jpg','image',170,120,8640,'2017-03-15 14:01:07','2017-03-15 16:29:48','2017-03-15 16:29:48','51661145-9b07-4d01-9d2b-7204bc4218b5'),(98,1,1,'img-media-03.jpg','image',170,120,9357,'2017-03-15 14:01:07','2017-03-15 16:29:49','2017-03-15 16:29:49','dafd951a-4b56-4f62-b854-aa7486af82a0'),(99,1,1,'img-media-04.jpg','image',170,120,10446,'2017-03-15 14:01:07','2017-03-15 16:29:51','2017-03-15 16:29:51','a4196e83-fb33-48de-9522-364b60170d8b'),(100,1,1,'img-photo-01.jpg','image',370,240,34843,'2017-03-15 14:01:07','2017-03-15 16:29:52','2017-03-15 16:29:52','72b09151-1da0-4fd6-a169-78e5b9ee282a'),(101,1,1,'img-photo-02.jpg','image',370,240,39557,'2017-03-15 14:01:07','2017-03-15 16:29:53','2017-03-15 16:29:53','3b29015a-579e-4e28-951d-7b4a401c5e1e'),(102,1,1,'img-photo-03.jpg','image',370,240,25576,'2017-03-15 14:01:07','2017-03-15 16:29:53','2017-03-15 16:29:53','d0894960-6595-40a8-814a-50ec5594c814'),(103,1,1,'img-photo-04.jpg','image',370,240,45493,'2017-03-15 14:01:07','2017-03-15 16:29:55','2017-03-15 16:29:55','cf4297a4-7fc9-4cdb-be06-5dbfd79526fb'),(104,1,1,'img-photo-05.jpg','image',370,240,30820,'2017-03-15 14:01:07','2017-03-15 16:29:55','2017-03-15 16:29:55','e12616b1-435d-4879-a70d-34db37c7a23f'),(105,1,1,'img-photo-06.jpg','image',370,240,29835,'2017-03-15 14:01:07','2017-03-15 16:29:56','2017-03-15 16:29:56','d93e67d6-66b3-499d-8430-c0986cb2822c'),(106,1,1,'img-photo-07.jpg','image',370,240,24157,'2017-03-15 14:01:07','2017-03-15 16:29:58','2017-03-15 16:29:58','c33b596a-cb9b-456b-aa7c-4f25b7affacf'),(107,1,1,'img-photo-08.jpg','image',370,240,10083,'2017-03-15 14:01:07','2017-03-15 16:29:58','2017-03-15 16:29:59','c40e5e55-eda4-471d-9306-e31ba4e31d0e'),(108,1,1,'img-post-01.jpg','image',770,300,56195,'2017-03-15 14:01:07','2017-03-15 16:29:59','2017-03-15 16:29:59','8f279988-6db6-4a61-aa97-0268930baae9'),(109,1,1,'img-post-02.jpg','image',770,300,50160,'2017-03-15 14:01:07','2017-03-15 16:30:00','2017-03-15 16:30:00','8ef204a6-4285-429a-862f-68919175b580'),(110,1,1,'img-post-03.jpg','image',770,300,57704,'2017-03-15 14:01:07','2017-03-15 16:30:01','2017-03-15 16:30:01','0d0b1ef6-11e5-4eeb-9b0a-739a5f2ba448'),(111,1,1,'img-product-01.png','image',135,254,45152,'2017-03-15 14:01:07','2017-03-15 16:30:01','2017-03-15 16:30:01','e6d60487-f727-4214-b506-2890a60d727b'),(112,1,1,'img-product-02.png','image',135,254,46365,'2017-03-15 14:01:07','2017-03-15 16:30:03','2017-03-15 16:30:03','9ef0b8a5-57ae-42d0-9e0f-a9236a429e77'),(113,1,1,'img-product-03.png','image',134,253,46945,'2017-03-15 14:01:07','2017-03-15 16:30:04','2017-03-15 16:30:04','25d18d35-0ad0-46d8-9c5f-1cd69891becd'),(114,1,1,'img-slider-small.png','image',67,126,14287,'2017-03-15 14:01:07','2017-03-15 16:30:04','2017-03-15 16:30:05','5ee4e435-fed4-4cfc-a7f9-b1e2ec1026b9'),(115,1,1,'img-slider.png','image',145,273,52211,'2017-03-15 14:01:07','2017-03-15 16:30:05','2017-03-15 16:30:05','04e90c1a-d72f-4b59-949a-1a037b7d583c'),(116,1,1,'img-youtube.jpg','image',369,207,21310,'2017-03-15 14:01:07','2017-03-15 16:30:07','2017-03-15 16:30:07','80c36b0a-04a9-4e72-8865-6b6dcfb3e016'),(117,1,1,'partner-01.png','image',59,60,3109,'2017-03-15 14:01:07','2017-03-15 16:30:07','2017-03-15 16:30:07','1f7c1878-7c13-4c44-bc45-5711616932b9'),(118,1,1,'partner-02.png','image',62,63,2759,'2017-03-15 14:01:07','2017-03-15 16:30:09','2017-03-15 16:30:09','0201a209-95ec-4153-8126-05c9845c27f0'),(119,1,1,'partner-03.png','image',79,80,2095,'2017-03-15 14:01:07','2017-03-15 16:30:09','2017-03-15 16:30:10','35594469-e007-44fc-af64-6d1f78cff149'),(120,1,1,'partner-04.png','image',82,73,3178,'2017-03-15 14:01:07','2017-03-15 16:30:10','2017-03-15 16:30:10','b6e3396f-5866-4555-8a12-84687b0081d6'),(121,1,1,'partner-05.png','image',92,82,1792,'2017-03-15 14:01:07','2017-03-15 16:30:11','2017-03-15 16:30:11','713f2fd9-bbf6-485b-b21e-84d40a4d7270'),(122,1,1,'partner-06.png','image',102,82,2625,'2017-03-15 14:01:07','2017-03-15 16:30:12','2017-03-15 16:30:12','89c7e450-27fc-4322-8d92-9682ed6c3b34'),(123,1,1,'partner-07.png','image',39,72,2097,'2017-03-15 14:01:07','2017-03-15 16:30:13','2017-03-15 16:30:13','89c92de3-bea2-4e3f-8956-b2bb650efd10'),(124,1,1,'partner-08.png','image',59,59,3831,'2017-03-15 14:01:07','2017-03-15 16:30:14','2017-03-15 16:30:14','1be50eea-a5d0-4248-bbb3-b55290e5ca6d'),(125,1,1,'img-01.jpg','image',1920,509,48662,'2017-03-15 16:42:27','2017-03-15 16:42:27','2017-03-15 16:42:27','4f7d55de-f71a-49bc-a742-a352045aa040'),(137,1,1,'embed_NORTHBOUND-Skateboarding-on-Frozen-Sand.json','json',NULL,NULL,1867,'2017-03-15 18:20:05','2017-03-15 18:20:05','2017-03-15 18:20:05','45d1f120-6217-4bc6-b801-18b72cca01f0'),(153,5,10,'icon-gluten.png','image',28,28,522,'2017-03-15 14:01:07','2017-03-18 10:12:19','2017-03-18 10:12:19','29ac078b-6030-42da-aacb-505fae510849'),(154,5,10,'icon-leaf.png','image',24,28,880,'2017-03-15 14:01:07','2017-03-18 10:12:20','2017-03-18 10:12:21','d7d5c611-262a-4403-8d0a-452d8324ade1'),(159,3,8,'embed_The-Future-of-Music.json','json',NULL,NULL,2477,'2017-03-19 09:15:55','2017-03-19 09:15:56','2017-03-19 09:15:56','6a77f1ce-e1e5-4d86-ad8f-f1a39aeb06b1'),(161,1,12,'img-05.png','image',270,200,130987,'2017-03-19 09:40:56','2017-03-19 09:40:56','2017-03-19 09:41:38','ae09fa94-f9fb-4d21-8a53-60156c7dc433'),(162,1,12,'img-03.png','image',270,200,86027,'2017-03-19 09:41:05','2017-03-19 09:41:05','2017-03-19 09:41:38','8b471eae-495a-4046-aa8b-dd6acd4c5820'),(163,1,12,'img-08.png','image',270,200,87508,'2017-03-19 09:41:08','2017-03-19 09:41:08','2017-03-19 09:41:38','833a65fa-33e0-4b2b-b33c-7f342446bcc8'),(164,1,12,'img-09.png','image',270,200,69195,'2017-03-19 09:41:12','2017-03-19 09:41:12','2017-03-19 09:41:38','c8dccdb0-7396-4b54-b474-7c947ea8f043'),(165,1,12,'img-10.png','image',270,200,99301,'2017-03-19 09:41:14','2017-03-19 09:41:14','2017-03-19 09:41:39','e10244e5-167d-4f31-b62f-7ec5297cfe99'),(180,3,8,'embed_By-The-Name-of-Boston.json','json',NULL,NULL,1803,'2017-03-24 14:59:49','2017-03-24 14:59:50','2017-03-24 14:59:50','3c859bd5-7b5e-4d06-8bb7-4e7e07ce6aa4'),(181,1,1,'bg.jpg','image',1920,470,29407,'2017-03-24 15:28:41','2017-03-24 15:28:41','2017-03-24 15:28:41','37117097-df65-479d-a1e4-bafca46a2ece'),(182,1,1,'embed_Healthy-Chocolate-Milkshake-Vegan.json','json',NULL,NULL,1020,'2017-03-24 15:29:18','2017-03-24 15:29:18','2017-03-24 15:29:18','e15606af-0d8b-4bd9-a5ef-690c02430542'),(183,1,1,'Benefits-Whole-body-nutrition-shake-550x759.jpg','image',550,759,51256,'2017-03-26 16:21:39','2017-03-26 16:21:40','2017-03-26 16:21:40','7ae3a319-cf2d-42d4-bd1d-47d68d2274d2'),(184,1,1,'Benefits-nutrition-facts-1.jpg','image',1339,2779,298405,'2017-03-26 16:32:44','2017-03-26 16:32:44','2017-03-26 16:32:44','ec8fd8fe-8940-4bd4-97de-3c130515b7ee'),(185,1,1,'Benefits-Nutrition-Facts-2.jpg','image',1327,2779,398513,'2017-03-26 16:32:50','2017-03-26 16:32:50','2017-03-26 16:32:50','63d294c3-731a-4c58-bb76-1d901e66c3b2'),(186,1,1,'Benefits-Whole-Body-Nutrition-Shake-1a.jpg','image',500,690,43514,'2017-03-26 16:38:58','2017-03-26 16:38:58','2017-03-26 16:38:58','acb4bcf7-1cba-4fbf-a5ea-460cd35d6774'),(190,1,1,'Benefits-whole-body-nutrition-500x-500.jpg','image',500,500,67700,'2017-03-26 20:25:44','2017-03-26 20:25:44','2017-03-26 20:25:44','9a9eb732-705f-48b6-ae7b-5e6333a17281'),(195,3,8,'embed_The-cellular-machinery-of-protein-foldin.json','json',NULL,NULL,1784,'2017-03-29 14:41:42','2017-03-29 14:41:42','2017-03-29 14:41:42','229863dd-6b7b-49aa-bd0c-1e90b19c06ea'),(199,3,8,'embed_Healthy-Chocolate-Milkshake-Vegan.json','json',NULL,NULL,1037,'2017-04-12 15:25:03','2017-04-12 15:25:03','2017-04-12 15:25:03','292fce66-9cac-4dbd-b1cb-6383ce6465f9');

--
-- Table structure for table `craft_assetfolders`
--

CREATE TABLE `craft_assetfolders` (
  `id` int(11) NOT NULL AUTO_INCREMENT,
  `parentId` int(11) DEFAULT NULL,
  `sourceId` int(11) DEFAULT NULL,
  `name` varchar(255) COLLATE utf8_unicode_ci NOT NULL,
  `path` varchar(255) COLLATE utf8_unicode_ci DEFAULT NULL,
  `dateCreated` datetime NOT NULL,
  `dateUpdated` datetime NOT NULL,
  `uid` char(36) COLLATE utf8_unicode_ci NOT NULL DEFAULT '0',
  PRIMARY KEY (`id`),
  UNIQUE KEY `craft_assetfolders_name_parentId_sourceId_unq_idx` (`name`,`parentId`,`sourceId`),
  KEY `craft_assetfolders_parentId_fk` (`parentId`),
  KEY `craft_assetfolders_sourceId_fk` (`sourceId`),
  CONSTRAINT `craft_assetfolders_parentId_fk` FOREIGN KEY (`parentId`) REFERENCES `craft_assetfolders` (`id`) ON DELETE CASCADE,
  CONSTRAINT `craft_assetfolders_sourceId_fk` FOREIGN KEY (`sourceId`) REFERENCES `craft_assetsources` (`id`) ON DELETE CASCADE
) ENGINE=InnoDB AUTO_INCREMENT=16 DEFAULT CHARSET=utf8 COLLATE=utf8_unicode_ci;

--
-- Dumping data for table `craft_assetfolders`
--

INSERT INTO `craft_assetfolders` VALUES (1,NULL,1,'General','','2017-03-06 11:37:50','2017-03-06 11:37:50','b25b2441-3157-4408-ba8d-b20eafb59499'),(2,NULL,NULL,'Temporary source',NULL,'2017-03-06 11:41:57','2017-03-06 11:41:57','5c3e124b-ca44-4a69-9ec2-2865d73de331'),(3,2,NULL,'user_1',NULL,'2017-03-06 11:41:57','2017-03-06 11:41:57','ef29176c-1718-4013-9c01-f05ed9f5bcf8'),(4,3,NULL,'field_3','field_3/','2017-03-06 11:41:57','2017-03-06 11:41:57','1113e0db-e4e8-45fe-8cc6-7415adfa90c9'),(5,3,NULL,'field_12','field_12/','2017-03-06 13:22:18','2017-03-06 13:22:18','cbd4a4aa-2a35-45c8-8127-7b73ef2780d9'),(6,NULL,2,'Workers','','2017-03-15 15:05:03','2017-03-15 15:05:03','39ec40d1-715b-49ec-9c95-d9b3504b797a'),(7,1,1,'workers','workers/','2017-03-15 16:28:04','2017-03-15 16:28:04','0bf16826-60c7-47bb-8d27-ec887bf70142'),(8,NULL,3,'Video','','2017-03-15 18:22:00','2017-03-15 18:22:00','bf0a2988-4ccc-4af3-9d84-02d5800c4429'),(10,NULL,5,'Icons','','2017-03-18 10:11:14','2017-03-18 10:11:14','ced89ca8-d956-4641-85f5-8036f50b0ca1'),(11,3,NULL,'field_53','field_53/','2017-03-19 09:40:40','2017-03-19 09:40:40','8fb22832-efc1-4d13-87f2-de2f90ceb909'),(12,1,1,'gallery','gallery/','2017-03-19 09:41:38','2017-03-19 09:41:38','831a5c5d-15fb-4526-bbf8-69367d2293d6'),(13,2,NULL,'user_177',NULL,'2017-03-24 12:35:12','2017-03-24 12:35:12','59ee8a2c-b975-49c9-8df1-19cac9306e52'),(14,13,NULL,'field_3','field_3/','2017-03-24 12:35:12','2017-03-24 12:35:12','bad4b478-a381-462c-bdbd-b210cbb951af'),(15,1,1,'logo','logo/','2017-04-12 21:16:13','2017-04-12 21:16:13','fedf591d-a053-4273-b1e5-4ba76a76bdba');

--
-- Table structure for table `craft_assetindexdata`
--

CREATE TABLE `craft_assetindexdata` (
  `id` int(11) NOT NULL AUTO_INCREMENT,
  `sessionId` varchar(36) COLLATE utf8_unicode_ci NOT NULL DEFAULT '',
  `sourceId` int(10) NOT NULL,
  `offset` int(10) NOT NULL,
  `uri` varchar(255) COLLATE utf8_unicode_ci DEFAULT NULL,
  `size` varchar(255) COLLATE utf8_unicode_ci DEFAULT NULL,
  `recordId` int(10) DEFAULT NULL,
  `dateCreated` datetime NOT NULL,
  `dateUpdated` datetime NOT NULL,
  `uid` char(36) COLLATE utf8_unicode_ci NOT NULL DEFAULT '0',
  PRIMARY KEY (`id`),
  UNIQUE KEY `craft_assetindexdata_sessionId_sourceId_offset_unq_idx` (`sessionId`,`sourceId`,`offset`),
  KEY `craft_assetindexdata_sourceId_fk` (`sourceId`),
  CONSTRAINT `craft_assetindexdata_sourceId_fk` FOREIGN KEY (`sourceId`) REFERENCES `craft_assetsources` (`id`) ON DELETE CASCADE
) ENGINE=InnoDB DEFAULT CHARSET=utf8 COLLATE=utf8_unicode_ci;

--
-- Dumping data for table `craft_assetindexdata`
--


--
-- Table structure for table `craft_assetsources`
--

CREATE TABLE `craft_assetsources` (
  `id` int(11) NOT NULL AUTO_INCREMENT,
  `name` varchar(255) COLLATE utf8_unicode_ci NOT NULL,
  `handle` varchar(255) COLLATE utf8_unicode_ci NOT NULL,
  `type` varchar(150) COLLATE utf8_unicode_ci NOT NULL,
  `settings` text COLLATE utf8_unicode_ci,
  `sortOrder` smallint(6) unsigned DEFAULT NULL,
  `fieldLayoutId` int(10) DEFAULT NULL,
  `dateCreated` datetime NOT NULL,
  `dateUpdated` datetime NOT NULL,
  `uid` char(36) COLLATE utf8_unicode_ci NOT NULL DEFAULT '0',
  PRIMARY KEY (`id`),
  UNIQUE KEY `craft_assetsources_name_unq_idx` (`name`),
  UNIQUE KEY `craft_assetsources_handle_unq_idx` (`handle`),
  KEY `craft_assetsources_fieldLayoutId_fk` (`fieldLayoutId`),
  CONSTRAINT `craft_assetsources_fieldLayoutId_fk` FOREIGN KEY (`fieldLayoutId`) REFERENCES `craft_fieldlayouts` (`id`) ON DELETE SET NULL
) ENGINE=InnoDB AUTO_INCREMENT=6 DEFAULT CHARSET=utf8 COLLATE=utf8_unicode_ci;

--
-- Dumping data for table `craft_assetsources`
--

INSERT INTO `craft_assetsources` VALUES (1,'General','general','Local','{\"path\":\"{basePath}public_html\\/images\\/\",\"publicURLs\":\"1\",\"url\":\"{siteUrl}\\/images\\/\"}',1,23,'2017-03-06 11:37:50','2017-03-06 13:35:55','312c9936-0db4-461b-a05e-2ff1ccd98356'),(2,'Workers','workers','Local','{\"path\":\"{basePath}public_html\\/images\\/workers\\/\",\"publicURLs\":\"1\",\"url\":\"{siteUrl}\\/images\\/workers\\/\"}',2,49,'2017-03-15 15:05:03','2017-03-15 15:06:05','3c9f1485-411e-4df6-8170-786c0b74753e'),(3,'Video','video','Local','{\"path\":\"{basePath}public_html\\/video\\/\",\"publicURLs\":\"1\",\"url\":\"{siteUrl}\\/video\\/\"}',3,76,'2017-03-15 18:21:59','2017-03-15 18:21:59','aa293761-9014-441d-bf4c-fd1a83518416'),(5,'Icons','icons','Local','{\"path\":\"{basePath}public_html\\/assets\\/icons\\/\",\"publicURLs\":\"1\",\"url\":\"{siteUrl}\\/assets\\/icons\\/\"}',5,123,'2017-03-18 10:11:14','2017-03-18 10:11:14','6f261075-6008-4ed3-af71-cb730eebb6de');

--
-- Table structure for table `craft_assettransformindex`
--

CREATE TABLE `craft_assettransformindex` (
  `id` int(11) NOT NULL AUTO_INCREMENT,
  `fileId` int(11) NOT NULL,
  `filename` varchar(255) COLLATE utf8_unicode_ci DEFAULT NULL,
  `format` varchar(255) COLLATE utf8_unicode_ci DEFAULT NULL,
  `location` varchar(255) COLLATE utf8_unicode_ci NOT NULL,
  `sourceId` int(11) DEFAULT NULL,
  `fileExists` tinyint(1) DEFAULT NULL,
  `inProgress` tinyint(1) DEFAULT NULL,
  `dateIndexed` datetime DEFAULT NULL,
  `dateCreated` datetime NOT NULL,
  `dateUpdated` datetime NOT NULL,
  `uid` char(36) COLLATE utf8_unicode_ci NOT NULL DEFAULT '0',
  PRIMARY KEY (`id`),
  KEY `craft_assettransformindex_sourceId_fileId_location_idx` (`sourceId`,`fileId`,`location`)
) ENGINE=InnoDB AUTO_INCREMENT=19 DEFAULT CHARSET=utf8 COLLATE=utf8_unicode_ci;

--
-- Dumping data for table `craft_assettransformindex`
--

INSERT INTO `craft_assettransformindex` VALUES (9,78,'img-02.png',NULL,'_smallRectangle',1,1,0,'2017-03-20 12:51:10','2017-03-20 12:51:10','2017-03-20 16:00:39','5a7034a7-31b2-41e9-941f-35628e43a791'),(10,78,'img-02.png',NULL,'_big',1,1,0,'2017-03-21 09:42:59','2017-03-21 09:42:59','2017-03-21 09:43:03','1c2e94f2-ec84-4806-b04c-41e3b8d1316c'),(11,112,'img-product-02.png',NULL,'_small',1,1,0,'2017-03-21 09:51:40','2017-03-21 09:51:40','2017-03-21 09:51:41','ebd81c26-bc6b-4f2a-b735-4bc24ab0d8b3'),(12,113,'img-product-03.png',NULL,'_small',1,1,0,'2017-03-21 09:51:40','2017-03-21 09:51:40','2017-03-21 09:51:41','c101881d-6cb3-49b0-829a-a4a373529886'),(13,93,'img-cart-01.png',NULL,'_small',1,1,0,'2017-03-21 09:51:40','2017-03-21 09:51:40','2017-03-21 09:51:41','0863ff7b-68d7-474d-b2f0-d9eefb60584b'),(14,184,'Benefits-nutrition-facts-1.jpg',NULL,'_small',1,1,0,'2017-03-26 16:33:30','2017-03-26 16:33:30','2017-03-26 16:33:36','e1e4b3b7-fbcd-444e-8f83-b2ca095309ad'),(15,185,'Benefits-Nutrition-Facts-2.jpg',NULL,'_small',1,1,0,'2017-03-26 16:33:30','2017-03-26 16:33:30','2017-03-26 16:33:36','c2ad20f0-dc30-42ff-9a4b-81ca61367f30'),(16,190,'Benefits-whole-body-nutrition-500x-500.jpg',NULL,'_tiny',1,1,0,'2017-03-26 21:29:31','2017-03-26 21:29:31','2017-03-26 21:29:34','4c0b6baa-1c35-4de9-a3e5-6cb79332c41c'),(17,190,'Benefits-whole-body-nutrition-500x-500.jpg',NULL,'_small',1,1,0,'2017-03-26 21:30:06','2017-03-26 21:30:06','2017-03-26 21:30:09','72c89642-d09d-4ca3-8110-9dd78a5eb21a'),(18,112,'img-product-02.png',NULL,'_tiny',1,1,0,'2017-04-14 12:12:28','2017-04-14 12:12:28','2017-04-14 12:12:28','b5fe034d-b156-4119-a91b-3a80f3e9f5a1');

--
-- Table structure for table `craft_assettransforms`
--

CREATE TABLE `craft_assettransforms` (
  `id` int(11) NOT NULL AUTO_INCREMENT,
  `name` varchar(255) COLLATE utf8_unicode_ci NOT NULL,
  `handle` varchar(255) COLLATE utf8_unicode_ci NOT NULL,
  `mode` enum('stretch','fit','crop') COLLATE utf8_unicode_ci NOT NULL DEFAULT 'crop',
  `position` enum('top-left','top-center','top-right','center-left','center-center','center-right','bottom-left','bottom-center','bottom-right') COLLATE utf8_unicode_ci NOT NULL DEFAULT 'center-center',
  `height` int(10) DEFAULT NULL,
  `width` int(10) DEFAULT NULL,
  `format` varchar(255) COLLATE utf8_unicode_ci DEFAULT NULL,
  `quality` int(10) DEFAULT NULL,
  `dimensionChangeTime` datetime DEFAULT NULL,
  `dateCreated` datetime NOT NULL,
  `dateUpdated` datetime NOT NULL,
  `uid` char(36) COLLATE utf8_unicode_ci NOT NULL DEFAULT '0',
  PRIMARY KEY (`id`),
  UNIQUE KEY `craft_assettransforms_name_unq_idx` (`name`),
  UNIQUE KEY `craft_assettransforms_handle_unq_idx` (`handle`)
) ENGINE=InnoDB AUTO_INCREMENT=5 DEFAULT CHARSET=utf8 COLLATE=utf8_unicode_ci;

--
-- Dumping data for table `craft_assettransforms`
--

INSERT INTO `craft_assettransforms` VALUES (1,'Tiny','tiny','fit','center-center',NULL,25,NULL,NULL,'2017-03-17 14:14:26','2017-03-17 14:14:26','2017-03-17 14:14:26','a0388402-a9e2-41a2-8266-a0cd08a510ca'),(2,'Small','small','fit','center-center',NULL,70,NULL,NULL,'2017-03-17 14:48:37','2017-03-17 14:48:37','2017-03-17 14:48:37','b833bea4-84d5-4f4e-a5bb-585777326e2f'),(3,'Big','big','fit','center-center',NULL,770,NULL,NULL,'2017-03-19 10:08:04','2017-03-19 10:08:04','2017-03-19 10:08:04','18ea6807-b917-4edb-b170-cb3e32edd9d3'),(4,'Small Rectangle','smallRectangle','crop','center-center',125,210,NULL,NULL,'2017-03-20 10:19:12','2017-03-20 10:19:12','2017-03-20 10:19:12','d54b789e-42d3-4997-976f-1a54d4a22df4');

--
-- Table structure for table `craft_categories`
--

CREATE TABLE `craft_categories` (
  `id` int(11) NOT NULL,
  `groupId` int(11) NOT NULL,
  `dateCreated` datetime NOT NULL,
  `dateUpdated` datetime NOT NULL,
  `uid` char(36) COLLATE utf8_unicode_ci NOT NULL DEFAULT '0',
  PRIMARY KEY (`id`),
  KEY `craft_categories_groupId_fk` (`groupId`),
  CONSTRAINT `craft_categories_groupId_fk` FOREIGN KEY (`groupId`) REFERENCES `craft_categorygroups` (`id`) ON DELETE CASCADE,
  CONSTRAINT `craft_categories_id_fk` FOREIGN KEY (`id`) REFERENCES `craft_elements` (`id`) ON DELETE CASCADE
) ENGINE=InnoDB DEFAULT CHARSET=utf8 COLLATE=utf8_unicode_ci;

--
-- Dumping data for table `craft_categories`
--

INSERT INTO `craft_categories` VALUES (31,1,'2017-03-06 14:28:40','2017-03-15 16:29:54','b700fb78-5f74-4f6b-a5b7-dea192cdb3c9'),(32,1,'2017-03-06 14:28:52','2017-03-15 16:30:44','53a61f73-3fd1-4353-b7a1-b206005b38ef'),(33,1,'2017-03-06 14:29:03','2017-03-15 16:30:58','0520e2aa-4a54-45f2-a04f-68da38a82ac2'),(34,1,'2017-03-06 14:29:21','2017-03-15 16:31:12','6c83c3bc-c2c7-4852-a712-3078ebb69c9a'),(35,1,'2017-03-06 14:29:44','2017-03-15 16:31:24','824d36fe-7dbe-4fb5-b67d-f0215a7e108f'),(36,1,'2017-03-06 14:30:20','2017-03-15 16:31:40','cf37b1d8-c8ad-42ab-9391-574aec1a991f'),(37,1,'2017-03-06 14:30:35','2017-03-15 16:31:55','55026037-9f65-47e0-ac68-d6d11f61a17c'),(38,1,'2017-03-06 14:30:54','2017-03-15 16:32:18','51371542-7a1a-4cb0-8465-f6379444f497'),(39,1,'2017-03-06 14:31:04','2017-03-15 16:32:43','6b4d8f14-e131-48b2-903b-371cdc940fb2'),(148,1,'2017-03-16 16:24:52','2017-03-16 16:32:34','6c9352cf-9496-4a69-ae8a-d2c05d4498c9');

--
-- Table structure for table `craft_categorygroups`
--

CREATE TABLE `craft_categorygroups` (
  `id` int(11) NOT NULL AUTO_INCREMENT,
  `structureId` int(11) NOT NULL,
  `fieldLayoutId` int(11) DEFAULT NULL,
  `name` varchar(255) COLLATE utf8_unicode_ci NOT NULL,
  `handle` varchar(255) COLLATE utf8_unicode_ci NOT NULL,
  `hasUrls` tinyint(1) unsigned NOT NULL DEFAULT '1',
  `template` varchar(500) COLLATE utf8_unicode_ci DEFAULT NULL,
  `dateCreated` datetime NOT NULL,
  `dateUpdated` datetime NOT NULL,
  `uid` char(36) COLLATE utf8_unicode_ci NOT NULL DEFAULT '0',
  PRIMARY KEY (`id`),
  UNIQUE KEY `craft_categorygroups_name_unq_idx` (`name`),
  UNIQUE KEY `craft_categorygroups_handle_unq_idx` (`handle`),
  KEY `craft_categorygroups_structureId_fk` (`structureId`),
  KEY `craft_categorygroups_fieldLayoutId_fk` (`fieldLayoutId`),
  CONSTRAINT `craft_categorygroups_fieldLayoutId_fk` FOREIGN KEY (`fieldLayoutId`) REFERENCES `craft_fieldlayouts` (`id`) ON DELETE SET NULL,
  CONSTRAINT `craft_categorygroups_structureId_fk` FOREIGN KEY (`structureId`) REFERENCES `craft_structures` (`id`) ON DELETE CASCADE
) ENGINE=InnoDB AUTO_INCREMENT=3 DEFAULT CHARSET=utf8 COLLATE=utf8_unicode_ci;

--
-- Dumping data for table `craft_categorygroups`
--

INSERT INTO `craft_categorygroups` VALUES (1,1,116,'Product Categories','products',1,'shop/index','2017-03-06 14:27:11','2017-03-16 16:31:26','c9e2ac5a-c53b-4d28-b4cb-6a9a5793d19f'),(2,2,117,'Ingredient Categories','ingredients',1,'shop/index','2017-03-15 19:02:32','2017-03-16 16:41:29','72a82dea-054c-4304-97ce-6d8f02e74d8a');

--
-- Table structure for table `craft_categorygroups_i18n`
--

CREATE TABLE `craft_categorygroups_i18n` (
  `id` int(11) NOT NULL AUTO_INCREMENT,
  `groupId` int(11) NOT NULL,
  `locale` char(12) COLLATE utf8_unicode_ci NOT NULL,
  `urlFormat` text COLLATE utf8_unicode_ci,
  `nestedUrlFormat` text COLLATE utf8_unicode_ci,
  `dateCreated` datetime NOT NULL,
  `dateUpdated` datetime NOT NULL,
  `uid` char(36) COLLATE utf8_unicode_ci NOT NULL DEFAULT '0',
  PRIMARY KEY (`id`),
  UNIQUE KEY `craft_categorygroups_i18n_groupId_locale_unq_idx` (`groupId`,`locale`),
  KEY `craft_categorygroups_i18n_locale_fk` (`locale`),
  CONSTRAINT `craft_categorygroups_i18n_groupId_fk` FOREIGN KEY (`groupId`) REFERENCES `craft_categorygroups` (`id`) ON DELETE CASCADE,
  CONSTRAINT `craft_categorygroups_i18n_locale_fk` FOREIGN KEY (`locale`) REFERENCES `craft_locales` (`locale`) ON DELETE CASCADE ON UPDATE CASCADE
) ENGINE=InnoDB AUTO_INCREMENT=3 DEFAULT CHARSET=utf8 COLLATE=utf8_unicode_ci;

--
-- Dumping data for table `craft_categorygroups_i18n`
--

INSERT INTO `craft_categorygroups_i18n` VALUES (1,1,'en_us','shop/products/{slug}','{parent.uri}/{slug}','2017-03-06 14:27:11','2017-03-16 16:15:48','9330b362-7dbe-48d3-b4ad-82c698a81be1'),(2,2,'en_us','shop/ingredients/{slug}','{parent.uri}/{slug}','2017-03-15 19:02:32','2017-03-16 16:15:59','6e88f399-dd33-46aa-be98-46fba4d533ef');

--
-- Table structure for table `craft_charge_accounts`
--

CREATE TABLE `craft_charge_accounts` (
  `id` int(11) NOT NULL AUTO_INCREMENT,
  `elementId` int(10) DEFAULT NULL,
  `accessToken` varchar(255) COLLATE utf8_unicode_ci DEFAULT NULL,
  `livemode` tinyint(1) unsigned NOT NULL DEFAULT '0',
  `refreshToken` varchar(255) COLLATE utf8_unicode_ci DEFAULT NULL,
  `tokenType` varchar(255) COLLATE utf8_unicode_ci DEFAULT NULL,
  `stripePublishableKey` varchar(255) COLLATE utf8_unicode_ci DEFAULT NULL,
  `stripeUserId` varchar(255) COLLATE utf8_unicode_ci DEFAULT NULL,
  `scope` varchar(255) COLLATE utf8_unicode_ci DEFAULT NULL,
  `enabled` tinyint(1) unsigned NOT NULL DEFAULT '0',
  `dateCreated` datetime NOT NULL,
  `dateUpdated` datetime NOT NULL,
  `uid` char(36) COLLATE utf8_unicode_ci NOT NULL DEFAULT '0',
  PRIMARY KEY (`id`)
) ENGINE=InnoDB DEFAULT CHARSET=utf8 COLLATE=utf8_unicode_ci;

--
-- Dumping data for table `craft_charge_accounts`
--


--
-- Table structure for table `craft_charge_coupons`
--

CREATE TABLE `craft_charge_coupons` (
  `id` int(11) NOT NULL AUTO_INCREMENT,
  `stripeId` varchar(255) COLLATE utf8_unicode_ci DEFAULT NULL,
  `name` varchar(255) COLLATE utf8_unicode_ci NOT NULL,
  `code` varchar(255) COLLATE utf8_unicode_ci NOT NULL,
  `paymentType` varchar(255) COLLATE utf8_unicode_ci NOT NULL,
  `couponType` enum('amount','percentage') COLLATE utf8_unicode_ci NOT NULL,
  `percentageOff` int(10) unsigned DEFAULT NULL,
  `amountOff` int(10) unsigned DEFAULT NULL,
  `currency` varchar(255) COLLATE utf8_unicode_ci DEFAULT NULL,
  `duration` enum('forever','once','repeating') COLLATE utf8_unicode_ci DEFAULT NULL,
  `durationInMonths` int(10) unsigned DEFAULT NULL,
  `maxRedemptions` int(10) unsigned DEFAULT NULL,
  `redeemBy` int(10) DEFAULT NULL,
  `dateCreated` datetime NOT NULL,
  `dateUpdated` datetime NOT NULL,
  `uid` char(36) COLLATE utf8_unicode_ci NOT NULL DEFAULT '0',
  PRIMARY KEY (`id`),
  UNIQUE KEY `craft_charge_coupons_code_unq_idx` (`code`)
) ENGINE=InnoDB DEFAULT CHARSET=utf8 COLLATE=utf8_unicode_ci;

--
-- Dumping data for table `craft_charge_coupons`
--


--
-- Table structure for table `craft_charge_customers`
--

CREATE TABLE `craft_charge_customers` (
  `id` int(11) NOT NULL AUTO_INCREMENT,
  `stripeId` varchar(255) COLLATE utf8_unicode_ci DEFAULT NULL,
  `mode` enum('test','live') COLLATE utf8_unicode_ci NOT NULL DEFAULT 'test',
  `userId` int(10) DEFAULT NULL,
  `email` varchar(255) COLLATE utf8_unicode_ci DEFAULT NULL,
  `name` varchar(255) COLLATE utf8_unicode_ci DEFAULT NULL,
  `dateCreated` datetime NOT NULL,
  `dateUpdated` datetime NOT NULL,
  `uid` char(36) COLLATE utf8_unicode_ci NOT NULL DEFAULT '0',
  PRIMARY KEY (`id`)
) ENGINE=InnoDB AUTO_INCREMENT=2 DEFAULT CHARSET=utf8 COLLATE=utf8_unicode_ci;

--
-- Dumping data for table `craft_charge_customers`
--

INSERT INTO `craft_charge_customers` VALUES (1,'cus_ATQJSlInv98Z6A','test',1,'max@eec.ms','Iurii Salimovskyi','2017-04-14 12:24:00','2017-04-14 14:25:51','ebf740c6-4a7c-48b7-a63c-61953f15d1d9');

--
-- Table structure for table `craft_charge_emails`
--

CREATE TABLE `craft_charge_emails` (
  `id` int(11) NOT NULL AUTO_INCREMENT,
  `name` varchar(255) COLLATE utf8_unicode_ci NOT NULL,
  `handle` varchar(255) COLLATE utf8_unicode_ci NOT NULL,
  `subject` varchar(255) COLLATE utf8_unicode_ci NOT NULL,
  `to` varchar(255) COLLATE utf8_unicode_ci NOT NULL,
  `bcc` varchar(255) COLLATE utf8_unicode_ci DEFAULT NULL,
  `enabled` tinyint(1) unsigned NOT NULL DEFAULT '0',
  `templatePath` varchar(255) COLLATE utf8_unicode_ci NOT NULL,
  `dateCreated` datetime NOT NULL,
  `dateUpdated` datetime NOT NULL,
  `uid` char(36) COLLATE utf8_unicode_ci NOT NULL DEFAULT '0',
  PRIMARY KEY (`id`),
  UNIQUE KEY `craft_charge_emails_handle_unq_idx` (`handle`)
) ENGINE=InnoDB AUTO_INCREMENT=3 DEFAULT CHARSET=utf8 COLLATE=utf8_unicode_ci;

--
-- Dumping data for table `craft_charge_emails`
--

INSERT INTO `craft_charge_emails` VALUES (1,'Payment Failed (Customer)','payment-failed-customer','Payment Failed','{{ charge.customerEmail }}','',1,'_email/payment-failed-customer','2017-04-14 13:20:06','2017-04-14 13:20:06','265a7d54-2a90-47f3-b534-a6783aa15bfa'),(2,'Payment Failed (Admin)','payment-failed-admin','Payment attempt failed','sales@monarchmanor.org','',0,'_email/payment-failed-admin','2017-04-14 13:20:51','2017-04-14 13:20:51','0eaf3bb4-befb-487a-bbde-73ac67f204f5');

--
-- Table structure for table `craft_charge_guestregister`
--

CREATE TABLE `craft_charge_guestregister` (
  `id` int(11) NOT NULL AUTO_INCREMENT,
  `userId` int(10) DEFAULT NULL,
  `chargeId` int(10) DEFAULT NULL,
  `dateCreated` datetime NOT NULL,
  `dateUpdated` datetime NOT NULL,
  `uid` char(36) COLLATE utf8_unicode_ci NOT NULL DEFAULT '0',
  PRIMARY KEY (`id`)
) ENGINE=InnoDB DEFAULT CHARSET=utf8 COLLATE=utf8_unicode_ci;

--
-- Dumping data for table `craft_charge_guestregister`
--


--
-- Table structure for table `craft_charge_logs`
--

CREATE TABLE `craft_charge_logs` (
  `id` int(11) NOT NULL AUTO_INCREMENT,
  `mode` enum('test','live','unset') COLLATE utf8_unicode_ci NOT NULL DEFAULT 'test',
  `level` varchar(255) COLLATE utf8_unicode_ci DEFAULT NULL,
  `requestKey` varchar(255) COLLATE utf8_unicode_ci DEFAULT NULL,
  `type` varchar(255) COLLATE utf8_unicode_ci DEFAULT NULL,
  `source` varchar(255) COLLATE utf8_unicode_ci DEFAULT NULL,
  `extra` text COLLATE utf8_unicode_ci,
  `dateCreated` datetime NOT NULL,
  `dateUpdated` datetime NOT NULL,
  `uid` char(36) COLLATE utf8_unicode_ci NOT NULL DEFAULT '0',
  PRIMARY KEY (`id`)
) ENGINE=InnoDB AUTO_INCREMENT=146 DEFAULT CHARSET=utf8 COLLATE=utf8_unicode_ci;

--
-- Dumping data for table `craft_charge_logs`
--

INSERT INTO `craft_charge_logs` VALUES (1,'unset','info','Ays2chmjkd4El4D0t1v5TBooTWnxkgqD5hnb','Validating connection details.',NULL,'[]','2017-04-07 10:13:30','2017-04-07 10:13:30','29cfdd70-f19c-45cf-bda1-1aef86803b4a'),(2,'unset','info','Ays2chmjkd4El4D0t1v5TBooTWnxkgqD5hnb','Validating connection details.',NULL,'[]','2017-04-07 10:13:30','2017-04-07 10:13:30','b5b1605f-6309-4fd6-afcd-9c70cb2a62c7'),(3,'unset','info','Ays2chmjkd4El4D0t1v5TBooTWnxkgqD5hnb','Validating connection details.',NULL,'[]','2017-04-07 10:13:30','2017-04-07 10:13:30','0626b694-965e-49c2-a87d-e6981c38a448'),(4,'unset','info','9L1k7RXuGQKSKAwY0fstRmSDUcuTKLyUjzAP','Validating connection details.',NULL,'[]','2017-04-14 12:03:12','2017-04-14 12:03:12','f284163e-acd1-498a-a650-c722c7e046dc'),(5,'test','callback','9L1k7RXuGQKSKAwY0fstRmSDUcuTKLyUjzAP','customer.created (no handler for this event type, skipping)',NULL,'test','2017-04-14 12:03:12','2017-04-14 12:03:12','6e3af482-da66-430f-b9a4-69b48926bd61'),(6,'test','callback','uTqVphbN5C2gcKJamkwhIBk72dk4tnP2cpc9','customer.updated (no handler for this event type, skipping)',NULL,'test','2017-04-14 12:03:14','2017-04-14 12:03:14','1c7c0544-bd9a-422b-bf0d-9ce3967ced79'),(7,'test','callback','MXFtX2R21kTHrb54BDsGtyBivrnH4j1nrjoY','charge.succeeded (no handler for this event type, skipping)',NULL,'test','2017-04-14 12:03:15','2017-04-14 12:03:15','aed2e2fa-15d0-4415-8b39-8be4ef127b71'),(8,'test','callback','i0sOKyuUcZTNoxpFdpYGVoTcKK17BCkdNz2v','customer.source.created (no handler for this event type, skipping)',NULL,'test','2017-04-14 12:03:16','2017-04-14 12:03:16','89cfd1ea-d3da-413d-8539-ac92fbf3efbf'),(9,'test','callback','nipFAtMaFhQeIqGGzkZCkIIq2XQgfKvSBtfW','invoice.created (no handler for this event type, skipping)',NULL,'test','2017-04-14 12:05:17','2017-04-14 12:05:17','737a5757-327d-4679-9cb3-84e9463e744f'),(10,'test','callback','CwO2FPpQ7PbjUZrU5CuFclDidNOIxWwJQLie','charge.succeeded (no handler for this event type, skipping)',NULL,'test','2017-04-14 12:05:17','2017-04-14 12:05:17','9c8fa9ed-754d-4d2f-92fb-8ce5e7507b45'),(11,'test','callback','AHBEWPS05rt4O7NeIn83tn8cvF6h5GLwVeKR','customer.subscription.created (no handler for this event type, skipping)',NULL,'test','2017-04-14 12:05:18','2017-04-14 12:05:18','8f76402a-06f7-4b7f-ac21-495afb93d5f6'),(12,'test','callback','6WlIMqKKmT4UFODa79L1H1BLmFDfWQ58ZRml','customer.source.deleted (no handler for this event type, skipping)',NULL,'test','2017-04-14 12:05:19','2017-04-14 12:05:19','81ce0e21-12aa-45d1-9cea-fa67ac3537e5'),(13,'test','callback','Frnx4dUiXQllsOd3xePPfjCJHMIyVWkNNwKi','customer.updated (no handler for this event type, skipping)',NULL,'test','2017-04-14 12:05:19','2017-04-14 12:05:19','2b20f54d-d048-4699-8874-efff7b38e5c2'),(14,'test','callback','hQzsD1mtsKhDrKHzczDdmexltwNQ3NdclUKl','customer.updated (no handler for this event type, skipping)',NULL,'test','2017-04-14 12:05:19','2017-04-14 12:05:19','becd12e1-682e-4040-a67e-9a61c83060fe'),(15,'test','callback','iBZj5a9uz1dN6M5pJ7eSimUpR8lBrK5deU4y','plan.created (no handler for this event type, skipping)',NULL,'test','2017-04-14 12:05:19','2017-04-14 12:05:19','0037ef0c-4d69-4a13-b9e0-6c73a3cbb008'),(16,'test','callback','mQAgz6fz1NsAbpZewGXKtWXPwhhC5iQpzk3p','invoice.payment_succeeded',NULL,'test','2017-04-14 12:05:21','2017-04-14 12:05:21','30a1b0b2-d62b-4309-95d2-1553d8b16841'),(17,'test','note','mQAgz6fz1NsAbpZewGXKtWXPwhhC5iQpzk3p','Recording new invoice from webhook',NULL,'{\"body\":{\"id\":\"evt_1A8TAsKvJtBCDhCWkRozHRpI\",\"object\":\"event\",\"api_version\":\"2017-04-06\",\"created\":1492171514,\"data\":{\"object\":{\"id\":\"in_1A8TAsKvJtBCDhCWgfMhnnDG\",\"object\":\"invoice\",\"amount_due\":87499,\"application_fee\":null,\"attempt_count\":0,\"attempted\":1,\"charge\":\"ch_1A8TAsKvJtBCDhCWvsbaq06b\",\"closed\":1,\"currency\":\"usd\",\"customer\":\"cus_ATPyTwMgtkiemk\",\"date\":1492171514,\"description\":null,\"discount\":null,\"ending_balance\":0,\"forgiven\":0,\"lines\":{\"object\":\"list\",\"data\":[{\"id\":\"sub_ATQ0BUoNoKs99A\",\"object\":\"line_item\",\"amount\":87499,\"currency\":\"usd\",\"description\":null,\"discountable\":1,\"livemode\":0,\"metadata\":[],\"period\":{\"start\":1492171514,\"end\":1494763514},\"plan\":{\"id\":\"874.99 USD Monthly\",\"object\":\"plan\",\"amount\":87499,\"created\":1492171513,\"currency\":\"usd\",\"interval\":\"month\",\"interval_count\":1,\"livemode\":0,\"metadata\":[],\"name\":\"874.99 USD Monthly\",\"statement_descriptor\":null,\"trial_period_days\":null},\"proration\":0,\"quantity\":1,\"subscription\":null,\"subscription_item\":\"si_1A8TAsKvJtBCDhCWK4pwZaRc\",\"type\":\"subscription\"}],\"has_more\":0,\"total_count\":1,\"url\":\"\\/v1\\/invoices\\/in_1A8TAsKvJtBCDhCWgfMhnnDG\\/lines\"},\"livemode\":0,\"metadata\":[],\"next_payment_attempt\":null,\"paid\":1,\"period_end\":1492171514,\"period_start\":1492171514,\"receipt_number\":null,\"starting_balance\":0,\"statement_descriptor\":null,\"subscription\":\"sub_ATQ0BUoNoKs99A\",\"subtotal\":87499,\"tax\":null,\"tax_percent\":null,\"total\":87499,\"webhooks_delivered_at\":null}},\"livemode\":0,\"pending_webhooks\":1,\"request\":\"req_ATQ0NvPWDJZbwA\",\"type\":\"invoice.payment_succeeded\"}}','2017-04-14 12:05:21','2017-04-14 12:05:21','62f83802-cc61-4a71-b910-783cb03f8108'),(18,'test','note','mQAgz6fz1NsAbpZewGXKtWXPwhhC5iQpzk3p','Recording new payment',NULL,'{\"payment\":{\"id\":\"in_1A8TAsKvJtBCDhCWgfMhnnDG\",\"object\":\"invoice\",\"amount_due\":87499,\"application_fee\":null,\"attempt_count\":0,\"attempted\":1,\"charge\":\"ch_1A8TAsKvJtBCDhCWvsbaq06b\",\"closed\":1,\"currency\":\"usd\",\"customer\":\"cus_ATPyTwMgtkiemk\",\"date\":1492171514,\"description\":null,\"discount\":null,\"ending_balance\":0,\"forgiven\":0,\"lines\":{\"object\":\"list\",\"data\":[{\"id\":\"sub_ATQ0BUoNoKs99A\",\"object\":\"line_item\",\"amount\":87499,\"currency\":\"usd\",\"description\":null,\"discountable\":1,\"livemode\":0,\"metadata\":[],\"period\":{\"start\":1492171514,\"end\":1494763514},\"plan\":{\"id\":\"874.99 USD Monthly\",\"object\":\"plan\",\"amount\":87499,\"created\":1492171513,\"currency\":\"usd\",\"interval\":\"month\",\"interval_count\":1,\"livemode\":0,\"metadata\":[],\"name\":\"874.99 USD Monthly\",\"statement_descriptor\":null,\"trial_period_days\":null},\"proration\":0,\"quantity\":1,\"subscription\":null,\"subscription_item\":\"si_1A8TAsKvJtBCDhCWK4pwZaRc\",\"type\":\"subscription\"}],\"has_more\":0,\"total_count\":1,\"url\":\"\\/v1\\/invoices\\/in_1A8TAsKvJtBCDhCWgfMhnnDG\\/lines\"},\"livemode\":0,\"metadata\":[],\"next_payment_attempt\":null,\"paid\":1,\"period_end\":1492171514,\"period_start\":1492171514,\"receipt_number\":null,\"starting_balance\":0,\"statement_descriptor\":null,\"subscription\":\"sub_ATQ0BUoNoKs99A\",\"subtotal\":87499,\"tax\":null,\"tax_percent\":null,\"total\":87499,\"webhooks_delivered_at\":null}}','2017-04-14 12:05:21','2017-04-14 12:05:21','00c320ce-400d-4544-a80e-b10831ad2445'),(19,'test','callback','Eb5M8b0KVW28VVg5hybcdZJMXgGIarzi2rz8','customer.source.created (no handler for this event type, skipping)',NULL,'test','2017-04-14 12:05:22','2017-04-14 12:05:22','50e12c5e-4e02-46f1-8af9-c4bdb6f08235'),(20,'test','request','O1nePvJd0XaHQzuyT0891Bq7b2nl3yWrDeaB','Charge request started ',NULL,'[]','2017-04-14 12:13:38','2017-04-14 12:13:38','a870940b-f4cc-4994-a5f3-b19fee705e6e'),(21,'test','note','O1nePvJd0XaHQzuyT0891Bq7b2nl3yWrDeaB','Returned to user with error',NULL,'{\"extra\":{\"errors\":[\"cardToken : Stripe Card Token cannot be blank.\",\"There was a problem with your details, please check the form and try again\"]}}','2017-04-14 12:13:38','2017-04-14 12:13:38','004963b3-9cd3-462c-8248-055b6d8934fa'),(22,'test','request','5WbjK0p3PnUZASnCcTmIs4q2OcSnYLGIWVlz','Charge request started ',NULL,'[]','2017-04-14 12:13:45','2017-04-14 12:13:45','b22fdf80-71ee-4e74-8b1b-bf951ed9ea8d'),(23,'test','note','5WbjK0p3PnUZASnCcTmIs4q2OcSnYLGIWVlz','Returned to user with error',NULL,'{\"extra\":{\"errors\":[\"cardToken : Stripe Card Token cannot be blank.\",\"There was a problem with your details, please check the form and try again\"]}}','2017-04-14 12:13:45','2017-04-14 12:13:45','0aeb6275-d411-472c-bb66-c350a2ce5d3e'),(24,'test','request','1LmZl2irex3uePQT1lW1bmPKWCNzjjuO6C4w','Charge request started ',NULL,'[]','2017-04-14 12:14:48','2017-04-14 12:14:48','47c2079a-80ab-4101-be7c-e09f301cb274'),(25,'test','note','1LmZl2irex3uePQT1lW1bmPKWCNzjjuO6C4w','Returned to user with error',NULL,'{\"extra\":{\"errors\":[\"cardToken : Stripe Card Token cannot be blank.\",\"There was a problem with your details, please check the form and try again\"]}}','2017-04-14 12:14:48','2017-04-14 12:14:48','85c009e6-aa2c-41f0-b4bc-9cbf22d38205'),(26,'test','request','vUAZWghVb1PoOBPhz2UfsFsorzxTIaEImfoy','Charge request started ',NULL,'[]','2017-04-14 12:17:33','2017-04-14 12:17:33','8b5ff5df-23e3-47e2-bcd9-1427b9342218'),(27,'test','note','vUAZWghVb1PoOBPhz2UfsFsorzxTIaEImfoy','Returned to user with error',NULL,'{\"extra\":{\"errors\":[\"cardToken : Stripe Card Token cannot be blank.\",\"There was a problem with your details, please check the form and try again\"]}}','2017-04-14 12:17:33','2017-04-14 12:17:33','8a1044a3-0f1d-48ca-a2f8-c3c2a8aacce8'),(28,'test','request','YguwhwbjbTt0bpSYW3iCMfYbK6AnFcvUbXx4','Charge request started ',NULL,'[]','2017-04-14 12:20:32','2017-04-14 12:20:32','757086e3-0c22-4d2c-a727-6b761e59dbcf'),(29,'test','note','YguwhwbjbTt0bpSYW3iCMfYbK6AnFcvUbXx4','Returned to user with error',NULL,'{\"extra\":{\"errors\":[\"cardToken : Stripe Card Token cannot be blank.\",\"There was a problem with your details, please check the form and try again\"]}}','2017-04-14 12:20:32','2017-04-14 12:20:32','8933b10e-7e11-46d6-8b41-d71232721a9f'),(30,'test','request','FA7047LSH0kTfkvmrp5wkNUpj88604ONNN8V','Charge request started ',NULL,'[]','2017-04-14 12:23:59','2017-04-14 12:23:59','e2872eb5-bad2-4f30-a20f-66f15622731c'),(31,'test','api','FA7047LSH0kTfkvmrp5wkNUpj88604ONNN8V','Created Customer',NULL,'{\"customer\":{\"id\":\"1\",\"stripeId\":\"cus_ATQJSlInv98Z6A\",\"mode\":\"test\",\"userId\":\"1\",\"email\":\"max@eec.ms\",\"name\":\"Yuri Salimovskiy\",\"stripe\":{\"id\":\"cus_ATQJSlInv98Z6A\",\"object\":\"customer\",\"account_balance\":0,\"created\":1492172640,\"currency\":null,\"default_source\":null,\"delinquent\":0,\"description\":null,\"discount\":null,\"email\":\"max@eec.ms\",\"livemode\":0,\"metadata\":{\"Craft User Id\":\"1\"},\"shipping\":null,\"sources\":{\"object\":\"list\",\"data\":[],\"has_more\":0,\"total_count\":0,\"url\":\"\\/v1\\/customers\\/cus_ATQJSlInv98Z6A\\/sources\"},\"subscriptions\":{\"object\":\"list\",\"data\":[],\"has_more\":0,\"total_count\":0,\"url\":\"\\/v1\\/customers\\/cus_ATQJSlInv98Z6A\\/subscriptions\"}},\"dateCreated\":null,\"__model__\":\"Craft\\\\Charge_CustomerModel\"}}','2017-04-14 12:24:00','2017-04-14 12:24:00','53fd134d-96b9-41c7-8ce7-4284b4a06ad5'),(32,'test','info','FA7047LSH0kTfkvmrp5wkNUpj88604ONNN8V','Plan not found on Stripe, creating',NULL,'Plan named \"138.75 USD Monthly\" does\'t exist on Stripe. Will need to create','2017-04-14 12:24:01','2017-04-14 12:24:01','13a985b2-5f41-40db-aa28-c0c934e16ddc'),(33,'test','api','FA7047LSH0kTfkvmrp5wkNUpj88604ONNN8V','Created a new plan',NULL,'{\"plan\":{\"id\":\"138.75 USD Monthly\",\"object\":\"plan\",\"amount\":13875,\"created\":1492172642,\"currency\":\"usd\",\"interval\":\"month\",\"interval_count\":1,\"livemode\":0,\"metadata\":[],\"name\":\"138.75 USD Monthly\",\"statement_descriptor\":null,\"trial_period_days\":null}}','2017-04-14 12:24:02','2017-04-14 12:24:02','f6e9a8f3-62c0-4b19-80d2-5e5a17998ce7'),(34,'test','success','FA7047LSH0kTfkvmrp5wkNUpj88604ONNN8V','Charge Successfully Completed',NULL,'{\"charge\":{\"id\":\"215\",\"enabled\":1,\"archived\":0,\"locale\":\"en_us\",\"localeEnabled\":1,\"slug\":\"37768326ab7a6fbe1187470163daa898\",\"uri\":\"charge\\/thanks\\/37768326ab7a6fbe1187470163daa898\",\"dateCreated\":\"2017-04-14 12:24:03\",\"dateUpdated\":\"2017-04-14 12:24:03\",\"root\":null,\"lft\":null,\"rgt\":null,\"level\":null,\"searchScore\":null,\"customerId\":\"1\",\"userId\":\"1\",\"type\":\"recurring\",\"mode\":\"test\",\"customerName\":\"Yuri Salimovskiy\",\"customerEmail\":\"max@eec.ms\",\"description\":null,\"hash\":\"37768326ab7a6fbe1187470163daa898\",\"notes\":null,\"meta\":[],\"sourceUrl\":\"shop\\/payment\",\"timestamp\":\"2017-04-14 12:24:03\",\"cardId\":null,\"cardToken\":\"tok_1A8TT0KvJtBCDhCWeejXrt3E\",\"cardName\":\"max@eec.ms\",\"cardAddressLine1\":null,\"cardAddressLine2\":null,\"cardAddressCity\":null,\"cardAddressState\":null,\"cardAddressZip\":null,\"cardAddressCountry\":null,\"cardLast4\":\"4242\",\"cardType\":\"Visa\",\"cardExpMonth\":\"12\",\"cardExpYear\":\"2020\",\"planAmount\":\"138.7500\",\"planAmountInCents\":13875,\"planCurrency\":\"USD\",\"planInterval\":\"month\",\"planIntervalCount\":\"1\",\"planName\":null,\"planDiscount\":null,\"planFullAmount\":null,\"planChoice\":null,\"planOpts\":null,\"hasDiscount\":0,\"coupon\":null,\"planCoupon\":null,\"couponStripeId\":null,\"stripeAccountBalance\":null,\"actions\":{\"onSuccess\":{\"chargeCommerce_updateOrder\":{\"orderId\":\"214\",\"status\":\"subscriptionActive\",\"complete\":1}},\"onRecurring\":{\"email\":[\"test-email\"]},\"onFailure\":{\"chargeCommerce_updateOrder\":{\"orderId\":\"214\",\"status\":\"subscriptionCancelled\"}}},\"content\":null,\"request\":{\"planAmount\":\"138.7500\",\"planCurrency\":\"USD\",\"planAmountInCents\":13875,\"planName\":null,\"planDiscount\":null,\"planFullAmount\":null,\"planChoice\":null,\"planOpts\":null,\"planInterval\":\"month\",\"planIntervalCount\":\"1\",\"destination\":null,\"applicationFee\":null,\"applicationFeeInPercent\":null,\"applicationFeeInCents\":null,\"cardName\":\"max@eec.ms\",\"cardAddressLine1\":null,\"cardAddressLine2\":null,\"cardAddressCity\":null,\"cardAddressState\":null,\"cardAddressZip\":null,\"cardAddressCountry\":null,\"cardLast4\":\"4242\",\"cardType\":\"Visa\",\"cardExpMonth\":\"12\",\"cardExpYear\":\"2020\",\"coupon\":null,\"couponStripeId\":null,\"stripeAccountBalance\":null},\"createAccount\":null,\"user\":null,\"eagerpayments\":null,\"currency\":null,\"amount\":null,\"accountId\":null,\"destination\":null,\"applicationFee\":null,\"applicationFeeInCents\":null,\"applicationFeeInPercent\":null,\"__model__\":\"Craft\\\\ChargeModel\"}}','2017-04-14 12:24:04','2017-04-14 12:24:04','73a4ea06-d2ce-4678-b476-781c498ea9ab'),(35,'test','callback','AHJu873n0hjjWYQwrLWcFIhWmUKIASa3IxcN','charge.succeeded (no handler for this event type, skipping)',NULL,'test','2017-04-14 12:24:08','2017-04-14 12:24:08','d524b10f-68d9-4a41-841c-b5d06df1e09c'),(36,'test','callback','sK3Acf3Vkr1Mz0e3idub3OVxIZSqf6xbLySn','invoice.payment_succeeded',NULL,'test','2017-04-14 12:24:08','2017-04-14 12:24:08','9251a777-5146-4f12-ad2a-bfbfeab58f11'),(37,'test','note','sK3Acf3Vkr1Mz0e3idub3OVxIZSqf6xbLySn','Recording new invoice from webhook',NULL,'{\"body\":{\"id\":\"evt_1A8TT5KvJtBCDhCWLXbQx2h1\",\"object\":\"event\",\"api_version\":\"2017-04-06\",\"created\":1492172643,\"data\":{\"object\":{\"id\":\"in_1A8TT4KvJtBCDhCW4Igp5gp1\",\"object\":\"invoice\",\"amount_due\":13875,\"application_fee\":null,\"attempt_count\":0,\"attempted\":1,\"charge\":\"ch_1A8TT4KvJtBCDhCW6tdx1eZe\",\"closed\":1,\"currency\":\"usd\",\"customer\":\"cus_ATQJSlInv98Z6A\",\"date\":1492172642,\"description\":null,\"discount\":null,\"ending_balance\":0,\"forgiven\":0,\"lines\":{\"object\":\"list\",\"data\":[{\"id\":\"sub_ATQJvkeiNTgbrv\",\"object\":\"line_item\",\"amount\":13875,\"currency\":\"usd\",\"description\":null,\"discountable\":1,\"livemode\":0,\"metadata\":[],\"period\":{\"start\":1492172642,\"end\":1494764642},\"plan\":{\"id\":\"138.75 USD Monthly\",\"object\":\"plan\",\"amount\":13875,\"created\":1492172642,\"currency\":\"usd\",\"interval\":\"month\",\"interval_count\":1,\"livemode\":0,\"metadata\":[],\"name\":\"138.75 USD Monthly\",\"statement_descriptor\":null,\"trial_period_days\":null},\"proration\":0,\"quantity\":1,\"subscription\":null,\"subscription_item\":\"si_1A8TT4KvJtBCDhCWDBsq9Npg\",\"type\":\"subscription\"}],\"has_more\":0,\"total_count\":1,\"url\":\"\\/v1\\/invoices\\/in_1A8TT4KvJtBCDhCW4Igp5gp1\\/lines\"},\"livemode\":0,\"metadata\":[],\"next_payment_attempt\":null,\"paid\":1,\"period_end\":1492172642,\"period_start\":1492172642,\"receipt_number\":null,\"starting_balance\":0,\"statement_descriptor\":null,\"subscription\":\"sub_ATQJvkeiNTgbrv\",\"subtotal\":13875,\"tax\":null,\"tax_percent\":null,\"total\":13875,\"webhooks_delivered_at\":null}},\"livemode\":0,\"pending_webhooks\":1,\"request\":\"req_ATQJYKZvQkGvV3\",\"type\":\"invoice.payment_succeeded\"}}','2017-04-14 12:24:08','2017-04-14 12:24:08','95012ee3-d94e-428f-8a80-1d4f7f499e67'),(38,'test','note','sK3Acf3Vkr1Mz0e3idub3OVxIZSqf6xbLySn','Found existing payment recorded with matching id, skipping',NULL,'{\"payment\":{\"mode\":\"test\",\"id\":\"216\",\"stripeId\":\"ch_1A8TT4KvJtBCDhCW6tdx1eZe\",\"customerId\":\"cus_ATQJSlInv98Z6A\",\"amount\":\"13875\",\"amountRefunded\":null,\"status\":\"succeeded\",\"refunded\":\"0\",\"paid\":\"1\",\"captured\":\"1\",\"invoiceId\":null,\"receiptEmail\":null,\"failureCode\":null,\"failureMessage\":null,\"currency\":\"usd\",\"userId\":\"1\",\"chargeId\":\"215\",\"cardName\":\"max@eec.ms\",\"cardAddressLine1\":null,\"cardAddressLine2\":null,\"cardAddressCity\":null,\"cardAddressState\":null,\"cardAddressZip\":null,\"cardAddressCountry\":null,\"cardLast4\":\"4242\",\"cardType\":\"Visa\",\"cardExpMonth\":\"12\",\"cardExpYear\":\"2020\",\"dateCreated\":{\"date\":\"2017-04-14 12:24:04.000000\",\"timezone_type\":1,\"timezone\":\"+00:00\"},\"dateUpdated\":{\"date\":\"2017-04-14 12:24:04.000000\",\"timezone_type\":1,\"timezone\":\"+00:00\"},\"uid\":\"88423bcf-b69a-42b2-90b7-8aa0b2a3c7f7\"}}','2017-04-14 12:24:08','2017-04-14 12:24:08','5f44eee4-264c-47f2-a993-983747b07697'),(39,'test','callback','zwwFMWaYc1QudghDYMj8LynvZjmSCNXrpSAc','customer.source.created (no handler for this event type, skipping)',NULL,'test','2017-04-14 12:24:08','2017-04-14 12:24:08','f099050c-3ee2-4568-a840-972717108e68'),(40,'test','callback','sJ9FB3ZT1yHut0tLelgBd0cGUdAz1G27TVFw','customer.subscription.created (no handler for this event type, skipping)',NULL,'test','2017-04-14 12:24:09','2017-04-14 12:24:09','28e26bd4-5e8c-4c4a-aad8-269a4df8458f'),(41,'test','callback','wj0bNJktpvjAw8iIv1mcpZjPy3cqwbJoMtkM','customer.updated (no handler for this event type, skipping)',NULL,'test','2017-04-14 12:24:09','2017-04-14 12:24:09','c157ae69-c651-4ce7-a6cc-6b450fed488b'),(42,'test','callback','MTx83ovh2Vddzu0IKEi3On8rcbEq85qOpnyX','customer.updated (no handler for this event type, skipping)',NULL,'test','2017-04-14 12:24:10','2017-04-14 12:24:10','d69c8d2d-555d-462d-96c9-7a811562275c'),(43,'test','callback','RvBQetPFr2YzyG58LI2Jt8uMNSF6nZ6ShA2U','plan.created (no handler for this event type, skipping)',NULL,'test','2017-04-14 12:24:11','2017-04-14 12:24:11','77950b3e-6242-4fd4-86b1-4d0fd803544c'),(44,'test','callback','FxyzaJZXkJpHdVFjfAXJVyrEtjwNeMiZZF9j','invoice.created (no handler for this event type, skipping)',NULL,'test','2017-04-14 12:24:20','2017-04-14 12:24:20','64a9d339-d9ad-4498-80c0-cc48d18d95c7'),(45,'test','callback','Ff6Zf2S5ANAyo1RW5ZhXmr4iF0FLgh7f0jjk','customer.created (no handler for this event type, skipping)',NULL,'test','2017-04-14 12:24:31','2017-04-14 12:24:31','5435ef18-3677-416c-8beb-f60f508fe728'),(46,'test','request','cZFRY8uRQyLcIrYQH938UWOMXDmkZWuxPba9','Charge request started ',NULL,'[]','2017-04-14 12:33:14','2017-04-14 12:33:14','0f0e2235-b4c3-40b4-9f5f-2851cad01280'),(47,'test','api','cZFRY8uRQyLcIrYQH938UWOMXDmkZWuxPba9','Updated stripe customer details',NULL,'{\"customer\":{\"id\":\"1\",\"stripeId\":\"cus_ATQJSlInv98Z6A\",\"mode\":\"test\",\"userId\":\"1\",\"email\":\"max@eec.ms\",\"name\":\"Yuri Salimovskiy\",\"stripe\":{\"id\":\"cus_ATQJSlInv98Z6A\",\"object\":\"customer\",\"account_balance\":0,\"created\":1492172640,\"currency\":\"usd\",\"default_source\":\"card_1A8TT0KvJtBCDhCW74MslXWi\",\"delinquent\":0,\"description\":null,\"discount\":null,\"email\":\"max@eec.ms\",\"livemode\":0,\"metadata\":{\"Craft User Id\":\"1\"},\"shipping\":null,\"sources\":{\"object\":\"list\",\"data\":[{\"id\":\"card_1A8TT0KvJtBCDhCW74MslXWi\",\"object\":\"card\",\"address_city\":null,\"address_country\":null,\"address_line1\":null,\"address_line1_check\":null,\"address_line2\":null,\"address_state\":null,\"address_zip\":null,\"address_zip_check\":null,\"brand\":\"Visa\",\"country\":\"US\",\"customer\":\"cus_ATQJSlInv98Z6A\",\"cvc_check\":\"pass\",\"dynamic_last4\":null,\"exp_month\":12,\"exp_year\":2020,\"fingerprint\":\"2sbFp0NGAIy76iM9\",\"funding\":\"credit\",\"last4\":\"4242\",\"metadata\":[],\"name\":\"max@eec.ms\",\"tokenization_method\":null}],\"has_more\":0,\"total_count\":1,\"url\":\"\\/v1\\/customers\\/cus_ATQJSlInv98Z6A\\/sources\"},\"subscriptions\":{\"object\":\"list\",\"data\":[{\"id\":\"sub_ATQJvkeiNTgbrv\",\"object\":\"subscription\",\"application_fee_percent\":null,\"cancel_at_period_end\":0,\"canceled_at\":null,\"created\":1492172642,\"current_period_end\":1494764642,\"current_period_start\":1492172642,\"customer\":\"cus_ATQJSlInv98Z6A\",\"discount\":null,\"ended_at\":null,\"items\":{\"object\":\"list\",\"data\":[{\"id\":\"si_1A8TT4KvJtBCDhCWDBsq9Npg\",\"object\":\"subscription_item\",\"created\":1492172643,\"plan\":{\"id\":\"138.75 USD Monthly\",\"object\":\"plan\",\"amount\":13875,\"created\":1492172642,\"currency\":\"usd\",\"interval\":\"month\",\"interval_count\":1,\"livemode\":0,\"metadata\":[],\"name\":\"138.75 USD Monthly\",\"statement_descriptor\":null,\"trial_period_days\":null},\"quantity\":1}],\"has_more\":0,\"total_count\":1,\"url\":\"\\/v1\\/subscription_items?subscription=sub_ATQJvkeiNTgbrv\"},\"livemode\":0,\"metadata\":[],\"plan\":{\"id\":\"138.75 USD Monthly\",\"object\":\"plan\",\"amount\":13875,\"created\":1492172642,\"currency\":\"usd\",\"interval\":\"month\",\"interval_count\":1,\"livemode\":0,\"metadata\":[],\"name\":\"138.75 USD Monthly\",\"statement_descriptor\":null,\"trial_period_days\":null},\"quantity\":1,\"start\":1492172642,\"status\":\"active\",\"tax_percent\":null,\"trial_end\":null,\"trial_start\":null}],\"has_more\":0,\"total_count\":1,\"url\":\"\\/v1\\/customers\\/cus_ATQJSlInv98Z6A\\/subscriptions\"}},\"dateCreated\":\"2017-04-14 12:24:00\",\"__model__\":\"Craft\\\\Charge_CustomerModel\"}}','2017-04-14 12:33:14','2017-04-14 12:33:14','aa9fbfd1-d74a-4484-980d-5a88832671a3'),(48,'test','api','cZFRY8uRQyLcIrYQH938UWOMXDmkZWuxPba9','Found existing customer',NULL,'{\"customer\":{\"id\":\"1\",\"stripeId\":\"cus_ATQJSlInv98Z6A\",\"mode\":\"test\",\"userId\":\"1\",\"email\":\"max@eec.ms\",\"name\":\"Yuri Salimovskiy\",\"stripe\":{\"id\":\"cus_ATQJSlInv98Z6A\",\"object\":\"customer\",\"account_balance\":0,\"created\":1492172640,\"currency\":\"usd\",\"default_source\":\"card_1A8TT0KvJtBCDhCW74MslXWi\",\"delinquent\":0,\"description\":null,\"discount\":null,\"email\":\"max@eec.ms\",\"livemode\":0,\"metadata\":{\"Craft User Id\":\"1\"},\"shipping\":null,\"sources\":{\"object\":\"list\",\"data\":[{\"id\":\"card_1A8TT0KvJtBCDhCW74MslXWi\",\"object\":\"card\",\"address_city\":null,\"address_country\":null,\"address_line1\":null,\"address_line1_check\":null,\"address_line2\":null,\"address_state\":null,\"address_zip\":null,\"address_zip_check\":null,\"brand\":\"Visa\",\"country\":\"US\",\"customer\":\"cus_ATQJSlInv98Z6A\",\"cvc_check\":\"pass\",\"dynamic_last4\":null,\"exp_month\":12,\"exp_year\":2020,\"fingerprint\":\"2sbFp0NGAIy76iM9\",\"funding\":\"credit\",\"last4\":\"4242\",\"metadata\":[],\"name\":\"max@eec.ms\",\"tokenization_method\":null}],\"has_more\":0,\"total_count\":1,\"url\":\"\\/v1\\/customers\\/cus_ATQJSlInv98Z6A\\/sources\"},\"subscriptions\":{\"object\":\"list\",\"data\":[{\"id\":\"sub_ATQJvkeiNTgbrv\",\"object\":\"subscription\",\"application_fee_percent\":null,\"cancel_at_period_end\":0,\"canceled_at\":null,\"created\":1492172642,\"current_period_end\":1494764642,\"current_period_start\":1492172642,\"customer\":\"cus_ATQJSlInv98Z6A\",\"discount\":null,\"ended_at\":null,\"items\":{\"object\":\"list\",\"data\":[{\"id\":\"si_1A8TT4KvJtBCDhCWDBsq9Npg\",\"object\":\"subscription_item\",\"created\":1492172643,\"plan\":{\"id\":\"138.75 USD Monthly\",\"object\":\"plan\",\"amount\":13875,\"created\":1492172642,\"currency\":\"usd\",\"interval\":\"month\",\"interval_count\":1,\"livemode\":0,\"metadata\":[],\"name\":\"138.75 USD Monthly\",\"statement_descriptor\":null,\"trial_period_days\":null},\"quantity\":1}],\"has_more\":0,\"total_count\":1,\"url\":\"\\/v1\\/subscription_items?subscription=sub_ATQJvkeiNTgbrv\"},\"livemode\":0,\"metadata\":[],\"plan\":{\"id\":\"138.75 USD Monthly\",\"object\":\"plan\",\"amount\":13875,\"created\":1492172642,\"currency\":\"usd\",\"interval\":\"month\",\"interval_count\":1,\"livemode\":0,\"metadata\":[],\"name\":\"138.75 USD Monthly\",\"statement_descriptor\":null,\"trial_period_days\":null},\"quantity\":1,\"start\":1492172642,\"status\":\"active\",\"tax_percent\":null,\"trial_end\":null,\"trial_start\":null}],\"has_more\":0,\"total_count\":1,\"url\":\"\\/v1\\/customers\\/cus_ATQJSlInv98Z6A\\/subscriptions\"}},\"dateCreated\":\"2017-04-14 12:24:00\",\"__model__\":\"Craft\\\\Charge_CustomerModel\"}}','2017-04-14 12:33:14','2017-04-14 12:33:14','8ded8a6e-f671-44a7-965e-b9cb158160d6'),(49,'test','api','cZFRY8uRQyLcIrYQH938UWOMXDmkZWuxPba9','Found existing plan',NULL,'Found existing plan with name \"138.75 USD Monthly\" on Stripe','2017-04-14 12:33:16','2017-04-14 12:33:16','17f80250-8da8-42d5-95a4-82f8830b1e74'),(50,'test','success','cZFRY8uRQyLcIrYQH938UWOMXDmkZWuxPba9','Charge Successfully Completed',NULL,'{\"charge\":{\"id\":\"217\",\"enabled\":1,\"archived\":0,\"locale\":\"en_us\",\"localeEnabled\":1,\"slug\":\"cdc05180eadc5820feaed10459bbd936\",\"uri\":\"charge\\/thanks\\/cdc05180eadc5820feaed10459bbd936\",\"dateCreated\":\"2017-04-14 12:33:18\",\"dateUpdated\":\"2017-04-14 12:33:18\",\"root\":null,\"lft\":null,\"rgt\":null,\"level\":null,\"searchScore\":null,\"customerId\":\"1\",\"userId\":\"1\",\"type\":\"recurring\",\"mode\":\"test\",\"customerName\":\"Yuri Salimovskiy\",\"customerEmail\":\"max@eec.ms\",\"description\":null,\"hash\":\"cdc05180eadc5820feaed10459bbd936\",\"notes\":null,\"meta\":[],\"sourceUrl\":\"shop\\/payment\",\"timestamp\":\"2017-04-14 12:33:18\",\"cardId\":null,\"cardToken\":\"tok_1A8TbxKvJtBCDhCWfQpK2Kiu\",\"cardName\":\"max@eec.ms\",\"cardAddressLine1\":null,\"cardAddressLine2\":null,\"cardAddressCity\":null,\"cardAddressState\":null,\"cardAddressZip\":null,\"cardAddressCountry\":null,\"cardLast4\":\"4242\",\"cardType\":\"Visa\",\"cardExpMonth\":\"1\",\"cardExpYear\":\"2020\",\"planAmount\":\"138.7500\",\"planAmountInCents\":13875,\"planCurrency\":\"USD\",\"planInterval\":\"month\",\"planIntervalCount\":\"1\",\"planName\":null,\"planDiscount\":null,\"planFullAmount\":null,\"planChoice\":null,\"planOpts\":null,\"hasDiscount\":0,\"coupon\":null,\"planCoupon\":null,\"couponStripeId\":null,\"stripeAccountBalance\":null,\"actions\":{\"onSuccess\":{\"chargeCommerce_updateOrder\":{\"orderId\":\"214\",\"status\":\"subscriptionActive\",\"complete\":1}},\"onRecurring\":{\"email\":[\"test-email\"]},\"onFailure\":{\"chargeCommerce_updateOrder\":{\"orderId\":\"214\",\"status\":\"subscriptionCancelled\"}}},\"content\":null,\"request\":{\"planAmount\":\"138.7500\",\"planCurrency\":\"USD\",\"planAmountInCents\":13875,\"planName\":null,\"planDiscount\":null,\"planFullAmount\":null,\"planChoice\":null,\"planOpts\":null,\"planInterval\":\"month\",\"planIntervalCount\":\"1\",\"destination\":null,\"applicationFee\":null,\"applicationFeeInPercent\":null,\"applicationFeeInCents\":null,\"cardName\":\"max@eec.ms\",\"cardAddressLine1\":null,\"cardAddressLine2\":null,\"cardAddressCity\":null,\"cardAddressState\":null,\"cardAddressZip\":null,\"cardAddressCountry\":null,\"cardLast4\":\"4242\",\"cardType\":\"Visa\",\"cardExpMonth\":\"1\",\"cardExpYear\":\"2020\",\"coupon\":null,\"couponStripeId\":null,\"stripeAccountBalance\":null},\"createAccount\":null,\"user\":null,\"eagerpayments\":null,\"currency\":null,\"amount\":null,\"accountId\":null,\"destination\":null,\"applicationFee\":null,\"applicationFeeInCents\":null,\"applicationFeeInPercent\":null,\"__model__\":\"Craft\\\\ChargeModel\"}}','2017-04-14 12:33:18','2017-04-14 12:33:18','68363137-66a8-45cf-8aa4-93ae7a31d542'),(51,'test','callback','aiADhsjSyNVaMVVOuadAVzWDxWYjCsOEtDpV','customer.subscription.created (no handler for this event type, skipping)',NULL,'test','2017-04-14 12:33:20','2017-04-14 12:33:20','c3ece675-13ef-4214-8a83-b2aa2b256cce'),(52,'test','callback','S5qQ37FSNDGwtW5jVFZdygEOAaL1psSBp8MZ','customer.updated (no handler for this event type, skipping)',NULL,'test','2017-04-14 12:33:20','2017-04-14 12:33:20','e4bb4a61-f2b3-4150-8093-312196e7750d'),(53,'test','callback','YidI7IOOog49nNnk9LyFPrjE6TUpCpRh3xTp','customer.source.created (no handler for this event type, skipping)',NULL,'test','2017-04-14 12:33:21','2017-04-14 12:33:21','490fa05b-93d3-4bb9-87d0-452e406b053a'),(54,'test','callback','BRkCB9VhJ3dhSvBeslPAm1vqsJgf2HmYAdWR','invoice.created (no handler for this event type, skipping)',NULL,'test','2017-04-14 12:33:21','2017-04-14 12:33:21','9bb64353-6c85-4d50-9015-034d1548ebae'),(55,'test','callback','3FOZoSgaIjH8VfCsYLsjVBg4VoeQvH5akTrm','invoice.payment_succeeded',NULL,'test','2017-04-14 12:33:23','2017-04-14 12:33:23','b1c2da47-efc1-4c39-9f94-8758aa38fc1b'),(56,'test','note','3FOZoSgaIjH8VfCsYLsjVBg4VoeQvH5akTrm','Recording new invoice from webhook',NULL,'{\"body\":{\"id\":\"evt_1A8Tc1KvJtBCDhCWWvsm3eAU\",\"object\":\"event\",\"api_version\":\"2017-04-06\",\"created\":1492173197,\"data\":{\"object\":{\"id\":\"in_1A8Tc0KvJtBCDhCWUG8T02F2\",\"object\":\"invoice\",\"amount_due\":13875,\"application_fee\":null,\"attempt_count\":0,\"attempted\":1,\"charge\":\"ch_1A8Tc0KvJtBCDhCWTmPnutQA\",\"closed\":1,\"currency\":\"usd\",\"customer\":\"cus_ATQJSlInv98Z6A\",\"date\":1492173196,\"description\":null,\"discount\":null,\"ending_balance\":0,\"forgiven\":0,\"lines\":{\"object\":\"list\",\"data\":[{\"id\":\"sub_ATQSPlcUsRCkvn\",\"object\":\"line_item\",\"amount\":13875,\"currency\":\"usd\",\"description\":null,\"discountable\":1,\"livemode\":0,\"metadata\":[],\"period\":{\"start\":1492173196,\"end\":1494765196},\"plan\":{\"id\":\"138.75 USD Monthly\",\"object\":\"plan\",\"amount\":13875,\"created\":1492172642,\"currency\":\"usd\",\"interval\":\"month\",\"interval_count\":1,\"livemode\":0,\"metadata\":[],\"name\":\"138.75 USD Monthly\",\"statement_descriptor\":null,\"trial_period_days\":null},\"proration\":0,\"quantity\":1,\"subscription\":null,\"subscription_item\":\"si_1A8Tc0KvJtBCDhCWXW6yOCQ3\",\"type\":\"subscription\"}],\"has_more\":0,\"total_count\":1,\"url\":\"\\/v1\\/invoices\\/in_1A8Tc0KvJtBCDhCWUG8T02F2\\/lines\"},\"livemode\":0,\"metadata\":[],\"next_payment_attempt\":null,\"paid\":1,\"period_end\":1492173196,\"period_start\":1492172642,\"receipt_number\":null,\"starting_balance\":0,\"statement_descriptor\":null,\"subscription\":\"sub_ATQSPlcUsRCkvn\",\"subtotal\":13875,\"tax\":null,\"tax_percent\":null,\"total\":13875,\"webhooks_delivered_at\":null}},\"livemode\":0,\"pending_webhooks\":1,\"request\":\"req_ATQSiTiVCuD9oA\",\"type\":\"invoice.payment_succeeded\"}}','2017-04-14 12:33:23','2017-04-14 12:33:23','68a463c7-6650-4b3c-81d7-d342f05eead7'),(57,'test','note','3FOZoSgaIjH8VfCsYLsjVBg4VoeQvH5akTrm','Found existing payment recorded with matching id, skipping',NULL,'{\"payment\":{\"mode\":\"test\",\"id\":\"218\",\"stripeId\":\"ch_1A8Tc0KvJtBCDhCWTmPnutQA\",\"customerId\":\"cus_ATQJSlInv98Z6A\",\"amount\":\"13875\",\"amountRefunded\":null,\"status\":\"succeeded\",\"refunded\":\"0\",\"paid\":\"1\",\"captured\":\"1\",\"invoiceId\":null,\"receiptEmail\":null,\"failureCode\":null,\"failureMessage\":null,\"currency\":\"usd\",\"userId\":\"1\",\"chargeId\":\"217\",\"cardName\":\"max@eec.ms\",\"cardAddressLine1\":null,\"cardAddressLine2\":null,\"cardAddressCity\":null,\"cardAddressState\":null,\"cardAddressZip\":null,\"cardAddressCountry\":null,\"cardLast4\":\"4242\",\"cardType\":\"Visa\",\"cardExpMonth\":\"1\",\"cardExpYear\":\"2020\",\"dateCreated\":{\"date\":\"2017-04-14 12:33:18.000000\",\"timezone_type\":1,\"timezone\":\"+00:00\"},\"dateUpdated\":{\"date\":\"2017-04-14 12:33:18.000000\",\"timezone_type\":1,\"timezone\":\"+00:00\"},\"uid\":\"53dad676-c59a-4869-aebf-2dc3acea9cc3\"}}','2017-04-14 12:33:23','2017-04-14 12:33:23','8967978b-6672-471b-9a7c-6d7c8eb542db'),(58,'test','callback','A5HirjfRRkD4BAYNwVxH9kGGcAt0iN7yImk6','charge.succeeded (no handler for this event type, skipping)',NULL,'test','2017-04-14 12:33:25','2017-04-14 12:33:25','5e614b3a-e2f7-4850-bcd8-e5b2698b2bed'),(59,'test','callback','Jjr13eZlqVPLFSoOgO7NpL7oOrnFVeMBW1r6','customer.source.deleted (no handler for this event type, skipping)',NULL,'test','2017-04-14 12:33:33','2017-04-14 12:33:33','a56fc4dd-ab62-4041-81d3-f045b7f9698e'),(60,'test','request','ZGhyGdDMXpu044Tz9VIqTwI1Sp67aw0nIzrW','Charge request started ',NULL,'[]','2017-04-14 12:47:03','2017-04-14 12:47:03','84fe0df5-db24-42c1-80c5-d115d4c1cbe2'),(61,'test','api','ZGhyGdDMXpu044Tz9VIqTwI1Sp67aw0nIzrW','Updated stripe customer details',NULL,'{\"customer\":{\"id\":\"1\",\"stripeId\":\"cus_ATQJSlInv98Z6A\",\"mode\":\"test\",\"userId\":\"1\",\"email\":\"max@eec.ms\",\"name\":\"Yuri Salimovskiy\",\"stripe\":{\"id\":\"cus_ATQJSlInv98Z6A\",\"object\":\"customer\",\"account_balance\":0,\"created\":1492172640,\"currency\":\"usd\",\"default_source\":\"card_1A8TbxKvJtBCDhCWWFKpZrg8\",\"delinquent\":0,\"description\":null,\"discount\":null,\"email\":\"max@eec.ms\",\"livemode\":0,\"metadata\":{\"Craft User Id\":\"1\"},\"shipping\":null,\"sources\":{\"object\":\"list\",\"data\":[{\"id\":\"card_1A8TbxKvJtBCDhCWWFKpZrg8\",\"object\":\"card\",\"address_city\":null,\"address_country\":null,\"address_line1\":null,\"address_line1_check\":null,\"address_line2\":null,\"address_state\":null,\"address_zip\":null,\"address_zip_check\":null,\"brand\":\"Visa\",\"country\":\"US\",\"customer\":\"cus_ATQJSlInv98Z6A\",\"cvc_check\":\"pass\",\"dynamic_last4\":null,\"exp_month\":1,\"exp_year\":2020,\"fingerprint\":\"2sbFp0NGAIy76iM9\",\"funding\":\"credit\",\"last4\":\"4242\",\"metadata\":[],\"name\":\"max@eec.ms\",\"tokenization_method\":null}],\"has_more\":0,\"total_count\":1,\"url\":\"\\/v1\\/customers\\/cus_ATQJSlInv98Z6A\\/sources\"},\"subscriptions\":{\"object\":\"list\",\"data\":[{\"id\":\"sub_ATQSPlcUsRCkvn\",\"object\":\"subscription\",\"application_fee_percent\":null,\"cancel_at_period_end\":0,\"canceled_at\":null,\"created\":1492173196,\"current_period_end\":1494765196,\"current_period_start\":1492173196,\"customer\":\"cus_ATQJSlInv98Z6A\",\"discount\":null,\"ended_at\":null,\"items\":{\"object\":\"list\",\"data\":[{\"id\":\"si_1A8Tc0KvJtBCDhCWXW6yOCQ3\",\"object\":\"subscription_item\",\"created\":1492173197,\"plan\":{\"id\":\"138.75 USD Monthly\",\"object\":\"plan\",\"amount\":13875,\"created\":1492172642,\"currency\":\"usd\",\"interval\":\"month\",\"interval_count\":1,\"livemode\":0,\"metadata\":[],\"name\":\"138.75 USD Monthly\",\"statement_descriptor\":null,\"trial_period_days\":null},\"quantity\":1}],\"has_more\":0,\"total_count\":1,\"url\":\"\\/v1\\/subscription_items?subscription=sub_ATQSPlcUsRCkvn\"},\"livemode\":0,\"metadata\":[],\"plan\":{\"id\":\"138.75 USD Monthly\",\"object\":\"plan\",\"amount\":13875,\"created\":1492172642,\"currency\":\"usd\",\"interval\":\"month\",\"interval_count\":1,\"livemode\":0,\"metadata\":[],\"name\":\"138.75 USD Monthly\",\"statement_descriptor\":null,\"trial_period_days\":null},\"quantity\":1,\"start\":1492173196,\"status\":\"active\",\"tax_percent\":null,\"trial_end\":null,\"trial_start\":null},{\"id\":\"sub_ATQJvkeiNTgbrv\",\"object\":\"subscription\",\"application_fee_percent\":null,\"cancel_at_period_end\":0,\"canceled_at\":null,\"created\":1492172642,\"current_period_end\":1494764642,\"current_period_start\":1492172642,\"customer\":\"cus_ATQJSlInv98Z6A\",\"discount\":null,\"ended_at\":null,\"items\":{\"object\":\"list\",\"data\":[{\"id\":\"si_1A8TT4KvJtBCDhCWDBsq9Npg\",\"object\":\"subscription_item\",\"created\":1492172643,\"plan\":{\"id\":\"138.75 USD Monthly\",\"object\":\"plan\",\"amount\":13875,\"created\":1492172642,\"currency\":\"usd\",\"interval\":\"month\",\"interval_count\":1,\"livemode\":0,\"metadata\":[],\"name\":\"138.75 USD Monthly\",\"statement_descriptor\":null,\"trial_period_days\":null},\"quantity\":1}],\"has_more\":0,\"total_count\":1,\"url\":\"\\/v1\\/subscription_items?subscription=sub_ATQJvkeiNTgbrv\"},\"livemode\":0,\"metadata\":[],\"plan\":{\"id\":\"138.75 USD Monthly\",\"object\":\"plan\",\"amount\":13875,\"created\":1492172642,\"currency\":\"usd\",\"interval\":\"month\",\"interval_count\":1,\"livemode\":0,\"metadata\":[],\"name\":\"138.75 USD Monthly\",\"statement_descriptor\":null,\"trial_period_days\":null},\"quantity\":1,\"start\":1492172642,\"status\":\"active\",\"tax_percent\":null,\"trial_end\":null,\"trial_start\":null}],\"has_more\":0,\"total_count\":2,\"url\":\"\\/v1\\/customers\\/cus_ATQJSlInv98Z6A\\/subscriptions\"}},\"dateCreated\":\"2017-04-14 12:24:00\",\"__model__\":\"Craft\\\\Charge_CustomerModel\"}}','2017-04-14 12:47:03','2017-04-14 12:47:03','fd631482-7f40-4903-9225-f4538b892fe9'),(62,'test','api','ZGhyGdDMXpu044Tz9VIqTwI1Sp67aw0nIzrW','Found existing customer',NULL,'{\"customer\":{\"id\":\"1\",\"stripeId\":\"cus_ATQJSlInv98Z6A\",\"mode\":\"test\",\"userId\":\"1\",\"email\":\"max@eec.ms\",\"name\":\"Yuri Salimovskiy\",\"stripe\":{\"id\":\"cus_ATQJSlInv98Z6A\",\"object\":\"customer\",\"account_balance\":0,\"created\":1492172640,\"currency\":\"usd\",\"default_source\":\"card_1A8TbxKvJtBCDhCWWFKpZrg8\",\"delinquent\":0,\"description\":null,\"discount\":null,\"email\":\"max@eec.ms\",\"livemode\":0,\"metadata\":{\"Craft User Id\":\"1\"},\"shipping\":null,\"sources\":{\"object\":\"list\",\"data\":[{\"id\":\"card_1A8TbxKvJtBCDhCWWFKpZrg8\",\"object\":\"card\",\"address_city\":null,\"address_country\":null,\"address_line1\":null,\"address_line1_check\":null,\"address_line2\":null,\"address_state\":null,\"address_zip\":null,\"address_zip_check\":null,\"brand\":\"Visa\",\"country\":\"US\",\"customer\":\"cus_ATQJSlInv98Z6A\",\"cvc_check\":\"pass\",\"dynamic_last4\":null,\"exp_month\":1,\"exp_year\":2020,\"fingerprint\":\"2sbFp0NGAIy76iM9\",\"funding\":\"credit\",\"last4\":\"4242\",\"metadata\":[],\"name\":\"max@eec.ms\",\"tokenization_method\":null}],\"has_more\":0,\"total_count\":1,\"url\":\"\\/v1\\/customers\\/cus_ATQJSlInv98Z6A\\/sources\"},\"subscriptions\":{\"object\":\"list\",\"data\":[{\"id\":\"sub_ATQSPlcUsRCkvn\",\"object\":\"subscription\",\"application_fee_percent\":null,\"cancel_at_period_end\":0,\"canceled_at\":null,\"created\":1492173196,\"current_period_end\":1494765196,\"current_period_start\":1492173196,\"customer\":\"cus_ATQJSlInv98Z6A\",\"discount\":null,\"ended_at\":null,\"items\":{\"object\":\"list\",\"data\":[{\"id\":\"si_1A8Tc0KvJtBCDhCWXW6yOCQ3\",\"object\":\"subscription_item\",\"created\":1492173197,\"plan\":{\"id\":\"138.75 USD Monthly\",\"object\":\"plan\",\"amount\":13875,\"created\":1492172642,\"currency\":\"usd\",\"interval\":\"month\",\"interval_count\":1,\"livemode\":0,\"metadata\":[],\"name\":\"138.75 USD Monthly\",\"statement_descriptor\":null,\"trial_period_days\":null},\"quantity\":1}],\"has_more\":0,\"total_count\":1,\"url\":\"\\/v1\\/subscription_items?subscription=sub_ATQSPlcUsRCkvn\"},\"livemode\":0,\"metadata\":[],\"plan\":{\"id\":\"138.75 USD Monthly\",\"object\":\"plan\",\"amount\":13875,\"created\":1492172642,\"currency\":\"usd\",\"interval\":\"month\",\"interval_count\":1,\"livemode\":0,\"metadata\":[],\"name\":\"138.75 USD Monthly\",\"statement_descriptor\":null,\"trial_period_days\":null},\"quantity\":1,\"start\":1492173196,\"status\":\"active\",\"tax_percent\":null,\"trial_end\":null,\"trial_start\":null},{\"id\":\"sub_ATQJvkeiNTgbrv\",\"object\":\"subscription\",\"application_fee_percent\":null,\"cancel_at_period_end\":0,\"canceled_at\":null,\"created\":1492172642,\"current_period_end\":1494764642,\"current_period_start\":1492172642,\"customer\":\"cus_ATQJSlInv98Z6A\",\"discount\":null,\"ended_at\":null,\"items\":{\"object\":\"list\",\"data\":[{\"id\":\"si_1A8TT4KvJtBCDhCWDBsq9Npg\",\"object\":\"subscription_item\",\"created\":1492172643,\"plan\":{\"id\":\"138.75 USD Monthly\",\"object\":\"plan\",\"amount\":13875,\"created\":1492172642,\"currency\":\"usd\",\"interval\":\"month\",\"interval_count\":1,\"livemode\":0,\"metadata\":[],\"name\":\"138.75 USD Monthly\",\"statement_descriptor\":null,\"trial_period_days\":null},\"quantity\":1}],\"has_more\":0,\"total_count\":1,\"url\":\"\\/v1\\/subscription_items?subscription=sub_ATQJvkeiNTgbrv\"},\"livemode\":0,\"metadata\":[],\"plan\":{\"id\":\"138.75 USD Monthly\",\"object\":\"plan\",\"amount\":13875,\"created\":1492172642,\"currency\":\"usd\",\"interval\":\"month\",\"interval_count\":1,\"livemode\":0,\"metadata\":[],\"name\":\"138.75 USD Monthly\",\"statement_descriptor\":null,\"trial_period_days\":null},\"quantity\":1,\"start\":1492172642,\"status\":\"active\",\"tax_percent\":null,\"trial_end\":null,\"trial_start\":null}],\"has_more\":0,\"total_count\":2,\"url\":\"\\/v1\\/customers\\/cus_ATQJSlInv98Z6A\\/subscriptions\"}},\"dateCreated\":\"2017-04-14 12:24:00\",\"__model__\":\"Craft\\\\Charge_CustomerModel\"}}','2017-04-14 12:47:03','2017-04-14 12:47:03','763a6647-5d10-4b7d-8e11-a32bcc411437'),(63,'test','api','ZGhyGdDMXpu044Tz9VIqTwI1Sp67aw0nIzrW','Found existing plan',NULL,'Found existing plan with name \"138.75 USD Monthly\" on Stripe','2017-04-14 12:47:05','2017-04-14 12:47:05','7859ee49-1325-4fa1-96e0-f9d621e790ef'),(64,'test','success','ZGhyGdDMXpu044Tz9VIqTwI1Sp67aw0nIzrW','Charge Successfully Completed',NULL,'{\"charge\":{\"id\":\"219\",\"enabled\":1,\"archived\":0,\"locale\":\"en_us\",\"localeEnabled\":1,\"slug\":\"e1cec32e7b6dd7c3d218d8fa9074e446\",\"uri\":\"charge\\/thanks\\/e1cec32e7b6dd7c3d218d8fa9074e446\",\"dateCreated\":\"2017-04-14 12:47:06\",\"dateUpdated\":\"2017-04-14 12:47:06\",\"root\":null,\"lft\":null,\"rgt\":null,\"level\":null,\"searchScore\":null,\"customerId\":\"1\",\"userId\":\"1\",\"type\":\"recurring\",\"mode\":\"test\",\"customerName\":\"Yuri Salimovskiy\",\"customerEmail\":\"max@eec.ms\",\"description\":null,\"hash\":\"e1cec32e7b6dd7c3d218d8fa9074e446\",\"notes\":null,\"meta\":[],\"sourceUrl\":\"shop\\/payment\",\"timestamp\":\"2017-04-14 12:47:06\",\"cardId\":null,\"cardToken\":\"tok_1A8TpKKvJtBCDhCWxoRTtDwy\",\"cardName\":\"max@eec.ms\",\"cardAddressLine1\":null,\"cardAddressLine2\":null,\"cardAddressCity\":null,\"cardAddressState\":null,\"cardAddressZip\":null,\"cardAddressCountry\":null,\"cardLast4\":\"4242\",\"cardType\":\"Visa\",\"cardExpMonth\":\"1\",\"cardExpYear\":\"2025\",\"planAmount\":\"138.7500\",\"planAmountInCents\":13875,\"planCurrency\":\"USD\",\"planInterval\":\"month\",\"planIntervalCount\":\"1\",\"planName\":null,\"planDiscount\":null,\"planFullAmount\":null,\"planChoice\":null,\"planOpts\":null,\"hasDiscount\":0,\"coupon\":null,\"planCoupon\":null,\"couponStripeId\":null,\"stripeAccountBalance\":null,\"actions\":{\"onSuccess\":{\"chargeCommerce_updateOrder\":{\"orderId\":\"214\",\"status\":\"subscriptionActive\",\"complete\":1}},\"onRecurring\":{\"email\":[\"test-email\"]},\"onFailure\":{\"chargeCommerce_updateOrder\":{\"orderId\":\"214\",\"status\":\"subscriptionCancelled\"}}},\"content\":null,\"request\":{\"planAmount\":\"138.7500\",\"planCurrency\":\"USD\",\"planAmountInCents\":13875,\"planName\":null,\"planDiscount\":null,\"planFullAmount\":null,\"planChoice\":null,\"planOpts\":null,\"planInterval\":\"month\",\"planIntervalCount\":\"1\",\"destination\":null,\"applicationFee\":null,\"applicationFeeInPercent\":null,\"applicationFeeInCents\":null,\"cardName\":\"max@eec.ms\",\"cardAddressLine1\":null,\"cardAddressLine2\":null,\"cardAddressCity\":null,\"cardAddressState\":null,\"cardAddressZip\":null,\"cardAddressCountry\":null,\"cardLast4\":\"4242\",\"cardType\":\"Visa\",\"cardExpMonth\":\"1\",\"cardExpYear\":\"2025\",\"coupon\":null,\"couponStripeId\":null,\"stripeAccountBalance\":null},\"createAccount\":null,\"user\":null,\"eagerpayments\":null,\"currency\":null,\"amount\":null,\"accountId\":null,\"destination\":null,\"applicationFee\":null,\"applicationFeeInCents\":null,\"applicationFeeInPercent\":null,\"__model__\":\"Craft\\\\ChargeModel\"}}','2017-04-14 12:47:07','2017-04-14 12:47:07','30773bb7-86f3-409c-bf36-6207b4590df8'),(65,'test','action','ZGhyGdDMXpu044Tz9VIqTwI1Sp67aw0nIzrW','triggering success ',NULL,'{\"details\":{\"chargeCommerce_updateOrder\":{\"orderId\":\"214\",\"status\":\"subscriptionActive\",\"complete\":1}}}','2017-04-14 12:47:07','2017-04-14 12:47:07','025f2f96-d07a-4a4f-a348-96ee62b3e414'),(66,'test','callback','Tzh0WJjuQgXPXjSNr675xrNNatyfO4KKpPdw','customer.updated (no handler for this event type, skipping)',NULL,'test','2017-04-14 12:47:07','2017-04-14 12:47:07','bf13a4f3-6d2e-4907-bfbc-9bc5e5e99d54'),(67,'test','callback','eGliPdmm3nzAAoxHJQlyWE1gHpi7BWo5zjXO','customer.source.created (no handler for this event type, skipping)',NULL,'test','2017-04-14 12:47:08','2017-04-14 12:47:08','f6809c7f-70ac-461f-94af-f5f9dd0cd059'),(68,'test','callback','a6itRwPPDEzuFs7qaE8DR21M3eWzvlCD1oVw','customer.source.deleted (no handler for this event type, skipping)',NULL,'test','2017-04-14 12:47:09','2017-04-14 12:47:09','f0b8e4c8-4ba1-4418-a0f6-e273397d7574'),(69,'test','callback','piwXxDpf2i1dJXpNPIfYQzDj3XOZmcI7bWVz','customer.subscription.created (no handler for this event type, skipping)',NULL,'test','2017-04-14 12:47:11','2017-04-14 12:47:11','7bb7632a-bdea-4af5-ad29-1515af6780a2'),(70,'test','callback','evYQkmdBQAWhwmR7AitVZdPLY7lPH5DR2Alz','invoice.payment_succeeded',NULL,'test','2017-04-14 12:47:12','2017-04-14 12:47:12','5dc74418-e711-4072-ae38-fea6b23199f3'),(71,'test','note','evYQkmdBQAWhwmR7AitVZdPLY7lPH5DR2Alz','Recording new invoice from webhook',NULL,'{\"body\":{\"id\":\"evt_1A8TpOKvJtBCDhCWg28cFZ1E\",\"object\":\"event\",\"api_version\":\"2017-04-06\",\"created\":1492174026,\"data\":{\"object\":{\"id\":\"in_1A8TpNKvJtBCDhCW068jhgtf\",\"object\":\"invoice\",\"amount_due\":13875,\"application_fee\":null,\"attempt_count\":0,\"attempted\":1,\"charge\":\"ch_1A8TpNKvJtBCDhCWqjweQB4n\",\"closed\":1,\"currency\":\"usd\",\"customer\":\"cus_ATQJSlInv98Z6A\",\"date\":1492174025,\"description\":null,\"discount\":null,\"ending_balance\":0,\"forgiven\":0,\"lines\":{\"object\":\"list\",\"data\":[{\"id\":\"sub_ATQg1PlbPMSp2H\",\"object\":\"line_item\",\"amount\":13875,\"currency\":\"usd\",\"description\":null,\"discountable\":1,\"livemode\":0,\"metadata\":[],\"period\":{\"start\":1492174025,\"end\":1494766025},\"plan\":{\"id\":\"138.75 USD Monthly\",\"object\":\"plan\",\"amount\":13875,\"created\":1492172642,\"currency\":\"usd\",\"interval\":\"month\",\"interval_count\":1,\"livemode\":0,\"metadata\":[],\"name\":\"138.75 USD Monthly\",\"statement_descriptor\":null,\"trial_period_days\":null},\"proration\":0,\"quantity\":1,\"subscription\":null,\"subscription_item\":\"si_1A8TpNKvJtBCDhCWhx13Ew9v\",\"type\":\"subscription\"}],\"has_more\":0,\"total_count\":1,\"url\":\"\\/v1\\/invoices\\/in_1A8TpNKvJtBCDhCW068jhgtf\\/lines\"},\"livemode\":0,\"metadata\":[],\"next_payment_attempt\":null,\"paid\":1,\"period_end\":1492174025,\"period_start\":1492172642,\"receipt_number\":null,\"starting_balance\":0,\"statement_descriptor\":null,\"subscription\":\"sub_ATQg1PlbPMSp2H\",\"subtotal\":13875,\"tax\":null,\"tax_percent\":null,\"total\":13875,\"webhooks_delivered_at\":null}},\"livemode\":0,\"pending_webhooks\":1,\"request\":\"req_ATQg3quGgWeQGs\",\"type\":\"invoice.payment_succeeded\"}}','2017-04-14 12:47:12','2017-04-14 12:47:12','4ef60d5f-4be4-4282-a13d-280451d26c2e'),(72,'test','note','evYQkmdBQAWhwmR7AitVZdPLY7lPH5DR2Alz','Found existing payment recorded with matching id, skipping',NULL,'{\"payment\":{\"mode\":\"test\",\"id\":\"220\",\"stripeId\":\"ch_1A8TpNKvJtBCDhCWqjweQB4n\",\"customerId\":\"cus_ATQJSlInv98Z6A\",\"amount\":\"13875\",\"amountRefunded\":null,\"status\":\"succeeded\",\"refunded\":\"0\",\"paid\":\"1\",\"captured\":\"1\",\"invoiceId\":null,\"receiptEmail\":null,\"failureCode\":null,\"failureMessage\":null,\"currency\":\"usd\",\"userId\":\"1\",\"chargeId\":\"219\",\"cardName\":\"max@eec.ms\",\"cardAddressLine1\":null,\"cardAddressLine2\":null,\"cardAddressCity\":null,\"cardAddressState\":null,\"cardAddressZip\":null,\"cardAddressCountry\":null,\"cardLast4\":\"4242\",\"cardType\":\"Visa\",\"cardExpMonth\":\"1\",\"cardExpYear\":\"2025\",\"dateCreated\":{\"date\":\"2017-04-14 12:47:07.000000\",\"timezone_type\":1,\"timezone\":\"+00:00\"},\"dateUpdated\":{\"date\":\"2017-04-14 12:47:07.000000\",\"timezone_type\":1,\"timezone\":\"+00:00\"},\"uid\":\"44357866-c614-455e-acfa-3849ef7d0e71\"}}','2017-04-14 12:47:12','2017-04-14 12:47:12','91164cab-1931-49d7-899e-d54b9bcbcaa1'),(73,'test','callback','MfX7fcMmFOhmUplgzCFsFXGyuRwvkKIIUwUi','charge.succeeded (no handler for this event type, skipping)',NULL,'test','2017-04-14 12:47:13','2017-04-14 12:47:13','532266f5-b4ad-4a96-90e8-217d2bd03169'),(74,'test','callback','mVsUi5kedRA8gRSKBDoCMAnkGhVlWbyfJHDJ','invoice.created (no handler for this event type, skipping)',NULL,'test','2017-04-14 12:47:15','2017-04-14 12:47:15','ee484751-d902-4c66-bf1a-01715559f4b9'),(75,'test','request','Bys9Z4IdMdY82GIszeZOZFauQQZWdvF8wEL8','Charge request started ',NULL,'[]','2017-04-14 12:52:17','2017-04-14 12:52:17','1477377d-b499-4140-abec-c18776013008'),(76,'test','api','Bys9Z4IdMdY82GIszeZOZFauQQZWdvF8wEL8','Updated stripe customer details',NULL,'{\"customer\":{\"id\":\"1\",\"stripeId\":\"cus_ATQJSlInv98Z6A\",\"mode\":\"test\",\"userId\":\"1\",\"email\":\"max@eec.ms\",\"name\":\"Yuri Salimovskiy\",\"stripe\":{\"id\":\"cus_ATQJSlInv98Z6A\",\"object\":\"customer\",\"account_balance\":0,\"created\":1492172640,\"currency\":\"usd\",\"default_source\":\"card_1A8TpKKvJtBCDhCWhrUx2cm8\",\"delinquent\":0,\"description\":null,\"discount\":null,\"email\":\"max@eec.ms\",\"livemode\":0,\"metadata\":{\"Craft User Id\":\"1\"},\"shipping\":null,\"sources\":{\"object\":\"list\",\"data\":[{\"id\":\"card_1A8TpKKvJtBCDhCWhrUx2cm8\",\"object\":\"card\",\"address_city\":null,\"address_country\":null,\"address_line1\":null,\"address_line1_check\":null,\"address_line2\":null,\"address_state\":null,\"address_zip\":null,\"address_zip_check\":null,\"brand\":\"Visa\",\"country\":\"US\",\"customer\":\"cus_ATQJSlInv98Z6A\",\"cvc_check\":\"pass\",\"dynamic_last4\":null,\"exp_month\":1,\"exp_year\":2025,\"fingerprint\":\"2sbFp0NGAIy76iM9\",\"funding\":\"credit\",\"last4\":\"4242\",\"metadata\":[],\"name\":\"max@eec.ms\",\"tokenization_method\":null}],\"has_more\":0,\"total_count\":1,\"url\":\"\\/v1\\/customers\\/cus_ATQJSlInv98Z6A\\/sources\"},\"subscriptions\":{\"object\":\"list\",\"data\":[{\"id\":\"sub_ATQg1PlbPMSp2H\",\"object\":\"subscription\",\"application_fee_percent\":null,\"cancel_at_period_end\":0,\"canceled_at\":null,\"created\":1492174025,\"current_period_end\":1494766025,\"current_period_start\":1492174025,\"customer\":\"cus_ATQJSlInv98Z6A\",\"discount\":null,\"ended_at\":null,\"items\":{\"object\":\"list\",\"data\":[{\"id\":\"si_1A8TpNKvJtBCDhCWhx13Ew9v\",\"object\":\"subscription_item\",\"created\":1492174026,\"plan\":{\"id\":\"138.75 USD Monthly\",\"object\":\"plan\",\"amount\":13875,\"created\":1492172642,\"currency\":\"usd\",\"interval\":\"month\",\"interval_count\":1,\"livemode\":0,\"metadata\":[],\"name\":\"138.75 USD Monthly\",\"statement_descriptor\":null,\"trial_period_days\":null},\"quantity\":1}],\"has_more\":0,\"total_count\":1,\"url\":\"\\/v1\\/subscription_items?subscription=sub_ATQg1PlbPMSp2H\"},\"livemode\":0,\"metadata\":[],\"plan\":{\"id\":\"138.75 USD Monthly\",\"object\":\"plan\",\"amount\":13875,\"created\":1492172642,\"currency\":\"usd\",\"interval\":\"month\",\"interval_count\":1,\"livemode\":0,\"metadata\":[],\"name\":\"138.75 USD Monthly\",\"statement_descriptor\":null,\"trial_period_days\":null},\"quantity\":1,\"start\":1492174025,\"status\":\"active\",\"tax_percent\":null,\"trial_end\":null,\"trial_start\":null},{\"id\":\"sub_ATQSPlcUsRCkvn\",\"object\":\"subscription\",\"application_fee_percent\":null,\"cancel_at_period_end\":0,\"canceled_at\":null,\"created\":1492173196,\"current_period_end\":1494765196,\"current_period_start\":1492173196,\"customer\":\"cus_ATQJSlInv98Z6A\",\"discount\":null,\"ended_at\":null,\"items\":{\"object\":\"list\",\"data\":[{\"id\":\"si_1A8Tc0KvJtBCDhCWXW6yOCQ3\",\"object\":\"subscription_item\",\"created\":1492173197,\"plan\":{\"id\":\"138.75 USD Monthly\",\"object\":\"plan\",\"amount\":13875,\"created\":1492172642,\"currency\":\"usd\",\"interval\":\"month\",\"interval_count\":1,\"livemode\":0,\"metadata\":[],\"name\":\"138.75 USD Monthly\",\"statement_descriptor\":null,\"trial_period_days\":null},\"quantity\":1}],\"has_more\":0,\"total_count\":1,\"url\":\"\\/v1\\/subscription_items?subscription=sub_ATQSPlcUsRCkvn\"},\"livemode\":0,\"metadata\":[],\"plan\":{\"id\":\"138.75 USD Monthly\",\"object\":\"plan\",\"amount\":13875,\"created\":1492172642,\"currency\":\"usd\",\"interval\":\"month\",\"interval_count\":1,\"livemode\":0,\"metadata\":[],\"name\":\"138.75 USD Monthly\",\"statement_descriptor\":null,\"trial_period_days\":null},\"quantity\":1,\"start\":1492173196,\"status\":\"active\",\"tax_percent\":null,\"trial_end\":null,\"trial_start\":null},{\"id\":\"sub_ATQJvkeiNTgbrv\",\"object\":\"subscription\",\"application_fee_percent\":null,\"cancel_at_period_end\":0,\"canceled_at\":null,\"created\":1492172642,\"current_period_end\":1494764642,\"current_period_start\":1492172642,\"customer\":\"cus_ATQJSlInv98Z6A\",\"discount\":null,\"ended_at\":null,\"items\":{\"object\":\"list\",\"data\":[{\"id\":\"si_1A8TT4KvJtBCDhCWDBsq9Npg\",\"object\":\"subscription_item\",\"created\":1492172643,\"plan\":{\"id\":\"138.75 USD Monthly\",\"object\":\"plan\",\"amount\":13875,\"created\":1492172642,\"currency\":\"usd\",\"interval\":\"month\",\"interval_count\":1,\"livemode\":0,\"metadata\":[],\"name\":\"138.75 USD Monthly\",\"statement_descriptor\":null,\"trial_period_days\":null},\"quantity\":1}],\"has_more\":0,\"total_count\":1,\"url\":\"\\/v1\\/subscription_items?subscription=sub_ATQJvkeiNTgbrv\"},\"livemode\":0,\"metadata\":[],\"plan\":{\"id\":\"138.75 USD Monthly\",\"object\":\"plan\",\"amount\":13875,\"created\":1492172642,\"currency\":\"usd\",\"interval\":\"month\",\"interval_count\":1,\"livemode\":0,\"metadata\":[],\"name\":\"138.75 USD Monthly\",\"statement_descriptor\":null,\"trial_period_days\":null},\"quantity\":1,\"start\":1492172642,\"status\":\"active\",\"tax_percent\":null,\"trial_end\":null,\"trial_start\":null}],\"has_more\":0,\"total_count\":3,\"url\":\"\\/v1\\/customers\\/cus_ATQJSlInv98Z6A\\/subscriptions\"}},\"dateCreated\":\"2017-04-14 12:24:00\",\"__model__\":\"Craft\\\\Charge_CustomerModel\"}}','2017-04-14 12:52:18','2017-04-14 12:52:18','5be8d095-bd69-4311-9dd6-cb2bed46193d'),(77,'test','api','Bys9Z4IdMdY82GIszeZOZFauQQZWdvF8wEL8','Found existing customer',NULL,'{\"customer\":{\"id\":\"1\",\"stripeId\":\"cus_ATQJSlInv98Z6A\",\"mode\":\"test\",\"userId\":\"1\",\"email\":\"max@eec.ms\",\"name\":\"Yuri Salimovskiy\",\"stripe\":{\"id\":\"cus_ATQJSlInv98Z6A\",\"object\":\"customer\",\"account_balance\":0,\"created\":1492172640,\"currency\":\"usd\",\"default_source\":\"card_1A8TpKKvJtBCDhCWhrUx2cm8\",\"delinquent\":0,\"description\":null,\"discount\":null,\"email\":\"max@eec.ms\",\"livemode\":0,\"metadata\":{\"Craft User Id\":\"1\"},\"shipping\":null,\"sources\":{\"object\":\"list\",\"data\":[{\"id\":\"card_1A8TpKKvJtBCDhCWhrUx2cm8\",\"object\":\"card\",\"address_city\":null,\"address_country\":null,\"address_line1\":null,\"address_line1_check\":null,\"address_line2\":null,\"address_state\":null,\"address_zip\":null,\"address_zip_check\":null,\"brand\":\"Visa\",\"country\":\"US\",\"customer\":\"cus_ATQJSlInv98Z6A\",\"cvc_check\":\"pass\",\"dynamic_last4\":null,\"exp_month\":1,\"exp_year\":2025,\"fingerprint\":\"2sbFp0NGAIy76iM9\",\"funding\":\"credit\",\"last4\":\"4242\",\"metadata\":[],\"name\":\"max@eec.ms\",\"tokenization_method\":null}],\"has_more\":0,\"total_count\":1,\"url\":\"\\/v1\\/customers\\/cus_ATQJSlInv98Z6A\\/sources\"},\"subscriptions\":{\"object\":\"list\",\"data\":[{\"id\":\"sub_ATQg1PlbPMSp2H\",\"object\":\"subscription\",\"application_fee_percent\":null,\"cancel_at_period_end\":0,\"canceled_at\":null,\"created\":1492174025,\"current_period_end\":1494766025,\"current_period_start\":1492174025,\"customer\":\"cus_ATQJSlInv98Z6A\",\"discount\":null,\"ended_at\":null,\"items\":{\"object\":\"list\",\"data\":[{\"id\":\"si_1A8TpNKvJtBCDhCWhx13Ew9v\",\"object\":\"subscription_item\",\"created\":1492174026,\"plan\":{\"id\":\"138.75 USD Monthly\",\"object\":\"plan\",\"amount\":13875,\"created\":1492172642,\"currency\":\"usd\",\"interval\":\"month\",\"interval_count\":1,\"livemode\":0,\"metadata\":[],\"name\":\"138.75 USD Monthly\",\"statement_descriptor\":null,\"trial_period_days\":null},\"quantity\":1}],\"has_more\":0,\"total_count\":1,\"url\":\"\\/v1\\/subscription_items?subscription=sub_ATQg1PlbPMSp2H\"},\"livemode\":0,\"metadata\":[],\"plan\":{\"id\":\"138.75 USD Monthly\",\"object\":\"plan\",\"amount\":13875,\"created\":1492172642,\"currency\":\"usd\",\"interval\":\"month\",\"interval_count\":1,\"livemode\":0,\"metadata\":[],\"name\":\"138.75 USD Monthly\",\"statement_descriptor\":null,\"trial_period_days\":null},\"quantity\":1,\"start\":1492174025,\"status\":\"active\",\"tax_percent\":null,\"trial_end\":null,\"trial_start\":null},{\"id\":\"sub_ATQSPlcUsRCkvn\",\"object\":\"subscription\",\"application_fee_percent\":null,\"cancel_at_period_end\":0,\"canceled_at\":null,\"created\":1492173196,\"current_period_end\":1494765196,\"current_period_start\":1492173196,\"customer\":\"cus_ATQJSlInv98Z6A\",\"discount\":null,\"ended_at\":null,\"items\":{\"object\":\"list\",\"data\":[{\"id\":\"si_1A8Tc0KvJtBCDhCWXW6yOCQ3\",\"object\":\"subscription_item\",\"created\":1492173197,\"plan\":{\"id\":\"138.75 USD Monthly\",\"object\":\"plan\",\"amount\":13875,\"created\":1492172642,\"currency\":\"usd\",\"interval\":\"month\",\"interval_count\":1,\"livemode\":0,\"metadata\":[],\"name\":\"138.75 USD Monthly\",\"statement_descriptor\":null,\"trial_period_days\":null},\"quantity\":1}],\"has_more\":0,\"total_count\":1,\"url\":\"\\/v1\\/subscription_items?subscription=sub_ATQSPlcUsRCkvn\"},\"livemode\":0,\"metadata\":[],\"plan\":{\"id\":\"138.75 USD Monthly\",\"object\":\"plan\",\"amount\":13875,\"created\":1492172642,\"currency\":\"usd\",\"interval\":\"month\",\"interval_count\":1,\"livemode\":0,\"metadata\":[],\"name\":\"138.75 USD Monthly\",\"statement_descriptor\":null,\"trial_period_days\":null},\"quantity\":1,\"start\":1492173196,\"status\":\"active\",\"tax_percent\":null,\"trial_end\":null,\"trial_start\":null},{\"id\":\"sub_ATQJvkeiNTgbrv\",\"object\":\"subscription\",\"application_fee_percent\":null,\"cancel_at_period_end\":0,\"canceled_at\":null,\"created\":1492172642,\"current_period_end\":1494764642,\"current_period_start\":1492172642,\"customer\":\"cus_ATQJSlInv98Z6A\",\"discount\":null,\"ended_at\":null,\"items\":{\"object\":\"list\",\"data\":[{\"id\":\"si_1A8TT4KvJtBCDhCWDBsq9Npg\",\"object\":\"subscription_item\",\"created\":1492172643,\"plan\":{\"id\":\"138.75 USD Monthly\",\"object\":\"plan\",\"amount\":13875,\"created\":1492172642,\"currency\":\"usd\",\"interval\":\"month\",\"interval_count\":1,\"livemode\":0,\"metadata\":[],\"name\":\"138.75 USD Monthly\",\"statement_descriptor\":null,\"trial_period_days\":null},\"quantity\":1}],\"has_more\":0,\"total_count\":1,\"url\":\"\\/v1\\/subscription_items?subscription=sub_ATQJvkeiNTgbrv\"},\"livemode\":0,\"metadata\":[],\"plan\":{\"id\":\"138.75 USD Monthly\",\"object\":\"plan\",\"amount\":13875,\"created\":1492172642,\"currency\":\"usd\",\"interval\":\"month\",\"interval_count\":1,\"livemode\":0,\"metadata\":[],\"name\":\"138.75 USD Monthly\",\"statement_descriptor\":null,\"trial_period_days\":null},\"quantity\":1,\"start\":1492172642,\"status\":\"active\",\"tax_percent\":null,\"trial_end\":null,\"trial_start\":null}],\"has_more\":0,\"total_count\":3,\"url\":\"\\/v1\\/customers\\/cus_ATQJSlInv98Z6A\\/subscriptions\"}},\"dateCreated\":\"2017-04-14 12:24:00\",\"__model__\":\"Craft\\\\Charge_CustomerModel\"}}','2017-04-14 12:52:18','2017-04-14 12:52:18','42639b97-edf7-4196-9da1-a892e90f51e8'),(78,'test','api','Bys9Z4IdMdY82GIszeZOZFauQQZWdvF8wEL8','Found existing plan',NULL,'Found existing plan with name \"138.75 USD Monthly\" on Stripe','2017-04-14 12:52:20','2017-04-14 12:52:20','16818e45-5657-48c9-b56b-48842cbfd1c2'),(79,'test','success','Bys9Z4IdMdY82GIszeZOZFauQQZWdvF8wEL8','Charge Successfully Completed',NULL,'{\"charge\":{\"id\":\"221\",\"enabled\":1,\"archived\":0,\"locale\":\"en_us\",\"localeEnabled\":1,\"slug\":\"afa461477c33068d0650e90621254bb5\",\"uri\":\"charge\\/thanks\\/afa461477c33068d0650e90621254bb5\",\"dateCreated\":\"2017-04-14 12:52:21\",\"dateUpdated\":\"2017-04-14 12:52:21\",\"root\":null,\"lft\":null,\"rgt\":null,\"level\":null,\"searchScore\":null,\"customerId\":\"1\",\"userId\":\"1\",\"type\":\"recurring\",\"mode\":\"test\",\"customerName\":\"Yuri Salimovskiy\",\"customerEmail\":\"max@eec.ms\",\"description\":null,\"hash\":\"afa461477c33068d0650e90621254bb5\",\"notes\":null,\"meta\":[],\"sourceUrl\":\"shop\\/payment\",\"timestamp\":\"2017-04-14 12:52:21\",\"cardId\":null,\"cardToken\":\"tok_1A8TuPKvJtBCDhCWsFogVZVM\",\"cardName\":\"max@eec.ms\",\"cardAddressLine1\":null,\"cardAddressLine2\":null,\"cardAddressCity\":null,\"cardAddressState\":null,\"cardAddressZip\":null,\"cardAddressCountry\":null,\"cardLast4\":\"4242\",\"cardType\":\"Visa\",\"cardExpMonth\":\"1\",\"cardExpYear\":\"2025\",\"planAmount\":\"138.7500\",\"planAmountInCents\":13875,\"planCurrency\":\"USD\",\"planInterval\":\"month\",\"planIntervalCount\":\"1\",\"planName\":null,\"planDiscount\":null,\"planFullAmount\":null,\"planChoice\":null,\"planOpts\":null,\"hasDiscount\":0,\"coupon\":null,\"planCoupon\":null,\"couponStripeId\":null,\"stripeAccountBalance\":null,\"actions\":{\"onSuccess\":{\"chargeCommerce_updateOrder\":{\"orderId\":\"214\",\"status\":\"subscriptionActive\",\"complete\":1}},\"onRecurring\":{\"email\":[\"test-email\"]},\"onFailure\":{\"chargeCommerce_updateOrder\":{\"orderId\":\"214\",\"status\":\"subscriptionCancelled\"}}},\"content\":null,\"request\":{\"planAmount\":\"138.7500\",\"planCurrency\":\"USD\",\"planAmountInCents\":13875,\"planName\":null,\"planDiscount\":null,\"planFullAmount\":null,\"planChoice\":null,\"planOpts\":null,\"planInterval\":\"month\",\"planIntervalCount\":\"1\",\"destination\":null,\"applicationFee\":null,\"applicationFeeInPercent\":null,\"applicationFeeInCents\":null,\"cardName\":\"max@eec.ms\",\"cardAddressLine1\":null,\"cardAddressLine2\":null,\"cardAddressCity\":null,\"cardAddressState\":null,\"cardAddressZip\":null,\"cardAddressCountry\":null,\"cardLast4\":\"4242\",\"cardType\":\"Visa\",\"cardExpMonth\":\"1\",\"cardExpYear\":\"2025\",\"coupon\":null,\"couponStripeId\":null,\"stripeAccountBalance\":null},\"createAccount\":null,\"user\":null,\"eagerpayments\":null,\"currency\":null,\"amount\":null,\"accountId\":null,\"destination\":null,\"applicationFee\":null,\"applicationFeeInCents\":null,\"applicationFeeInPercent\":null,\"__model__\":\"Craft\\\\ChargeModel\"}}','2017-04-14 12:52:21','2017-04-14 12:52:21','15f61a9b-e7d9-4acb-8242-ed5ea137cc6d'),(80,'test','success','Bys9Z4IdMdY82GIszeZOZFauQQZWdvF8wEL8','1',NULL,'{\"charge\":{\"id\":\"221\",\"enabled\":1,\"archived\":0,\"locale\":\"en_us\",\"localeEnabled\":1,\"slug\":\"afa461477c33068d0650e90621254bb5\",\"uri\":\"charge\\/thanks\\/afa461477c33068d0650e90621254bb5\",\"dateCreated\":\"2017-04-14 12:52:21\",\"dateUpdated\":\"2017-04-14 12:52:21\",\"root\":null,\"lft\":null,\"rgt\":null,\"level\":null,\"searchScore\":null,\"customerId\":\"1\",\"userId\":\"1\",\"type\":\"recurring\",\"mode\":\"test\",\"customerName\":\"Yuri Salimovskiy\",\"customerEmail\":\"max@eec.ms\",\"description\":null,\"hash\":\"afa461477c33068d0650e90621254bb5\",\"notes\":null,\"meta\":[],\"sourceUrl\":\"shop\\/payment\",\"timestamp\":\"2017-04-14 12:52:21\",\"cardId\":null,\"cardToken\":\"tok_1A8TuPKvJtBCDhCWsFogVZVM\",\"cardName\":\"max@eec.ms\",\"cardAddressLine1\":null,\"cardAddressLine2\":null,\"cardAddressCity\":null,\"cardAddressState\":null,\"cardAddressZip\":null,\"cardAddressCountry\":null,\"cardLast4\":\"4242\",\"cardType\":\"Visa\",\"cardExpMonth\":\"1\",\"cardExpYear\":\"2025\",\"planAmount\":\"138.7500\",\"planAmountInCents\":13875,\"planCurrency\":\"USD\",\"planInterval\":\"month\",\"planIntervalCount\":\"1\",\"planName\":null,\"planDiscount\":null,\"planFullAmount\":null,\"planChoice\":null,\"planOpts\":null,\"hasDiscount\":0,\"coupon\":null,\"planCoupon\":null,\"couponStripeId\":null,\"stripeAccountBalance\":null,\"actions\":{\"onSuccess\":{\"chargeCommerce_updateOrder\":{\"orderId\":\"214\",\"status\":\"subscriptionActive\",\"complete\":1}},\"onRecurring\":{\"email\":[\"test-email\"]},\"onFailure\":{\"chargeCommerce_updateOrder\":{\"orderId\":\"214\",\"status\":\"subscriptionCancelled\"}}},\"content\":null,\"request\":{\"planAmount\":\"138.7500\",\"planCurrency\":\"USD\",\"planAmountInCents\":13875,\"planName\":null,\"planDiscount\":null,\"planFullAmount\":null,\"planChoice\":null,\"planOpts\":null,\"planInterval\":\"month\",\"planIntervalCount\":\"1\",\"destination\":null,\"applicationFee\":null,\"applicationFeeInPercent\":null,\"applicationFeeInCents\":null,\"cardName\":\"max@eec.ms\",\"cardAddressLine1\":null,\"cardAddressLine2\":null,\"cardAddressCity\":null,\"cardAddressState\":null,\"cardAddressZip\":null,\"cardAddressCountry\":null,\"cardLast4\":\"4242\",\"cardType\":\"Visa\",\"cardExpMonth\":\"1\",\"cardExpYear\":\"2025\",\"coupon\":null,\"couponStripeId\":null,\"stripeAccountBalance\":null},\"createAccount\":null,\"user\":null,\"eagerpayments\":null,\"currency\":null,\"amount\":null,\"accountId\":null,\"destination\":null,\"applicationFee\":null,\"applicationFeeInCents\":null,\"applicationFeeInPercent\":null,\"__model__\":\"Craft\\\\ChargeModel\"}}','2017-04-14 12:52:21','2017-04-14 12:52:21','de69d66f-15ed-4af8-b559-098c97fd2ab1'),(81,'test','action','Bys9Z4IdMdY82GIszeZOZFauQQZWdvF8wEL8','3',NULL,'{\"details\":[]}','2017-04-14 12:52:21','2017-04-14 12:52:21','a269228c-b960-4425-a585-5ec52dae608c'),(82,'test','action','Bys9Z4IdMdY82GIszeZOZFauQQZWdvF8wEL8','triggering success ',NULL,'{\"details\":{\"chargeCommerce_updateOrder\":{\"orderId\":\"214\",\"status\":\"subscriptionActive\",\"complete\":1}}}','2017-04-14 12:52:21','2017-04-14 12:52:21','5f421cb9-4adb-49bc-9f87-1d9d7a07e425'),(83,'test','success','Bys9Z4IdMdY82GIszeZOZFauQQZWdvF8wEL8','2',NULL,'{\"charge\":{\"id\":\"221\",\"enabled\":1,\"archived\":0,\"locale\":\"en_us\",\"localeEnabled\":1,\"slug\":\"afa461477c33068d0650e90621254bb5\",\"uri\":\"charge\\/thanks\\/afa461477c33068d0650e90621254bb5\",\"dateCreated\":\"2017-04-14 12:52:21\",\"dateUpdated\":\"2017-04-14 12:52:21\",\"root\":null,\"lft\":null,\"rgt\":null,\"level\":null,\"searchScore\":null,\"customerId\":\"1\",\"userId\":\"1\",\"type\":\"recurring\",\"mode\":\"test\",\"customerName\":\"Yuri Salimovskiy\",\"customerEmail\":\"max@eec.ms\",\"description\":null,\"hash\":\"afa461477c33068d0650e90621254bb5\",\"notes\":null,\"meta\":[],\"sourceUrl\":\"shop\\/payment\",\"timestamp\":\"2017-04-14 12:52:21\",\"cardId\":null,\"cardToken\":\"tok_1A8TuPKvJtBCDhCWsFogVZVM\",\"cardName\":\"max@eec.ms\",\"cardAddressLine1\":null,\"cardAddressLine2\":null,\"cardAddressCity\":null,\"cardAddressState\":null,\"cardAddressZip\":null,\"cardAddressCountry\":null,\"cardLast4\":\"4242\",\"cardType\":\"Visa\",\"cardExpMonth\":\"1\",\"cardExpYear\":\"2025\",\"planAmount\":\"138.7500\",\"planAmountInCents\":13875,\"planCurrency\":\"USD\",\"planInterval\":\"month\",\"planIntervalCount\":\"1\",\"planName\":null,\"planDiscount\":null,\"planFullAmount\":null,\"planChoice\":null,\"planOpts\":null,\"hasDiscount\":0,\"coupon\":null,\"planCoupon\":null,\"couponStripeId\":null,\"stripeAccountBalance\":null,\"actions\":{\"onSuccess\":{\"chargeCommerce_updateOrder\":{\"orderId\":\"214\",\"status\":\"subscriptionActive\",\"complete\":1}},\"onRecurring\":{\"email\":[\"test-email\"]},\"onFailure\":{\"chargeCommerce_updateOrder\":{\"orderId\":\"214\",\"status\":\"subscriptionCancelled\"}}},\"content\":null,\"request\":{\"planAmount\":\"138.7500\",\"planCurrency\":\"USD\",\"planAmountInCents\":13875,\"planName\":null,\"planDiscount\":null,\"planFullAmount\":null,\"planChoice\":null,\"planOpts\":null,\"planInterval\":\"month\",\"planIntervalCount\":\"1\",\"destination\":null,\"applicationFee\":null,\"applicationFeeInPercent\":null,\"applicationFeeInCents\":null,\"cardName\":\"max@eec.ms\",\"cardAddressLine1\":null,\"cardAddressLine2\":null,\"cardAddressCity\":null,\"cardAddressState\":null,\"cardAddressZip\":null,\"cardAddressCountry\":null,\"cardLast4\":\"4242\",\"cardType\":\"Visa\",\"cardExpMonth\":\"1\",\"cardExpYear\":\"2025\",\"coupon\":null,\"couponStripeId\":null,\"stripeAccountBalance\":null},\"createAccount\":null,\"user\":null,\"eagerpayments\":null,\"currency\":null,\"amount\":null,\"accountId\":null,\"destination\":null,\"applicationFee\":null,\"applicationFeeInCents\":null,\"applicationFeeInPercent\":null,\"__model__\":\"Craft\\\\ChargeModel\"}}','2017-04-14 12:52:21','2017-04-14 12:52:21','cb0858cf-43f0-4931-992e-17d6975a9d7f'),(84,'test','callback','l3p7z7me4fNNetO1rVsB3Yn3fiSKXYZ7m3dA','customer.source.deleted (no handler for this event type, skipping)',NULL,'test','2017-04-14 12:52:22','2017-04-14 12:52:22','dc2c1c06-199a-4182-8309-7fae74b230f8'),(85,'test','callback','DeP5edvJMuQG8cV5IfFWTkO1luKvIMhNxzSb','customer.source.created (no handler for this event type, skipping)',NULL,'test','2017-04-14 12:52:23','2017-04-14 12:52:23','b4a5d802-bd16-4495-b7cb-d45a0f8e102b'),(86,'test','callback','gcXGeob7zCL25yRXkOgUeaomKuEkGBzBxdHd','customer.updated (no handler for this event type, skipping)',NULL,'test','2017-04-14 12:52:23','2017-04-14 12:52:23','0448562d-3890-445f-b37f-0bc247d8b23f'),(87,'test','callback','gxss9DhTJCDaoVJHDetvou7HMMSjk4sas68N','invoice.payment_succeeded',NULL,'test','2017-04-14 12:52:26','2017-04-14 12:52:26','d3a5f39b-e4aa-4746-9842-5c14d84d32dd'),(88,'test','note','gxss9DhTJCDaoVJHDetvou7HMMSjk4sas68N','Recording new invoice from webhook',NULL,'{\"body\":{\"id\":\"evt_1A8TuSKvJtBCDhCWKil4lUtf\",\"object\":\"event\",\"api_version\":\"2017-04-06\",\"created\":1492174340,\"data\":{\"object\":{\"id\":\"in_1A8TuSKvJtBCDhCWMvMy1x8Q\",\"object\":\"invoice\",\"amount_due\":13875,\"application_fee\":null,\"attempt_count\":0,\"attempted\":1,\"charge\":\"ch_1A8TuSKvJtBCDhCWkFA0VCQQ\",\"closed\":1,\"currency\":\"usd\",\"customer\":\"cus_ATQJSlInv98Z6A\",\"date\":1492174340,\"description\":null,\"discount\":null,\"ending_balance\":0,\"forgiven\":0,\"lines\":{\"object\":\"list\",\"data\":[{\"id\":\"sub_ATQmDsMr72xeyz\",\"object\":\"line_item\",\"amount\":13875,\"currency\":\"usd\",\"description\":null,\"discountable\":1,\"livemode\":0,\"metadata\":[],\"period\":{\"start\":1492174340,\"end\":1494766340},\"plan\":{\"id\":\"138.75 USD Monthly\",\"object\":\"plan\",\"amount\":13875,\"created\":1492172642,\"currency\":\"usd\",\"interval\":\"month\",\"interval_count\":1,\"livemode\":0,\"metadata\":[],\"name\":\"138.75 USD Monthly\",\"statement_descriptor\":null,\"trial_period_days\":null},\"proration\":0,\"quantity\":1,\"subscription\":null,\"subscription_item\":\"si_1A8TuSKvJtBCDhCWmWrEmDxe\",\"type\":\"subscription\"}],\"has_more\":0,\"total_count\":1,\"url\":\"\\/v1\\/invoices\\/in_1A8TuSKvJtBCDhCWMvMy1x8Q\\/lines\"},\"livemode\":0,\"metadata\":[],\"next_payment_attempt\":null,\"paid\":1,\"period_end\":1492174340,\"period_start\":1492172642,\"receipt_number\":null,\"starting_balance\":0,\"statement_descriptor\":null,\"subscription\":\"sub_ATQmDsMr72xeyz\",\"subtotal\":13875,\"tax\":null,\"tax_percent\":null,\"total\":13875,\"webhooks_delivered_at\":null}},\"livemode\":0,\"pending_webhooks\":1,\"request\":\"req_ATQmaxyI6kOpEr\",\"type\":\"invoice.payment_succeeded\"}}','2017-04-14 12:52:26','2017-04-14 12:52:26','fe08c366-b547-40f9-bced-b3327160d8c3'),(89,'test','note','gxss9DhTJCDaoVJHDetvou7HMMSjk4sas68N','Found existing payment recorded with matching id, skipping',NULL,'{\"payment\":{\"mode\":\"test\",\"id\":\"222\",\"stripeId\":\"ch_1A8TuSKvJtBCDhCWkFA0VCQQ\",\"customerId\":\"cus_ATQJSlInv98Z6A\",\"amount\":\"13875\",\"amountRefunded\":null,\"status\":\"succeeded\",\"refunded\":\"0\",\"paid\":\"1\",\"captured\":\"1\",\"invoiceId\":null,\"receiptEmail\":null,\"failureCode\":null,\"failureMessage\":null,\"currency\":\"usd\",\"userId\":\"1\",\"chargeId\":\"221\",\"cardName\":\"max@eec.ms\",\"cardAddressLine1\":null,\"cardAddressLine2\":null,\"cardAddressCity\":null,\"cardAddressState\":null,\"cardAddressZip\":null,\"cardAddressCountry\":null,\"cardLast4\":\"4242\",\"cardType\":\"Visa\",\"cardExpMonth\":\"1\",\"cardExpYear\":\"2025\",\"dateCreated\":{\"date\":\"2017-04-14 12:52:21.000000\",\"timezone_type\":1,\"timezone\":\"+00:00\"},\"dateUpdated\":{\"date\":\"2017-04-14 12:52:21.000000\",\"timezone_type\":1,\"timezone\":\"+00:00\"},\"uid\":\"92612b4d-7d9b-4b57-a8db-04521acf2148\"}}','2017-04-14 12:52:26','2017-04-14 12:52:26','b70e5e59-a91f-4038-908d-951f07b5cf7f'),(90,'test','callback','dnJW5bKfatYOaFNCOsSE9U2DNMKHwihbMTsT','invoice.created (no handler for this event type, skipping)',NULL,'test','2017-04-14 12:52:27','2017-04-14 12:52:27','4e127c88-112e-4e34-bba0-6842449fba55'),(91,'test','callback','hVKOfyKn1nSWpJxILUjSys79KRHAnBL3Dnb3','charge.succeeded (no handler for this event type, skipping)',NULL,'test','2017-04-14 12:52:29','2017-04-14 12:52:29','b9917998-c793-4a4b-b66a-fd5406e35a16'),(92,'test','callback','gVRyQGPSLZk1DiaCT0Cmv6k5JCCHiLwIhzV5','customer.subscription.created (no handler for this event type, skipping)',NULL,'test','2017-04-14 12:52:30','2017-04-14 12:52:30','cded7c9e-36d2-4014-ac43-85646124edcf'),(93,'test','request','tFt36qRXwOcLEbd13bru0TJDvrzTlxeD0FlF','Charge request started ',NULL,'[]','2017-04-14 13:01:36','2017-04-14 13:01:36','8f349b5a-11a0-4ac0-8581-10a8a941feac'),(94,'test','api','tFt36qRXwOcLEbd13bru0TJDvrzTlxeD0FlF','Updated stripe customer details',NULL,'{\"customer\":{\"id\":\"1\",\"stripeId\":\"cus_ATQJSlInv98Z6A\",\"mode\":\"test\",\"userId\":\"1\",\"email\":\"max@eec.ms\",\"name\":\"Yuri Salimovskiy\",\"stripe\":{\"id\":\"cus_ATQJSlInv98Z6A\",\"object\":\"customer\",\"account_balance\":0,\"created\":1492172640,\"currency\":\"usd\",\"default_source\":\"card_1A8TuPKvJtBCDhCWZApUfOyx\",\"delinquent\":0,\"description\":null,\"discount\":null,\"email\":\"max@eec.ms\",\"livemode\":0,\"metadata\":{\"Craft User Id\":\"1\"},\"shipping\":null,\"sources\":{\"object\":\"list\",\"data\":[{\"id\":\"card_1A8TuPKvJtBCDhCWZApUfOyx\",\"object\":\"card\",\"address_city\":null,\"address_country\":null,\"address_line1\":null,\"address_line1_check\":null,\"address_line2\":null,\"address_state\":null,\"address_zip\":null,\"address_zip_check\":null,\"brand\":\"Visa\",\"country\":\"US\",\"customer\":\"cus_ATQJSlInv98Z6A\",\"cvc_check\":\"pass\",\"dynamic_last4\":null,\"exp_month\":1,\"exp_year\":2025,\"fingerprint\":\"2sbFp0NGAIy76iM9\",\"funding\":\"credit\",\"last4\":\"4242\",\"metadata\":[],\"name\":\"max@eec.ms\",\"tokenization_method\":null}],\"has_more\":0,\"total_count\":1,\"url\":\"\\/v1\\/customers\\/cus_ATQJSlInv98Z6A\\/sources\"},\"subscriptions\":{\"object\":\"list\",\"data\":[{\"id\":\"sub_ATQmDsMr72xeyz\",\"object\":\"subscription\",\"application_fee_percent\":null,\"cancel_at_period_end\":0,\"canceled_at\":null,\"created\":1492174340,\"current_period_end\":1494766340,\"current_period_start\":1492174340,\"customer\":\"cus_ATQJSlInv98Z6A\",\"discount\":null,\"ended_at\":null,\"items\":{\"object\":\"list\",\"data\":[{\"id\":\"si_1A8TuSKvJtBCDhCWmWrEmDxe\",\"object\":\"subscription_item\",\"created\":1492174340,\"plan\":{\"id\":\"138.75 USD Monthly\",\"object\":\"plan\",\"amount\":13875,\"created\":1492172642,\"currency\":\"usd\",\"interval\":\"month\",\"interval_count\":1,\"livemode\":0,\"metadata\":[],\"name\":\"138.75 USD Monthly\",\"statement_descriptor\":null,\"trial_period_days\":null},\"quantity\":1}],\"has_more\":0,\"total_count\":1,\"url\":\"\\/v1\\/subscription_items?subscription=sub_ATQmDsMr72xeyz\"},\"livemode\":0,\"metadata\":[],\"plan\":{\"id\":\"138.75 USD Monthly\",\"object\":\"plan\",\"amount\":13875,\"created\":1492172642,\"currency\":\"usd\",\"interval\":\"month\",\"interval_count\":1,\"livemode\":0,\"metadata\":[],\"name\":\"138.75 USD Monthly\",\"statement_descriptor\":null,\"trial_period_days\":null},\"quantity\":1,\"start\":1492174340,\"status\":\"active\",\"tax_percent\":null,\"trial_end\":null,\"trial_start\":null},{\"id\":\"sub_ATQg1PlbPMSp2H\",\"object\":\"subscription\",\"application_fee_percent\":null,\"cancel_at_period_end\":0,\"canceled_at\":null,\"created\":1492174025,\"current_period_end\":1494766025,\"current_period_start\":1492174025,\"customer\":\"cus_ATQJSlInv98Z6A\",\"discount\":null,\"ended_at\":null,\"items\":{\"object\":\"list\",\"data\":[{\"id\":\"si_1A8TpNKvJtBCDhCWhx13Ew9v\",\"object\":\"subscription_item\",\"created\":1492174026,\"plan\":{\"id\":\"138.75 USD Monthly\",\"object\":\"plan\",\"amount\":13875,\"created\":1492172642,\"currency\":\"usd\",\"interval\":\"month\",\"interval_count\":1,\"livemode\":0,\"metadata\":[],\"name\":\"138.75 USD Monthly\",\"statement_descriptor\":null,\"trial_period_days\":null},\"quantity\":1}],\"has_more\":0,\"total_count\":1,\"url\":\"\\/v1\\/subscription_items?subscription=sub_ATQg1PlbPMSp2H\"},\"livemode\":0,\"metadata\":[],\"plan\":{\"id\":\"138.75 USD Monthly\",\"object\":\"plan\",\"amount\":13875,\"created\":1492172642,\"currency\":\"usd\",\"interval\":\"month\",\"interval_count\":1,\"livemode\":0,\"metadata\":[],\"name\":\"138.75 USD Monthly\",\"statement_descriptor\":null,\"trial_period_days\":null},\"quantity\":1,\"start\":1492174025,\"status\":\"active\",\"tax_percent\":null,\"trial_end\":null,\"trial_start\":null},{\"id\":\"sub_ATQSPlcUsRCkvn\",\"object\":\"subscription\",\"application_fee_percent\":null,\"cancel_at_period_end\":0,\"canceled_at\":null,\"created\":1492173196,\"current_period_end\":1494765196,\"current_period_start\":1492173196,\"customer\":\"cus_ATQJSlInv98Z6A\",\"discount\":null,\"ended_at\":null,\"items\":{\"object\":\"list\",\"data\":[{\"id\":\"si_1A8Tc0KvJtBCDhCWXW6yOCQ3\",\"object\":\"subscription_item\",\"created\":1492173197,\"plan\":{\"id\":\"138.75 USD Monthly\",\"object\":\"plan\",\"amount\":13875,\"created\":1492172642,\"currency\":\"usd\",\"interval\":\"month\",\"interval_count\":1,\"livemode\":0,\"metadata\":[],\"name\":\"138.75 USD Monthly\",\"statement_descriptor\":null,\"trial_period_days\":null},\"quantity\":1}],\"has_more\":0,\"total_count\":1,\"url\":\"\\/v1\\/subscription_items?subscription=sub_ATQSPlcUsRCkvn\"},\"livemode\":0,\"metadata\":[],\"plan\":{\"id\":\"138.75 USD Monthly\",\"object\":\"plan\",\"amount\":13875,\"created\":1492172642,\"currency\":\"usd\",\"interval\":\"month\",\"interval_count\":1,\"livemode\":0,\"metadata\":[],\"name\":\"138.75 USD Monthly\",\"statement_descriptor\":null,\"trial_period_days\":null},\"quantity\":1,\"start\":1492173196,\"status\":\"active\",\"tax_percent\":null,\"trial_end\":null,\"trial_start\":null},{\"id\":\"sub_ATQJvkeiNTgbrv\",\"object\":\"subscription\",\"application_fee_percent\":null,\"cancel_at_period_end\":0,\"canceled_at\":null,\"created\":1492172642,\"current_period_end\":1494764642,\"current_period_start\":1492172642,\"customer\":\"cus_ATQJSlInv98Z6A\",\"discount\":null,\"ended_at\":null,\"items\":{\"object\":\"list\",\"data\":[{\"id\":\"si_1A8TT4KvJtBCDhCWDBsq9Npg\",\"object\":\"subscription_item\",\"created\":1492172643,\"plan\":{\"id\":\"138.75 USD Monthly\",\"object\":\"plan\",\"amount\":13875,\"created\":1492172642,\"currency\":\"usd\",\"interval\":\"month\",\"interval_count\":1,\"livemode\":0,\"metadata\":[],\"name\":\"138.75 USD Monthly\",\"statement_descriptor\":null,\"trial_period_days\":null},\"quantity\":1}],\"has_more\":0,\"total_count\":1,\"url\":\"\\/v1\\/subscription_items?subscription=sub_ATQJvkeiNTgbrv\"},\"livemode\":0,\"metadata\":[],\"plan\":{\"id\":\"138.75 USD Monthly\",\"object\":\"plan\",\"amount\":13875,\"created\":1492172642,\"currency\":\"usd\",\"interval\":\"month\",\"interval_count\":1,\"livemode\":0,\"metadata\":[],\"name\":\"138.75 USD Monthly\",\"statement_descriptor\":null,\"trial_period_days\":null},\"quantity\":1,\"start\":1492172642,\"status\":\"active\",\"tax_percent\":null,\"trial_end\":null,\"trial_start\":null}],\"has_more\":0,\"total_count\":4,\"url\":\"\\/v1\\/customers\\/cus_ATQJSlInv98Z6A\\/subscriptions\"}},\"dateCreated\":\"2017-04-14 12:24:00\",\"__model__\":\"Craft\\\\Charge_CustomerModel\"}}','2017-04-14 13:01:37','2017-04-14 13:01:37','0136d247-bcb7-4b23-93e1-d48c7564fb81'),(95,'test','api','tFt36qRXwOcLEbd13bru0TJDvrzTlxeD0FlF','Found existing customer',NULL,'{\"customer\":{\"id\":\"1\",\"stripeId\":\"cus_ATQJSlInv98Z6A\",\"mode\":\"test\",\"userId\":\"1\",\"email\":\"max@eec.ms\",\"name\":\"Yuri Salimovskiy\",\"stripe\":{\"id\":\"cus_ATQJSlInv98Z6A\",\"object\":\"customer\",\"account_balance\":0,\"created\":1492172640,\"currency\":\"usd\",\"default_source\":\"card_1A8TuPKvJtBCDhCWZApUfOyx\",\"delinquent\":0,\"description\":null,\"discount\":null,\"email\":\"max@eec.ms\",\"livemode\":0,\"metadata\":{\"Craft User Id\":\"1\"},\"shipping\":null,\"sources\":{\"object\":\"list\",\"data\":[{\"id\":\"card_1A8TuPKvJtBCDhCWZApUfOyx\",\"object\":\"card\",\"address_city\":null,\"address_country\":null,\"address_line1\":null,\"address_line1_check\":null,\"address_line2\":null,\"address_state\":null,\"address_zip\":null,\"address_zip_check\":null,\"brand\":\"Visa\",\"country\":\"US\",\"customer\":\"cus_ATQJSlInv98Z6A\",\"cvc_check\":\"pass\",\"dynamic_last4\":null,\"exp_month\":1,\"exp_year\":2025,\"fingerprint\":\"2sbFp0NGAIy76iM9\",\"funding\":\"credit\",\"last4\":\"4242\",\"metadata\":[],\"name\":\"max@eec.ms\",\"tokenization_method\":null}],\"has_more\":0,\"total_count\":1,\"url\":\"\\/v1\\/customers\\/cus_ATQJSlInv98Z6A\\/sources\"},\"subscriptions\":{\"object\":\"list\",\"data\":[{\"id\":\"sub_ATQmDsMr72xeyz\",\"object\":\"subscription\",\"application_fee_percent\":null,\"cancel_at_period_end\":0,\"canceled_at\":null,\"created\":1492174340,\"current_period_end\":1494766340,\"current_period_start\":1492174340,\"customer\":\"cus_ATQJSlInv98Z6A\",\"discount\":null,\"ended_at\":null,\"items\":{\"object\":\"list\",\"data\":[{\"id\":\"si_1A8TuSKvJtBCDhCWmWrEmDxe\",\"object\":\"subscription_item\",\"created\":1492174340,\"plan\":{\"id\":\"138.75 USD Monthly\",\"object\":\"plan\",\"amount\":13875,\"created\":1492172642,\"currency\":\"usd\",\"interval\":\"month\",\"interval_count\":1,\"livemode\":0,\"metadata\":[],\"name\":\"138.75 USD Monthly\",\"statement_descriptor\":null,\"trial_period_days\":null},\"quantity\":1}],\"has_more\":0,\"total_count\":1,\"url\":\"\\/v1\\/subscription_items?subscription=sub_ATQmDsMr72xeyz\"},\"livemode\":0,\"metadata\":[],\"plan\":{\"id\":\"138.75 USD Monthly\",\"object\":\"plan\",\"amount\":13875,\"created\":1492172642,\"currency\":\"usd\",\"interval\":\"month\",\"interval_count\":1,\"livemode\":0,\"metadata\":[],\"name\":\"138.75 USD Monthly\",\"statement_descriptor\":null,\"trial_period_days\":null},\"quantity\":1,\"start\":1492174340,\"status\":\"active\",\"tax_percent\":null,\"trial_end\":null,\"trial_start\":null},{\"id\":\"sub_ATQg1PlbPMSp2H\",\"object\":\"subscription\",\"application_fee_percent\":null,\"cancel_at_period_end\":0,\"canceled_at\":null,\"created\":1492174025,\"current_period_end\":1494766025,\"current_period_start\":1492174025,\"customer\":\"cus_ATQJSlInv98Z6A\",\"discount\":null,\"ended_at\":null,\"items\":{\"object\":\"list\",\"data\":[{\"id\":\"si_1A8TpNKvJtBCDhCWhx13Ew9v\",\"object\":\"subscription_item\",\"created\":1492174026,\"plan\":{\"id\":\"138.75 USD Monthly\",\"object\":\"plan\",\"amount\":13875,\"created\":1492172642,\"currency\":\"usd\",\"interval\":\"month\",\"interval_count\":1,\"livemode\":0,\"metadata\":[],\"name\":\"138.75 USD Monthly\",\"statement_descriptor\":null,\"trial_period_days\":null},\"quantity\":1}],\"has_more\":0,\"total_count\":1,\"url\":\"\\/v1\\/subscription_items?subscription=sub_ATQg1PlbPMSp2H\"},\"livemode\":0,\"metadata\":[],\"plan\":{\"id\":\"138.75 USD Monthly\",\"object\":\"plan\",\"amount\":13875,\"created\":1492172642,\"currency\":\"usd\",\"interval\":\"month\",\"interval_count\":1,\"livemode\":0,\"metadata\":[],\"name\":\"138.75 USD Monthly\",\"statement_descriptor\":null,\"trial_period_days\":null},\"quantity\":1,\"start\":1492174025,\"status\":\"active\",\"tax_percent\":null,\"trial_end\":null,\"trial_start\":null},{\"id\":\"sub_ATQSPlcUsRCkvn\",\"object\":\"subscription\",\"application_fee_percent\":null,\"cancel_at_period_end\":0,\"canceled_at\":null,\"created\":1492173196,\"current_period_end\":1494765196,\"current_period_start\":1492173196,\"customer\":\"cus_ATQJSlInv98Z6A\",\"discount\":null,\"ended_at\":null,\"items\":{\"object\":\"list\",\"data\":[{\"id\":\"si_1A8Tc0KvJtBCDhCWXW6yOCQ3\",\"object\":\"subscription_item\",\"created\":1492173197,\"plan\":{\"id\":\"138.75 USD Monthly\",\"object\":\"plan\",\"amount\":13875,\"created\":1492172642,\"currency\":\"usd\",\"interval\":\"month\",\"interval_count\":1,\"livemode\":0,\"metadata\":[],\"name\":\"138.75 USD Monthly\",\"statement_descriptor\":null,\"trial_period_days\":null},\"quantity\":1}],\"has_more\":0,\"total_count\":1,\"url\":\"\\/v1\\/subscription_items?subscription=sub_ATQSPlcUsRCkvn\"},\"livemode\":0,\"metadata\":[],\"plan\":{\"id\":\"138.75 USD Monthly\",\"object\":\"plan\",\"amount\":13875,\"created\":1492172642,\"currency\":\"usd\",\"interval\":\"month\",\"interval_count\":1,\"livemode\":0,\"metadata\":[],\"name\":\"138.75 USD Monthly\",\"statement_descriptor\":null,\"trial_period_days\":null},\"quantity\":1,\"start\":1492173196,\"status\":\"active\",\"tax_percent\":null,\"trial_end\":null,\"trial_start\":null},{\"id\":\"sub_ATQJvkeiNTgbrv\",\"object\":\"subscription\",\"application_fee_percent\":null,\"cancel_at_period_end\":0,\"canceled_at\":null,\"created\":1492172642,\"current_period_end\":1494764642,\"current_period_start\":1492172642,\"customer\":\"cus_ATQJSlInv98Z6A\",\"discount\":null,\"ended_at\":null,\"items\":{\"object\":\"list\",\"data\":[{\"id\":\"si_1A8TT4KvJtBCDhCWDBsq9Npg\",\"object\":\"subscription_item\",\"created\":1492172643,\"plan\":{\"id\":\"138.75 USD Monthly\",\"object\":\"plan\",\"amount\":13875,\"created\":1492172642,\"currency\":\"usd\",\"interval\":\"month\",\"interval_count\":1,\"livemode\":0,\"metadata\":[],\"name\":\"138.75 USD Monthly\",\"statement_descriptor\":null,\"trial_period_days\":null},\"quantity\":1}],\"has_more\":0,\"total_count\":1,\"url\":\"\\/v1\\/subscription_items?subscription=sub_ATQJvkeiNTgbrv\"},\"livemode\":0,\"metadata\":[],\"plan\":{\"id\":\"138.75 USD Monthly\",\"object\":\"plan\",\"amount\":13875,\"created\":1492172642,\"currency\":\"usd\",\"interval\":\"month\",\"interval_count\":1,\"livemode\":0,\"metadata\":[],\"name\":\"138.75 USD Monthly\",\"statement_descriptor\":null,\"trial_period_days\":null},\"quantity\":1,\"start\":1492172642,\"status\":\"active\",\"tax_percent\":null,\"trial_end\":null,\"trial_start\":null}],\"has_more\":0,\"total_count\":4,\"url\":\"\\/v1\\/customers\\/cus_ATQJSlInv98Z6A\\/subscriptions\"}},\"dateCreated\":\"2017-04-14 12:24:00\",\"__model__\":\"Craft\\\\Charge_CustomerModel\"}}','2017-04-14 13:01:37','2017-04-14 13:01:37','c8ed558d-c0e7-400e-96d4-223165319c5c'),(96,'test','api','tFt36qRXwOcLEbd13bru0TJDvrzTlxeD0FlF','Found existing plan',NULL,'Found existing plan with name \"138.75 USD Monthly\" on Stripe','2017-04-14 13:01:38','2017-04-14 13:01:38','5bf595b2-1ad3-45ae-b597-a6ad9ac7abee'),(97,'test','success','tFt36qRXwOcLEbd13bru0TJDvrzTlxeD0FlF','Charge Successfully Completed',NULL,'{\"charge\":{\"id\":\"223\",\"enabled\":1,\"archived\":0,\"locale\":\"en_us\",\"localeEnabled\":1,\"slug\":\"bcee2ac36f40cd585792c1cb504acd17\",\"uri\":\"charge\\/thanks\\/bcee2ac36f40cd585792c1cb504acd17\",\"dateCreated\":\"2017-04-14 13:01:40\",\"dateUpdated\":\"2017-04-14 13:01:40\",\"root\":null,\"lft\":null,\"rgt\":null,\"level\":null,\"searchScore\":null,\"customerId\":\"1\",\"userId\":\"1\",\"type\":\"recurring\",\"mode\":\"test\",\"customerName\":\"Yuri Salimovskiy\",\"customerEmail\":\"max@eec.ms\",\"description\":null,\"hash\":\"bcee2ac36f40cd585792c1cb504acd17\",\"notes\":null,\"meta\":[],\"sourceUrl\":\"shop\\/payment\",\"timestamp\":\"2017-04-14 13:01:40\",\"cardId\":null,\"cardToken\":\"tok_1A8U3PKvJtBCDhCWbyvv0cYl\",\"cardName\":\"max@eec.ms\",\"cardAddressLine1\":null,\"cardAddressLine2\":null,\"cardAddressCity\":null,\"cardAddressState\":null,\"cardAddressZip\":null,\"cardAddressCountry\":null,\"cardLast4\":\"4242\",\"cardType\":\"Visa\",\"cardExpMonth\":\"1\",\"cardExpYear\":\"2022\",\"planAmount\":\"138.7500\",\"planAmountInCents\":13875,\"planCurrency\":\"USD\",\"planInterval\":\"month\",\"planIntervalCount\":\"1\",\"planName\":null,\"planDiscount\":null,\"planFullAmount\":null,\"planChoice\":null,\"planOpts\":null,\"hasDiscount\":0,\"coupon\":null,\"planCoupon\":null,\"couponStripeId\":null,\"stripeAccountBalance\":null,\"actions\":{\"onSuccess\":{\"chargeCommerce_updateOrder\":{\"orderId\":\"214\",\"status\":\"subscriptionActive\",\"complete\":1}},\"onRecurring\":{\"email\":[\"test-email\"]},\"onFailure\":{\"chargeCommerce_updateOrder\":{\"orderId\":\"214\",\"status\":\"subscriptionCancelled\"}}},\"content\":null,\"request\":{\"planAmount\":\"138.7500\",\"planCurrency\":\"USD\",\"planAmountInCents\":13875,\"planName\":null,\"planDiscount\":null,\"planFullAmount\":null,\"planChoice\":null,\"planOpts\":null,\"planInterval\":\"month\",\"planIntervalCount\":\"1\",\"destination\":null,\"applicationFee\":null,\"applicationFeeInPercent\":null,\"applicationFeeInCents\":null,\"cardName\":\"max@eec.ms\",\"cardAddressLine1\":null,\"cardAddressLine2\":null,\"cardAddressCity\":null,\"cardAddressState\":null,\"cardAddressZip\":null,\"cardAddressCountry\":null,\"cardLast4\":\"4242\",\"cardType\":\"Visa\",\"cardExpMonth\":\"1\",\"cardExpYear\":\"2022\",\"coupon\":null,\"couponStripeId\":null,\"stripeAccountBalance\":null},\"createAccount\":null,\"user\":null,\"eagerpayments\":null,\"currency\":null,\"amount\":null,\"accountId\":null,\"destination\":null,\"applicationFee\":null,\"applicationFeeInCents\":null,\"applicationFeeInPercent\":null,\"__model__\":\"Craft\\\\ChargeModel\"}}','2017-04-14 13:01:40','2017-04-14 13:01:40','277be480-02ca-40a1-9e95-e25ff5393d19'),(98,'test','success','tFt36qRXwOcLEbd13bru0TJDvrzTlxeD0FlF','1',NULL,'{\"charge\":{\"id\":\"223\",\"enabled\":1,\"archived\":0,\"locale\":\"en_us\",\"localeEnabled\":1,\"slug\":\"bcee2ac36f40cd585792c1cb504acd17\",\"uri\":\"charge\\/thanks\\/bcee2ac36f40cd585792c1cb504acd17\",\"dateCreated\":\"2017-04-14 13:01:40\",\"dateUpdated\":\"2017-04-14 13:01:40\",\"root\":null,\"lft\":null,\"rgt\":null,\"level\":null,\"searchScore\":null,\"customerId\":\"1\",\"userId\":\"1\",\"type\":\"recurring\",\"mode\":\"test\",\"customerName\":\"Yuri Salimovskiy\",\"customerEmail\":\"max@eec.ms\",\"description\":null,\"hash\":\"bcee2ac36f40cd585792c1cb504acd17\",\"notes\":null,\"meta\":[],\"sourceUrl\":\"shop\\/payment\",\"timestamp\":\"2017-04-14 13:01:40\",\"cardId\":null,\"cardToken\":\"tok_1A8U3PKvJtBCDhCWbyvv0cYl\",\"cardName\":\"max@eec.ms\",\"cardAddressLine1\":null,\"cardAddressLine2\":null,\"cardAddressCity\":null,\"cardAddressState\":null,\"cardAddressZip\":null,\"cardAddressCountry\":null,\"cardLast4\":\"4242\",\"cardType\":\"Visa\",\"cardExpMonth\":\"1\",\"cardExpYear\":\"2022\",\"planAmount\":\"138.7500\",\"planAmountInCents\":13875,\"planCurrency\":\"USD\",\"planInterval\":\"month\",\"planIntervalCount\":\"1\",\"planName\":null,\"planDiscount\":null,\"planFullAmount\":null,\"planChoice\":null,\"planOpts\":null,\"hasDiscount\":0,\"coupon\":null,\"planCoupon\":null,\"couponStripeId\":null,\"stripeAccountBalance\":null,\"actions\":{\"onSuccess\":{\"chargeCommerce_updateOrder\":{\"orderId\":\"214\",\"status\":\"subscriptionActive\",\"complete\":1}},\"onRecurring\":{\"email\":[\"test-email\"]},\"onFailure\":{\"chargeCommerce_updateOrder\":{\"orderId\":\"214\",\"status\":\"subscriptionCancelled\"}}},\"content\":null,\"request\":{\"planAmount\":\"138.7500\",\"planCurrency\":\"USD\",\"planAmountInCents\":13875,\"planName\":null,\"planDiscount\":null,\"planFullAmount\":null,\"planChoice\":null,\"planOpts\":null,\"planInterval\":\"month\",\"planIntervalCount\":\"1\",\"destination\":null,\"applicationFee\":null,\"applicationFeeInPercent\":null,\"applicationFeeInCents\":null,\"cardName\":\"max@eec.ms\",\"cardAddressLine1\":null,\"cardAddressLine2\":null,\"cardAddressCity\":null,\"cardAddressState\":null,\"cardAddressZip\":null,\"cardAddressCountry\":null,\"cardLast4\":\"4242\",\"cardType\":\"Visa\",\"cardExpMonth\":\"1\",\"cardExpYear\":\"2022\",\"coupon\":null,\"couponStripeId\":null,\"stripeAccountBalance\":null},\"createAccount\":null,\"user\":null,\"eagerpayments\":null,\"currency\":null,\"amount\":null,\"accountId\":null,\"destination\":null,\"applicationFee\":null,\"applicationFeeInCents\":null,\"applicationFeeInPercent\":null,\"__model__\":\"Craft\\\\ChargeModel\"}}','2017-04-14 13:01:40','2017-04-14 13:01:40','e04e2077-e76a-4e6e-97e0-339b5f58c340'),(99,'test','action','tFt36qRXwOcLEbd13bru0TJDvrzTlxeD0FlF','triggering action chargeCommerce updateOrder',NULL,'{\"details\":[\"chargeCommerce\",\"updateOrder\"]}','2017-04-14 13:01:40','2017-04-14 13:01:40','2b330dfd-bda7-40b5-9cc6-17b3121c35b2'),(100,'test','action','tFt36qRXwOcLEbd13bru0TJDvrzTlxeD0FlF','Starting a new Subscription for User',NULL,'{\"subscriptionName\":{\"orderId\":\"214\",\"status\":\"subscriptionActive\",\"complete\":1}}','2017-04-14 13:01:40','2017-04-14 13:01:40','81179bd6-9c01-40a9-8f88-ce1bed98997d'),(101,'test','callback','OrBOTycspWHQdbzncXUKk0NxnSXURU0qcu4w','charge.succeeded (no handler for this event type, skipping)',NULL,'test','2017-04-14 13:01:42','2017-04-14 13:01:42','7201d5f4-dfef-48c9-8bbe-22abadc5ecaf'),(102,'test','callback','01NGbW1GrkOISsYSIzEVAEt1IY270jfsfZX9','customer.subscription.created (no handler for this event type, skipping)',NULL,'test','2017-04-14 13:01:42','2017-04-14 13:01:42','45660c54-6074-4571-9e49-7bcd91c7d3d8'),(103,'test','callback','bOoaOQQrErTjVWl5xXxMkHwVOTDM6B62qejn','customer.updated (no handler for this event type, skipping)',NULL,'test','2017-04-14 13:01:42','2017-04-14 13:01:42','66a80375-22bd-4b71-acc5-1ca0846f3303'),(104,'test','callback','1Bf6BEzo1UeBrtk0d2V8QDRE9ALUvxrhT2Q1','invoice.created (no handler for this event type, skipping)',NULL,'test','2017-04-14 13:01:44','2017-04-14 13:01:44','abc83511-abb0-4841-a60d-5e64e28e7d9a'),(105,'test','callback','FAwk26dpU20U0VNc0gHQoZj8enaMBxHbjhMb','customer.source.created (no handler for this event type, skipping)',NULL,'test','2017-04-14 13:01:44','2017-04-14 13:01:44','e2ed5836-637a-48fb-8754-e045fa489656'),(106,'test','callback','iORUHoQsuoTH9OqkGdUPzHnp2hM1Edl8sZMO','customer.source.deleted (no handler for this event type, skipping)',NULL,'test','2017-04-14 13:01:46','2017-04-14 13:01:46','dff009d1-0de0-4f29-990d-d8cd6abfecab'),(107,'test','callback','o1eq7F4V973AA2kQM2HOTN0MGYeGKoFQfPDG','invoice.payment_succeeded',NULL,'test','2017-04-14 13:01:47','2017-04-14 13:01:47','1a1b3623-0f94-4469-8e60-6972106219b3'),(108,'test','note','o1eq7F4V973AA2kQM2HOTN0MGYeGKoFQfPDG','Recording new invoice from webhook',NULL,'{\"body\":{\"id\":\"evt_1A8U3TKvJtBCDhCW3a0MZFDy\",\"object\":\"event\",\"api_version\":\"2017-04-06\",\"created\":1492174899,\"data\":{\"object\":{\"id\":\"in_1A8U3TKvJtBCDhCW489XisZ0\",\"object\":\"invoice\",\"amount_due\":13875,\"application_fee\":null,\"attempt_count\":0,\"attempted\":1,\"charge\":\"ch_1A8U3TKvJtBCDhCWn1EPaZzh\",\"closed\":1,\"currency\":\"usd\",\"customer\":\"cus_ATQJSlInv98Z6A\",\"date\":1492174899,\"description\":null,\"discount\":null,\"ending_balance\":0,\"forgiven\":0,\"lines\":{\"object\":\"list\",\"data\":[{\"id\":\"sub_ATQveEPuCt0wzX\",\"object\":\"line_item\",\"amount\":13875,\"currency\":\"usd\",\"description\":null,\"discountable\":1,\"livemode\":0,\"metadata\":[],\"period\":{\"start\":1492174899,\"end\":1494766899},\"plan\":{\"id\":\"138.75 USD Monthly\",\"object\":\"plan\",\"amount\":13875,\"created\":1492172642,\"currency\":\"usd\",\"interval\":\"month\",\"interval_count\":1,\"livemode\":0,\"metadata\":[],\"name\":\"138.75 USD Monthly\",\"statement_descriptor\":null,\"trial_period_days\":null},\"proration\":0,\"quantity\":1,\"subscription\":null,\"subscription_item\":\"si_1A8U3TKvJtBCDhCW5jFu8rjr\",\"type\":\"subscription\"}],\"has_more\":0,\"total_count\":1,\"url\":\"\\/v1\\/invoices\\/in_1A8U3TKvJtBCDhCW489XisZ0\\/lines\"},\"livemode\":0,\"metadata\":[],\"next_payment_attempt\":null,\"paid\":1,\"period_end\":1492174899,\"period_start\":1492172642,\"receipt_number\":null,\"starting_balance\":0,\"statement_descriptor\":null,\"subscription\":\"sub_ATQveEPuCt0wzX\",\"subtotal\":13875,\"tax\":null,\"tax_percent\":null,\"total\":13875,\"webhooks_delivered_at\":null}},\"livemode\":0,\"pending_webhooks\":1,\"request\":\"req_ATQvnFWgAt3COK\",\"type\":\"invoice.payment_succeeded\"}}','2017-04-14 13:01:47','2017-04-14 13:01:47','0cb646c0-bf9c-44bc-8a7f-b7cadcb34649'),(109,'test','note','o1eq7F4V973AA2kQM2HOTN0MGYeGKoFQfPDG','Found existing payment recorded with matching id, skipping',NULL,'{\"payment\":{\"mode\":\"test\",\"id\":\"224\",\"stripeId\":\"ch_1A8U3TKvJtBCDhCWn1EPaZzh\",\"customerId\":\"cus_ATQJSlInv98Z6A\",\"amount\":\"13875\",\"amountRefunded\":null,\"status\":\"succeeded\",\"refunded\":\"0\",\"paid\":\"1\",\"captured\":\"1\",\"invoiceId\":null,\"receiptEmail\":null,\"failureCode\":null,\"failureMessage\":null,\"currency\":\"usd\",\"userId\":\"1\",\"chargeId\":\"223\",\"cardName\":\"max@eec.ms\",\"cardAddressLine1\":null,\"cardAddressLine2\":null,\"cardAddressCity\":null,\"cardAddressState\":null,\"cardAddressZip\":null,\"cardAddressCountry\":null,\"cardLast4\":\"4242\",\"cardType\":\"Visa\",\"cardExpMonth\":\"1\",\"cardExpYear\":\"2022\",\"dateCreated\":{\"date\":\"2017-04-14 13:01:40.000000\",\"timezone_type\":1,\"timezone\":\"+00:00\"},\"dateUpdated\":{\"date\":\"2017-04-14 13:01:40.000000\",\"timezone_type\":1,\"timezone\":\"+00:00\"},\"uid\":\"ad34acd8-f705-45b7-a50e-9eb621b668a8\"}}','2017-04-14 13:01:47','2017-04-14 13:01:47','0f9b576f-e062-4464-9e2e-675d99124872'),(110,'unset','info','zS3ulX4UB6PxnJazgrUC3yD78JEtP2GTRgW4','Validating connection details.',NULL,'[]','2017-04-14 13:07:54','2017-04-14 13:07:54','85a8a19d-21db-4740-bba9-0217478c35ef'),(111,'unset','info','zS3ulX4UB6PxnJazgrUC3yD78JEtP2GTRgW4','Validating connection details.',NULL,'[]','2017-04-14 13:07:54','2017-04-14 13:07:54','e510a599-1168-4a7c-b5f9-d1c7093afae6'),(112,'test','request','bK6XM93tFH2xz1jQQYCRxYreocnpeccKctaC','Charge request started ',NULL,'[]','2017-04-14 14:00:22','2017-04-14 14:00:22','76f1569b-72e4-4fad-a95f-ef39e9dfa567'),(113,'test','request','GiPkKXsPUm5kpokM8oIyvziK0qHK6lYLX3AG','Charge request started ',NULL,'[]','2017-04-14 14:06:20','2017-04-14 14:06:20','ed4e1d18-7a04-4fd1-ac1e-c58631da8c70'),(114,'test','request','RiziRT5tdhqBan1PSoo4JgEFE2V46qGzNTe3','Charge request started ',NULL,'[]','2017-04-14 14:09:09','2017-04-14 14:09:09','b84dc312-be9b-47e3-b240-6972bf571249'),(115,'test','request','vnnbAeMfLNZKHxyoAwp5MklOs5FWJYJlb0yg','Charge request started ',NULL,'[]','2017-04-14 14:10:05','2017-04-14 14:10:05','298e1f12-1b94-4947-9192-081bd7544843'),(116,'test','api','vnnbAeMfLNZKHxyoAwp5MklOs5FWJYJlb0yg','Updated stripe customer details',NULL,'{\"customer\":{\"id\":\"1\",\"stripeId\":\"cus_ATQJSlInv98Z6A\",\"mode\":\"test\",\"userId\":\"1\",\"email\":\"max@eec.ms\",\"name\":\"Yuri Salimovskiy\",\"stripe\":{\"id\":\"cus_ATQJSlInv98Z6A\",\"object\":\"customer\",\"account_balance\":0,\"created\":1492172640,\"currency\":\"usd\",\"default_source\":\"card_1A8U3PKvJtBCDhCWJBgOI4DN\",\"delinquent\":0,\"description\":null,\"discount\":null,\"email\":\"max@eec.ms\",\"livemode\":0,\"metadata\":{\"Craft User Id\":\"1\"},\"shipping\":null,\"sources\":{\"object\":\"list\",\"data\":[{\"id\":\"card_1A8U3PKvJtBCDhCWJBgOI4DN\",\"object\":\"card\",\"address_city\":null,\"address_country\":null,\"address_line1\":null,\"address_line1_check\":null,\"address_line2\":null,\"address_state\":null,\"address_zip\":null,\"address_zip_check\":null,\"brand\":\"Visa\",\"country\":\"US\",\"customer\":\"cus_ATQJSlInv98Z6A\",\"cvc_check\":\"pass\",\"dynamic_last4\":null,\"exp_month\":1,\"exp_year\":2022,\"fingerprint\":\"2sbFp0NGAIy76iM9\",\"funding\":\"credit\",\"last4\":\"4242\",\"metadata\":[],\"name\":\"max@eec.ms\",\"tokenization_method\":null}],\"has_more\":0,\"total_count\":1,\"url\":\"\\/v1\\/customers\\/cus_ATQJSlInv98Z6A\\/sources\"},\"subscriptions\":{\"object\":\"list\",\"data\":[{\"id\":\"sub_ATQveEPuCt0wzX\",\"object\":\"subscription\",\"application_fee_percent\":null,\"cancel_at_period_end\":0,\"canceled_at\":null,\"created\":1492174899,\"current_period_end\":1494766899,\"current_period_start\":1492174899,\"customer\":\"cus_ATQJSlInv98Z6A\",\"discount\":null,\"ended_at\":null,\"items\":{\"object\":\"list\",\"data\":[{\"id\":\"si_1A8U3TKvJtBCDhCW5jFu8rjr\",\"object\":\"subscription_item\",\"created\":1492174899,\"plan\":{\"id\":\"138.75 USD Monthly\",\"object\":\"plan\",\"amount\":13875,\"created\":1492172642,\"currency\":\"usd\",\"interval\":\"month\",\"interval_count\":1,\"livemode\":0,\"metadata\":[],\"name\":\"138.75 USD Monthly\",\"statement_descriptor\":null,\"trial_period_days\":null},\"quantity\":1}],\"has_more\":0,\"total_count\":1,\"url\":\"\\/v1\\/subscription_items?subscription=sub_ATQveEPuCt0wzX\"},\"livemode\":0,\"metadata\":[],\"plan\":{\"id\":\"138.75 USD Monthly\",\"object\":\"plan\",\"amount\":13875,\"created\":1492172642,\"currency\":\"usd\",\"interval\":\"month\",\"interval_count\":1,\"livemode\":0,\"metadata\":[],\"name\":\"138.75 USD Monthly\",\"statement_descriptor\":null,\"trial_period_days\":null},\"quantity\":1,\"start\":1492174899,\"status\":\"active\",\"tax_percent\":null,\"trial_end\":null,\"trial_start\":null},{\"id\":\"sub_ATQmDsMr72xeyz\",\"object\":\"subscription\",\"application_fee_percent\":null,\"cancel_at_period_end\":0,\"canceled_at\":null,\"created\":1492174340,\"current_period_end\":1494766340,\"current_period_start\":1492174340,\"customer\":\"cus_ATQJSlInv98Z6A\",\"discount\":null,\"ended_at\":null,\"items\":{\"object\":\"list\",\"data\":[{\"id\":\"si_1A8TuSKvJtBCDhCWmWrEmDxe\",\"object\":\"subscription_item\",\"created\":1492174340,\"plan\":{\"id\":\"138.75 USD Monthly\",\"object\":\"plan\",\"amount\":13875,\"created\":1492172642,\"currency\":\"usd\",\"interval\":\"month\",\"interval_count\":1,\"livemode\":0,\"metadata\":[],\"name\":\"138.75 USD Monthly\",\"statement_descriptor\":null,\"trial_period_days\":null},\"quantity\":1}],\"has_more\":0,\"total_count\":1,\"url\":\"\\/v1\\/subscription_items?subscription=sub_ATQmDsMr72xeyz\"},\"livemode\":0,\"metadata\":[],\"plan\":{\"id\":\"138.75 USD Monthly\",\"object\":\"plan\",\"amount\":13875,\"created\":1492172642,\"currency\":\"usd\",\"interval\":\"month\",\"interval_count\":1,\"livemode\":0,\"metadata\":[],\"name\":\"138.75 USD Monthly\",\"statement_descriptor\":null,\"trial_period_days\":null},\"quantity\":1,\"start\":1492174340,\"status\":\"active\",\"tax_percent\":null,\"trial_end\":null,\"trial_start\":null},{\"id\":\"sub_ATQg1PlbPMSp2H\",\"object\":\"subscription\",\"application_fee_percent\":null,\"cancel_at_period_end\":0,\"canceled_at\":null,\"created\":1492174025,\"current_period_end\":1494766025,\"current_period_start\":1492174025,\"customer\":\"cus_ATQJSlInv98Z6A\",\"discount\":null,\"ended_at\":null,\"items\":{\"object\":\"list\",\"data\":[{\"id\":\"si_1A8TpNKvJtBCDhCWhx13Ew9v\",\"object\":\"subscription_item\",\"created\":1492174026,\"plan\":{\"id\":\"138.75 USD Monthly\",\"object\":\"plan\",\"amount\":13875,\"created\":1492172642,\"currency\":\"usd\",\"interval\":\"month\",\"interval_count\":1,\"livemode\":0,\"metadata\":[],\"name\":\"138.75 USD Monthly\",\"statement_descriptor\":null,\"trial_period_days\":null},\"quantity\":1}],\"has_more\":0,\"total_count\":1,\"url\":\"\\/v1\\/subscription_items?subscription=sub_ATQg1PlbPMSp2H\"},\"livemode\":0,\"metadata\":[],\"plan\":{\"id\":\"138.75 USD Monthly\",\"object\":\"plan\",\"amount\":13875,\"created\":1492172642,\"currency\":\"usd\",\"interval\":\"month\",\"interval_count\":1,\"livemode\":0,\"metadata\":[],\"name\":\"138.75 USD Monthly\",\"statement_descriptor\":null,\"trial_period_days\":null},\"quantity\":1,\"start\":1492174025,\"status\":\"active\",\"tax_percent\":null,\"trial_end\":null,\"trial_start\":null},{\"id\":\"sub_ATQSPlcUsRCkvn\",\"object\":\"subscription\",\"application_fee_percent\":null,\"cancel_at_period_end\":0,\"canceled_at\":null,\"created\":1492173196,\"current_period_end\":1494765196,\"current_period_start\":1492173196,\"customer\":\"cus_ATQJSlInv98Z6A\",\"discount\":null,\"ended_at\":null,\"items\":{\"object\":\"list\",\"data\":[{\"id\":\"si_1A8Tc0KvJtBCDhCWXW6yOCQ3\",\"object\":\"subscription_item\",\"created\":1492173197,\"plan\":{\"id\":\"138.75 USD Monthly\",\"object\":\"plan\",\"amount\":13875,\"created\":1492172642,\"currency\":\"usd\",\"interval\":\"month\",\"interval_count\":1,\"livemode\":0,\"metadata\":[],\"name\":\"138.75 USD Monthly\",\"statement_descriptor\":null,\"trial_period_days\":null},\"quantity\":1}],\"has_more\":0,\"total_count\":1,\"url\":\"\\/v1\\/subscription_items?subscription=sub_ATQSPlcUsRCkvn\"},\"livemode\":0,\"metadata\":[],\"plan\":{\"id\":\"138.75 USD Monthly\",\"object\":\"plan\",\"amount\":13875,\"created\":1492172642,\"currency\":\"usd\",\"interval\":\"month\",\"interval_count\":1,\"livemode\":0,\"metadata\":[],\"name\":\"138.75 USD Monthly\",\"statement_descriptor\":null,\"trial_period_days\":null},\"quantity\":1,\"start\":1492173196,\"status\":\"active\",\"tax_percent\":null,\"trial_end\":null,\"trial_start\":null},{\"id\":\"sub_ATQJvkeiNTgbrv\",\"object\":\"subscription\",\"application_fee_percent\":null,\"cancel_at_period_end\":0,\"canceled_at\":null,\"created\":1492172642,\"current_period_end\":1494764642,\"current_period_start\":1492172642,\"customer\":\"cus_ATQJSlInv98Z6A\",\"discount\":null,\"ended_at\":null,\"items\":{\"object\":\"list\",\"data\":[{\"id\":\"si_1A8TT4KvJtBCDhCWDBsq9Npg\",\"object\":\"subscription_item\",\"created\":1492172643,\"plan\":{\"id\":\"138.75 USD Monthly\",\"object\":\"plan\",\"amount\":13875,\"created\":1492172642,\"currency\":\"usd\",\"interval\":\"month\",\"interval_count\":1,\"livemode\":0,\"metadata\":[],\"name\":\"138.75 USD Monthly\",\"statement_descriptor\":null,\"trial_period_days\":null},\"quantity\":1}],\"has_more\":0,\"total_count\":1,\"url\":\"\\/v1\\/subscription_items?subscription=sub_ATQJvkeiNTgbrv\"},\"livemode\":0,\"metadata\":[],\"plan\":{\"id\":\"138.75 USD Monthly\",\"object\":\"plan\",\"amount\":13875,\"created\":1492172642,\"currency\":\"usd\",\"interval\":\"month\",\"interval_count\":1,\"livemode\":0,\"metadata\":[],\"name\":\"138.75 USD Monthly\",\"statement_descriptor\":null,\"trial_period_days\":null},\"quantity\":1,\"start\":1492172642,\"status\":\"active\",\"tax_percent\":null,\"trial_end\":null,\"trial_start\":null}],\"has_more\":0,\"total_count\":5,\"url\":\"\\/v1\\/customers\\/cus_ATQJSlInv98Z6A\\/subscriptions\"}},\"dateCreated\":\"2017-04-14 12:24:00\",\"__model__\":\"Craft\\\\Charge_CustomerModel\"}}','2017-04-14 14:10:05','2017-04-14 14:10:05','fe7d7781-0cda-46f2-9ce1-bae3fa51eed1'),(117,'test','api','vnnbAeMfLNZKHxyoAwp5MklOs5FWJYJlb0yg','Found existing customer',NULL,'{\"customer\":{\"id\":\"1\",\"stripeId\":\"cus_ATQJSlInv98Z6A\",\"mode\":\"test\",\"userId\":\"1\",\"email\":\"max@eec.ms\",\"name\":\"Yuri Salimovskiy\",\"stripe\":{\"id\":\"cus_ATQJSlInv98Z6A\",\"object\":\"customer\",\"account_balance\":0,\"created\":1492172640,\"currency\":\"usd\",\"default_source\":\"card_1A8U3PKvJtBCDhCWJBgOI4DN\",\"delinquent\":0,\"description\":null,\"discount\":null,\"email\":\"max@eec.ms\",\"livemode\":0,\"metadata\":{\"Craft User Id\":\"1\"},\"shipping\":null,\"sources\":{\"object\":\"list\",\"data\":[{\"id\":\"card_1A8U3PKvJtBCDhCWJBgOI4DN\",\"object\":\"card\",\"address_city\":null,\"address_country\":null,\"address_line1\":null,\"address_line1_check\":null,\"address_line2\":null,\"address_state\":null,\"address_zip\":null,\"address_zip_check\":null,\"brand\":\"Visa\",\"country\":\"US\",\"customer\":\"cus_ATQJSlInv98Z6A\",\"cvc_check\":\"pass\",\"dynamic_last4\":null,\"exp_month\":1,\"exp_year\":2022,\"fingerprint\":\"2sbFp0NGAIy76iM9\",\"funding\":\"credit\",\"last4\":\"4242\",\"metadata\":[],\"name\":\"max@eec.ms\",\"tokenization_method\":null}],\"has_more\":0,\"total_count\":1,\"url\":\"\\/v1\\/customers\\/cus_ATQJSlInv98Z6A\\/sources\"},\"subscriptions\":{\"object\":\"list\",\"data\":[{\"id\":\"sub_ATQveEPuCt0wzX\",\"object\":\"subscription\",\"application_fee_percent\":null,\"cancel_at_period_end\":0,\"canceled_at\":null,\"created\":1492174899,\"current_period_end\":1494766899,\"current_period_start\":1492174899,\"customer\":\"cus_ATQJSlInv98Z6A\",\"discount\":null,\"ended_at\":null,\"items\":{\"object\":\"list\",\"data\":[{\"id\":\"si_1A8U3TKvJtBCDhCW5jFu8rjr\",\"object\":\"subscription_item\",\"created\":1492174899,\"plan\":{\"id\":\"138.75 USD Monthly\",\"object\":\"plan\",\"amount\":13875,\"created\":1492172642,\"currency\":\"usd\",\"interval\":\"month\",\"interval_count\":1,\"livemode\":0,\"metadata\":[],\"name\":\"138.75 USD Monthly\",\"statement_descriptor\":null,\"trial_period_days\":null},\"quantity\":1}],\"has_more\":0,\"total_count\":1,\"url\":\"\\/v1\\/subscription_items?subscription=sub_ATQveEPuCt0wzX\"},\"livemode\":0,\"metadata\":[],\"plan\":{\"id\":\"138.75 USD Monthly\",\"object\":\"plan\",\"amount\":13875,\"created\":1492172642,\"currency\":\"usd\",\"interval\":\"month\",\"interval_count\":1,\"livemode\":0,\"metadata\":[],\"name\":\"138.75 USD Monthly\",\"statement_descriptor\":null,\"trial_period_days\":null},\"quantity\":1,\"start\":1492174899,\"status\":\"active\",\"tax_percent\":null,\"trial_end\":null,\"trial_start\":null},{\"id\":\"sub_ATQmDsMr72xeyz\",\"object\":\"subscription\",\"application_fee_percent\":null,\"cancel_at_period_end\":0,\"canceled_at\":null,\"created\":1492174340,\"current_period_end\":1494766340,\"current_period_start\":1492174340,\"customer\":\"cus_ATQJSlInv98Z6A\",\"discount\":null,\"ended_at\":null,\"items\":{\"object\":\"list\",\"data\":[{\"id\":\"si_1A8TuSKvJtBCDhCWmWrEmDxe\",\"object\":\"subscription_item\",\"created\":1492174340,\"plan\":{\"id\":\"138.75 USD Monthly\",\"object\":\"plan\",\"amount\":13875,\"created\":1492172642,\"currency\":\"usd\",\"interval\":\"month\",\"interval_count\":1,\"livemode\":0,\"metadata\":[],\"name\":\"138.75 USD Monthly\",\"statement_descriptor\":null,\"trial_period_days\":null},\"quantity\":1}],\"has_more\":0,\"total_count\":1,\"url\":\"\\/v1\\/subscription_items?subscription=sub_ATQmDsMr72xeyz\"},\"livemode\":0,\"metadata\":[],\"plan\":{\"id\":\"138.75 USD Monthly\",\"object\":\"plan\",\"amount\":13875,\"created\":1492172642,\"currency\":\"usd\",\"interval\":\"month\",\"interval_count\":1,\"livemode\":0,\"metadata\":[],\"name\":\"138.75 USD Monthly\",\"statement_descriptor\":null,\"trial_period_days\":null},\"quantity\":1,\"start\":1492174340,\"status\":\"active\",\"tax_percent\":null,\"trial_end\":null,\"trial_start\":null},{\"id\":\"sub_ATQg1PlbPMSp2H\",\"object\":\"subscription\",\"application_fee_percent\":null,\"cancel_at_period_end\":0,\"canceled_at\":null,\"created\":1492174025,\"current_period_end\":1494766025,\"current_period_start\":1492174025,\"customer\":\"cus_ATQJSlInv98Z6A\",\"discount\":null,\"ended_at\":null,\"items\":{\"object\":\"list\",\"data\":[{\"id\":\"si_1A8TpNKvJtBCDhCWhx13Ew9v\",\"object\":\"subscription_item\",\"created\":1492174026,\"plan\":{\"id\":\"138.75 USD Monthly\",\"object\":\"plan\",\"amount\":13875,\"created\":1492172642,\"currency\":\"usd\",\"interval\":\"month\",\"interval_count\":1,\"livemode\":0,\"metadata\":[],\"name\":\"138.75 USD Monthly\",\"statement_descriptor\":null,\"trial_period_days\":null},\"quantity\":1}],\"has_more\":0,\"total_count\":1,\"url\":\"\\/v1\\/subscription_items?subscription=sub_ATQg1PlbPMSp2H\"},\"livemode\":0,\"metadata\":[],\"plan\":{\"id\":\"138.75 USD Monthly\",\"object\":\"plan\",\"amount\":13875,\"created\":1492172642,\"currency\":\"usd\",\"interval\":\"month\",\"interval_count\":1,\"livemode\":0,\"metadata\":[],\"name\":\"138.75 USD Monthly\",\"statement_descriptor\":null,\"trial_period_days\":null},\"quantity\":1,\"start\":1492174025,\"status\":\"active\",\"tax_percent\":null,\"trial_end\":null,\"trial_start\":null},{\"id\":\"sub_ATQSPlcUsRCkvn\",\"object\":\"subscription\",\"application_fee_percent\":null,\"cancel_at_period_end\":0,\"canceled_at\":null,\"created\":1492173196,\"current_period_end\":1494765196,\"current_period_start\":1492173196,\"customer\":\"cus_ATQJSlInv98Z6A\",\"discount\":null,\"ended_at\":null,\"items\":{\"object\":\"list\",\"data\":[{\"id\":\"si_1A8Tc0KvJtBCDhCWXW6yOCQ3\",\"object\":\"subscription_item\",\"created\":1492173197,\"plan\":{\"id\":\"138.75 USD Monthly\",\"object\":\"plan\",\"amount\":13875,\"created\":1492172642,\"currency\":\"usd\",\"interval\":\"month\",\"interval_count\":1,\"livemode\":0,\"metadata\":[],\"name\":\"138.75 USD Monthly\",\"statement_descriptor\":null,\"trial_period_days\":null},\"quantity\":1}],\"has_more\":0,\"total_count\":1,\"url\":\"\\/v1\\/subscription_items?subscription=sub_ATQSPlcUsRCkvn\"},\"livemode\":0,\"metadata\":[],\"plan\":{\"id\":\"138.75 USD Monthly\",\"object\":\"plan\",\"amount\":13875,\"created\":1492172642,\"currency\":\"usd\",\"interval\":\"month\",\"interval_count\":1,\"livemode\":0,\"metadata\":[],\"name\":\"138.75 USD Monthly\",\"statement_descriptor\":null,\"trial_period_days\":null},\"quantity\":1,\"start\":1492173196,\"status\":\"active\",\"tax_percent\":null,\"trial_end\":null,\"trial_start\":null},{\"id\":\"sub_ATQJvkeiNTgbrv\",\"object\":\"subscription\",\"application_fee_percent\":null,\"cancel_at_period_end\":0,\"canceled_at\":null,\"created\":1492172642,\"current_period_end\":1494764642,\"current_period_start\":1492172642,\"customer\":\"cus_ATQJSlInv98Z6A\",\"discount\":null,\"ended_at\":null,\"items\":{\"object\":\"list\",\"data\":[{\"id\":\"si_1A8TT4KvJtBCDhCWDBsq9Npg\",\"object\":\"subscription_item\",\"created\":1492172643,\"plan\":{\"id\":\"138.75 USD Monthly\",\"object\":\"plan\",\"amount\":13875,\"created\":1492172642,\"currency\":\"usd\",\"interval\":\"month\",\"interval_count\":1,\"livemode\":0,\"metadata\":[],\"name\":\"138.75 USD Monthly\",\"statement_descriptor\":null,\"trial_period_days\":null},\"quantity\":1}],\"has_more\":0,\"total_count\":1,\"url\":\"\\/v1\\/subscription_items?subscription=sub_ATQJvkeiNTgbrv\"},\"livemode\":0,\"metadata\":[],\"plan\":{\"id\":\"138.75 USD Monthly\",\"object\":\"plan\",\"amount\":13875,\"created\":1492172642,\"currency\":\"usd\",\"interval\":\"month\",\"interval_count\":1,\"livemode\":0,\"metadata\":[],\"name\":\"138.75 USD Monthly\",\"statement_descriptor\":null,\"trial_period_days\":null},\"quantity\":1,\"start\":1492172642,\"status\":\"active\",\"tax_percent\":null,\"trial_end\":null,\"trial_start\":null}],\"has_more\":0,\"total_count\":5,\"url\":\"\\/v1\\/customers\\/cus_ATQJSlInv98Z6A\\/subscriptions\"}},\"dateCreated\":\"2017-04-14 12:24:00\",\"__model__\":\"Craft\\\\Charge_CustomerModel\"}}','2017-04-14 14:10:05','2017-04-14 14:10:05','32524016-18cf-4532-b338-a7a788ec949e'),(118,'test','api','vnnbAeMfLNZKHxyoAwp5MklOs5FWJYJlb0yg','Found existing plan',NULL,'Found existing plan with name \"138.75 USD Monthly\" on Stripe','2017-04-14 14:10:07','2017-04-14 14:10:07','40f37f45-94fe-402b-89da-bcf9cffe2548'),(119,'test','success','vnnbAeMfLNZKHxyoAwp5MklOs5FWJYJlb0yg','Charge Successfully Completed',NULL,'{\"charge\":{\"id\":\"226\",\"enabled\":1,\"archived\":0,\"locale\":\"en_us\",\"localeEnabled\":1,\"slug\":\"973776a5e3cb0327ef09f1e146324641\",\"uri\":\"charge\\/thanks\\/973776a5e3cb0327ef09f1e146324641\",\"dateCreated\":\"2017-04-14 14:10:09\",\"dateUpdated\":\"2017-04-14 14:10:09\",\"root\":null,\"lft\":null,\"rgt\":null,\"level\":null,\"searchScore\":null,\"customerId\":\"1\",\"userId\":\"1\",\"type\":\"recurring\",\"mode\":\"test\",\"customerName\":\"Yuri Salimovskiy\",\"customerEmail\":\"max@eec.ms\",\"description\":null,\"hash\":\"973776a5e3cb0327ef09f1e146324641\",\"notes\":null,\"meta\":[],\"sourceUrl\":\"shop\\/payment\",\"timestamp\":\"2017-04-14 14:10:09\",\"cardId\":null,\"cardToken\":\"tok_1A8V7gKvJtBCDhCWeF4StTL3\",\"cardName\":\"Yuri Salimovskiy\",\"cardAddressLine1\":null,\"cardAddressLine2\":null,\"cardAddressCity\":null,\"cardAddressState\":null,\"cardAddressZip\":null,\"cardAddressCountry\":null,\"cardLast4\":\"4242\",\"cardType\":\"Visa\",\"cardExpMonth\":\"1\",\"cardExpYear\":\"2022\",\"planAmount\":\"138.7500\",\"planAmountInCents\":13875,\"planCurrency\":\"USD\",\"planInterval\":\"month\",\"planIntervalCount\":\"1\",\"planName\":null,\"planDiscount\":null,\"planFullAmount\":null,\"planChoice\":null,\"planOpts\":null,\"hasDiscount\":0,\"coupon\":null,\"planCoupon\":null,\"couponStripeId\":null,\"stripeAccountBalance\":null,\"actions\":{\"onSuccess\":{\"chargeCommerce_updateOrder\":{\"orderId\":\"225\",\"status\":\"subscriptionActive\",\"complete\":1}},\"onFailure\":{\"chargeCommerce_updateOrder\":{\"orderId\":\"225\",\"status\":\"subscriptionCancelled\"},\"email\":[\"payment-failed-customer\",\"payment-failed-admin\"]}},\"content\":null,\"request\":{\"planAmount\":\"138.7500\",\"planCurrency\":\"USD\",\"planAmountInCents\":13875,\"planName\":null,\"planDiscount\":null,\"planFullAmount\":null,\"planChoice\":null,\"planOpts\":null,\"planInterval\":\"month\",\"planIntervalCount\":\"1\",\"destination\":null,\"applicationFee\":null,\"applicationFeeInPercent\":null,\"applicationFeeInCents\":null,\"cardName\":\"Yuri Salimovskiy\",\"cardAddressLine1\":null,\"cardAddressLine2\":null,\"cardAddressCity\":null,\"cardAddressState\":null,\"cardAddressZip\":null,\"cardAddressCountry\":null,\"cardLast4\":\"4242\",\"cardType\":\"Visa\",\"cardExpMonth\":\"1\",\"cardExpYear\":\"2022\",\"coupon\":null,\"couponStripeId\":null,\"stripeAccountBalance\":null},\"createAccount\":null,\"user\":null,\"eagerpayments\":null,\"currency\":null,\"amount\":null,\"accountId\":null,\"destination\":null,\"applicationFee\":null,\"applicationFeeInCents\":null,\"applicationFeeInPercent\":null,\"__model__\":\"Craft\\\\ChargeModel\"}}','2017-04-14 14:10:09','2017-04-14 14:10:09','50980c47-a9b8-4aaa-9671-a4e6ee8214d9'),(120,'test','callback','R0JB8hGSLSDrQWbCbbeOhsbsqOWBdZGHXeTR','customer.updated (no handler for this event type, skipping)',NULL,'test','2017-04-14 14:10:10','2017-04-14 14:10:10','23e50781-9652-4b6f-ba32-0ab5bd375e0f'),(121,'test','callback','XeBhoAMe5cwZDgfknIcYj3dmHXcF1kXW2Rd7','customer.source.deleted (no handler for this event type, skipping)',NULL,'test','2017-04-14 14:10:10','2017-04-14 14:10:10','b65f5fbc-4c2c-4d09-834b-d7a40a6e8bb4'),(122,'test','callback','QNCgDKmPoSKrYTWA60HHkJXXlRZnjp1EcPMS','invoice.payment_succeeded',NULL,'test','2017-04-14 14:10:11','2017-04-14 14:10:11','a39ed8d4-952b-40c7-9a0d-810d454fb38c'),(123,'test','note','QNCgDKmPoSKrYTWA60HHkJXXlRZnjp1EcPMS','Recording new invoice from webhook',NULL,'{\"body\":{\"id\":\"evt_1A8V7kKvJtBCDhCWix1bpcdu\",\"object\":\"event\",\"api_version\":\"2017-04-06\",\"created\":1492179008,\"data\":{\"object\":{\"id\":\"in_1A8V7kKvJtBCDhCWKdDSGgf5\",\"object\":\"invoice\",\"amount_due\":13875,\"application_fee\":null,\"attempt_count\":0,\"attempted\":1,\"charge\":\"ch_1A8V7kKvJtBCDhCWjZVAQddI\",\"closed\":1,\"currency\":\"usd\",\"customer\":\"cus_ATQJSlInv98Z6A\",\"date\":1492179008,\"description\":null,\"discount\":null,\"ending_balance\":0,\"forgiven\":0,\"lines\":{\"object\":\"list\",\"data\":[{\"id\":\"sub_ATS1zXZt4IqT9x\",\"object\":\"line_item\",\"amount\":13875,\"currency\":\"usd\",\"description\":null,\"discountable\":1,\"livemode\":0,\"metadata\":[],\"period\":{\"start\":1492179008,\"end\":1494771008},\"plan\":{\"id\":\"138.75 USD Monthly\",\"object\":\"plan\",\"amount\":13875,\"created\":1492172642,\"currency\":\"usd\",\"interval\":\"month\",\"interval_count\":1,\"livemode\":0,\"metadata\":[],\"name\":\"138.75 USD Monthly\",\"statement_descriptor\":null,\"trial_period_days\":null},\"proration\":0,\"quantity\":1,\"subscription\":null,\"subscription_item\":\"si_1A8V7kKvJtBCDhCWkdoF8R1J\",\"type\":\"subscription\"}],\"has_more\":0,\"total_count\":1,\"url\":\"\\/v1\\/invoices\\/in_1A8V7kKvJtBCDhCWKdDSGgf5\\/lines\"},\"livemode\":0,\"metadata\":[],\"next_payment_attempt\":null,\"paid\":1,\"period_end\":1492179008,\"period_start\":1492172642,\"receipt_number\":null,\"starting_balance\":0,\"statement_descriptor\":null,\"subscription\":\"sub_ATS1zXZt4IqT9x\",\"subtotal\":13875,\"tax\":null,\"tax_percent\":null,\"total\":13875,\"webhooks_delivered_at\":null}},\"livemode\":0,\"pending_webhooks\":1,\"request\":\"req_ATS1enPWQ8PFVj\",\"type\":\"invoice.payment_succeeded\"}}','2017-04-14 14:10:11','2017-04-14 14:10:11','24f754d1-bee5-4d93-963a-8497b7bac6f5'),(124,'test','note','QNCgDKmPoSKrYTWA60HHkJXXlRZnjp1EcPMS','Found existing payment recorded with matching id, skipping',NULL,'{\"payment\":{\"mode\":\"test\",\"id\":\"227\",\"stripeId\":\"ch_1A8V7kKvJtBCDhCWjZVAQddI\",\"customerId\":\"cus_ATQJSlInv98Z6A\",\"amount\":\"13875\",\"amountRefunded\":null,\"status\":\"succeeded\",\"refunded\":\"0\",\"paid\":\"1\",\"captured\":\"1\",\"invoiceId\":null,\"receiptEmail\":null,\"failureCode\":null,\"failureMessage\":null,\"currency\":\"usd\",\"userId\":\"1\",\"chargeId\":\"226\",\"cardName\":\"Yuri Salimovskiy\",\"cardAddressLine1\":null,\"cardAddressLine2\":null,\"cardAddressCity\":null,\"cardAddressState\":null,\"cardAddressZip\":null,\"cardAddressCountry\":null,\"cardLast4\":\"4242\",\"cardType\":\"Visa\",\"cardExpMonth\":\"1\",\"cardExpYear\":\"2022\",\"dateCreated\":{\"date\":\"2017-04-14 14:10:09.000000\",\"timezone_type\":1,\"timezone\":\"+00:00\"},\"dateUpdated\":{\"date\":\"2017-04-14 14:10:09.000000\",\"timezone_type\":1,\"timezone\":\"+00:00\"},\"uid\":\"feceb195-69fd-42d9-a618-f30f75089e15\"}}','2017-04-14 14:10:11','2017-04-14 14:10:11','95514fa5-ae99-4c81-9128-33c79eacf2eb'),(125,'test','callback','FzF1wdGVPHYISwazybgcMZxmSCbzVZCYPOXs','customer.subscription.created (no handler for this event type, skipping)',NULL,'test','2017-04-14 14:10:12','2017-04-14 14:10:12','e669e583-5d67-44c8-94b1-aa387b1903b7'),(126,'test','callback','noGZ0uxDghIUu8YrprOh8zPCqUzKAm96beHA','invoice.created (no handler for this event type, skipping)',NULL,'test','2017-04-14 14:10:13','2017-04-14 14:10:13','59c4700e-4fcc-4b6f-9aef-d4b5ea483d97'),(127,'test','callback','MXK7Keb7RdcqHni5GcaRu7TfqF9Lbk82Depq','customer.source.created (no handler for this event type, skipping)',NULL,'test','2017-04-14 14:10:13','2017-04-14 14:10:13','2b7bce11-44d0-4e07-ba72-d997f7d5bdfa'),(128,'test','callback','cwnOdptMCRK6CjVnOQE4UOqoN0gzcPROylbq','charge.succeeded (no handler for this event type, skipping)',NULL,'test','2017-04-14 14:10:14','2017-04-14 14:10:14','106b4991-5e24-406d-a235-495fc95648e8'),(129,'test','request','JJp3W549a64weQLC2HvAejVMQWGvm0BEqgxJ','Charge request started ',NULL,'[]','2017-04-14 14:25:50','2017-04-14 14:25:50','0bed1e77-7f55-433b-ac07-e0b5f9ac5387'),(130,'test','api','JJp3W549a64weQLC2HvAejVMQWGvm0BEqgxJ','Updated stripe customer details',NULL,'{\"customer\":{\"id\":\"1\",\"stripeId\":\"cus_ATQJSlInv98Z6A\",\"mode\":\"test\",\"userId\":\"1\",\"email\":\"max@eec.ms\",\"name\":\"Yuri Salimovskiy\",\"stripe\":{\"id\":\"cus_ATQJSlInv98Z6A\",\"object\":\"customer\",\"account_balance\":0,\"created\":1492172640,\"currency\":\"usd\",\"default_source\":\"card_1A8V7gKvJtBCDhCWlNzIXet4\",\"delinquent\":0,\"description\":null,\"discount\":null,\"email\":\"max@eec.ms\",\"livemode\":0,\"metadata\":{\"Craft User Id\":\"1\"},\"shipping\":null,\"sources\":{\"object\":\"list\",\"data\":[{\"id\":\"card_1A8V7gKvJtBCDhCWlNzIXet4\",\"object\":\"card\",\"address_city\":null,\"address_country\":null,\"address_line1\":null,\"address_line1_check\":null,\"address_line2\":null,\"address_state\":null,\"address_zip\":null,\"address_zip_check\":null,\"brand\":\"Visa\",\"country\":\"US\",\"customer\":\"cus_ATQJSlInv98Z6A\",\"cvc_check\":\"pass\",\"dynamic_last4\":null,\"exp_month\":1,\"exp_year\":2022,\"fingerprint\":\"2sbFp0NGAIy76iM9\",\"funding\":\"credit\",\"last4\":\"4242\",\"metadata\":[],\"name\":\"Yuri Salimovskiy\",\"tokenization_method\":null}],\"has_more\":0,\"total_count\":1,\"url\":\"\\/v1\\/customers\\/cus_ATQJSlInv98Z6A\\/sources\"},\"subscriptions\":{\"object\":\"list\",\"data\":[{\"id\":\"sub_ATS1zXZt4IqT9x\",\"object\":\"subscription\",\"application_fee_percent\":null,\"cancel_at_period_end\":0,\"canceled_at\":null,\"created\":1492179008,\"current_period_end\":1494771008,\"current_period_start\":1492179008,\"customer\":\"cus_ATQJSlInv98Z6A\",\"discount\":null,\"ended_at\":null,\"items\":{\"object\":\"list\",\"data\":[{\"id\":\"si_1A8V7kKvJtBCDhCWkdoF8R1J\",\"object\":\"subscription_item\",\"created\":1492179008,\"plan\":{\"id\":\"138.75 USD Monthly\",\"object\":\"plan\",\"amount\":13875,\"created\":1492172642,\"currency\":\"usd\",\"interval\":\"month\",\"interval_count\":1,\"livemode\":0,\"metadata\":[],\"name\":\"138.75 USD Monthly\",\"statement_descriptor\":null,\"trial_period_days\":null},\"quantity\":1}],\"has_more\":0,\"total_count\":1,\"url\":\"\\/v1\\/subscription_items?subscription=sub_ATS1zXZt4IqT9x\"},\"livemode\":0,\"metadata\":[],\"plan\":{\"id\":\"138.75 USD Monthly\",\"object\":\"plan\",\"amount\":13875,\"created\":1492172642,\"currency\":\"usd\",\"interval\":\"month\",\"interval_count\":1,\"livemode\":0,\"metadata\":[],\"name\":\"138.75 USD Monthly\",\"statement_descriptor\":null,\"trial_period_days\":null},\"quantity\":1,\"start\":1492179008,\"status\":\"active\",\"tax_percent\":null,\"trial_end\":null,\"trial_start\":null},{\"id\":\"sub_ATQveEPuCt0wzX\",\"object\":\"subscription\",\"application_fee_percent\":null,\"cancel_at_period_end\":0,\"canceled_at\":null,\"created\":1492174899,\"current_period_end\":1494766899,\"current_period_start\":1492174899,\"customer\":\"cus_ATQJSlInv98Z6A\",\"discount\":null,\"ended_at\":null,\"items\":{\"object\":\"list\",\"data\":[{\"id\":\"si_1A8U3TKvJtBCDhCW5jFu8rjr\",\"object\":\"subscription_item\",\"created\":1492174899,\"plan\":{\"id\":\"138.75 USD Monthly\",\"object\":\"plan\",\"amount\":13875,\"created\":1492172642,\"currency\":\"usd\",\"interval\":\"month\",\"interval_count\":1,\"livemode\":0,\"metadata\":[],\"name\":\"138.75 USD Monthly\",\"statement_descriptor\":null,\"trial_period_days\":null},\"quantity\":1}],\"has_more\":0,\"total_count\":1,\"url\":\"\\/v1\\/subscription_items?subscription=sub_ATQveEPuCt0wzX\"},\"livemode\":0,\"metadata\":[],\"plan\":{\"id\":\"138.75 USD Monthly\",\"object\":\"plan\",\"amount\":13875,\"created\":1492172642,\"currency\":\"usd\",\"interval\":\"month\",\"interval_count\":1,\"livemode\":0,\"metadata\":[],\"name\":\"138.75 USD Monthly\",\"statement_descriptor\":null,\"trial_period_days\":null},\"quantity\":1,\"start\":1492174899,\"status\":\"active\",\"tax_percent\":null,\"trial_end\":null,\"trial_start\":null},{\"id\":\"sub_ATQmDsMr72xeyz\",\"object\":\"subscription\",\"application_fee_percent\":null,\"cancel_at_period_end\":0,\"canceled_at\":null,\"created\":1492174340,\"current_period_end\":1494766340,\"current_period_start\":1492174340,\"customer\":\"cus_ATQJSlInv98Z6A\",\"discount\":null,\"ended_at\":null,\"items\":{\"object\":\"list\",\"data\":[{\"id\":\"si_1A8TuSKvJtBCDhCWmWrEmDxe\",\"object\":\"subscription_item\",\"created\":1492174340,\"plan\":{\"id\":\"138.75 USD Monthly\",\"object\":\"plan\",\"amount\":13875,\"created\":1492172642,\"currency\":\"usd\",\"interval\":\"month\",\"interval_count\":1,\"livemode\":0,\"metadata\":[],\"name\":\"138.75 USD Monthly\",\"statement_descriptor\":null,\"trial_period_days\":null},\"quantity\":1}],\"has_more\":0,\"total_count\":1,\"url\":\"\\/v1\\/subscription_items?subscription=sub_ATQmDsMr72xeyz\"},\"livemode\":0,\"metadata\":[],\"plan\":{\"id\":\"138.75 USD Monthly\",\"object\":\"plan\",\"amount\":13875,\"created\":1492172642,\"currency\":\"usd\",\"interval\":\"month\",\"interval_count\":1,\"livemode\":0,\"metadata\":[],\"name\":\"138.75 USD Monthly\",\"statement_descriptor\":null,\"trial_period_days\":null},\"quantity\":1,\"start\":1492174340,\"status\":\"active\",\"tax_percent\":null,\"trial_end\":null,\"trial_start\":null},{\"id\":\"sub_ATQg1PlbPMSp2H\",\"object\":\"subscription\",\"application_fee_percent\":null,\"cancel_at_period_end\":0,\"canceled_at\":null,\"created\":1492174025,\"current_period_end\":1494766025,\"current_period_start\":1492174025,\"customer\":\"cus_ATQJSlInv98Z6A\",\"discount\":null,\"ended_at\":null,\"items\":{\"object\":\"list\",\"data\":[{\"id\":\"si_1A8TpNKvJtBCDhCWhx13Ew9v\",\"object\":\"subscription_item\",\"created\":1492174026,\"plan\":{\"id\":\"138.75 USD Monthly\",\"object\":\"plan\",\"amount\":13875,\"created\":1492172642,\"currency\":\"usd\",\"interval\":\"month\",\"interval_count\":1,\"livemode\":0,\"metadata\":[],\"name\":\"138.75 USD Monthly\",\"statement_descriptor\":null,\"trial_period_days\":null},\"quantity\":1}],\"has_more\":0,\"total_count\":1,\"url\":\"\\/v1\\/subscription_items?subscription=sub_ATQg1PlbPMSp2H\"},\"livemode\":0,\"metadata\":[],\"plan\":{\"id\":\"138.75 USD Monthly\",\"object\":\"plan\",\"amount\":13875,\"created\":1492172642,\"currency\":\"usd\",\"interval\":\"month\",\"interval_count\":1,\"livemode\":0,\"metadata\":[],\"name\":\"138.75 USD Monthly\",\"statement_descriptor\":null,\"trial_period_days\":null},\"quantity\":1,\"start\":1492174025,\"status\":\"active\",\"tax_percent\":null,\"trial_end\":null,\"trial_start\":null},{\"id\":\"sub_ATQSPlcUsRCkvn\",\"object\":\"subscription\",\"application_fee_percent\":null,\"cancel_at_period_end\":0,\"canceled_at\":null,\"created\":1492173196,\"current_period_end\":1494765196,\"current_period_start\":1492173196,\"customer\":\"cus_ATQJSlInv98Z6A\",\"discount\":null,\"ended_at\":null,\"items\":{\"object\":\"list\",\"data\":[{\"id\":\"si_1A8Tc0KvJtBCDhCWXW6yOCQ3\",\"object\":\"subscription_item\",\"created\":1492173197,\"plan\":{\"id\":\"138.75 USD Monthly\",\"object\":\"plan\",\"amount\":13875,\"created\":1492172642,\"currency\":\"usd\",\"interval\":\"month\",\"interval_count\":1,\"livemode\":0,\"metadata\":[],\"name\":\"138.75 USD Monthly\",\"statement_descriptor\":null,\"trial_period_days\":null},\"quantity\":1}],\"has_more\":0,\"total_count\":1,\"url\":\"\\/v1\\/subscription_items?subscription=sub_ATQSPlcUsRCkvn\"},\"livemode\":0,\"metadata\":[],\"plan\":{\"id\":\"138.75 USD Monthly\",\"object\":\"plan\",\"amount\":13875,\"created\":1492172642,\"currency\":\"usd\",\"interval\":\"month\",\"interval_count\":1,\"livemode\":0,\"metadata\":[],\"name\":\"138.75 USD Monthly\",\"statement_descriptor\":null,\"trial_period_days\":null},\"quantity\":1,\"start\":1492173196,\"status\":\"active\",\"tax_percent\":null,\"trial_end\":null,\"trial_start\":null},{\"id\":\"sub_ATQJvkeiNTgbrv\",\"object\":\"subscription\",\"application_fee_percent\":null,\"cancel_at_period_end\":0,\"canceled_at\":null,\"created\":1492172642,\"current_period_end\":1494764642,\"current_period_start\":1492172642,\"customer\":\"cus_ATQJSlInv98Z6A\",\"discount\":null,\"ended_at\":null,\"items\":{\"object\":\"list\",\"data\":[{\"id\":\"si_1A8TT4KvJtBCDhCWDBsq9Npg\",\"object\":\"subscription_item\",\"created\":1492172643,\"plan\":{\"id\":\"138.75 USD Monthly\",\"object\":\"plan\",\"amount\":13875,\"created\":1492172642,\"currency\":\"usd\",\"interval\":\"month\",\"interval_count\":1,\"livemode\":0,\"metadata\":[],\"name\":\"138.75 USD Monthly\",\"statement_descriptor\":null,\"trial_period_days\":null},\"quantity\":1}],\"has_more\":0,\"total_count\":1,\"url\":\"\\/v1\\/subscription_items?subscription=sub_ATQJvkeiNTgbrv\"},\"livemode\":0,\"metadata\":[],\"plan\":{\"id\":\"138.75 USD Monthly\",\"object\":\"plan\",\"amount\":13875,\"created\":1492172642,\"currency\":\"usd\",\"interval\":\"month\",\"interval_count\":1,\"livemode\":0,\"metadata\":[],\"name\":\"138.75 USD Monthly\",\"statement_descriptor\":null,\"trial_period_days\":null},\"quantity\":1,\"start\":1492172642,\"status\":\"active\",\"tax_percent\":null,\"trial_end\":null,\"trial_start\":null}],\"has_more\":0,\"total_count\":6,\"url\":\"\\/v1\\/customers\\/cus_ATQJSlInv98Z6A\\/subscriptions\"}},\"dateCreated\":\"2017-04-14 12:24:00\",\"__model__\":\"Craft\\\\Charge_CustomerModel\"}}','2017-04-14 14:25:51','2017-04-14 14:25:51','07d00d25-af57-4a0e-92a8-89a116861d6d'),(131,'test','api','JJp3W549a64weQLC2HvAejVMQWGvm0BEqgxJ','Found existing customer',NULL,'{\"customer\":{\"id\":\"1\",\"stripeId\":\"cus_ATQJSlInv98Z6A\",\"mode\":\"test\",\"userId\":\"1\",\"email\":\"max@eec.ms\",\"name\":\"Yuri Salimovskiy\",\"stripe\":{\"id\":\"cus_ATQJSlInv98Z6A\",\"object\":\"customer\",\"account_balance\":0,\"created\":1492172640,\"currency\":\"usd\",\"default_source\":\"card_1A8V7gKvJtBCDhCWlNzIXet4\",\"delinquent\":0,\"description\":null,\"discount\":null,\"email\":\"max@eec.ms\",\"livemode\":0,\"metadata\":{\"Craft User Id\":\"1\"},\"shipping\":null,\"sources\":{\"object\":\"list\",\"data\":[{\"id\":\"card_1A8V7gKvJtBCDhCWlNzIXet4\",\"object\":\"card\",\"address_city\":null,\"address_country\":null,\"address_line1\":null,\"address_line1_check\":null,\"address_line2\":null,\"address_state\":null,\"address_zip\":null,\"address_zip_check\":null,\"brand\":\"Visa\",\"country\":\"US\",\"customer\":\"cus_ATQJSlInv98Z6A\",\"cvc_check\":\"pass\",\"dynamic_last4\":null,\"exp_month\":1,\"exp_year\":2022,\"fingerprint\":\"2sbFp0NGAIy76iM9\",\"funding\":\"credit\",\"last4\":\"4242\",\"metadata\":[],\"name\":\"Yuri Salimovskiy\",\"tokenization_method\":null}],\"has_more\":0,\"total_count\":1,\"url\":\"\\/v1\\/customers\\/cus_ATQJSlInv98Z6A\\/sources\"},\"subscriptions\":{\"object\":\"list\",\"data\":[{\"id\":\"sub_ATS1zXZt4IqT9x\",\"object\":\"subscription\",\"application_fee_percent\":null,\"cancel_at_period_end\":0,\"canceled_at\":null,\"created\":1492179008,\"current_period_end\":1494771008,\"current_period_start\":1492179008,\"customer\":\"cus_ATQJSlInv98Z6A\",\"discount\":null,\"ended_at\":null,\"items\":{\"object\":\"list\",\"data\":[{\"id\":\"si_1A8V7kKvJtBCDhCWkdoF8R1J\",\"object\":\"subscription_item\",\"created\":1492179008,\"plan\":{\"id\":\"138.75 USD Monthly\",\"object\":\"plan\",\"amount\":13875,\"created\":1492172642,\"currency\":\"usd\",\"interval\":\"month\",\"interval_count\":1,\"livemode\":0,\"metadata\":[],\"name\":\"138.75 USD Monthly\",\"statement_descriptor\":null,\"trial_period_days\":null},\"quantity\":1}],\"has_more\":0,\"total_count\":1,\"url\":\"\\/v1\\/subscription_items?subscription=sub_ATS1zXZt4IqT9x\"},\"livemode\":0,\"metadata\":[],\"plan\":{\"id\":\"138.75 USD Monthly\",\"object\":\"plan\",\"amount\":13875,\"created\":1492172642,\"currency\":\"usd\",\"interval\":\"month\",\"interval_count\":1,\"livemode\":0,\"metadata\":[],\"name\":\"138.75 USD Monthly\",\"statement_descriptor\":null,\"trial_period_days\":null},\"quantity\":1,\"start\":1492179008,\"status\":\"active\",\"tax_percent\":null,\"trial_end\":null,\"trial_start\":null},{\"id\":\"sub_ATQveEPuCt0wzX\",\"object\":\"subscription\",\"application_fee_percent\":null,\"cancel_at_period_end\":0,\"canceled_at\":null,\"created\":1492174899,\"current_period_end\":1494766899,\"current_period_start\":1492174899,\"customer\":\"cus_ATQJSlInv98Z6A\",\"discount\":null,\"ended_at\":null,\"items\":{\"object\":\"list\",\"data\":[{\"id\":\"si_1A8U3TKvJtBCDhCW5jFu8rjr\",\"object\":\"subscription_item\",\"created\":1492174899,\"plan\":{\"id\":\"138.75 USD Monthly\",\"object\":\"plan\",\"amount\":13875,\"created\":1492172642,\"currency\":\"usd\",\"interval\":\"month\",\"interval_count\":1,\"livemode\":0,\"metadata\":[],\"name\":\"138.75 USD Monthly\",\"statement_descriptor\":null,\"trial_period_days\":null},\"quantity\":1}],\"has_more\":0,\"total_count\":1,\"url\":\"\\/v1\\/subscription_items?subscription=sub_ATQveEPuCt0wzX\"},\"livemode\":0,\"metadata\":[],\"plan\":{\"id\":\"138.75 USD Monthly\",\"object\":\"plan\",\"amount\":13875,\"created\":1492172642,\"currency\":\"usd\",\"interval\":\"month\",\"interval_count\":1,\"livemode\":0,\"metadata\":[],\"name\":\"138.75 USD Monthly\",\"statement_descriptor\":null,\"trial_period_days\":null},\"quantity\":1,\"start\":1492174899,\"status\":\"active\",\"tax_percent\":null,\"trial_end\":null,\"trial_start\":null},{\"id\":\"sub_ATQmDsMr72xeyz\",\"object\":\"subscription\",\"application_fee_percent\":null,\"cancel_at_period_end\":0,\"canceled_at\":null,\"created\":1492174340,\"current_period_end\":1494766340,\"current_period_start\":1492174340,\"customer\":\"cus_ATQJSlInv98Z6A\",\"discount\":null,\"ended_at\":null,\"items\":{\"object\":\"list\",\"data\":[{\"id\":\"si_1A8TuSKvJtBCDhCWmWrEmDxe\",\"object\":\"subscription_item\",\"created\":1492174340,\"plan\":{\"id\":\"138.75 USD Monthly\",\"object\":\"plan\",\"amount\":13875,\"created\":1492172642,\"currency\":\"usd\",\"interval\":\"month\",\"interval_count\":1,\"livemode\":0,\"metadata\":[],\"name\":\"138.75 USD Monthly\",\"statement_descriptor\":null,\"trial_period_days\":null},\"quantity\":1}],\"has_more\":0,\"total_count\":1,\"url\":\"\\/v1\\/subscription_items?subscription=sub_ATQmDsMr72xeyz\"},\"livemode\":0,\"metadata\":[],\"plan\":{\"id\":\"138.75 USD Monthly\",\"object\":\"plan\",\"amount\":13875,\"created\":1492172642,\"currency\":\"usd\",\"interval\":\"month\",\"interval_count\":1,\"livemode\":0,\"metadata\":[],\"name\":\"138.75 USD Monthly\",\"statement_descriptor\":null,\"trial_period_days\":null},\"quantity\":1,\"start\":1492174340,\"status\":\"active\",\"tax_percent\":null,\"trial_end\":null,\"trial_start\":null},{\"id\":\"sub_ATQg1PlbPMSp2H\",\"object\":\"subscription\",\"application_fee_percent\":null,\"cancel_at_period_end\":0,\"canceled_at\":null,\"created\":1492174025,\"current_period_end\":1494766025,\"current_period_start\":1492174025,\"customer\":\"cus_ATQJSlInv98Z6A\",\"discount\":null,\"ended_at\":null,\"items\":{\"object\":\"list\",\"data\":[{\"id\":\"si_1A8TpNKvJtBCDhCWhx13Ew9v\",\"object\":\"subscription_item\",\"created\":1492174026,\"plan\":{\"id\":\"138.75 USD Monthly\",\"object\":\"plan\",\"amount\":13875,\"created\":1492172642,\"currency\":\"usd\",\"interval\":\"month\",\"interval_count\":1,\"livemode\":0,\"metadata\":[],\"name\":\"138.75 USD Monthly\",\"statement_descriptor\":null,\"trial_period_days\":null},\"quantity\":1}],\"has_more\":0,\"total_count\":1,\"url\":\"\\/v1\\/subscription_items?subscription=sub_ATQg1PlbPMSp2H\"},\"livemode\":0,\"metadata\":[],\"plan\":{\"id\":\"138.75 USD Monthly\",\"object\":\"plan\",\"amount\":13875,\"created\":1492172642,\"currency\":\"usd\",\"interval\":\"month\",\"interval_count\":1,\"livemode\":0,\"metadata\":[],\"name\":\"138.75 USD Monthly\",\"statement_descriptor\":null,\"trial_period_days\":null},\"quantity\":1,\"start\":1492174025,\"status\":\"active\",\"tax_percent\":null,\"trial_end\":null,\"trial_start\":null},{\"id\":\"sub_ATQSPlcUsRCkvn\",\"object\":\"subscription\",\"application_fee_percent\":null,\"cancel_at_period_end\":0,\"canceled_at\":null,\"created\":1492173196,\"current_period_end\":1494765196,\"current_period_start\":1492173196,\"customer\":\"cus_ATQJSlInv98Z6A\",\"discount\":null,\"ended_at\":null,\"items\":{\"object\":\"list\",\"data\":[{\"id\":\"si_1A8Tc0KvJtBCDhCWXW6yOCQ3\",\"object\":\"subscription_item\",\"created\":1492173197,\"plan\":{\"id\":\"138.75 USD Monthly\",\"object\":\"plan\",\"amount\":13875,\"created\":1492172642,\"currency\":\"usd\",\"interval\":\"month\",\"interval_count\":1,\"livemode\":0,\"metadata\":[],\"name\":\"138.75 USD Monthly\",\"statement_descriptor\":null,\"trial_period_days\":null},\"quantity\":1}],\"has_more\":0,\"total_count\":1,\"url\":\"\\/v1\\/subscription_items?subscription=sub_ATQSPlcUsRCkvn\"},\"livemode\":0,\"metadata\":[],\"plan\":{\"id\":\"138.75 USD Monthly\",\"object\":\"plan\",\"amount\":13875,\"created\":1492172642,\"currency\":\"usd\",\"interval\":\"month\",\"interval_count\":1,\"livemode\":0,\"metadata\":[],\"name\":\"138.75 USD Monthly\",\"statement_descriptor\":null,\"trial_period_days\":null},\"quantity\":1,\"start\":1492173196,\"status\":\"active\",\"tax_percent\":null,\"trial_end\":null,\"trial_start\":null},{\"id\":\"sub_ATQJvkeiNTgbrv\",\"object\":\"subscription\",\"application_fee_percent\":null,\"cancel_at_period_end\":0,\"canceled_at\":null,\"created\":1492172642,\"current_period_end\":1494764642,\"current_period_start\":1492172642,\"customer\":\"cus_ATQJSlInv98Z6A\",\"discount\":null,\"ended_at\":null,\"items\":{\"object\":\"list\",\"data\":[{\"id\":\"si_1A8TT4KvJtBCDhCWDBsq9Npg\",\"object\":\"subscription_item\",\"created\":1492172643,\"plan\":{\"id\":\"138.75 USD Monthly\",\"object\":\"plan\",\"amount\":13875,\"created\":1492172642,\"currency\":\"usd\",\"interval\":\"month\",\"interval_count\":1,\"livemode\":0,\"metadata\":[],\"name\":\"138.75 USD Monthly\",\"statement_descriptor\":null,\"trial_period_days\":null},\"quantity\":1}],\"has_more\":0,\"total_count\":1,\"url\":\"\\/v1\\/subscription_items?subscription=sub_ATQJvkeiNTgbrv\"},\"livemode\":0,\"metadata\":[],\"plan\":{\"id\":\"138.75 USD Monthly\",\"object\":\"plan\",\"amount\":13875,\"created\":1492172642,\"currency\":\"usd\",\"interval\":\"month\",\"interval_count\":1,\"livemode\":0,\"metadata\":[],\"name\":\"138.75 USD Monthly\",\"statement_descriptor\":null,\"trial_period_days\":null},\"quantity\":1,\"start\":1492172642,\"status\":\"active\",\"tax_percent\":null,\"trial_end\":null,\"trial_start\":null}],\"has_more\":0,\"total_count\":6,\"url\":\"\\/v1\\/customers\\/cus_ATQJSlInv98Z6A\\/subscriptions\"}},\"dateCreated\":\"2017-04-14 12:24:00\",\"__model__\":\"Craft\\\\Charge_CustomerModel\"}}','2017-04-14 14:25:51','2017-04-14 14:25:51','44e19063-7ae1-4486-99bf-358a9c45ce26'),(132,'test','api','JJp3W549a64weQLC2HvAejVMQWGvm0BEqgxJ','Found existing plan',NULL,'Found existing plan with name \"138.75 USD Monthly\" on Stripe','2017-04-14 14:25:53','2017-04-14 14:25:53','0dda1908-d0dc-4fbb-ac58-fa8946f60180'),(133,'test','success','JJp3W549a64weQLC2HvAejVMQWGvm0BEqgxJ','Charge Successfully Completed',NULL,'{\"charge\":{\"id\":\"229\",\"enabled\":1,\"archived\":0,\"locale\":\"en_us\",\"localeEnabled\":1,\"slug\":\"ecbbee8171ffcc81c9fd9cca690e04d5\",\"uri\":\"charge\\/thanks\\/ecbbee8171ffcc81c9fd9cca690e04d5\",\"dateCreated\":\"2017-04-14 14:25:54\",\"dateUpdated\":\"2017-04-14 14:25:54\",\"root\":null,\"lft\":null,\"rgt\":null,\"level\":null,\"searchScore\":null,\"customerId\":\"1\",\"userId\":\"1\",\"type\":\"recurring\",\"mode\":\"test\",\"customerName\":\"Iurii Salimovskyi\",\"customerEmail\":\"max@eec.ms\",\"description\":null,\"hash\":\"ecbbee8171ffcc81c9fd9cca690e04d5\",\"notes\":null,\"meta\":[],\"sourceUrl\":\"shop\\/payment\",\"timestamp\":\"2017-04-14 14:25:54\",\"cardId\":null,\"cardToken\":\"tok_1A8VMvKvJtBCDhCWCjYmFCdO\",\"cardName\":\"Iurii Salimovskyi\",\"cardAddressLine1\":null,\"cardAddressLine2\":null,\"cardAddressCity\":null,\"cardAddressState\":null,\"cardAddressZip\":null,\"cardAddressCountry\":null,\"cardLast4\":\"4242\",\"cardType\":\"Visa\",\"cardExpMonth\":\"11\",\"cardExpYear\":\"2022\",\"planAmount\":\"138.7500\",\"planAmountInCents\":13875,\"planCurrency\":\"USD\",\"planInterval\":\"month\",\"planIntervalCount\":\"1\",\"planName\":null,\"planDiscount\":null,\"planFullAmount\":null,\"planChoice\":null,\"planOpts\":null,\"hasDiscount\":0,\"coupon\":null,\"planCoupon\":null,\"couponStripeId\":null,\"stripeAccountBalance\":null,\"actions\":{\"onSuccess\":{\"chargeCommerce_updateOrder\":{\"orderId\":\"228\",\"status\":\"subscriptionActive\",\"complete\":1}},\"onFailure\":{\"chargeCommerce_updateOrder\":{\"orderId\":\"228\",\"status\":\"subscriptionCancelled\"},\"email\":[\"payment-failed-customer\",\"payment-failed-admin\"]}},\"content\":null,\"request\":{\"planAmount\":\"138.7500\",\"planCurrency\":\"USD\",\"planAmountInCents\":13875,\"planName\":null,\"planDiscount\":null,\"planFullAmount\":null,\"planChoice\":null,\"planOpts\":null,\"planInterval\":\"month\",\"planIntervalCount\":\"1\",\"destination\":null,\"applicationFee\":null,\"applicationFeeInPercent\":null,\"applicationFeeInCents\":null,\"cardName\":\"Iurii Salimovskyi\",\"cardAddressLine1\":null,\"cardAddressLine2\":null,\"cardAddressCity\":null,\"cardAddressState\":null,\"cardAddressZip\":null,\"cardAddressCountry\":null,\"cardLast4\":\"4242\",\"cardType\":\"Visa\",\"cardExpMonth\":\"11\",\"cardExpYear\":\"2022\",\"coupon\":null,\"couponStripeId\":null,\"stripeAccountBalance\":null},\"createAccount\":null,\"user\":null,\"eagerpayments\":null,\"currency\":null,\"amount\":null,\"accountId\":null,\"destination\":null,\"applicationFee\":null,\"applicationFeeInCents\":null,\"applicationFeeInPercent\":null,\"__model__\":\"Craft\\\\ChargeModel\"}}','2017-04-14 14:25:54','2017-04-14 14:25:54','0e055012-5cf5-4b36-9da7-394979b6fe1c'),(134,'test','callback','uBjvSQJMZbxbCJX8UjTwrYylYovGpqBedtG9','invoice.payment_succeeded',NULL,'test','2017-04-14 14:25:55','2017-04-14 14:25:55','047ba1ae-1582-408a-853a-2132a25f4d64'),(135,'test','note','uBjvSQJMZbxbCJX8UjTwrYylYovGpqBedtG9','Recording new invoice from webhook',NULL,'{\"body\":{\"id\":\"evt_1A8VMzKvJtBCDhCWsyWxAS1f\",\"object\":\"event\",\"api_version\":\"2017-04-06\",\"created\":1492179953,\"data\":{\"object\":{\"id\":\"in_1A8VMzKvJtBCDhCWHnhjpVct\",\"object\":\"invoice\",\"amount_due\":13875,\"application_fee\":null,\"attempt_count\":0,\"attempted\":1,\"charge\":\"ch_1A8VMzKvJtBCDhCWAGvG2XrU\",\"closed\":1,\"currency\":\"usd\",\"customer\":\"cus_ATQJSlInv98Z6A\",\"date\":1492179953,\"description\":null,\"discount\":null,\"ending_balance\":0,\"forgiven\":0,\"lines\":{\"object\":\"list\",\"data\":[{\"id\":\"sub_ATSHoNWFS5Ydch\",\"object\":\"line_item\",\"amount\":13875,\"currency\":\"usd\",\"description\":null,\"discountable\":1,\"livemode\":0,\"metadata\":[],\"period\":{\"start\":1492179953,\"end\":1494771953},\"plan\":{\"id\":\"138.75 USD Monthly\",\"object\":\"plan\",\"amount\":13875,\"created\":1492172642,\"currency\":\"usd\",\"interval\":\"month\",\"interval_count\":1,\"livemode\":0,\"metadata\":[],\"name\":\"138.75 USD Monthly\",\"statement_descriptor\":null,\"trial_period_days\":null},\"proration\":0,\"quantity\":1,\"subscription\":null,\"subscription_item\":\"si_1A8VMzKvJtBCDhCW76bsQCrn\",\"type\":\"subscription\"}],\"has_more\":0,\"total_count\":1,\"url\":\"\\/v1\\/invoices\\/in_1A8VMzKvJtBCDhCWHnhjpVct\\/lines\"},\"livemode\":0,\"metadata\":[],\"next_payment_attempt\":null,\"paid\":1,\"period_end\":1492179953,\"period_start\":1492172642,\"receipt_number\":null,\"starting_balance\":0,\"statement_descriptor\":null,\"subscription\":\"sub_ATSHoNWFS5Ydch\",\"subtotal\":13875,\"tax\":null,\"tax_percent\":null,\"total\":13875,\"webhooks_delivered_at\":null}},\"livemode\":0,\"pending_webhooks\":1,\"request\":\"req_ATSHtjatJfBe6a\",\"type\":\"invoice.payment_succeeded\"}}','2017-04-14 14:25:55','2017-04-14 14:25:55','e4c82a5a-beb6-486e-a9d7-a9f4e3a1fe0a'),(136,'test','note','uBjvSQJMZbxbCJX8UjTwrYylYovGpqBedtG9','Found existing payment recorded with matching id, skipping',NULL,'{\"payment\":{\"mode\":\"test\",\"id\":\"230\",\"stripeId\":\"ch_1A8VMzKvJtBCDhCWAGvG2XrU\",\"customerId\":\"cus_ATQJSlInv98Z6A\",\"amount\":\"13875\",\"amountRefunded\":null,\"status\":\"succeeded\",\"refunded\":\"0\",\"paid\":\"1\",\"captured\":\"1\",\"invoiceId\":null,\"receiptEmail\":null,\"failureCode\":null,\"failureMessage\":null,\"currency\":\"usd\",\"userId\":\"1\",\"chargeId\":\"229\",\"cardName\":\"Iurii Salimovskyi\",\"cardAddressLine1\":null,\"cardAddressLine2\":null,\"cardAddressCity\":null,\"cardAddressState\":null,\"cardAddressZip\":null,\"cardAddressCountry\":null,\"cardLast4\":\"4242\",\"cardType\":\"Visa\",\"cardExpMonth\":\"11\",\"cardExpYear\":\"2022\",\"dateCreated\":{\"date\":\"2017-04-14 14:25:54.000000\",\"timezone_type\":1,\"timezone\":\"+00:00\"},\"dateUpdated\":{\"date\":\"2017-04-14 14:25:54.000000\",\"timezone_type\":1,\"timezone\":\"+00:00\"},\"uid\":\"9aa7dc6d-6269-49f4-9dbe-7238749fdc27\"}}','2017-04-14 14:25:55','2017-04-14 14:25:55','0ff77673-d514-4fe3-8b07-c03ae4c3ef04'),(137,'test','callback','Bi8HheGznukeSUA48Kc4ghgm2A6cf1yqUQRw','customer.updated (no handler for this event type, skipping)',NULL,'test','2017-04-14 14:25:56','2017-04-14 14:25:56','10919f3e-abec-455a-acb0-0d0090806137'),(138,'test','callback','hP1G7DHEGkhJtVSSsUlcHo5bgadUVWhu9SQN','invoice.created (no handler for this event type, skipping)',NULL,'test','2017-04-14 14:25:58','2017-04-14 14:25:58','cc8ac66d-986f-4de9-be23-b3d99b9c5dfc'),(139,'test','callback','LnCjdqjwmSHK1Ny6mbgwIMMdRHrDKyzpemsH','charge.succeeded (no handler for this event type, skipping)',NULL,'test','2017-04-14 14:25:59','2017-04-14 14:25:59','f2a61a6d-4a04-47bf-b2b8-e4d6a0306a9d'),(140,'test','callback','x3RLbraVIzITjbplzbmd9hcO3QzXTnrl5qgB','customer.source.deleted (no handler for this event type, skipping)',NULL,'test','2017-04-14 14:26:00','2017-04-14 14:26:00','9cce9fa5-8825-4ed4-b827-671245a5f7f6'),(141,'test','callback','3G12MU0h9alytKVdTq49XFFftvpQZxBOIEq5','customer.subscription.created (no handler for this event type, skipping)',NULL,'test','2017-04-14 14:26:07','2017-04-14 14:26:07','8cbb9476-177b-45ef-908f-fbc80e360111'),(142,'test','callback','NGO1uquRQcGMW66DelIjNfeyoDqLl8pEHx6c','customer.source.created (no handler for this event type, skipping)',NULL,'test','2017-04-14 14:26:20','2017-04-14 14:26:20','733da37b-30aa-4941-bdb5-b686732c8f0c'),(143,'unset','info','caFwNWJ4skoiW5Q7DAshYo2gq2fWnkPJbBqU','Validating connection details.',NULL,'[]','2017-06-16 16:12:37','2017-06-16 16:12:37','678e5d7f-0609-41cf-a405-a5335cb14053'),(144,'test','request','caFwNWJ4skoiW5Q7DAshYo2gq2fWnkPJbBqU','Invalid Callback Received',NULL,'{\"body\":null}','2017-06-16 16:12:37','2017-06-16 16:12:37','3f673c44-a349-450a-a19f-246b9975ddac'),(145,'test','error','caFwNWJ4skoiW5Q7DAshYo2gq2fWnkPJbBqU','Callback failed validation',NULL,'[]','2017-06-16 16:12:37','2017-06-16 16:12:37','df0ba91f-7a90-417d-922c-f04c7f625413');

--
-- Table structure for table `craft_charge_membershipsubscription_emails`
--

CREATE TABLE `craft_charge_membershipsubscription_emails` (
  `id` int(11) NOT NULL AUTO_INCREMENT,
  `membershipSubscriptionId` int(11) NOT NULL,
  `emailId` int(11) NOT NULL,
  `type` varchar(255) COLLATE utf8_unicode_ci NOT NULL,
  `dateCreated` datetime NOT NULL,
  `dateUpdated` datetime NOT NULL,
  `uid` char(36) COLLATE utf8_unicode_ci NOT NULL DEFAULT '0',
  PRIMARY KEY (`id`),
  KEY `craft_charg_membershipsubscripti_email_membershipSubscription_fk` (`membershipSubscriptionId`),
  KEY `craft_charge_membershipsubscription_emails_emailId_fk` (`emailId`),
  CONSTRAINT `craft_charge_membershipsubscription_emails_emailId_fk` FOREIGN KEY (`emailId`) REFERENCES `craft_charge_emails` (`id`) ON DELETE CASCADE ON UPDATE CASCADE,
  CONSTRAINT `craft_charg_membershipsubscripti_email_membershipSubscription_fk` FOREIGN KEY (`membershipSubscriptionId`) REFERENCES `craft_charge_membershipsubscriptions` (`id`) ON DELETE CASCADE ON UPDATE CASCADE
) ENGINE=InnoDB DEFAULT CHARSET=utf8 COLLATE=utf8_unicode_ci;

--
-- Dumping data for table `craft_charge_membershipsubscription_emails`
--


--
-- Table structure for table `craft_charge_membershipsubscriptions`
--

CREATE TABLE `craft_charge_membershipsubscriptions` (
  `id` int(11) NOT NULL AUTO_INCREMENT,
  `name` varchar(255) COLLATE utf8_unicode_ci NOT NULL,
  `handle` varchar(255) COLLATE utf8_unicode_ci NOT NULL,
  `enabled` tinyint(1) unsigned NOT NULL DEFAULT '0',
  `activeUserGroup` varchar(255) COLLATE utf8_unicode_ci NOT NULL,
  `dateCreated` datetime NOT NULL,
  `dateUpdated` datetime NOT NULL,
  `uid` char(36) COLLATE utf8_unicode_ci NOT NULL DEFAULT '0',
  PRIMARY KEY (`id`),
  UNIQUE KEY `craft_charge_membershipsubscriptions_handle_unq_idx` (`handle`)
) ENGINE=InnoDB DEFAULT CHARSET=utf8 COLLATE=utf8_unicode_ci;

--
-- Dumping data for table `craft_charge_membershipsubscriptions`
--


--
-- Table structure for table `craft_charge_payments`
--

CREATE TABLE `craft_charge_payments` (
  `id` int(11) NOT NULL,
  `stripeId` varchar(255) COLLATE utf8_unicode_ci DEFAULT NULL,
  `customerId` varchar(255) COLLATE utf8_unicode_ci DEFAULT NULL,
  `mode` enum('test','live') COLLATE utf8_unicode_ci DEFAULT 'test',
  `amount` int(10) DEFAULT NULL,
  `amountRefunded` int(10) DEFAULT NULL,
  `status` varchar(255) COLLATE utf8_unicode_ci DEFAULT NULL,
  `refunded` varchar(255) COLLATE utf8_unicode_ci DEFAULT NULL,
  `paid` varchar(255) COLLATE utf8_unicode_ci DEFAULT NULL,
  `captured` varchar(255) COLLATE utf8_unicode_ci DEFAULT NULL,
  `invoiceId` varchar(255) COLLATE utf8_unicode_ci DEFAULT NULL,
  `receiptEmail` varchar(255) COLLATE utf8_unicode_ci DEFAULT NULL,
  `failureCode` varchar(255) COLLATE utf8_unicode_ci DEFAULT NULL,
  `failureMessage` varchar(255) COLLATE utf8_unicode_ci DEFAULT NULL,
  `currency` varchar(255) COLLATE utf8_unicode_ci DEFAULT NULL,
  `userId` int(10) DEFAULT NULL,
  `chargeId` int(10) DEFAULT NULL,
  `cardName` varchar(255) COLLATE utf8_unicode_ci DEFAULT NULL,
  `cardAddressLine1` varchar(255) COLLATE utf8_unicode_ci DEFAULT NULL,
  `cardAddressLine2` varchar(255) COLLATE utf8_unicode_ci DEFAULT NULL,
  `cardAddressCity` varchar(255) COLLATE utf8_unicode_ci DEFAULT NULL,
  `cardAddressState` varchar(255) COLLATE utf8_unicode_ci DEFAULT NULL,
  `cardAddressZip` varchar(255) COLLATE utf8_unicode_ci DEFAULT NULL,
  `cardAddressCountry` varchar(255) COLLATE utf8_unicode_ci DEFAULT NULL,
  `cardLast4` varchar(255) COLLATE utf8_unicode_ci DEFAULT NULL,
  `cardType` varchar(255) COLLATE utf8_unicode_ci DEFAULT NULL,
  `cardExpMonth` varchar(255) COLLATE utf8_unicode_ci DEFAULT NULL,
  `cardExpYear` varchar(255) COLLATE utf8_unicode_ci DEFAULT NULL,
  `dateCreated` datetime NOT NULL,
  `dateUpdated` datetime NOT NULL,
  `uid` char(36) COLLATE utf8_unicode_ci NOT NULL DEFAULT '0',
  PRIMARY KEY (`id`),
  KEY `craft_charge_payments_chargeId_fk` (`chargeId`),
  KEY `craft_charge_payments_userId_fk` (`userId`),
  CONSTRAINT `craft_charge_payments_chargeId_fk` FOREIGN KEY (`chargeId`) REFERENCES `craft_charges` (`id`) ON DELETE CASCADE,
  CONSTRAINT `craft_charge_payments_id_fk` FOREIGN KEY (`id`) REFERENCES `craft_elements` (`id`) ON DELETE CASCADE,
  CONSTRAINT `craft_charge_payments_userId_fk` FOREIGN KEY (`userId`) REFERENCES `craft_users` (`id`) ON DELETE SET NULL
) ENGINE=InnoDB DEFAULT CHARSET=utf8 COLLATE=utf8_unicode_ci;

--
-- Dumping data for table `craft_charge_payments`
--

INSERT INTO `craft_charge_payments` VALUES (208,'ch_1A8TAsKvJtBCDhCWvsbaq06b','cus_ATPyTwMgtkiemk','test',87499,NULL,NULL,NULL,'1',NULL,NULL,NULL,NULL,NULL,'usd',NULL,NULL,NULL,NULL,NULL,NULL,NULL,NULL,NULL,NULL,NULL,NULL,NULL,'2017-04-14 12:05:21','2017-04-14 12:05:21','16c34341-5196-4889-b5e3-7010e82029f7'),(216,'ch_1A8TT4KvJtBCDhCW6tdx1eZe','cus_ATQJSlInv98Z6A','test',13875,NULL,'succeeded','0','1','1',NULL,NULL,NULL,NULL,'usd',1,215,'max@eec.ms',NULL,NULL,NULL,NULL,NULL,NULL,'4242','Visa','12','2020','2017-04-14 12:24:04','2017-04-14 12:24:04','88423bcf-b69a-42b2-90b7-8aa0b2a3c7f7'),(218,'ch_1A8Tc0KvJtBCDhCWTmPnutQA','cus_ATQJSlInv98Z6A','test',13875,NULL,'succeeded','0','1','1',NULL,NULL,NULL,NULL,'usd',1,217,'max@eec.ms',NULL,NULL,NULL,NULL,NULL,NULL,'4242','Visa','1','2020','2017-04-14 12:33:18','2017-04-14 12:33:18','53dad676-c59a-4869-aebf-2dc3acea9cc3'),(220,'ch_1A8TpNKvJtBCDhCWqjweQB4n','cus_ATQJSlInv98Z6A','test',13875,NULL,'succeeded','0','1','1',NULL,NULL,NULL,NULL,'usd',1,219,'max@eec.ms',NULL,NULL,NULL,NULL,NULL,NULL,'4242','Visa','1','2025','2017-04-14 12:47:07','2017-04-14 12:47:07','44357866-c614-455e-acfa-3849ef7d0e71'),(222,'ch_1A8TuSKvJtBCDhCWkFA0VCQQ','cus_ATQJSlInv98Z6A','test',13875,NULL,'succeeded','0','1','1',NULL,NULL,NULL,NULL,'usd',1,221,'max@eec.ms',NULL,NULL,NULL,NULL,NULL,NULL,'4242','Visa','1','2025','2017-04-14 12:52:21','2017-04-14 12:52:21','92612b4d-7d9b-4b57-a8db-04521acf2148'),(224,'ch_1A8U3TKvJtBCDhCWn1EPaZzh','cus_ATQJSlInv98Z6A','test',13875,NULL,'succeeded','0','1','1',NULL,NULL,NULL,NULL,'usd',1,223,'max@eec.ms',NULL,NULL,NULL,NULL,NULL,NULL,'4242','Visa','1','2022','2017-04-14 13:01:40','2017-04-14 13:01:40','ad34acd8-f705-45b7-a50e-9eb621b668a8'),(227,'ch_1A8V7kKvJtBCDhCWjZVAQddI','cus_ATQJSlInv98Z6A','test',13875,NULL,'succeeded','0','1','1',NULL,NULL,NULL,NULL,'usd',1,226,'Yuri Salimovskiy',NULL,NULL,NULL,NULL,NULL,NULL,'4242','Visa','1','2022','2017-04-14 14:10:09','2017-04-14 14:10:09','feceb195-69fd-42d9-a618-f30f75089e15'),(230,'ch_1A8VMzKvJtBCDhCWAGvG2XrU','cus_ATQJSlInv98Z6A','test',13875,NULL,'succeeded','0','1','1',NULL,NULL,NULL,NULL,'usd',1,229,'Iurii Salimovskyi',NULL,NULL,NULL,NULL,NULL,NULL,'4242','Visa','11','2022','2017-04-14 14:25:54','2017-04-14 14:25:54','9aa7dc6d-6269-49f4-9dbe-7238749fdc27');

--
-- Table structure for table `craft_charge_subscriber`
--

CREATE TABLE `craft_charge_subscriber` (
  `id` int(11) NOT NULL,
  `userId` int(11) NOT NULL,
  `chargeId` int(11) DEFAULT NULL,
  `membershipSubscriptionId` int(11) NOT NULL,
  `status` varchar(255) COLLATE utf8_unicode_ci NOT NULL,
  `dateCreated` datetime NOT NULL,
  `dateUpdated` datetime NOT NULL,
  `uid` char(36) COLLATE utf8_unicode_ci NOT NULL DEFAULT '0',
  PRIMARY KEY (`id`),
  KEY `craft_charge_subscriber_userId_fk` (`userId`),
  KEY `craft_charge_subscriber_chargeId_fk` (`chargeId`),
  KEY `craft_charge_subscriber_membershipSubscriptionId_fk` (`membershipSubscriptionId`),
  CONSTRAINT `craft_charge_subscriber_chargeId_fk` FOREIGN KEY (`chargeId`) REFERENCES `craft_charges` (`id`) ON DELETE CASCADE ON UPDATE CASCADE,
  CONSTRAINT `craft_charge_subscriber_id_fk` FOREIGN KEY (`id`) REFERENCES `craft_elements` (`id`) ON DELETE CASCADE,
  CONSTRAINT `craft_charge_subscriber_membershipSubscriptionId_fk` FOREIGN KEY (`membershipSubscriptionId`) REFERENCES `craft_charge_membershipsubscriptions` (`id`) ON DELETE CASCADE ON UPDATE CASCADE,
  CONSTRAINT `craft_charge_subscriber_userId_fk` FOREIGN KEY (`userId`) REFERENCES `craft_users` (`id`) ON DELETE CASCADE ON UPDATE CASCADE
) ENGINE=InnoDB DEFAULT CHARSET=utf8 COLLATE=utf8_unicode_ci;

--
-- Dumping data for table `craft_charge_subscriber`
--


--
-- Table structure for table `craft_charge_subscriptions`
--

CREATE TABLE `craft_charge_subscriptions` (
  `id` int(11) NOT NULL AUTO_INCREMENT,
  `userId` int(11) DEFAULT NULL,
  `customerId` varchar(255) COLLATE utf8_unicode_ci DEFAULT NULL,
  `chargeId` int(10) DEFAULT NULL,
  `stripeId` varchar(255) COLLATE utf8_unicode_ci DEFAULT NULL,
  `mode` enum('test','live') COLLATE utf8_unicode_ci DEFAULT 'test',
  `status` varchar(255) COLLATE utf8_unicode_ci DEFAULT NULL,
  `start` int(10) DEFAULT NULL,
  `cancelAtPeriodEnd` tinyint(1) unsigned NOT NULL DEFAULT '0',
  `currentPeriodStart` int(10) DEFAULT NULL,
  `currentPeriodEnd` int(10) DEFAULT NULL,
  `endedAt` int(10) DEFAULT NULL,
  `trialStart` int(10) DEFAULT NULL,
  `trialEnd` int(10) DEFAULT NULL,
  `canceledAt` int(10) DEFAULT NULL,
  `quantity` int(10) DEFAULT NULL,
  `applicationFeePercent` int(10) DEFAULT NULL,
  `discount` int(10) DEFAULT NULL,
  `taxPercent` int(10) DEFAULT NULL,
  `planAmount` int(10) DEFAULT NULL,
  `planName` varchar(255) COLLATE utf8_unicode_ci DEFAULT NULL,
  `planInterval` varchar(255) COLLATE utf8_unicode_ci DEFAULT NULL,
  `planIntervalCount` int(10) DEFAULT NULL,
  `planTrialPeriodDays` int(10) DEFAULT NULL,
  `planCurrency` varchar(255) COLLATE utf8_unicode_ci DEFAULT NULL,
  `planStripeId` varchar(255) COLLATE utf8_unicode_ci DEFAULT NULL,
  `dateCreated` datetime NOT NULL,
  `dateUpdated` datetime NOT NULL,
  `uid` char(36) COLLATE utf8_unicode_ci NOT NULL DEFAULT '0',
  PRIMARY KEY (`id`),
  KEY `craft_charge_subscriptions_chargeId_fk` (`chargeId`),
  KEY `craft_charge_subscriptions_userId_fk` (`userId`),
  CONSTRAINT `craft_charge_subscriptions_chargeId_fk` FOREIGN KEY (`chargeId`) REFERENCES `craft_charges` (`id`) ON DELETE CASCADE,
  CONSTRAINT `craft_charge_subscriptions_userId_fk` FOREIGN KEY (`userId`) REFERENCES `craft_users` (`id`) ON DELETE SET NULL
) ENGINE=InnoDB AUTO_INCREMENT=8 DEFAULT CHARSET=utf8 COLLATE=utf8_unicode_ci;

--
-- Dumping data for table `craft_charge_subscriptions`
--

INSERT INTO `craft_charge_subscriptions` VALUES (1,1,'cus_ATQJSlInv98Z6A',215,'sub_ATQJvkeiNTgbrv','test','active',1492172642,0,1492172642,1494764642,NULL,NULL,NULL,NULL,1,NULL,NULL,NULL,13875,'138.75 USD Monthly','month',1,NULL,'usd','138.75 USD Monthly','2017-04-14 12:24:04','2017-04-14 12:24:04','d79e9037-173d-477c-9bc1-fb80d6807ff8'),(2,1,'cus_ATQJSlInv98Z6A',217,'sub_ATQSPlcUsRCkvn','test','active',1492173196,0,1492173196,1494765196,NULL,NULL,NULL,NULL,1,NULL,NULL,NULL,13875,'138.75 USD Monthly','month',1,NULL,'usd','138.75 USD Monthly','2017-04-14 12:33:18','2017-04-14 12:33:18','9202628a-9d32-4d5d-8c93-54c96d2da612'),(3,1,'cus_ATQJSlInv98Z6A',219,'sub_ATQg1PlbPMSp2H','test','active',1492174025,0,1492174025,1494766025,NULL,NULL,NULL,NULL,1,NULL,NULL,NULL,13875,'138.75 USD Monthly','month',1,NULL,'usd','138.75 USD Monthly','2017-04-14 12:47:07','2017-04-14 12:47:07','c5ce50d2-03b3-4913-88a9-c5ebac61d5a0'),(4,1,'cus_ATQJSlInv98Z6A',221,'sub_ATQmDsMr72xeyz','test','active',1492174340,0,1492174340,1494766340,NULL,NULL,NULL,NULL,1,NULL,NULL,NULL,13875,'138.75 USD Monthly','month',1,NULL,'usd','138.75 USD Monthly','2017-04-14 12:52:21','2017-04-14 12:52:21','ad815b2a-58c8-42d5-9606-20a1ebb04765'),(5,1,'cus_ATQJSlInv98Z6A',223,'sub_ATQveEPuCt0wzX','test','active',1492174899,0,1492174899,1494766899,NULL,NULL,NULL,NULL,1,NULL,NULL,NULL,13875,'138.75 USD Monthly','month',1,NULL,'usd','138.75 USD Monthly','2017-04-14 13:01:40','2017-04-14 13:01:40','a673ff3d-c4b6-4dfb-9b0d-8fbba9b3ae37'),(6,1,'cus_ATQJSlInv98Z6A',226,'sub_ATS1zXZt4IqT9x','test','active',1492179008,0,1492179008,1494771008,NULL,NULL,NULL,NULL,1,NULL,NULL,NULL,13875,'138.75 USD Monthly','month',1,NULL,'usd','138.75 USD Monthly','2017-04-14 14:10:09','2017-04-14 14:10:09','b1330389-03ea-4041-9e4e-4fe7848d34f3'),(7,1,'cus_ATQJSlInv98Z6A',229,'sub_ATSHoNWFS5Ydch','test','active',1492179953,0,1492179953,1494771953,NULL,NULL,NULL,NULL,1,NULL,NULL,NULL,13875,'138.75 USD Monthly','month',1,NULL,'usd','138.75 USD Monthly','2017-04-14 14:25:54','2017-04-14 14:25:54','1d318624-1f52-438e-b04d-781d0b631e20');

--
-- Table structure for table `craft_charges`
--

CREATE TABLE `craft_charges` (
  `id` int(11) NOT NULL,
  `userId` int(11) DEFAULT NULL,
  `type` enum('one-off','recurring') COLLATE utf8_unicode_ci NOT NULL,
  `customerId` int(10) DEFAULT NULL,
  `accountId` int(11) DEFAULT NULL,
  `mode` enum('test','live') COLLATE utf8_unicode_ci DEFAULT NULL,
  `sourceUrl` varchar(255) COLLATE utf8_unicode_ci DEFAULT NULL,
  `hash` varchar(255) COLLATE utf8_unicode_ci DEFAULT NULL,
  `request` text COLLATE utf8_unicode_ci,
  `actions` text COLLATE utf8_unicode_ci,
  `meta` text COLLATE utf8_unicode_ci,
  `notes` text COLLATE utf8_unicode_ci,
  `description` varchar(255) COLLATE utf8_unicode_ci DEFAULT NULL,
  `timestamp` datetime DEFAULT NULL,
  `amount` varchar(255) COLLATE utf8_unicode_ci DEFAULT NULL,
  `currency` varchar(255) COLLATE utf8_unicode_ci DEFAULT NULL,
  `dateCreated` datetime NOT NULL,
  `dateUpdated` datetime NOT NULL,
  `uid` char(36) COLLATE utf8_unicode_ci NOT NULL DEFAULT '0',
  PRIMARY KEY (`id`),
  UNIQUE KEY `craft_charges_hash_unq_idx` (`hash`),
  KEY `craft_charges_customerId_idx` (`customerId`),
  KEY `craft_charges_mode_idx` (`mode`),
  KEY `craft_charges_timestamp_idx` (`timestamp`),
  KEY `craft_charges_userId_fk` (`userId`),
  CONSTRAINT `craft_charges_id_fk` FOREIGN KEY (`id`) REFERENCES `craft_elements` (`id`) ON DELETE CASCADE,
  CONSTRAINT `craft_charges_userId_fk` FOREIGN KEY (`userId`) REFERENCES `craft_users` (`id`) ON DELETE SET NULL
) ENGINE=InnoDB DEFAULT CHARSET=utf8 COLLATE=utf8_unicode_ci;

--
-- Dumping data for table `craft_charges`
--

INSERT INTO `craft_charges` VALUES (215,1,'recurring',1,NULL,'test','shop/payment','37768326ab7a6fbe1187470163daa898','{\"planAmount\":\"138.7500\",\"planCurrency\":\"USD\",\"planAmountInCents\":13875,\"planName\":null,\"planDiscount\":null,\"planFullAmount\":null,\"planChoice\":null,\"planOpts\":null,\"planInterval\":\"month\",\"planIntervalCount\":\"1\",\"destination\":null,\"applicationFee\":null,\"applicationFeeInPercent\":null,\"applicationFeeInCents\":null,\"cardName\":\"max@eec.ms\",\"cardAddressLine1\":null,\"cardAddressLine2\":null,\"cardAddressCity\":null,\"cardAddressState\":null,\"cardAddressZip\":null,\"cardAddressCountry\":null,\"cardLast4\":\"4242\",\"cardType\":\"Visa\",\"cardExpMonth\":\"12\",\"cardExpYear\":\"2020\",\"coupon\":null,\"couponStripeId\":null,\"stripeAccountBalance\":null}','{\"onSuccess\":{\"chargeCommerce_updateOrder\":{\"orderId\":\"214\",\"status\":\"subscriptionActive\",\"complete\":1}},\"onRecurring\":{\"email\":[\"test-email\"]},\"onFailure\":{\"chargeCommerce_updateOrder\":{\"orderId\":\"214\",\"status\":\"subscriptionCancelled\"}}}','[]',NULL,NULL,'2017-04-14 12:24:03','138.7500','USD','2017-04-14 12:24:04','2017-04-14 12:24:04','8a18fa56-0356-4d65-acf6-d2bb3d4b3988'),(217,1,'recurring',1,NULL,'test','shop/payment','cdc05180eadc5820feaed10459bbd936','{\"planAmount\":\"138.7500\",\"planCurrency\":\"USD\",\"planAmountInCents\":13875,\"planName\":null,\"planDiscount\":null,\"planFullAmount\":null,\"planChoice\":null,\"planOpts\":null,\"planInterval\":\"month\",\"planIntervalCount\":\"1\",\"destination\":null,\"applicationFee\":null,\"applicationFeeInPercent\":null,\"applicationFeeInCents\":null,\"cardName\":\"max@eec.ms\",\"cardAddressLine1\":null,\"cardAddressLine2\":null,\"cardAddressCity\":null,\"cardAddressState\":null,\"cardAddressZip\":null,\"cardAddressCountry\":null,\"cardLast4\":\"4242\",\"cardType\":\"Visa\",\"cardExpMonth\":\"1\",\"cardExpYear\":\"2020\",\"coupon\":null,\"couponStripeId\":null,\"stripeAccountBalance\":null}','{\"onSuccess\":{\"chargeCommerce_updateOrder\":{\"orderId\":\"214\",\"status\":\"subscriptionActive\",\"complete\":1}},\"onRecurring\":{\"email\":[\"test-email\"]},\"onFailure\":{\"chargeCommerce_updateOrder\":{\"orderId\":\"214\",\"status\":\"subscriptionCancelled\"}}}','[]',NULL,NULL,'2017-04-14 12:33:18','138.7500','USD','2017-04-14 12:33:18','2017-04-14 12:33:18','71c95e85-33b6-406e-b196-c64703ba474a'),(219,1,'recurring',1,NULL,'test','shop/payment','e1cec32e7b6dd7c3d218d8fa9074e446','{\"planAmount\":\"138.7500\",\"planCurrency\":\"USD\",\"planAmountInCents\":13875,\"planName\":null,\"planDiscount\":null,\"planFullAmount\":null,\"planChoice\":null,\"planOpts\":null,\"planInterval\":\"month\",\"planIntervalCount\":\"1\",\"destination\":null,\"applicationFee\":null,\"applicationFeeInPercent\":null,\"applicationFeeInCents\":null,\"cardName\":\"max@eec.ms\",\"cardAddressLine1\":null,\"cardAddressLine2\":null,\"cardAddressCity\":null,\"cardAddressState\":null,\"cardAddressZip\":null,\"cardAddressCountry\":null,\"cardLast4\":\"4242\",\"cardType\":\"Visa\",\"cardExpMonth\":\"1\",\"cardExpYear\":\"2025\",\"coupon\":null,\"couponStripeId\":null,\"stripeAccountBalance\":null}','{\"onSuccess\":{\"chargeCommerce_updateOrder\":{\"orderId\":\"214\",\"status\":\"subscriptionActive\",\"complete\":1}},\"onRecurring\":{\"email\":[\"test-email\"]},\"onFailure\":{\"chargeCommerce_updateOrder\":{\"orderId\":\"214\",\"status\":\"subscriptionCancelled\"}}}','[]',NULL,NULL,'2017-04-14 12:47:06','138.7500','USD','2017-04-14 12:47:07','2017-04-14 12:47:07','868008c8-8f79-4bf8-afc3-a274ab266424'),(221,1,'recurring',1,NULL,'test','shop/payment','afa461477c33068d0650e90621254bb5','{\"planAmount\":\"138.7500\",\"planCurrency\":\"USD\",\"planAmountInCents\":13875,\"planName\":null,\"planDiscount\":null,\"planFullAmount\":null,\"planChoice\":null,\"planOpts\":null,\"planInterval\":\"month\",\"planIntervalCount\":\"1\",\"destination\":null,\"applicationFee\":null,\"applicationFeeInPercent\":null,\"applicationFeeInCents\":null,\"cardName\":\"max@eec.ms\",\"cardAddressLine1\":null,\"cardAddressLine2\":null,\"cardAddressCity\":null,\"cardAddressState\":null,\"cardAddressZip\":null,\"cardAddressCountry\":null,\"cardLast4\":\"4242\",\"cardType\":\"Visa\",\"cardExpMonth\":\"1\",\"cardExpYear\":\"2025\",\"coupon\":null,\"couponStripeId\":null,\"stripeAccountBalance\":null}','{\"onSuccess\":{\"chargeCommerce_updateOrder\":{\"orderId\":\"214\",\"status\":\"subscriptionActive\",\"complete\":1}},\"onRecurring\":{\"email\":[\"test-email\"]},\"onFailure\":{\"chargeCommerce_updateOrder\":{\"orderId\":\"214\",\"status\":\"subscriptionCancelled\"}}}','[]',NULL,NULL,'2017-04-14 12:52:21','138.7500','USD','2017-04-14 12:52:21','2017-04-14 12:52:21','60462f40-b695-4b79-8bed-24b502152edc'),(223,1,'recurring',1,NULL,'test','shop/payment','bcee2ac36f40cd585792c1cb504acd17','{\"planAmount\":\"138.7500\",\"planCurrency\":\"USD\",\"planAmountInCents\":13875,\"planName\":null,\"planDiscount\":null,\"planFullAmount\":null,\"planChoice\":null,\"planOpts\":null,\"planInterval\":\"month\",\"planIntervalCount\":\"1\",\"destination\":null,\"applicationFee\":null,\"applicationFeeInPercent\":null,\"applicationFeeInCents\":null,\"cardName\":\"max@eec.ms\",\"cardAddressLine1\":null,\"cardAddressLine2\":null,\"cardAddressCity\":null,\"cardAddressState\":null,\"cardAddressZip\":null,\"cardAddressCountry\":null,\"cardLast4\":\"4242\",\"cardType\":\"Visa\",\"cardExpMonth\":\"1\",\"cardExpYear\":\"2022\",\"coupon\":null,\"couponStripeId\":null,\"stripeAccountBalance\":null}','{\"onSuccess\":{\"chargeCommerce_updateOrder\":{\"orderId\":\"214\",\"status\":\"subscriptionActive\",\"complete\":1}},\"onRecurring\":{\"email\":[\"test-email\"]},\"onFailure\":{\"chargeCommerce_updateOrder\":{\"orderId\":\"214\",\"status\":\"subscriptionCancelled\"}}}','[]',NULL,NULL,'2017-04-14 13:01:40','138.7500','USD','2017-04-14 13:01:40','2017-04-14 13:01:40','c9f0e39f-4aab-4967-b785-d179e4c322e7'),(226,1,'recurring',1,NULL,'test','shop/payment','973776a5e3cb0327ef09f1e146324641','{\"planAmount\":\"138.7500\",\"planCurrency\":\"USD\",\"planAmountInCents\":13875,\"planName\":null,\"planDiscount\":null,\"planFullAmount\":null,\"planChoice\":null,\"planOpts\":null,\"planInterval\":\"month\",\"planIntervalCount\":\"1\",\"destination\":null,\"applicationFee\":null,\"applicationFeeInPercent\":null,\"applicationFeeInCents\":null,\"cardName\":\"Yuri Salimovskiy\",\"cardAddressLine1\":null,\"cardAddressLine2\":null,\"cardAddressCity\":null,\"cardAddressState\":null,\"cardAddressZip\":null,\"cardAddressCountry\":null,\"cardLast4\":\"4242\",\"cardType\":\"Visa\",\"cardExpMonth\":\"1\",\"cardExpYear\":\"2022\",\"coupon\":null,\"couponStripeId\":null,\"stripeAccountBalance\":null}','{\"onSuccess\":{\"chargeCommerce_updateOrder\":{\"orderId\":\"225\",\"status\":\"subscriptionActive\",\"complete\":1}},\"onFailure\":{\"chargeCommerce_updateOrder\":{\"orderId\":\"225\",\"status\":\"subscriptionCancelled\"},\"email\":[\"payment-failed-customer\",\"payment-failed-admin\"]}}','[]',NULL,NULL,'2017-04-14 14:10:09','138.7500','USD','2017-04-14 14:10:09','2017-04-14 14:10:09','352ec215-fc7c-491e-9d6c-cab93b6dadb1'),(229,1,'recurring',1,NULL,'test','shop/payment','ecbbee8171ffcc81c9fd9cca690e04d5','{\"planAmount\":\"138.7500\",\"planCurrency\":\"USD\",\"planAmountInCents\":13875,\"planName\":null,\"planDiscount\":null,\"planFullAmount\":null,\"planChoice\":null,\"planOpts\":null,\"planInterval\":\"month\",\"planIntervalCount\":\"1\",\"destination\":null,\"applicationFee\":null,\"applicationFeeInPercent\":null,\"applicationFeeInCents\":null,\"cardName\":\"Iurii Salimovskyi\",\"cardAddressLine1\":null,\"cardAddressLine2\":null,\"cardAddressCity\":null,\"cardAddressState\":null,\"cardAddressZip\":null,\"cardAddressCountry\":null,\"cardLast4\":\"4242\",\"cardType\":\"Visa\",\"cardExpMonth\":\"11\",\"cardExpYear\":\"2022\",\"coupon\":null,\"couponStripeId\":null,\"stripeAccountBalance\":null}','{\"onSuccess\":{\"chargeCommerce_updateOrder\":{\"orderId\":\"228\",\"status\":\"subscriptionActive\",\"complete\":1}},\"onFailure\":{\"chargeCommerce_updateOrder\":{\"orderId\":\"228\",\"status\":\"subscriptionCancelled\"},\"email\":[\"payment-failed-customer\",\"payment-failed-admin\"]}}','[]',NULL,NULL,'2017-04-14 14:25:54','138.7500','USD','2017-04-14 14:25:54','2017-04-14 14:25:54','86608f5d-6ed5-483a-9569-14bf7cb905a4');

--
-- Table structure for table `craft_commerce_addresses`
--

CREATE TABLE `craft_commerce_addresses` (
  `id` int(11) NOT NULL AUTO_INCREMENT,
  `attention` varchar(255) COLLATE utf8_unicode_ci DEFAULT NULL,
  `title` varchar(255) COLLATE utf8_unicode_ci DEFAULT NULL,
  `firstName` varchar(255) COLLATE utf8_unicode_ci NOT NULL,
  `lastName` varchar(255) COLLATE utf8_unicode_ci NOT NULL,
  `countryId` int(10) DEFAULT NULL,
  `stateId` int(10) DEFAULT NULL,
  `address1` varchar(255) COLLATE utf8_unicode_ci DEFAULT NULL,
  `address2` varchar(255) COLLATE utf8_unicode_ci DEFAULT NULL,
  `city` varchar(255) COLLATE utf8_unicode_ci DEFAULT NULL,
  `zipCode` varchar(255) COLLATE utf8_unicode_ci DEFAULT NULL,
  `phone` varchar(255) COLLATE utf8_unicode_ci DEFAULT NULL,
  `alternativePhone` varchar(255) COLLATE utf8_unicode_ci DEFAULT NULL,
  `businessName` varchar(255) COLLATE utf8_unicode_ci DEFAULT NULL,
  `businessTaxId` varchar(255) COLLATE utf8_unicode_ci DEFAULT NULL,
  `businessId` varchar(255) COLLATE utf8_unicode_ci DEFAULT NULL,
  `stateName` varchar(255) COLLATE utf8_unicode_ci DEFAULT NULL,
  `dateCreated` datetime NOT NULL,
  `dateUpdated` datetime NOT NULL,
  `uid` char(36) COLLATE utf8_unicode_ci NOT NULL DEFAULT '0',
  PRIMARY KEY (`id`),
  KEY `craft_commerce_addresses_countryId_fk` (`countryId`),
  KEY `craft_commerce_addresses_stateId_fk` (`stateId`),
  CONSTRAINT `craft_commerce_addresses_countryId_fk` FOREIGN KEY (`countryId`) REFERENCES `craft_commerce_countries` (`id`) ON DELETE SET NULL,
  CONSTRAINT `craft_commerce_addresses_stateId_fk` FOREIGN KEY (`stateId`) REFERENCES `craft_commerce_states` (`id`) ON DELETE SET NULL
) ENGINE=InnoDB AUTO_INCREMENT=5 DEFAULT CHARSET=utf8 COLLATE=utf8_unicode_ci;

--
-- Dumping data for table `craft_commerce_addresses`
--

INSERT INTO `craft_commerce_addresses` VALUES (1,NULL,NULL,'Yuri','Salimovskiy',230,NULL,'Ispanska','5/10','Odessa','65031','+380509052516',NULL,'','',NULL,NULL,'2017-03-20 09:34:06','2017-03-20 09:34:06','3bf25734-2e46-4d40-b970-dfe3d1d4181b'),(2,NULL,NULL,'Yuri','Salimovskiy',230,NULL,'Ispanska 5/10','','Odessa','65031','+380509052516',NULL,'','',NULL,NULL,'2017-04-14 12:13:04','2017-04-14 12:13:04','e2f33298-db43-428f-a22c-935e578701fd'),(3,NULL,NULL,'Yuri','Salimovskiy',230,NULL,'Ispanska','5/10','Odessa','65031','',NULL,'','',NULL,NULL,'2017-04-14 13:46:48','2017-04-14 13:46:48','102c2481-8ac7-40fc-bdda-12bd15fa0e6b'),(4,NULL,NULL,'Iurii','Salimovskyi',233,22,'Ispanska 5 apt.10','','Odessa','65031','+380509052516',NULL,'','',NULL,NULL,'2017-04-14 14:17:09','2017-04-14 14:17:09','4196c2c5-970e-4de8-b41b-b0a74420c10e');

--
-- Table structure for table `craft_commerce_countries`
--

CREATE TABLE `craft_commerce_countries` (
  `id` int(11) NOT NULL AUTO_INCREMENT,
  `name` varchar(255) COLLATE utf8_unicode_ci NOT NULL,
  `iso` varchar(2) COLLATE utf8_unicode_ci NOT NULL,
  `stateRequired` tinyint(1) unsigned NOT NULL DEFAULT '0',
  `dateCreated` datetime NOT NULL,
  `dateUpdated` datetime NOT NULL,
  `uid` char(36) COLLATE utf8_unicode_ci NOT NULL DEFAULT '0',
  PRIMARY KEY (`id`),
  UNIQUE KEY `craft_commerce_countries_name_unq_idx` (`name`),
  UNIQUE KEY `craft_commerce_countries_iso_unq_idx` (`iso`)
) ENGINE=InnoDB AUTO_INCREMENT=250 DEFAULT CHARSET=utf8 COLLATE=utf8_unicode_ci;

--
-- Dumping data for table `craft_commerce_countries`
--

INSERT INTO `craft_commerce_countries` VALUES (1,'Andorra','AD',0,'2017-03-06 09:27:09','2017-03-06 09:27:09','ef0cedd4-275e-4e08-826a-65772fcad6a4'),(2,'United Arab Emirates','AE',0,'2017-03-06 09:27:09','2017-03-06 09:27:09','5048da05-0824-41f1-ba7f-517be590be41'),(3,'Afghanistan','AF',0,'2017-03-06 09:27:09','2017-03-06 09:27:09','63a438b5-d439-4191-9c79-f00c9ffd59f3'),(4,'Antigua and Barbuda','AG',0,'2017-03-06 09:27:09','2017-03-06 09:27:09','30db93b9-7f32-4058-8be4-a3f1b3d1745c'),(5,'Anguilla','AI',0,'2017-03-06 09:27:09','2017-03-06 09:27:09','fb074c18-f59d-438c-8b43-4c56f3851a02'),(6,'Albania','AL',0,'2017-03-06 09:27:09','2017-03-06 09:27:09','23598e9f-9381-4ecd-91e0-8366dd50682a'),(7,'Armenia','AM',0,'2017-03-06 09:27:09','2017-03-06 09:27:09','96bb64a8-57f7-4fb9-a102-a4da419b476d'),(8,'Angola','AO',0,'2017-03-06 09:27:09','2017-03-06 09:27:09','187edcdd-a1ba-4f2e-99a4-8a124234ec15'),(9,'Antarctica','AQ',0,'2017-03-06 09:27:09','2017-03-06 09:27:09','d55ab0fc-a214-4f64-b31f-d5a399264ebb'),(10,'Argentina','AR',0,'2017-03-06 09:27:09','2017-03-06 09:27:09','857dfa81-ae23-4c41-9e5e-af0a16cfe325'),(11,'American Samoa','AS',0,'2017-03-06 09:27:09','2017-03-06 09:27:09','1345074c-cc5f-4d0f-b8b8-dca11c040ff9'),(12,'Austria','AT',0,'2017-03-06 09:27:09','2017-03-06 09:27:09','a3340185-7a6f-442d-b1b4-9c1c93eb34cb'),(13,'Australia','AU',0,'2017-03-06 09:27:09','2017-03-06 09:27:09','e92af06f-6d9b-45db-bcb3-31d574d7968f'),(14,'Aruba','AW',0,'2017-03-06 09:27:09','2017-03-06 09:27:09','d2618086-afc8-4a8b-8d98-2d8fd70c4e06'),(15,'Aland Islands','AX',0,'2017-03-06 09:27:09','2017-03-06 09:27:09','9b5d42b0-dae4-42c2-b664-1549dd0ace33'),(16,'Azerbaijan','AZ',0,'2017-03-06 09:27:09','2017-03-06 09:27:09','3cb21ef0-0097-4f7a-b306-08b82d65337c'),(17,'Bosnia and Herzegovina','BA',0,'2017-03-06 09:27:09','2017-03-06 09:27:09','543b648f-4d88-4f5e-a3d6-89f8b9900bcd'),(18,'Barbados','BB',0,'2017-03-06 09:27:09','2017-03-06 09:27:09','6e9f09e0-225c-4d8a-b325-8a069b10859a'),(19,'Bangladesh','BD',0,'2017-03-06 09:27:09','2017-03-06 09:27:09','cd6ee4f8-09a3-4216-8826-4b0705899889'),(20,'Belgium','BE',0,'2017-03-06 09:27:09','2017-03-06 09:27:09','2c479ea3-6200-46a9-8e1f-ba27f58d94bc'),(21,'Burkina Faso','BF',0,'2017-03-06 09:27:09','2017-03-06 09:27:09','a3bb9f80-ffec-4309-88fa-aee7dd6af7d9'),(22,'Bulgaria','BG',0,'2017-03-06 09:27:09','2017-03-06 09:27:09','d613f7ef-5aa4-4e4b-a538-7bfeb548f322'),(23,'Bahrain','BH',0,'2017-03-06 09:27:09','2017-03-06 09:27:09','5baac102-bd66-47a5-89cf-862fb08e4eb7'),(24,'Burundi','BI',0,'2017-03-06 09:27:09','2017-03-06 09:27:09','9afd8d10-5b17-48e5-bb5b-a708e63995d8'),(25,'Benin','BJ',0,'2017-03-06 09:27:09','2017-03-06 09:27:09','6ae37b57-6a25-4d2d-9073-e3a003f5a4ef'),(26,'Saint Barthelemy','BL',0,'2017-03-06 09:27:09','2017-03-06 09:27:09','48ad3bfb-7dd3-4227-a20a-a2e0324d5866'),(27,'Bermuda','BM',0,'2017-03-06 09:27:09','2017-03-06 09:27:09','d3247164-8784-47ed-9a80-75ae2cfcda54'),(28,'Brunei Darussalam','BN',0,'2017-03-06 09:27:09','2017-03-06 09:27:09','ad4873cd-a708-44f0-bce7-c8b1b4a97900'),(29,'Bolivia','BO',0,'2017-03-06 09:27:09','2017-03-06 09:27:09','0cc03f25-a0c4-4992-bfbb-0489217ba033'),(30,'Bonaire, Sint Eustatius and Saba','BQ',0,'2017-03-06 09:27:09','2017-03-06 09:27:09','a0f8add7-8242-4e7b-858f-81eaff647c3a'),(31,'Brazil','BR',0,'2017-03-06 09:27:09','2017-03-06 09:27:09','cc7d5972-34fa-4f13-ad1c-aa6551a30001'),(32,'Bahamas','BS',0,'2017-03-06 09:27:09','2017-03-06 09:27:09','f67ba443-8402-4149-9b6f-7b7998c37deb'),(33,'Bhutan','BT',0,'2017-03-06 09:27:09','2017-03-06 09:27:09','97de1f8d-bb1b-48f1-85bb-5c035ea065e3'),(34,'Bouvet Island','BV',0,'2017-03-06 09:27:09','2017-03-06 09:27:09','6195daa6-6562-4ce6-b516-032466e5d40f'),(35,'Botswana','BW',0,'2017-03-06 09:27:09','2017-03-06 09:27:09','070ce6fc-6e50-46f1-84e3-6a2a78cb2146'),(36,'Belarus','BY',0,'2017-03-06 09:27:09','2017-03-06 09:27:09','35d20e29-f099-4f6e-a55f-01b7566e730f'),(37,'Belize','BZ',0,'2017-03-06 09:27:09','2017-03-06 09:27:09','e46d6667-430b-43ac-b131-b464aecd2d5a'),(38,'Canada','CA',0,'2017-03-06 09:27:09','2017-03-06 09:27:09','0de7859c-d2d5-476e-9d37-cc69df97a0f2'),(39,'Cocos (Keeling) Islands','CC',0,'2017-03-06 09:27:09','2017-03-06 09:27:09','1584386a-96a5-40a1-be8d-912d42694a09'),(40,'Democratic Republic of Congo','CD',0,'2017-03-06 09:27:09','2017-03-06 09:27:09','9494c656-9610-4f3b-9746-86769f1af610'),(41,'Central African Republic','CF',0,'2017-03-06 09:27:09','2017-03-06 09:27:09','7b94f2e0-0558-42b1-9367-a5015e2b0a9d'),(42,'Congo','CG',0,'2017-03-06 09:27:09','2017-03-06 09:27:09','a403b560-7667-4ed4-a73c-d094a70a5017'),(43,'Switzerland','CH',0,'2017-03-06 09:27:09','2017-03-06 09:27:09','f503cdc8-2381-4e5b-80d3-7bba6ed69f4d'),(44,'Ivory Coast','CI',0,'2017-03-06 09:27:09','2017-03-06 09:27:09','fe0cab85-e0d1-44db-8705-8268f25dadd9'),(45,'Cook Islands','CK',0,'2017-03-06 09:27:09','2017-03-06 09:27:09','9f0afb20-33d0-4bae-8f22-dc29003fc441'),(46,'Chile','CL',0,'2017-03-06 09:27:09','2017-03-06 09:27:09','9f1cb1bf-e2c3-436b-98ec-64212ed94d5e'),(47,'Cameroon','CM',0,'2017-03-06 09:27:09','2017-03-06 09:27:09','9a4e8e0b-7a11-4944-9135-6675b3ab2b8f'),(48,'China','CN',0,'2017-03-06 09:27:09','2017-03-06 09:27:09','e073acbe-8c25-46a1-b829-8c0df04cfcc6'),(49,'Colombia','CO',0,'2017-03-06 09:27:09','2017-03-06 09:27:09','d87023a3-48d3-448d-b6a0-cfde250e0d95'),(50,'Costa Rica','CR',0,'2017-03-06 09:27:09','2017-03-06 09:27:09','0547209d-e820-4ccb-ba35-29c585f2721b'),(51,'Cuba','CU',0,'2017-03-06 09:27:09','2017-03-06 09:27:09','40871e63-0c2f-4b48-81fc-caa935a97b15'),(52,'Cape Verde','CV',0,'2017-03-06 09:27:09','2017-03-06 09:27:09','5cc77240-82b3-4e32-9fe9-55d030e75e86'),(53,'Curacao','CW',0,'2017-03-06 09:27:09','2017-03-06 09:27:09','ae39da0d-7017-4d8f-abf4-345264c04fc3'),(54,'Christmas Island','CX',0,'2017-03-06 09:27:09','2017-03-06 09:27:09','9468d2c4-75ab-4f76-96f3-8347afe1c47b'),(55,'Cyprus','CY',0,'2017-03-06 09:27:09','2017-03-06 09:27:09','e07a00da-c181-413a-baec-18b31a8e6ba9'),(56,'Czech Republic','CZ',0,'2017-03-06 09:27:09','2017-03-06 09:27:09','ac325ea7-3672-41dd-9043-3d12aa5fd8e5'),(57,'Germany','DE',0,'2017-03-06 09:27:09','2017-03-06 09:27:09','08db8033-1383-4714-9c26-c285e1057260'),(58,'Djibouti','DJ',0,'2017-03-06 09:27:09','2017-03-06 09:27:09','32ad173c-acbd-494a-8988-1eb2737758ce'),(59,'Denmark','DK',0,'2017-03-06 09:27:09','2017-03-06 09:27:09','fd4a6065-dd09-4976-b1ac-c614f397cc51'),(60,'Dominica','DM',0,'2017-03-06 09:27:09','2017-03-06 09:27:09','eed4b5f1-b201-4709-a1aa-f7beab1bc081'),(61,'Dominican Republic','DO',0,'2017-03-06 09:27:09','2017-03-06 09:27:09','0c7a3853-8b05-4f58-9d97-01dd23ac57fb'),(62,'Algeria','DZ',0,'2017-03-06 09:27:09','2017-03-06 09:27:09','82ff6fac-1a72-4543-a15d-4fb7793866d4'),(63,'Ecuador','EC',0,'2017-03-06 09:27:09','2017-03-06 09:27:09','c8bc99a4-2912-4606-88c6-4b6938b3ddbc'),(64,'Estonia','EE',0,'2017-03-06 09:27:09','2017-03-06 09:27:09','f566ac91-49f9-4ad4-97e6-6294c7df84f9'),(65,'Egypt','EG',0,'2017-03-06 09:27:09','2017-03-06 09:27:09','99434327-299a-4811-a4ad-f47f8a76395a'),(66,'Western Sahara','EH',0,'2017-03-06 09:27:09','2017-03-06 09:27:09','b75425d0-a727-4316-ba30-0c367d17bfb9'),(67,'Eritrea','ER',0,'2017-03-06 09:27:09','2017-03-06 09:27:09','394603f7-afc2-4c35-ae71-1cd22617215c'),(68,'Spain','ES',0,'2017-03-06 09:27:09','2017-03-06 09:27:09','5e495c8b-8603-40db-a338-7dda3fdf37c7'),(69,'Ethiopia','ET',0,'2017-03-06 09:27:09','2017-03-06 09:27:09','373242f5-d4f0-4003-8f01-b9e250ae71f8'),(70,'Finland','FI',0,'2017-03-06 09:27:09','2017-03-06 09:27:09','74479f7e-90d8-4871-a9c0-5e2aa119a24c'),(71,'Fiji','FJ',0,'2017-03-06 09:27:09','2017-03-06 09:27:09','ad5b45c7-5b0c-4797-a8f5-2ee6f1d8fd32'),(72,'Falkland Islands (Malvinas)','FK',0,'2017-03-06 09:27:09','2017-03-06 09:27:09','01d05ef5-6d02-4811-b449-792d00cb648e'),(73,'Micronesia','FM',0,'2017-03-06 09:27:09','2017-03-06 09:27:09','b60bc272-c3c1-4e14-8a29-8c965da91643'),(74,'Faroe Islands','FO',0,'2017-03-06 09:27:09','2017-03-06 09:27:09','9d6c6f0a-8f4e-4e2e-92bd-8ba35b906623'),(75,'France','FR',0,'2017-03-06 09:27:09','2017-03-06 09:27:09','69986e05-5e8a-45bd-8989-93f32c068aee'),(76,'Gabon','GA',0,'2017-03-06 09:27:09','2017-03-06 09:27:09','c210cb07-cd1b-48ba-bda0-2c9d66e7d05d'),(77,'United Kingdom','GB',0,'2017-03-06 09:27:09','2017-03-06 09:27:09','fb5a8049-ec7d-4b1a-84b9-f8d3ddc47358'),(78,'Grenada','GD',0,'2017-03-06 09:27:09','2017-03-06 09:27:09','03c50ab7-f730-40af-acd3-5f160606ee56'),(79,'Georgia','GE',0,'2017-03-06 09:27:09','2017-03-06 09:27:09','fd4e53e8-73b5-4053-a00a-26675d586236'),(80,'French Guiana','GF',0,'2017-03-06 09:27:09','2017-03-06 09:27:09','7bc31db3-177d-4d21-b6b4-3787ca91f4c0'),(81,'Guernsey','GG',0,'2017-03-06 09:27:09','2017-03-06 09:27:09','4378943c-3dc6-4798-8cf3-a4efa3dc6829'),(82,'Ghana','GH',0,'2017-03-06 09:27:09','2017-03-06 09:27:09','555bd5fd-ceb9-456f-a655-128e5d6817b0'),(83,'Gibraltar','GI',0,'2017-03-06 09:27:09','2017-03-06 09:27:09','2080a4c3-26f5-4955-acc7-1028328c869f'),(84,'Greenland','GL',0,'2017-03-06 09:27:09','2017-03-06 09:27:09','18f970fb-ddc6-4e7c-b3a1-9b19e43f465e'),(85,'Gambia','GM',0,'2017-03-06 09:27:09','2017-03-06 09:27:09','153cc685-e18b-44e5-adfd-113af722132f'),(86,'Guinea','GN',0,'2017-03-06 09:27:09','2017-03-06 09:27:09','41be83e1-959d-45c0-bf66-157d9469ddb8'),(87,'Guadeloupe','GP',0,'2017-03-06 09:27:09','2017-03-06 09:27:09','29a38f6c-7bbb-4fcf-8e82-a621f7412ad4'),(88,'Equatorial Guinea','GQ',0,'2017-03-06 09:27:09','2017-03-06 09:27:09','c2825a98-f6d3-4fd6-8ecc-38febfffb8ce'),(89,'Greece','GR',0,'2017-03-06 09:27:09','2017-03-06 09:27:09','3b5be5e1-954c-4771-b6ae-35ccaca3cdd0'),(90,'S. Georgia and S. Sandwich Isls.','GS',0,'2017-03-06 09:27:09','2017-03-06 09:27:09','6742189c-e713-4532-bd59-92b6417221d3'),(91,'Guatemala','GT',0,'2017-03-06 09:27:09','2017-03-06 09:27:09','5a0fd21f-0540-4552-b219-f670051af1b0'),(92,'Guam','GU',0,'2017-03-06 09:27:09','2017-03-06 09:27:09','c5e9ac51-1772-447c-a273-bde371d73377'),(93,'Guinea-Bissau','GW',0,'2017-03-06 09:27:09','2017-03-06 09:27:09','4640ad55-3c44-473b-94a4-9d6d293027f4'),(94,'Guyana','GY',0,'2017-03-06 09:27:09','2017-03-06 09:27:09','545c9274-e4da-45b5-ab1d-25082e2d4a4f'),(95,'Hong Kong','HK',0,'2017-03-06 09:27:09','2017-03-06 09:27:09','c20c2400-6ab3-400c-84f0-fde9410c2483'),(96,'Heard and McDonald Islands','HM',0,'2017-03-06 09:27:09','2017-03-06 09:27:09','32fd7fa6-82fc-49ff-9bd3-3c884a5e086f'),(97,'Honduras','HN',0,'2017-03-06 09:27:09','2017-03-06 09:27:09','b4f0add9-67fa-4366-881d-2d9b5209f24b'),(98,'Croatia (Hrvatska)','HR',0,'2017-03-06 09:27:09','2017-03-06 09:27:09','71396151-7e11-4f2a-af6a-109b584d90b4'),(99,'Haiti','HT',0,'2017-03-06 09:27:09','2017-03-06 09:27:09','47b96ec7-3cba-4ce2-95fd-6b7e1b71f347'),(100,'Hungary','HU',0,'2017-03-06 09:27:09','2017-03-06 09:27:09','924bb060-b542-4c37-be8c-e9f55462f6c0'),(101,'Indonesia','ID',0,'2017-03-06 09:27:09','2017-03-06 09:27:09','c340421f-c7df-4f43-a2ac-8c11e33689cf'),(102,'Ireland','IE',0,'2017-03-06 09:27:09','2017-03-06 09:27:09','c0c85a89-7276-4d9a-915b-b64d279ca5e3'),(103,'Israel','IL',0,'2017-03-06 09:27:09','2017-03-06 09:27:09','017c029f-9412-48ed-b50a-633494bf714c'),(104,'Isle Of Man','IM',0,'2017-03-06 09:27:09','2017-03-06 09:27:09','01d6d6fb-8e60-460b-960b-b5fb02bd56b3'),(105,'India','IN',0,'2017-03-06 09:27:09','2017-03-06 09:27:09','fbc8846b-9f8f-42ee-997e-9b6b4a592bf9'),(106,'British Indian Ocean Territory','IO',0,'2017-03-06 09:27:09','2017-03-06 09:27:09','ebe85e7f-d69e-4540-ac48-83b36307228f'),(107,'Iraq','IQ',0,'2017-03-06 09:27:09','2017-03-06 09:27:09','fae970b0-bfcb-4e0d-a898-d19ea26fe885'),(108,'Iran','IR',0,'2017-03-06 09:27:09','2017-03-06 09:27:09','bf438599-3f29-4549-a792-cef5e8b14c68'),(109,'Iceland','IS',0,'2017-03-06 09:27:09','2017-03-06 09:27:09','5e545f94-d856-4afc-b500-1f96db184eda'),(110,'Italy','IT',0,'2017-03-06 09:27:09','2017-03-06 09:27:09','51eee900-0e91-4aaf-b841-ff331e2289cf'),(111,'Jersey','JE',0,'2017-03-06 09:27:09','2017-03-06 09:27:09','66a824e2-4e58-4a44-8fe1-adc84545d808'),(112,'Jamaica','JM',0,'2017-03-06 09:27:09','2017-03-06 09:27:09','1148de47-e7b6-411f-9a42-f5627dde5e30'),(113,'Jordan','JO',0,'2017-03-06 09:27:09','2017-03-06 09:27:09','b0629da4-d177-44ca-9126-8e870cc5fecb'),(114,'Japan','JP',0,'2017-03-06 09:27:09','2017-03-06 09:27:09','327b5fbb-6c89-49f7-a91b-821a037125a2'),(115,'Kenya','KE',0,'2017-03-06 09:27:09','2017-03-06 09:27:09','9a094928-e4ac-4db8-85f7-cc53874ef965'),(116,'Kyrgyzstan','KG',0,'2017-03-06 09:27:09','2017-03-06 09:27:09','483661b9-98c9-4420-a601-609457285c88'),(117,'Cambodia','KH',0,'2017-03-06 09:27:09','2017-03-06 09:27:09','43e8b31f-d89a-4e3e-84ac-3d8672d37448'),(118,'Kiribati','KI',0,'2017-03-06 09:27:09','2017-03-06 09:27:09','2ed9d61c-0b71-4da2-9323-b4f15657893f'),(119,'Comoros','KM',0,'2017-03-06 09:27:09','2017-03-06 09:27:09','7059ad76-c298-4a09-9337-54f9f38e1ef3'),(120,'Saint Kitts and Nevis','KN',0,'2017-03-06 09:27:09','2017-03-06 09:27:09','fc5dcd22-f567-428b-b4d1-7a5bd18bde1f'),(121,'Korea (North)','KP',0,'2017-03-06 09:27:09','2017-03-06 09:27:09','d91f7284-cd7e-4ed5-9837-c64073fb2444'),(122,'Korea (South)','KR',0,'2017-03-06 09:27:09','2017-03-06 09:27:09','e1d07635-e70f-47c5-94d2-32dcf2ef14e7'),(123,'Kuwait','KW',0,'2017-03-06 09:27:09','2017-03-06 09:27:09','dedf8727-e653-4875-ae9f-082e8423017a'),(124,'Cayman Islands','KY',0,'2017-03-06 09:27:09','2017-03-06 09:27:09','33c5e467-3ee0-483a-b853-0628ac1c16b3'),(125,'Kazakhstan','KZ',0,'2017-03-06 09:27:09','2017-03-06 09:27:09','f8e1da68-4d55-4275-9397-8a39eaf7d46a'),(126,'Laos','LA',0,'2017-03-06 09:27:09','2017-03-06 09:27:09','6cc69596-1198-44e2-9c30-e61e5061da72'),(127,'Lebanon','LB',0,'2017-03-06 09:27:09','2017-03-06 09:27:09','b6bbe1a9-35b0-49a6-9b2c-18504116897d'),(128,'Saint Lucia','LC',0,'2017-03-06 09:27:09','2017-03-06 09:27:09','986f67be-936e-4472-88cf-cec6607a89e3'),(129,'Liechtenstein','LI',0,'2017-03-06 09:27:09','2017-03-06 09:27:09','90183e1d-6eee-4455-86a3-e93f80055972'),(130,'Sri Lanka','LK',0,'2017-03-06 09:27:09','2017-03-06 09:27:09','9a5360d1-3f84-4815-a931-7349c2ad008b'),(131,'Liberia','LR',0,'2017-03-06 09:27:09','2017-03-06 09:27:09','9ec08a40-3e77-46f8-beeb-68f8d0237c3b'),(132,'Lesotho','LS',0,'2017-03-06 09:27:09','2017-03-06 09:27:09','55fd6056-eca5-4bf8-85a9-9aaa99208b52'),(133,'Lithuania','LT',0,'2017-03-06 09:27:09','2017-03-06 09:27:09','aaac3362-0975-42fe-b37e-ad12ef753938'),(134,'Luxembourg','LU',0,'2017-03-06 09:27:09','2017-03-06 09:27:09','eb8a1e49-45b7-4456-a22f-280b06b3e7d2'),(135,'Latvia','LV',0,'2017-03-06 09:27:09','2017-03-06 09:27:09','3ce9bfa8-9664-4761-947e-76665f652c6b'),(136,'Libya','LY',0,'2017-03-06 09:27:09','2017-03-06 09:27:09','95a4b4d3-76aa-4c6c-ba04-fbb181ed32e1'),(137,'Morocco','MA',0,'2017-03-06 09:27:09','2017-03-06 09:27:09','4c129e68-722c-4ef5-a6c3-98f5e2a453f9'),(138,'Monaco','MC',0,'2017-03-06 09:27:09','2017-03-06 09:27:09','52067a74-acf5-4c3a-b6ea-7bae3fb17048'),(139,'Moldova','MD',0,'2017-03-06 09:27:09','2017-03-06 09:27:09','305277e6-6224-49a3-9c7a-828286d8b846'),(140,'Montenegro','ME',0,'2017-03-06 09:27:09','2017-03-06 09:27:09','b924a8b4-ca28-4b56-a833-78e9bff7e341'),(141,'Saint Martin (French part)','MF',0,'2017-03-06 09:27:09','2017-03-06 09:27:09','2284234f-c574-44ba-b8aa-687087e08a35'),(142,'Madagascar','MG',0,'2017-03-06 09:27:09','2017-03-06 09:27:09','69d0f7cd-25a4-4342-bad6-98284f696b7f'),(143,'Marshall Islands','MH',0,'2017-03-06 09:27:09','2017-03-06 09:27:09','0bd21ff0-99ce-41e7-9b74-e5163bb5db6e'),(144,'Macedonia','MK',0,'2017-03-06 09:27:09','2017-03-06 09:27:09','ce326e8c-899d-47a3-9cd8-1cb7431e0313'),(145,'Mali','ML',0,'2017-03-06 09:27:09','2017-03-06 09:27:09','7306a176-bdcf-4d98-92b6-38b9b31b231f'),(146,'Burma (Myanmar)','MM',0,'2017-03-06 09:27:09','2017-03-06 09:27:09','6c7b2c82-68fa-4e65-b083-b70bc0ea27f3'),(147,'Mongolia','MN',0,'2017-03-06 09:27:09','2017-03-06 09:27:09','17720023-8472-4371-b2c2-ed1f6c27770d'),(148,'Macau','MO',0,'2017-03-06 09:27:09','2017-03-06 09:27:09','7130091d-80a2-4a19-96bb-463f73146016'),(149,'Northern Mariana Islands','MP',0,'2017-03-06 09:27:09','2017-03-06 09:27:09','67def962-d20a-43d7-a013-4c247e854a07'),(150,'Martinique','MQ',0,'2017-03-06 09:27:09','2017-03-06 09:27:09','ac4b67d5-9350-4a59-abc8-776264665581'),(151,'Mauritania','MR',0,'2017-03-06 09:27:09','2017-03-06 09:27:09','7a7738f4-c581-43cd-b8ad-7309850fde75'),(152,'Montserrat','MS',0,'2017-03-06 09:27:09','2017-03-06 09:27:09','4e91e805-75a9-44ae-ac42-7298145f5d2a'),(153,'Malta','MT',0,'2017-03-06 09:27:09','2017-03-06 09:27:09','7d1858a3-6185-4438-ad2b-1c6cd7d6ef0e'),(154,'Mauritius','MU',0,'2017-03-06 09:27:09','2017-03-06 09:27:09','2f118cc0-6976-4228-ba0e-cf4013be1fd8'),(155,'Maldives','MV',0,'2017-03-06 09:27:09','2017-03-06 09:27:09','3cfa13c5-9e7b-4531-823e-a6ba6396e064'),(156,'Malawi','MW',0,'2017-03-06 09:27:09','2017-03-06 09:27:09','d69b8372-6e1b-42da-be6f-6c31bc2e0f61'),(157,'Mexico','MX',0,'2017-03-06 09:27:09','2017-03-06 09:27:09','2793e66b-f1a1-4427-b08c-9a3f41cb1823'),(158,'Malaysia','MY',0,'2017-03-06 09:27:09','2017-03-06 09:27:09','2fe08eeb-0019-4eff-a572-56c0998b028a'),(159,'Mozambique','MZ',0,'2017-03-06 09:27:09','2017-03-06 09:27:09','b6163c45-2378-4df4-8057-a938342cf132'),(160,'Namibia','NA',0,'2017-03-06 09:27:09','2017-03-06 09:27:09','e20792a8-35b8-4c1e-8767-ccc7f890d138'),(161,'New Caledonia','NC',0,'2017-03-06 09:27:09','2017-03-06 09:27:09','481c59b6-5c51-405b-bb87-dec55f96e4e1'),(162,'Niger','NE',0,'2017-03-06 09:27:09','2017-03-06 09:27:09','06b12303-0c80-4d33-81d2-bcac4fa65d4a'),(163,'Norfolk Island','NF',0,'2017-03-06 09:27:09','2017-03-06 09:27:09','41500842-3007-432e-b5a8-fe5f5e0e5652'),(164,'Nigeria','NG',0,'2017-03-06 09:27:09','2017-03-06 09:27:09','ef137022-2658-4b23-b998-6a1d5d8b8e5a'),(165,'Nicaragua','NI',0,'2017-03-06 09:27:09','2017-03-06 09:27:09','c5c877c5-2e8d-48ad-ad33-aca6d704ac28'),(166,'Netherlands','NL',0,'2017-03-06 09:27:09','2017-03-06 09:27:09','ca0197fa-01f2-4390-8614-a2d522e7f80b'),(167,'Norway','NO',0,'2017-03-06 09:27:09','2017-03-06 09:27:09','c486fd32-1218-4662-b9f7-984c21debfd7'),(168,'Nepal','NP',0,'2017-03-06 09:27:09','2017-03-06 09:27:09','2b60a1e5-5bce-4398-96e5-9506515afd51'),(169,'Nauru','NR',0,'2017-03-06 09:27:09','2017-03-06 09:27:09','c424d69d-c3cd-4b7b-a81e-5edb4eb3d19a'),(170,'Niue','NU',0,'2017-03-06 09:27:09','2017-03-06 09:27:09','a503d421-2bb1-4832-8c05-5b6392ba9200'),(171,'New Zealand','NZ',0,'2017-03-06 09:27:09','2017-03-06 09:27:09','263b4aaa-4e1a-4ef2-b238-b3079b5ba278'),(172,'Oman','OM',0,'2017-03-06 09:27:09','2017-03-06 09:27:09','da399644-ffc7-4da3-9bda-24e5bb12878f'),(173,'Panama','PA',0,'2017-03-06 09:27:09','2017-03-06 09:27:09','6550e4db-a866-450f-aa40-0191d6132c88'),(174,'Peru','PE',0,'2017-03-06 09:27:09','2017-03-06 09:27:09','2dc0a85d-dc21-4cc6-af98-7a38fbfdc68c'),(175,'French Polynesia','PF',0,'2017-03-06 09:27:09','2017-03-06 09:27:09','80af9e32-6d5b-408c-8d3f-7162ea7c9eb1'),(176,'Papua New Guinea','PG',0,'2017-03-06 09:27:09','2017-03-06 09:27:09','9fd93c50-8a2e-4897-86cb-6b9592769c8f'),(177,'Philippines','PH',0,'2017-03-06 09:27:09','2017-03-06 09:27:09','b4b84198-b8a8-443d-a5d2-fd4b6003039a'),(178,'Pakistan','PK',0,'2017-03-06 09:27:09','2017-03-06 09:27:09','03eb75df-9bae-4e23-b39c-22fb037ba9ac'),(179,'Poland','PL',0,'2017-03-06 09:27:09','2017-03-06 09:27:09','bfc149af-211e-40a2-b2d3-408f75ecabf0'),(180,'St. Pierre and Miquelon','PM',0,'2017-03-06 09:27:09','2017-03-06 09:27:09','541e5e29-8250-4730-9f30-cd0f68467de9'),(181,'Pitcairn','PN',0,'2017-03-06 09:27:09','2017-03-06 09:27:09','91a464eb-3fd2-475d-90db-726fa11574e0'),(182,'Puerto Rico','PR',0,'2017-03-06 09:27:10','2017-03-06 09:27:10','2554dcfe-fe7a-478c-a259-bf5a40d69020'),(183,'Palestinian Territory, Occupied','PS',0,'2017-03-06 09:27:10','2017-03-06 09:27:10','6dc1f703-6275-4ec7-b0fc-1625c1c13a05'),(184,'Portugal','PT',0,'2017-03-06 09:27:10','2017-03-06 09:27:10','91a88c05-fd22-42b5-9879-fea49b4dedbc'),(185,'Palau','PW',0,'2017-03-06 09:27:10','2017-03-06 09:27:10','9ee9960d-eafa-4f86-b4fa-df3964cad6d2'),(186,'Paraguay','PY',0,'2017-03-06 09:27:10','2017-03-06 09:27:10','92bbcdde-9baa-4a60-9cfc-a9aebadabe42'),(187,'Qatar','QA',0,'2017-03-06 09:27:10','2017-03-06 09:27:10','6ef1f68b-b476-40ee-a119-bc988933078a'),(188,'Reunion','RE',0,'2017-03-06 09:27:10','2017-03-06 09:27:10','426f7da6-11e4-459c-8b25-4c8791d0653f'),(189,'Romania','RO',0,'2017-03-06 09:27:10','2017-03-06 09:27:10','476b01d0-f706-4d6f-985d-efec33adc5e7'),(190,'Republic of Serbia','RS',0,'2017-03-06 09:27:10','2017-03-06 09:27:10','bce60c2b-306e-4fb5-a67b-f4a15e017c35'),(191,'Russia','RU',0,'2017-03-06 09:27:10','2017-03-06 09:27:10','6a778e6b-5200-42c3-a8aa-1b1dd0c1c960'),(192,'Rwanda','RW',0,'2017-03-06 09:27:10','2017-03-06 09:27:10','4d212201-315a-41b9-8621-2d39d7bd1c5a'),(193,'Saudi Arabia','SA',0,'2017-03-06 09:27:10','2017-03-06 09:27:10','29b5445d-9128-476f-a574-375d4e9351f9'),(194,'Solomon Islands','SB',0,'2017-03-06 09:27:10','2017-03-06 09:27:10','9812b9a0-33c9-46bf-9583-b665034b2ac9'),(195,'Seychelles','SC',0,'2017-03-06 09:27:10','2017-03-06 09:27:10','1f74928c-5566-4a0b-8625-bc16e98cc10f'),(196,'Sudan','SD',0,'2017-03-06 09:27:10','2017-03-06 09:27:10','74c8b131-dc1a-4774-a105-e02f1dd47bc1'),(197,'Sweden','SE',0,'2017-03-06 09:27:10','2017-03-06 09:27:10','4fc47fcd-0301-42b1-acea-23236ceb8dc1'),(198,'Singapore','SG',0,'2017-03-06 09:27:10','2017-03-06 09:27:10','56e16022-d621-4578-93d1-c1e6505898b7'),(199,'St. Helena','SH',0,'2017-03-06 09:27:10','2017-03-06 09:27:10','ab240e01-c642-415e-b275-df12f8ce84dd'),(200,'Slovenia','SI',0,'2017-03-06 09:27:10','2017-03-06 09:27:10','422d1545-7e79-4751-b4ec-e5ca68d0f58a'),(201,'Svalbard and Jan Mayen Islands','SJ',0,'2017-03-06 09:27:10','2017-03-06 09:27:10','f55f6790-996c-4d7a-b3f1-85577b1f8f3c'),(202,'Slovak Republic','SK',0,'2017-03-06 09:27:10','2017-03-06 09:27:10','558e29da-0791-4ada-9180-519494848c67'),(203,'Sierra Leone','SL',0,'2017-03-06 09:27:10','2017-03-06 09:27:10','b5774f4c-ae9b-4a57-87d3-f12f1ad4d756'),(204,'San Marino','SM',0,'2017-03-06 09:27:10','2017-03-06 09:27:10','d095d4ca-ff32-4e16-a993-a4fd8f29557a'),(205,'Senegal','SN',0,'2017-03-06 09:27:10','2017-03-06 09:27:10','ad379435-4e62-4873-8b5c-169d74b0ea99'),(206,'Somalia','SO',0,'2017-03-06 09:27:10','2017-03-06 09:27:10','99c79c31-e716-459f-9ab1-65e836d7a11b'),(207,'Suriname','SR',0,'2017-03-06 09:27:10','2017-03-06 09:27:10','7c8d2e9a-08c9-4c89-bea1-4c65b78d9057'),(208,'South Sudan','SS',0,'2017-03-06 09:27:10','2017-03-06 09:27:10','fc5c02f5-f5ef-499f-a712-dbfb653514fa'),(209,'Sao Tome and Principe','ST',0,'2017-03-06 09:27:10','2017-03-06 09:27:10','70976b67-2f45-437a-be7d-ab46cf39b0d5'),(210,'El Salvador','SV',0,'2017-03-06 09:27:10','2017-03-06 09:27:10','c986c634-d1cc-45dc-bd03-fc21813f36ba'),(211,'Sint Maarten (Dutch part)','SX',0,'2017-03-06 09:27:10','2017-03-06 09:27:10','2af896ce-e294-4c11-ba7b-3b634da4648a'),(212,'Syria','SY',0,'2017-03-06 09:27:10','2017-03-06 09:27:10','3d61c55d-ee51-423a-8853-c99809462578'),(213,'Swaziland','SZ',0,'2017-03-06 09:27:10','2017-03-06 09:27:10','3914feb7-4d6e-44a7-a8ca-12ea1ed43e32'),(214,'Turks and Caicos Islands','TC',0,'2017-03-06 09:27:10','2017-03-06 09:27:10','5633a432-cddb-4fbb-98e4-ada82d7f7dbb'),(215,'Chad','TD',0,'2017-03-06 09:27:10','2017-03-06 09:27:10','1635000e-c064-4bb3-80c8-29920d54c786'),(216,'French Southern Territories','TF',0,'2017-03-06 09:27:10','2017-03-06 09:27:10','6c7be720-f491-4fb0-af09-dd034b997cc5'),(217,'Togo','TG',0,'2017-03-06 09:27:10','2017-03-06 09:27:10','6274f359-8193-4090-a95d-8077591952fd'),(218,'Thailand','TH',0,'2017-03-06 09:27:10','2017-03-06 09:27:10','00ad329a-5ab5-4ad4-b0ec-37dc0b2f66eb'),(219,'Tajikistan','TJ',0,'2017-03-06 09:27:10','2017-03-06 09:27:10','3600493f-5d01-4fe8-bcb1-c55e2db5042f'),(220,'Tokelau','TK',0,'2017-03-06 09:27:10','2017-03-06 09:27:10','5b5a765f-9607-474b-89a5-4357d1e03e78'),(221,'Timor-Leste','TL',0,'2017-03-06 09:27:10','2017-03-06 09:27:10','af754057-6af2-4e2b-9c65-06be1e4f7677'),(222,'Turkmenistan','TM',0,'2017-03-06 09:27:10','2017-03-06 09:27:10','9959a82b-ab86-4357-a250-e5a3591e2da1'),(223,'Tunisia','TN',0,'2017-03-06 09:27:10','2017-03-06 09:27:10','a9bc28ad-9330-4249-b748-e707e97666cd'),(224,'Tonga','TO',0,'2017-03-06 09:27:10','2017-03-06 09:27:10','7f6cf954-3be0-4600-804b-7110dd10b529'),(225,'Turkey','TR',0,'2017-03-06 09:27:10','2017-03-06 09:27:10','db4db5da-a5be-4169-8248-d319e11570b5'),(226,'Trinidad and Tobago','TT',0,'2017-03-06 09:27:10','2017-03-06 09:27:10','ae9125b7-9a15-4872-88fd-bad207dd1483'),(227,'Tuvalu','TV',0,'2017-03-06 09:27:10','2017-03-06 09:27:10','722fb9ad-bf3b-40eb-877e-ce60a672f1f4'),(228,'Taiwan','TW',0,'2017-03-06 09:27:10','2017-03-06 09:27:10','50fc3378-3ee4-4f5d-a3c5-5ef7d6d03a3e'),(229,'Tanzania','TZ',0,'2017-03-06 09:27:10','2017-03-06 09:27:10','e1f69a65-3344-481a-865e-487485f44b77'),(230,'Ukraine','UA',0,'2017-03-06 09:27:10','2017-03-06 09:27:10','6b896a92-8f06-4fa4-9195-d08cc326c3f5'),(231,'Uganda','UG',0,'2017-03-06 09:27:10','2017-03-06 09:27:10','b7d67809-fa39-457c-bb09-df1e74acfa55'),(232,'United States Minor Outlying Islands','UM',0,'2017-03-06 09:27:10','2017-03-06 09:27:10','2cfff4bb-1c7a-4e65-b477-f065e61762e0'),(233,'United States','US',0,'2017-03-06 09:27:10','2017-03-06 09:27:10','85291051-8f81-4159-8cef-4c90a1793157'),(234,'Uruguay','UY',0,'2017-03-06 09:27:10','2017-03-06 09:27:10','16c0dd6c-b351-4427-bebc-ac943c65e7f5'),(235,'Uzbekistan','UZ',0,'2017-03-06 09:27:10','2017-03-06 09:27:10','099830da-5db8-4066-9d7c-dbd526e437b9'),(236,'Vatican City State (Holy See)','VA',0,'2017-03-06 09:27:10','2017-03-06 09:27:10','6eebf05e-6330-4892-bb1f-c6b7949f3fe9'),(237,'Saint Vincent and the Grenadines','VC',0,'2017-03-06 09:27:10','2017-03-06 09:27:10','6f966c2e-0d53-4389-803b-6d7cc02ee74f'),(238,'Venezuela','VE',0,'2017-03-06 09:27:10','2017-03-06 09:27:10','9dbd1824-92e9-4b12-aaf2-16050a7d3472'),(239,'Virgin Islands (British)','VG',0,'2017-03-06 09:27:10','2017-03-06 09:27:10','1673fbc5-ba37-4970-be5c-f14deca072df'),(240,'Virgin Islands (U.S.)','VI',0,'2017-03-06 09:27:10','2017-03-06 09:27:10','1e24d599-8b67-4234-bced-5a6f866317d4'),(241,'Viet Nam','VN',0,'2017-03-06 09:27:10','2017-03-06 09:27:10','9c11f40e-041f-4298-8315-1af68f640388'),(242,'Vanuatu','VU',0,'2017-03-06 09:27:10','2017-03-06 09:27:10','fdd2bc25-7d02-4f5c-af4d-f6d6bc194165'),(243,'Wallis and Futuna Islands','WF',0,'2017-03-06 09:27:10','2017-03-06 09:27:10','42edc4b6-ed39-4f36-9dc4-f04413068685'),(244,'Samoa','WS',0,'2017-03-06 09:27:10','2017-03-06 09:27:10','d26d53c5-1f05-4ce8-89fc-998a79a30876'),(245,'Yemen','YE',0,'2017-03-06 09:27:10','2017-03-06 09:27:10','097cfe98-8ffd-40af-a019-95d203da18c0'),(246,'Mayotte','YT',0,'2017-03-06 09:27:10','2017-03-06 09:27:10','e5ba8cad-bbf6-4af6-9032-60d0faa6665e'),(247,'South Africa','ZA',0,'2017-03-06 09:27:10','2017-03-06 09:27:10','050cc1a9-2b89-4941-a740-2da2f6e3af10'),(248,'Zambia','ZM',0,'2017-03-06 09:27:10','2017-03-06 09:27:10','818dae57-e52d-412d-8372-412538abcb80'),(249,'Zimbabwe','ZW',0,'2017-03-06 09:27:10','2017-03-06 09:27:10','7087351e-3e6e-43dd-95e2-e1b28d9e81b8');

--
-- Table structure for table `craft_commerce_customer_discountuses`
--

CREATE TABLE `craft_commerce_customer_discountuses` (
  `id` int(11) NOT NULL AUTO_INCREMENT,
  `discountId` int(10) NOT NULL,
  `customerId` int(10) NOT NULL,
  `uses` int(10) unsigned NOT NULL,
  `dateCreated` datetime NOT NULL,
  `dateUpdated` datetime NOT NULL,
  `uid` char(36) COLLATE utf8_unicode_ci NOT NULL DEFAULT '0',
  PRIMARY KEY (`id`),
  UNIQUE KEY `craft_commerce_customer_discountuses_customerId_discountId_unq_i` (`customerId`,`discountId`),
  KEY `craft_commerce_customer_discountuses_discountId_fk` (`discountId`),
  CONSTRAINT `craft_commerce_customer_discountuses_customerId_fk` FOREIGN KEY (`customerId`) REFERENCES `craft_commerce_customers` (`id`) ON DELETE CASCADE ON UPDATE CASCADE,
  CONSTRAINT `craft_commerce_customer_discountuses_discountId_fk` FOREIGN KEY (`discountId`) REFERENCES `craft_commerce_discounts` (`id`) ON DELETE CASCADE ON UPDATE CASCADE
) ENGINE=InnoDB DEFAULT CHARSET=utf8 COLLATE=utf8_unicode_ci;

--
-- Dumping data for table `craft_commerce_customer_discountuses`
--


--
-- Table structure for table `craft_commerce_customers`
--

CREATE TABLE `craft_commerce_customers` (
  `id` int(11) NOT NULL AUTO_INCREMENT,
  `userId` int(11) DEFAULT NULL,
  `email` varchar(255) COLLATE utf8_unicode_ci DEFAULT NULL,
  `lastUsedBillingAddressId` int(10) DEFAULT NULL,
  `lastUsedShippingAddressId` int(10) DEFAULT NULL,
  `dateCreated` datetime NOT NULL,
  `dateUpdated` datetime NOT NULL,
  `uid` char(36) COLLATE utf8_unicode_ci NOT NULL DEFAULT '0',
  PRIMARY KEY (`id`),
  KEY `craft_commerce_customers_userId_fk` (`userId`),
  CONSTRAINT `craft_commerce_customers_userId_fk` FOREIGN KEY (`userId`) REFERENCES `craft_users` (`id`) ON DELETE SET NULL
) ENGINE=InnoDB AUTO_INCREMENT=9 DEFAULT CHARSET=utf8 COLLATE=utf8_unicode_ci;

--
-- Dumping data for table `craft_commerce_customers`
--

INSERT INTO `craft_commerce_customers` VALUES (1,1,'max@eec.ms',NULL,NULL,'2017-03-06 18:12:30','2017-03-06 18:12:30','a0cadc76-ebd7-44de-9dd5-a741634e7cc4'),(2,177,'florian@designingit.com',NULL,NULL,'2017-03-22 11:37:03','2017-03-22 11:37:03','30e978c0-97b3-4ea9-9278-71499a456d44'),(3,178,'support@monarchmanor.org',NULL,NULL,'2017-03-22 23:07:15','2017-03-22 23:07:15','ce950764-7ccf-4b57-bbc0-14e751b6f17b'),(4,NULL,NULL,NULL,NULL,'2017-04-14 12:07:54','2017-04-14 12:07:54','5f07c683-67b2-46e2-af40-d63a3966af38'),(5,NULL,NULL,NULL,NULL,'2017-04-14 12:08:03','2017-04-14 12:08:03','78eac6ca-6273-4ba9-a086-af4fb4946ec2'),(6,NULL,NULL,NULL,NULL,'2017-04-14 12:08:18','2017-04-14 12:08:18','262a60d8-0380-4d03-acc5-5d0f605b95bf'),(7,NULL,NULL,NULL,NULL,'2017-04-14 12:09:05','2017-04-14 12:09:05','bc1fd5b1-81cd-4251-98d8-886801ccdeda'),(8,NULL,NULL,NULL,NULL,'2017-04-14 12:09:27','2017-04-14 12:09:27','7725cea3-381f-4368-b599-a9482e228282');

--
-- Table structure for table `craft_commerce_customers_addresses`
--

CREATE TABLE `craft_commerce_customers_addresses` (
  `id` int(11) NOT NULL AUTO_INCREMENT,
  `customerId` int(11) NOT NULL,
  `addressId` int(11) NOT NULL,
  `dateCreated` datetime NOT NULL,
  `dateUpdated` datetime NOT NULL,
  `uid` char(36) COLLATE utf8_unicode_ci NOT NULL DEFAULT '0',
  PRIMARY KEY (`id`),
  UNIQUE KEY `craft_commerce_customers_addresses_customerId_addressId_unq_idx` (`customerId`,`addressId`),
  KEY `craft_commerce_customers_addresses_customerId_idx` (`customerId`),
  KEY `craft_commerce_customers_addresses_addressId_idx` (`addressId`),
  CONSTRAINT `craft_commerce_customers_addresses_addressId_fk` FOREIGN KEY (`addressId`) REFERENCES `craft_commerce_addresses` (`id`) ON DELETE CASCADE ON UPDATE CASCADE,
  CONSTRAINT `craft_commerce_customers_addresses_customerId_fk` FOREIGN KEY (`customerId`) REFERENCES `craft_commerce_customers` (`id`) ON DELETE CASCADE ON UPDATE CASCADE
) ENGINE=InnoDB AUTO_INCREMENT=5 DEFAULT CHARSET=utf8 COLLATE=utf8_unicode_ci;

--
-- Dumping data for table `craft_commerce_customers_addresses`
--

INSERT INTO `craft_commerce_customers_addresses` VALUES (1,1,1,'2017-03-20 09:34:06','2017-03-20 09:34:06','66a1e1b9-82f2-465c-bfec-9e124e7a8d84'),(2,1,2,'2017-04-14 12:13:04','2017-04-14 12:13:04','507bcd73-fb89-43a8-a60f-b5e0619fa7cd'),(3,1,3,'2017-04-14 13:46:48','2017-04-14 13:46:48','0e124d0e-7a55-42fd-9eed-87bd8717f94b'),(4,1,4,'2017-04-14 14:17:09','2017-04-14 14:17:09','22cafb4f-3a31-4aa5-9b36-bd3d0638e53f');

--
-- Table structure for table `craft_commerce_discount_products`
--

CREATE TABLE `craft_commerce_discount_products` (
  `id` int(11) NOT NULL AUTO_INCREMENT,
  `discountId` int(10) NOT NULL,
  `productId` int(10) NOT NULL,
  `dateCreated` datetime NOT NULL,
  `dateUpdated` datetime NOT NULL,
  `uid` char(36) COLLATE utf8_unicode_ci NOT NULL DEFAULT '0',
  PRIMARY KEY (`id`),
  UNIQUE KEY `craft_commerce_discount_products_discountId_productId_unq_idx` (`discountId`,`productId`),
  KEY `craft_commerce_discount_products_productId_fk` (`productId`),
  CONSTRAINT `craft_commerce_discount_products_discountId_fk` FOREIGN KEY (`discountId`) REFERENCES `craft_commerce_discounts` (`id`) ON DELETE CASCADE ON UPDATE CASCADE,
  CONSTRAINT `craft_commerce_discount_products_productId_fk` FOREIGN KEY (`productId`) REFERENCES `craft_commerce_products` (`id`) ON DELETE CASCADE ON UPDATE CASCADE
) ENGINE=InnoDB DEFAULT CHARSET=utf8 COLLATE=utf8_unicode_ci;

--
-- Dumping data for table `craft_commerce_discount_products`
--


--
-- Table structure for table `craft_commerce_discount_producttypes`
--

CREATE TABLE `craft_commerce_discount_producttypes` (
  `id` int(11) NOT NULL AUTO_INCREMENT,
  `discountId` int(10) NOT NULL,
  `productTypeId` int(10) NOT NULL,
  `dateCreated` datetime NOT NULL,
  `dateUpdated` datetime NOT NULL,
  `uid` char(36) COLLATE utf8_unicode_ci NOT NULL DEFAULT '0',
  PRIMARY KEY (`id`),
  UNIQUE KEY `craft_commerc_discoun_producttype_discountI_productTypeI_unq_idx` (`discountId`,`productTypeId`),
  KEY `craft_commerce_discount_producttypes_productTypeId_fk` (`productTypeId`),
  CONSTRAINT `craft_commerce_discount_producttypes_discountId_fk` FOREIGN KEY (`discountId`) REFERENCES `craft_commerce_discounts` (`id`) ON DELETE CASCADE ON UPDATE CASCADE,
  CONSTRAINT `craft_commerce_discount_producttypes_productTypeId_fk` FOREIGN KEY (`productTypeId`) REFERENCES `craft_commerce_producttypes` (`id`) ON DELETE CASCADE ON UPDATE CASCADE
) ENGINE=InnoDB DEFAULT CHARSET=utf8 COLLATE=utf8_unicode_ci;

--
-- Dumping data for table `craft_commerce_discount_producttypes`
--


--
-- Table structure for table `craft_commerce_discount_usergroups`
--

CREATE TABLE `craft_commerce_discount_usergroups` (
  `id` int(11) NOT NULL AUTO_INCREMENT,
  `discountId` int(10) NOT NULL,
  `userGroupId` int(10) NOT NULL,
  `dateCreated` datetime NOT NULL,
  `dateUpdated` datetime NOT NULL,
  `uid` char(36) COLLATE utf8_unicode_ci NOT NULL DEFAULT '0',
  PRIMARY KEY (`id`),
  UNIQUE KEY `craft_commerce_discount_usergroups_discountId_userGroupId_unq_id` (`discountId`,`userGroupId`),
  KEY `craft_commerce_discount_usergroups_userGroupId_fk` (`userGroupId`),
  CONSTRAINT `craft_commerce_discount_usergroups_discountId_fk` FOREIGN KEY (`discountId`) REFERENCES `craft_commerce_discounts` (`id`) ON DELETE CASCADE ON UPDATE CASCADE,
  CONSTRAINT `craft_commerce_discount_usergroups_userGroupId_fk` FOREIGN KEY (`userGroupId`) REFERENCES `craft_usergroups` (`id`) ON DELETE CASCADE ON UPDATE CASCADE
) ENGINE=InnoDB DEFAULT CHARSET=utf8 COLLATE=utf8_unicode_ci;

--
