-- Dumping data for table `craft_commerce_discount_usergroups`
--


--
-- Table structure for table `craft_commerce_discounts`
--

CREATE TABLE `craft_commerce_discounts` (
  `id` int(11) NOT NULL AUTO_INCREMENT,
  `name` varchar(255) COLLATE utf8_unicode_ci NOT NULL,
  `description` text COLLATE utf8_unicode_ci,
  `code` varchar(255) COLLATE utf8_unicode_ci DEFAULT NULL,
  `perUserLimit` int(10) unsigned NOT NULL DEFAULT '0',
  `perEmailLimit` int(10) unsigned NOT NULL DEFAULT '0',
  `totalUseLimit` int(10) unsigned NOT NULL DEFAULT '0',
  `totalUses` int(10) unsigned NOT NULL DEFAULT '0',
  `dateFrom` datetime DEFAULT NULL,
  `dateTo` datetime DEFAULT NULL,
  `purchaseTotal` int(10) NOT NULL DEFAULT '0',
  `purchaseQty` int(10) NOT NULL DEFAULT '0',
  `maxPurchaseQty` int(10) NOT NULL DEFAULT '0',
  `baseDiscount` decimal(14,4) NOT NULL DEFAULT '0.0000',
  `perItemDiscount` decimal(14,4) NOT NULL DEFAULT '0.0000',
  `percentDiscount` decimal(14,4) NOT NULL DEFAULT '0.0000',
  `excludeOnSale` tinyint(1) unsigned NOT NULL DEFAULT '0',
  `freeShipping` tinyint(1) unsigned NOT NULL DEFAULT '0',
  `allGroups` tinyint(1) unsigned NOT NULL DEFAULT '0',
  `allProducts` tinyint(1) unsigned NOT NULL DEFAULT '0',
  `allProductTypes` tinyint(1) unsigned NOT NULL DEFAULT '0',
  `enabled` tinyint(1) unsigned NOT NULL DEFAULT '1',
  `stopProcessing` tinyint(1) unsigned NOT NULL DEFAULT '0',
  `sortOrder` int(10) DEFAULT NULL,
  `dateCreated` datetime NOT NULL,
  `dateUpdated` datetime NOT NULL,
  `uid` char(36) COLLATE utf8_unicode_ci NOT NULL DEFAULT '0',
  PRIMARY KEY (`id`),
  UNIQUE KEY `craft_commerce_discounts_code_unq_idx` (`code`),
  KEY `craft_commerce_discounts_dateFrom_idx` (`dateFrom`),
  KEY `craft_commerce_discounts_dateTo_idx` (`dateTo`)
) ENGINE=InnoDB AUTO_INCREMENT=2 DEFAULT CHARSET=utf8 COLLATE=utf8_unicode_ci;

--
-- Dumping data for table `craft_commerce_discounts`
--

INSERT INTO `craft_commerce_discounts` VALUES (1,'Subscription discount','','cRed4DP2',0,0,0,0,NULL,NULL,0,0,0,0.0000,0.0000,-0.0500,0,0,1,1,1,1,0,999,'2017-04-14 11:42:51','2017-04-14 11:42:51','704a3efe-56e0-414b-ab66-7b6455527790');

--
-- Table structure for table `craft_commerce_emails`
--

CREATE TABLE `craft_commerce_emails` (
  `id` int(11) NOT NULL AUTO_INCREMENT,
  `name` varchar(255) COLLATE utf8_unicode_ci NOT NULL,
  `subject` varchar(255) COLLATE utf8_unicode_ci NOT NULL,
  `recipientType` enum('customer','custom') COLLATE utf8_unicode_ci DEFAULT 'custom',
  `to` varchar(255) COLLATE utf8_unicode_ci DEFAULT NULL,
  `bcc` varchar(255) COLLATE utf8_unicode_ci DEFAULT NULL,
  `enabled` tinyint(1) unsigned NOT NULL DEFAULT '0',
  `templatePath` varchar(255) COLLATE utf8_unicode_ci NOT NULL,
  `dateCreated` datetime NOT NULL,
  `dateUpdated` datetime NOT NULL,
  `uid` char(36) COLLATE utf8_unicode_ci NOT NULL DEFAULT '0',
  PRIMARY KEY (`id`)
) ENGINE=InnoDB DEFAULT CHARSET=utf8 COLLATE=utf8_unicode_ci;

--
-- Dumping data for table `craft_commerce_emails`
--


--
-- Table structure for table `craft_commerce_lineitems`
--

CREATE TABLE `craft_commerce_lineitems` (
  `id` int(11) NOT NULL AUTO_INCREMENT,
  `orderId` int(11) NOT NULL,
  `purchasableId` int(11) DEFAULT NULL,
  `options` text COLLATE utf8_unicode_ci,
  `optionsSignature` varchar(255) COLLATE utf8_unicode_ci NOT NULL,
  `price` decimal(14,4) unsigned NOT NULL,
  `saleAmount` decimal(14,4) NOT NULL DEFAULT '0.0000',
  `salePrice` decimal(14,4) NOT NULL DEFAULT '0.0000',
  `tax` decimal(14,4) NOT NULL DEFAULT '0.0000',
  `taxIncluded` decimal(14,4) NOT NULL DEFAULT '0.0000',
  `shippingCost` decimal(14,4) unsigned NOT NULL DEFAULT '0.0000',
  `discount` decimal(14,4) NOT NULL DEFAULT '0.0000',
  `weight` decimal(14,4) unsigned NOT NULL DEFAULT '0.0000',
  `height` decimal(14,4) unsigned NOT NULL DEFAULT '0.0000',
  `length` decimal(14,4) unsigned NOT NULL DEFAULT '0.0000',
  `width` decimal(14,4) unsigned NOT NULL DEFAULT '0.0000',
  `total` decimal(14,4) unsigned NOT NULL DEFAULT '0.0000',
  `qty` int(10) unsigned NOT NULL,
  `note` text COLLATE utf8_unicode_ci,
  `snapshot` text COLLATE utf8_unicode_ci NOT NULL,
  `taxCategoryId` int(10) NOT NULL,
  `shippingCategoryId` int(10) NOT NULL,
  `dateCreated` datetime NOT NULL,
  `dateUpdated` datetime NOT NULL,
  `uid` char(36) COLLATE utf8_unicode_ci NOT NULL DEFAULT '0',
  PRIMARY KEY (`id`),
  UNIQUE KEY `craf_commerc_lineitem_orderI_purchasableI_optionsSignatu_unq_idx` (`orderId`,`purchasableId`,`optionsSignature`),
  KEY `craft_commerce_lineitems_purchasableId_fk` (`purchasableId`),
  KEY `craft_commerce_lineitems_taxCategoryId_fk` (`taxCategoryId`),
  KEY `craft_commerce_lineitems_shippingCategoryId_fk` (`shippingCategoryId`),
  CONSTRAINT `craft_commerce_lineitems_orderId_fk` FOREIGN KEY (`orderId`) REFERENCES `craft_commerce_orders` (`id`) ON DELETE CASCADE,
  CONSTRAINT `craft_commerce_lineitems_purchasableId_fk` FOREIGN KEY (`purchasableId`) REFERENCES `craft_elements` (`id`) ON DELETE SET NULL ON UPDATE CASCADE,
  CONSTRAINT `craft_commerce_lineitems_shippingCategoryId_fk` FOREIGN KEY (`shippingCategoryId`) REFERENCES `craft_commerce_shippingcategories` (`id`) ON UPDATE CASCADE,
  CONSTRAINT `craft_commerce_lineitems_taxCategoryId_fk` FOREIGN KEY (`taxCategoryId`) REFERENCES `craft_commerce_taxcategories` (`id`) ON UPDATE CASCADE
) ENGINE=InnoDB AUTO_INCREMENT=16 DEFAULT CHARSET=utf8 COLLATE=utf8_unicode_ci;

--
-- Dumping data for table `craft_commerce_lineitems`
--

INSERT INTO `craft_commerce_lineitems` VALUES (8,209,189,'[]','d751713988987e9331980363e24189ce',149.9900,0.0000,149.9900,0.0000,0.0000,0.0000,0.0000,990.0000,0.0000,0.0000,0.0000,149.9900,1,NULL,'{\"id\":\"189\",\"enabled\":\"1\",\"archived\":\"0\",\"locale\":\"en_us\",\"localeEnabled\":\"1\",\"slug\":\"benefits\",\"uri\":null,\"dateCreated\":\"2017-03-26 16:41:37\",\"dateUpdated\":\"2017-03-26 21:41:59\",\"root\":null,\"lft\":null,\"rgt\":null,\"level\":null,\"searchScore\":null,\"productId\":\"187\",\"isDefault\":\"1\",\"sku\":\"benefits-whole-body-nutrition-shake\",\"price\":\"149.9900\",\"sortOrder\":\"1\",\"width\":\"0.0000\",\"height\":\"0.0000\",\"length\":\"0.0000\",\"weight\":\"990.0000\",\"stock\":\"2000\",\"unlimitedStock\":\"0\",\"minQty\":null,\"maxQty\":null,\"onSale\":0,\"cpEditUrl\":\"#\",\"product\":{\"id\":\"187\",\"enabled\":\"1\",\"archived\":\"0\",\"locale\":\"en_us\",\"localeEnabled\":\"1\",\"slug\":\"benefits-whole-body-nutrition-shake\",\"uri\":\"shop\\/products\\/benefits-whole-body-nutrition-shake\",\"dateCreated\":\"2017-03-26 16:41:37\",\"dateUpdated\":\"2017-03-26 21:41:59\",\"root\":null,\"lft\":null,\"rgt\":null,\"level\":null,\"searchScore\":null,\"typeId\":\"2\",\"taxCategoryId\":\"1\",\"shippingCategoryId\":\"1\",\"promotable\":\"1\",\"freeShipping\":\"0\",\"postDate\":\"2017-03-26 16:33:00\",\"expiryDate\":null,\"defaultVariantId\":\"189\",\"defaultSku\":\"benefits-whole-body-nutrition-shake\",\"defaultPrice\":\"149.9900\",\"defaultHeight\":\"0.0000\",\"defaultLength\":\"0.0000\",\"defaultWidth\":\"0.0000\",\"defaultWeight\":\"990.0000\",\"title\":\"BENEFITS Whole Body Nutrition Shake 30 Servings\"},\"description\":\"BENEFITS Whole Body Nutrition Shake 30 Servings\",\"purchasableId\":\"189\",\"options\":[]}',1,1,'2017-04-14 12:07:54','2017-04-14 12:07:54','ec018565-e994-4ff1-8320-3de1cda70591'),(9,210,189,'[]','d751713988987e9331980363e24189ce',149.9900,0.0000,149.9900,0.0000,0.0000,0.0000,0.0000,990.0000,0.0000,0.0000,0.0000,149.9900,1,NULL,'{\"id\":\"189\",\"enabled\":\"1\",\"archived\":\"0\",\"locale\":\"en_us\",\"localeEnabled\":\"1\",\"slug\":\"benefits\",\"uri\":null,\"dateCreated\":\"2017-03-26 16:41:37\",\"dateUpdated\":\"2017-03-26 21:41:59\",\"root\":null,\"lft\":null,\"rgt\":null,\"level\":null,\"searchScore\":null,\"productId\":\"187\",\"isDefault\":\"1\",\"sku\":\"benefits-whole-body-nutrition-shake\",\"price\":\"149.9900\",\"sortOrder\":\"1\",\"width\":\"0.0000\",\"height\":\"0.0000\",\"length\":\"0.0000\",\"weight\":\"990.0000\",\"stock\":\"2000\",\"unlimitedStock\":\"0\",\"minQty\":null,\"maxQty\":null,\"onSale\":0,\"cpEditUrl\":\"#\",\"product\":{\"id\":\"187\",\"enabled\":\"1\",\"archived\":\"0\",\"locale\":\"en_us\",\"localeEnabled\":\"1\",\"slug\":\"benefits-whole-body-nutrition-shake\",\"uri\":\"shop\\/products\\/benefits-whole-body-nutrition-shake\",\"dateCreated\":\"2017-03-26 16:41:37\",\"dateUpdated\":\"2017-03-26 21:41:59\",\"root\":null,\"lft\":null,\"rgt\":null,\"level\":null,\"searchScore\":null,\"typeId\":\"2\",\"taxCategoryId\":\"1\",\"shippingCategoryId\":\"1\",\"promotable\":\"1\",\"freeShipping\":\"0\",\"postDate\":\"2017-03-26 16:33:00\",\"expiryDate\":null,\"defaultVariantId\":\"189\",\"defaultSku\":\"benefits-whole-body-nutrition-shake\",\"defaultPrice\":\"149.9900\",\"defaultHeight\":\"0.0000\",\"defaultLength\":\"0.0000\",\"defaultWidth\":\"0.0000\",\"defaultWeight\":\"990.0000\",\"title\":\"BENEFITS Whole Body Nutrition Shake 30 Servings\"},\"description\":\"BENEFITS Whole Body Nutrition Shake 30 Servings\",\"purchasableId\":\"189\",\"options\":[]}',1,1,'2017-04-14 12:08:03','2017-04-14 12:08:03','469585e6-08f2-470f-802a-039b102b5e39'),(10,211,189,'[]','d751713988987e9331980363e24189ce',149.9900,0.0000,149.9900,0.0000,0.0000,0.0000,0.0000,990.0000,0.0000,0.0000,0.0000,299.9800,2,NULL,'{\"id\":\"189\",\"enabled\":\"1\",\"archived\":\"0\",\"locale\":\"en_us\",\"localeEnabled\":\"1\",\"slug\":\"benefits\",\"uri\":null,\"dateCreated\":\"2017-03-26 16:41:37\",\"dateUpdated\":\"2017-03-26 21:41:59\",\"root\":null,\"lft\":null,\"rgt\":null,\"level\":null,\"searchScore\":null,\"productId\":\"187\",\"isDefault\":\"1\",\"sku\":\"benefits-whole-body-nutrition-shake\",\"price\":\"149.9900\",\"sortOrder\":\"1\",\"width\":\"0.0000\",\"height\":\"0.0000\",\"length\":\"0.0000\",\"weight\":\"990.0000\",\"stock\":\"2000\",\"unlimitedStock\":\"0\",\"minQty\":null,\"maxQty\":null,\"onSale\":0,\"cpEditUrl\":\"#\",\"product\":{\"id\":\"187\",\"enabled\":\"1\",\"archived\":\"0\",\"locale\":\"en_us\",\"localeEnabled\":\"1\",\"slug\":\"benefits-whole-body-nutrition-shake\",\"uri\":\"shop\\/products\\/benefits-whole-body-nutrition-shake\",\"dateCreated\":\"2017-03-26 16:41:37\",\"dateUpdated\":\"2017-03-26 21:41:59\",\"root\":null,\"lft\":null,\"rgt\":null,\"level\":null,\"searchScore\":null,\"typeId\":\"2\",\"taxCategoryId\":\"1\",\"shippingCategoryId\":\"1\",\"promotable\":\"1\",\"freeShipping\":\"0\",\"postDate\":\"2017-03-26 16:33:00\",\"expiryDate\":null,\"defaultVariantId\":\"189\",\"defaultSku\":\"benefits-whole-body-nutrition-shake\",\"defaultPrice\":\"149.9900\",\"defaultHeight\":\"0.0000\",\"defaultLength\":\"0.0000\",\"defaultWidth\":\"0.0000\",\"defaultWeight\":\"990.0000\",\"title\":\"BENEFITS Whole Body Nutrition Shake 30 Servings\"},\"description\":\"BENEFITS Whole Body Nutrition Shake 30 Servings\",\"purchasableId\":\"189\",\"options\":[]}',1,1,'2017-04-14 12:08:19','2017-04-14 12:08:19','b86509fb-03f1-42d5-9630-007a49f889c9'),(11,212,189,'[]','d751713988987e9331980363e24189ce',149.9900,0.0000,149.9900,0.0000,0.0000,0.0000,0.0000,990.0000,0.0000,0.0000,0.0000,149.9900,1,NULL,'{\"id\":\"189\",\"enabled\":\"1\",\"archived\":\"0\",\"locale\":\"en_us\",\"localeEnabled\":\"1\",\"slug\":\"benefits\",\"uri\":null,\"dateCreated\":\"2017-03-26 16:41:37\",\"dateUpdated\":\"2017-03-26 21:41:59\",\"root\":null,\"lft\":null,\"rgt\":null,\"level\":null,\"searchScore\":null,\"productId\":\"187\",\"isDefault\":\"1\",\"sku\":\"benefits-whole-body-nutrition-shake\",\"price\":\"149.9900\",\"sortOrder\":\"1\",\"width\":\"0.0000\",\"height\":\"0.0000\",\"length\":\"0.0000\",\"weight\":\"990.0000\",\"stock\":\"2000\",\"unlimitedStock\":\"0\",\"minQty\":null,\"maxQty\":null,\"onSale\":0,\"cpEditUrl\":\"#\",\"product\":{\"id\":\"187\",\"enabled\":\"1\",\"archived\":\"0\",\"locale\":\"en_us\",\"localeEnabled\":\"1\",\"slug\":\"benefits-whole-body-nutrition-shake\",\"uri\":\"shop\\/products\\/benefits-whole-body-nutrition-shake\",\"dateCreated\":\"2017-03-26 16:41:37\",\"dateUpdated\":\"2017-03-26 21:41:59\",\"root\":null,\"lft\":null,\"rgt\":null,\"level\":null,\"searchScore\":null,\"typeId\":\"2\",\"taxCategoryId\":\"1\",\"shippingCategoryId\":\"1\",\"promotable\":\"1\",\"freeShipping\":\"0\",\"postDate\":\"2017-03-26 16:33:00\",\"expiryDate\":null,\"defaultVariantId\":\"189\",\"defaultSku\":\"benefits-whole-body-nutrition-shake\",\"defaultPrice\":\"149.9900\",\"defaultHeight\":\"0.0000\",\"defaultLength\":\"0.0000\",\"defaultWidth\":\"0.0000\",\"defaultWeight\":\"990.0000\",\"title\":\"BENEFITS Whole Body Nutrition Shake 30 Servings\"},\"description\":\"BENEFITS Whole Body Nutrition Shake 30 Servings\",\"purchasableId\":\"189\",\"options\":[]}',1,1,'2017-04-14 12:09:05','2017-04-14 12:09:05','4c17e81b-ff8a-439a-af51-00db3a4f2054'),(12,213,141,'[]','d751713988987e9331980363e24189ce',100.0000,-25.0000,75.0000,0.0000,0.0000,0.0000,0.0000,0.0000,0.0000,0.0000,0.0000,75.0000,1,NULL,'{\"id\":\"141\",\"enabled\":\"1\",\"archived\":\"0\",\"locale\":\"en_us\",\"localeEnabled\":\"1\",\"slug\":\"lavender-1\",\"uri\":null,\"dateCreated\":\"2017-03-15 18:41:55\",\"dateUpdated\":\"2017-03-18 11:05:57\",\"root\":null,\"lft\":null,\"rgt\":null,\"level\":null,\"searchScore\":null,\"productId\":\"140\",\"isDefault\":\"1\",\"sku\":\"lavender-16-fl-oz\",\"price\":\"100.0000\",\"sortOrder\":\"1\",\"width\":\"0.0000\",\"height\":\"0.0000\",\"length\":\"0.0000\",\"weight\":\"0.0000\",\"stock\":\"0\",\"unlimitedStock\":\"1\",\"minQty\":null,\"maxQty\":null,\"onSale\":1,\"cpEditUrl\":\"#\",\"product\":{\"id\":\"140\",\"enabled\":\"1\",\"archived\":\"0\",\"locale\":\"en_us\",\"localeEnabled\":\"1\",\"slug\":\"lavender\",\"uri\":\"shop\\/products\\/lavender\",\"dateCreated\":\"2017-03-15 18:41:55\",\"dateUpdated\":\"2017-03-18 11:05:57\",\"root\":null,\"lft\":null,\"rgt\":null,\"level\":null,\"searchScore\":null,\"typeId\":\"2\",\"taxCategoryId\":\"1\",\"shippingCategoryId\":\"1\",\"promotable\":\"1\",\"freeShipping\":\"0\",\"postDate\":\"2017-03-15 18:39:00\",\"expiryDate\":null,\"defaultVariantId\":\"141\",\"defaultSku\":\"lavender-16-fl-oz\",\"defaultPrice\":\"100.0000\",\"defaultHeight\":\"0.0000\",\"defaultLength\":\"0.0000\",\"defaultWidth\":\"0.0000\",\"defaultWeight\":\"0.0000\",\"title\":\"Lavender 1\"},\"description\":\"Lavender 1\",\"purchasableId\":\"141\",\"options\":[]}',1,1,'2017-04-14 12:09:27','2017-04-14 12:09:27','8c3cad84-7070-4f5a-8e19-887db7b038c4'),(13,214,143,'[]','d751713988987e9331980363e24189ce',125.0000,0.0000,125.0000,0.0000,0.0000,0.0000,-6.2500,0.0000,0.0000,0.0000,0.0000,118.7500,1,NULL,'{\"id\":\"143\",\"enabled\":\"1\",\"archived\":\"0\",\"locale\":\"en_us\",\"localeEnabled\":\"1\",\"slug\":\"lavender-2\",\"uri\":null,\"dateCreated\":\"2017-03-15 18:42:35\",\"dateUpdated\":\"2017-03-15 18:48:00\",\"root\":null,\"lft\":null,\"rgt\":null,\"level\":null,\"searchScore\":null,\"productId\":\"142\",\"isDefault\":\"1\",\"sku\":\"lavender2\",\"price\":\"125.0000\",\"sortOrder\":\"1\",\"width\":\"0.0000\",\"height\":\"0.0000\",\"length\":\"0.0000\",\"weight\":\"0.0000\",\"stock\":\"0\",\"unlimitedStock\":\"1\",\"minQty\":null,\"maxQty\":null,\"onSale\":0,\"cpEditUrl\":\"#\",\"product\":{\"id\":\"142\",\"enabled\":\"1\",\"archived\":\"0\",\"locale\":\"en_us\",\"localeEnabled\":\"1\",\"slug\":\"lavender-2\",\"uri\":\"shop\\/products\\/lavender-2\",\"dateCreated\":\"2017-03-15 18:42:35\",\"dateUpdated\":\"2017-03-18 10:58:47\",\"root\":null,\"lft\":null,\"rgt\":null,\"level\":null,\"searchScore\":null,\"typeId\":\"2\",\"taxCategoryId\":\"1\",\"shippingCategoryId\":\"1\",\"promotable\":\"1\",\"freeShipping\":\"0\",\"postDate\":\"2017-03-15 18:39:00\",\"expiryDate\":null,\"defaultVariantId\":\"143\",\"defaultSku\":\"lavender2\",\"defaultPrice\":\"125.0000\",\"defaultHeight\":\"0.0000\",\"defaultLength\":\"0.0000\",\"defaultWidth\":\"0.0000\",\"defaultWeight\":\"0.0000\",\"title\":\"Lavender 3=2\"},\"description\":\"Lavender 3=2\",\"purchasableId\":\"143\",\"options\":[]}',1,1,'2017-04-14 12:12:27','2017-04-14 12:13:17','40220cf4-4e7e-46a5-b180-20ea4d80b888'),(14,225,143,'[]','d751713988987e9331980363e24189ce',125.0000,0.0000,125.0000,0.0000,0.0000,0.0000,-6.2500,0.0000,0.0000,0.0000,0.0000,118.7500,1,NULL,'{\"id\":\"143\",\"enabled\":\"1\",\"archived\":\"0\",\"locale\":\"en_us\",\"localeEnabled\":\"1\",\"slug\":\"lavender-2\",\"uri\":null,\"dateCreated\":\"2017-03-15 18:42:35\",\"dateUpdated\":\"2017-03-15 18:48:00\",\"root\":null,\"lft\":null,\"rgt\":null,\"level\":null,\"searchScore\":null,\"productId\":\"142\",\"isDefault\":\"1\",\"sku\":\"lavender2\",\"price\":\"125.0000\",\"sortOrder\":\"1\",\"width\":\"0.0000\",\"height\":\"0.0000\",\"length\":\"0.0000\",\"weight\":\"0.0000\",\"stock\":\"0\",\"unlimitedStock\":\"1\",\"minQty\":null,\"maxQty\":null,\"onSale\":0,\"cpEditUrl\":\"#\",\"product\":{\"id\":\"142\",\"enabled\":\"1\",\"archived\":\"0\",\"locale\":\"en_us\",\"localeEnabled\":\"1\",\"slug\":\"lavender-2\",\"uri\":\"shop\\/products\\/lavender-2\",\"dateCreated\":\"2017-03-15 18:42:35\",\"dateUpdated\":\"2017-03-18 10:58:47\",\"root\":null,\"lft\":null,\"rgt\":null,\"level\":null,\"searchScore\":null,\"typeId\":\"2\",\"taxCategoryId\":\"1\",\"shippingCategoryId\":\"1\",\"promotable\":\"1\",\"freeShipping\":\"0\",\"postDate\":\"2017-03-15 18:39:00\",\"expiryDate\":null,\"defaultVariantId\":\"143\",\"defaultSku\":\"lavender2\",\"defaultPrice\":\"125.0000\",\"defaultHeight\":\"0.0000\",\"defaultLength\":\"0.0000\",\"defaultWidth\":\"0.0000\",\"defaultWeight\":\"0.0000\",\"title\":\"Lavender 3=2\"},\"description\":\"Lavender 3=2\",\"purchasableId\":\"143\",\"options\":[]}',1,1,'2017-04-14 13:46:18','2017-04-14 13:46:57','cecf13dc-a9f4-44e8-9e4c-6e833e066f56'),(15,228,143,'[]','d751713988987e9331980363e24189ce',125.0000,0.0000,125.0000,0.0000,0.0000,0.0000,-6.2500,0.0000,0.0000,0.0000,0.0000,118.7500,1,NULL,'{\"id\":\"143\",\"enabled\":\"1\",\"archived\":\"0\",\"locale\":\"en_us\",\"localeEnabled\":\"1\",\"slug\":\"lavender-2\",\"uri\":null,\"dateCreated\":\"2017-03-15 18:42:35\",\"dateUpdated\":\"2017-03-15 18:48:00\",\"root\":null,\"lft\":null,\"rgt\":null,\"level\":null,\"searchScore\":null,\"productId\":\"142\",\"isDefault\":\"1\",\"sku\":\"lavender2\",\"price\":\"125.0000\",\"sortOrder\":\"1\",\"width\":\"0.0000\",\"height\":\"0.0000\",\"length\":\"0.0000\",\"weight\":\"0.0000\",\"stock\":\"0\",\"unlimitedStock\":\"1\",\"minQty\":null,\"maxQty\":null,\"onSale\":0,\"cpEditUrl\":\"#\",\"product\":{\"id\":\"142\",\"enabled\":\"1\",\"archived\":\"0\",\"locale\":\"en_us\",\"localeEnabled\":\"1\",\"slug\":\"lavender-2\",\"uri\":\"shop\\/products\\/lavender-2\",\"dateCreated\":\"2017-03-15 18:42:35\",\"dateUpdated\":\"2017-03-18 10:58:47\",\"root\":null,\"lft\":null,\"rgt\":null,\"level\":null,\"searchScore\":null,\"typeId\":\"2\",\"taxCategoryId\":\"1\",\"shippingCategoryId\":\"1\",\"promotable\":\"1\",\"freeShipping\":\"0\",\"postDate\":\"2017-03-15 18:39:00\",\"expiryDate\":null,\"defaultVariantId\":\"143\",\"defaultSku\":\"lavender2\",\"defaultPrice\":\"125.0000\",\"defaultHeight\":\"0.0000\",\"defaultLength\":\"0.0000\",\"defaultWidth\":\"0.0000\",\"defaultWeight\":\"0.0000\",\"title\":\"Lavender 3=2\"},\"description\":\"Lavender 3=2\",\"purchasableId\":\"143\",\"options\":[]}',1,1,'2017-04-14 14:16:47','2017-04-14 14:17:17','703c6b45-ee5d-442f-8593-b0659e470867');

--
-- Table structure for table `craft_commerce_orderadjustments`
--

CREATE TABLE `craft_commerce_orderadjustments` (
  `id` int(11) NOT NULL AUTO_INCREMENT,
  `type` varchar(255) COLLATE utf8_unicode_ci NOT NULL,
  `name` varchar(255) COLLATE utf8_unicode_ci DEFAULT NULL,
  `description` varchar(255) COLLATE utf8_unicode_ci DEFAULT NULL,
  `amount` decimal(14,4) NOT NULL,
  `included` tinyint(1) unsigned NOT NULL DEFAULT '0',
  `optionsJson` text COLLATE utf8_unicode_ci NOT NULL,
  `orderId` int(10) NOT NULL,
  `dateCreated` datetime NOT NULL,
  `dateUpdated` datetime NOT NULL,
  `uid` char(36) COLLATE utf8_unicode_ci NOT NULL DEFAULT '0',
  PRIMARY KEY (`id`),
  KEY `craft_commerce_orderadjustments_orderId_idx` (`orderId`),
  CONSTRAINT `craft_commerce_orderadjustments_orderId_fk` FOREIGN KEY (`orderId`) REFERENCES `craft_commerce_orders` (`id`) ON DELETE CASCADE
) ENGINE=InnoDB AUTO_INCREMENT=10 DEFAULT CHARSET=utf8 COLLATE=utf8_unicode_ci;

--
-- Dumping data for table `craft_commerce_orderadjustments`
--

INSERT INTO `craft_commerce_orderadjustments` VALUES (2,'Shipping','Flat Rate Shipping','',20.0000,0,'{\"lineItemsAffected\":[],\"id\":\"2\",\"name\":\"Flat Rate Shipping\",\"description\":\"\",\"shippingZoneId\":null,\"methodId\":\"2\",\"priority\":\"1\",\"enabled\":\"1\",\"minQty\":\"0\",\"maxQty\":\"0\",\"minTotal\":0,\"maxTotal\":0,\"minWeight\":0,\"maxWeight\":0,\"baseRate\":\"20.0000\",\"perItemRate\":\"0.0000\",\"weightRate\":\"0.0000\",\"percentageRate\":\"0.0000\",\"minRate\":\"0.0000\",\"maxRate\":\"0.0000\"}',214,'2017-04-14 12:13:17','2017-04-14 12:13:17','4f108cd6-378d-4b1b-8e23-ecd166d05248'),(3,'Gateway','Subscription discount','$0.00 and 5% per item and $0.00 base rate and using code CRED4DP2',-6.2500,0,'{\"lineItemsAffected\":[\"13\"],\"id\":\"1\",\"name\":\"Subscription discount\",\"code\":\"cRed4DP2\",\"perUserLimit\":\"0\",\"perEmailLimit\":\"0\",\"totalUseLimit\":\"0\",\"totalUses\":\"0\",\"description\":\"\",\"dateFrom\":null,\"dateTo\":null,\"purchaseTotal\":\"0\",\"purchaseQty\":\"0\",\"maxPurchaseQty\":\"0\",\"baseDiscount\":\"0.0000\",\"perItemDiscount\":\"0.0000\",\"percentDiscount\":\"-0.0500\",\"excludeOnSale\":\"0\",\"freeShipping\":\"0\",\"allGroups\":\"1\",\"allProducts\":\"1\",\"allProductTypes\":\"1\",\"enabled\":\"1\",\"stopProcessing\":\"0\",\"sortOrder\":\"999\"}',214,'2017-04-14 12:13:17','2017-04-14 12:13:17','9393a3fa-652a-4d26-9fa2-dc112a5db29a'),(5,'Shipping','Flat Rate Shipping','',20.0000,0,'{\"lineItemsAffected\":[],\"id\":\"2\",\"name\":\"Flat Rate Shipping\",\"description\":\"\",\"shippingZoneId\":null,\"methodId\":\"2\",\"priority\":\"1\",\"enabled\":\"1\",\"minQty\":\"0\",\"maxQty\":\"0\",\"minTotal\":0,\"maxTotal\":0,\"minWeight\":0,\"maxWeight\":0,\"baseRate\":\"20.0000\",\"perItemRate\":\"0.0000\",\"weightRate\":\"0.0000\",\"percentageRate\":\"0.0000\",\"minRate\":\"0.0000\",\"maxRate\":\"0.0000\"}',225,'2017-04-14 13:46:57','2017-04-14 13:46:57','598ef7a5-5694-496a-8ffd-51f6b82cfb16'),(6,'Gateway','Subscription discount','$0.00 and 5% per item and $0.00 base rate and using code CRED4DP2',-6.2500,0,'{\"lineItemsAffected\":[\"14\"],\"id\":\"1\",\"name\":\"Subscription discount\",\"code\":\"cRed4DP2\",\"perUserLimit\":\"0\",\"perEmailLimit\":\"0\",\"totalUseLimit\":\"0\",\"totalUses\":\"0\",\"description\":\"\",\"dateFrom\":null,\"dateTo\":null,\"purchaseTotal\":\"0\",\"purchaseQty\":\"0\",\"maxPurchaseQty\":\"0\",\"baseDiscount\":\"0.0000\",\"perItemDiscount\":\"0.0000\",\"percentDiscount\":\"-0.0500\",\"excludeOnSale\":\"0\",\"freeShipping\":\"0\",\"allGroups\":\"1\",\"allProducts\":\"1\",\"allProductTypes\":\"1\",\"enabled\":\"1\",\"stopProcessing\":\"0\",\"sortOrder\":\"999\"}',225,'2017-04-14 13:46:57','2017-04-14 13:46:57','9f4f6d2a-37b9-47a2-8c34-aaed07800aea'),(8,'Shipping','Flat Rate Shipping','',20.0000,0,'{\"lineItemsAffected\":[],\"id\":\"2\",\"name\":\"Flat Rate Shipping\",\"description\":\"\",\"shippingZoneId\":null,\"methodId\":\"2\",\"priority\":\"1\",\"enabled\":\"1\",\"minQty\":\"0\",\"maxQty\":\"0\",\"minTotal\":0,\"maxTotal\":0,\"minWeight\":0,\"maxWeight\":0,\"baseRate\":\"20.0000\",\"perItemRate\":\"0.0000\",\"weightRate\":\"0.0000\",\"percentageRate\":\"0.0000\",\"minRate\":\"0.0000\",\"maxRate\":\"0.0000\"}',228,'2017-04-14 14:17:17','2017-04-14 14:17:17','2718081f-07c8-40c5-aa7e-10f8c6152029'),(9,'Gateway','Subscription discount','$0.00 and 5% per item and $0.00 base rate and using code CRED4DP2',-6.2500,0,'{\"lineItemsAffected\":[\"15\"],\"id\":\"1\",\"name\":\"Subscription discount\",\"code\":\"cRed4DP2\",\"perUserLimit\":\"0\",\"perEmailLimit\":\"0\",\"totalUseLimit\":\"0\",\"totalUses\":\"0\",\"description\":\"\",\"dateFrom\":null,\"dateTo\":null,\"purchaseTotal\":\"0\",\"purchaseQty\":\"0\",\"maxPurchaseQty\":\"0\",\"baseDiscount\":\"0.0000\",\"perItemDiscount\":\"0.0000\",\"percentDiscount\":\"-0.0500\",\"excludeOnSale\":\"0\",\"freeShipping\":\"0\",\"allGroups\":\"1\",\"allProducts\":\"1\",\"allProductTypes\":\"1\",\"enabled\":\"1\",\"stopProcessing\":\"0\",\"sortOrder\":\"999\"}',228,'2017-04-14 14:17:17','2017-04-14 14:17:17','542a864d-83df-48c3-a850-6b44edffd0b9');

--
-- Table structure for table `craft_commerce_orderhistories`
--

CREATE TABLE `craft_commerce_orderhistories` (
  `id` int(11) NOT NULL AUTO_INCREMENT,
  `prevStatusId` int(11) DEFAULT NULL,
  `newStatusId` int(11) DEFAULT NULL,
  `orderId` int(10) NOT NULL,
  `customerId` int(10) NOT NULL,
  `message` text COLLATE utf8_unicode_ci,
  `dateCreated` datetime NOT NULL,
  `dateUpdated` datetime NOT NULL,
  `uid` char(36) COLLATE utf8_unicode_ci NOT NULL DEFAULT '0',
  PRIMARY KEY (`id`),
  KEY `craft_commerce_orderhistories_orderId_fk` (`orderId`),
  KEY `craft_commerce_orderhistories_prevStatusId_fk` (`prevStatusId`),
  KEY `craft_commerce_orderhistories_newStatusId_fk` (`newStatusId`),
  KEY `craft_commerce_orderhistories_customerId_fk` (`customerId`),
  CONSTRAINT `craft_commerce_orderhistories_customerId_fk` FOREIGN KEY (`customerId`) REFERENCES `craft_commerce_customers` (`id`) ON DELETE CASCADE ON UPDATE CASCADE,
  CONSTRAINT `craft_commerce_orderhistories_newStatusId_fk` FOREIGN KEY (`newStatusId`) REFERENCES `craft_commerce_orderstatuses` (`id`) ON UPDATE CASCADE,
  CONSTRAINT `craft_commerce_orderhistories_orderId_fk` FOREIGN KEY (`orderId`) REFERENCES `craft_commerce_orders` (`id`) ON DELETE CASCADE ON UPDATE CASCADE,
  CONSTRAINT `craft_commerce_orderhistories_prevStatusId_fk` FOREIGN KEY (`prevStatusId`) REFERENCES `craft_commerce_orderstatuses` (`id`) ON UPDATE CASCADE
) ENGINE=InnoDB AUTO_INCREMENT=4 DEFAULT CHARSET=utf8 COLLATE=utf8_unicode_ci;

--
-- Dumping data for table `craft_commerce_orderhistories`
--

INSERT INTO `craft_commerce_orderhistories` VALUES (1,NULL,3,214,1,NULL,'2017-04-14 13:01:40','2017-04-14 13:01:40','42fa806a-e43e-4aa4-8297-5e4e009b7cba'),(2,NULL,3,225,1,NULL,'2017-04-14 14:10:09','2017-04-14 14:10:09','34609e65-0ca7-49b6-9dbf-fa18f77a70ba'),(3,NULL,3,228,1,NULL,'2017-04-14 14:25:54','2017-04-14 14:25:54','89b254d1-947e-4a6b-b0e0-36d69d6f9b4d');

--
-- Table structure for table `craft_commerce_orders`
--

CREATE TABLE `craft_commerce_orders` (
  `billingAddressId` int(11) DEFAULT NULL,
  `shippingAddressId` int(11) DEFAULT NULL,
  `paymentMethodId` int(11) DEFAULT NULL,
  `customerId` int(11) DEFAULT NULL,
  `id` int(11) NOT NULL,
  `orderStatusId` int(11) DEFAULT NULL,
  `number` varchar(32) COLLATE utf8_unicode_ci DEFAULT NULL,
  `couponCode` varchar(255) COLLATE utf8_unicode_ci DEFAULT NULL,
  `itemTotal` decimal(14,4) DEFAULT '0.0000',
  `baseDiscount` decimal(14,4) DEFAULT '0.0000',
  `baseShippingCost` decimal(14,4) DEFAULT '0.0000',
  `baseTax` decimal(14,4) DEFAULT '0.0000',
  `baseTaxIncluded` decimal(14,4) DEFAULT '0.0000',
  `totalPrice` decimal(14,4) DEFAULT '0.0000',
  `totalPaid` decimal(14,4) DEFAULT '0.0000',
  `email` varchar(255) COLLATE utf8_unicode_ci DEFAULT NULL,
  `isCompleted` tinyint(1) unsigned NOT NULL DEFAULT '0',
  `dateOrdered` datetime DEFAULT NULL,
  `datePaid` datetime DEFAULT NULL,
  `currency` varchar(255) COLLATE utf8_unicode_ci DEFAULT NULL,
  `paymentCurrency` varchar(255) COLLATE utf8_unicode_ci DEFAULT NULL,
  `lastIp` varchar(255) COLLATE utf8_unicode_ci DEFAULT NULL,
  `orderLocale` char(12) COLLATE utf8_unicode_ci DEFAULT NULL,
  `message` varchar(255) COLLATE utf8_unicode_ci DEFAULT NULL,
  `returnUrl` varchar(255) COLLATE utf8_unicode_ci DEFAULT NULL,
  `cancelUrl` varchar(255) COLLATE utf8_unicode_ci DEFAULT NULL,
  `shippingMethod` varchar(255) COLLATE utf8_unicode_ci DEFAULT NULL,
  `dateCreated` datetime NOT NULL,
  `dateUpdated` datetime NOT NULL,
  `uid` char(36) COLLATE utf8_unicode_ci NOT NULL DEFAULT '0',
  PRIMARY KEY (`id`),
  KEY `craft_commerce_orders_number_idx` (`number`),
  KEY `craft_commerce_orders_billingAddressId_fk` (`billingAddressId`),
  KEY `craft_commerce_orders_shippingAddressId_fk` (`shippingAddressId`),
  KEY `craft_commerce_orders_paymentMethodId_fk` (`paymentMethodId`),
  KEY `craft_commerce_orders_customerId_fk` (`customerId`),
  KEY `craft_commerce_orders_orderStatusId_fk` (`orderStatusId`),
  CONSTRAINT `craft_commerce_orders_billingAddressId_fk` FOREIGN KEY (`billingAddressId`) REFERENCES `craft_commerce_addresses` (`id`) ON DELETE SET NULL,
  CONSTRAINT `craft_commerce_orders_customerId_fk` FOREIGN KEY (`customerId`) REFERENCES `craft_commerce_customers` (`id`) ON DELETE SET NULL,
  CONSTRAINT `craft_commerce_orders_id_fk` FOREIGN KEY (`id`) REFERENCES `craft_elements` (`id`) ON DELETE CASCADE,
  CONSTRAINT `craft_commerce_orders_orderStatusId_fk` FOREIGN KEY (`orderStatusId`) REFERENCES `craft_commerce_orderstatuses` (`id`) ON UPDATE CASCADE,
  CONSTRAINT `craft_commerce_orders_paymentMethodId_fk` FOREIGN KEY (`paymentMethodId`) REFERENCES `craft_commerce_paymentmethods` (`id`) ON DELETE SET NULL,
  CONSTRAINT `craft_commerce_orders_shippingAddressId_fk` FOREIGN KEY (`shippingAddressId`) REFERENCES `craft_commerce_addresses` (`id`) ON DELETE SET NULL
) ENGINE=InnoDB DEFAULT CHARSET=utf8 COLLATE=utf8_unicode_ci;

--
-- Dumping data for table `craft_commerce_orders`
--

INSERT INTO `craft_commerce_orders` VALUES (NULL,NULL,1,3,193,NULL,'e26b237c789425bdca06f3b4b0f6aa34',NULL,0.0000,0.0000,0.0000,0.0000,0.0000,0.0000,0.0000,'support@monarchmanor.org',0,NULL,NULL,'USD','USD','72.168.177.28','en_us',NULL,NULL,NULL,NULL,'2017-03-26 21:29:29','2017-03-26 21:31:38','3ed8e5b2-18b7-4dfd-9f16-a5afcde8baa1'),(NULL,NULL,1,4,209,NULL,'55e36f8e344a6c50f8e3b8c61e83c2d8',NULL,149.9900,0.0000,0.0000,0.0000,0.0000,149.9900,0.0000,NULL,0,NULL,NULL,'USD','USD','185.39.198.225','en_us',NULL,NULL,NULL,NULL,'2017-04-14 12:07:54','2017-04-14 12:07:54','36dbe06f-04dc-43ca-b7c7-bc38257ce598'),(NULL,NULL,1,5,210,NULL,'5d0bbef9dc317a1c21d4f63d973d8f97',NULL,149.9900,0.0000,0.0000,0.0000,0.0000,149.9900,0.0000,NULL,0,NULL,NULL,'USD','USD','185.39.198.225','en_us',NULL,NULL,NULL,NULL,'2017-04-14 12:08:03','2017-04-14 12:08:03','8369ec33-f3d9-49a8-8450-8a0b03e172fa'),(NULL,NULL,1,6,211,NULL,'9af53a6e602e3dc56b8a3a15573f2833',NULL,299.9800,0.0000,0.0000,0.0000,0.0000,299.9800,0.0000,NULL,0,NULL,NULL,'USD','USD','185.39.198.225','en_us',NULL,NULL,NULL,NULL,'2017-04-14 12:08:18','2017-04-14 12:08:19','a7c95fdf-1648-4c2b-b33f-4beee8e362ea'),(NULL,NULL,1,7,212,NULL,'439a33e5880d32615bd2560672fdc7e8',NULL,149.9900,0.0000,0.0000,0.0000,0.0000,149.9900,0.0000,NULL,0,NULL,NULL,'USD','USD','185.39.198.225','en_us',NULL,NULL,NULL,NULL,'2017-04-14 12:09:05','2017-04-14 12:09:05','1f77caa0-a2cc-4074-b48c-5568c1a7913e'),(NULL,NULL,1,8,213,NULL,'d943a39f5f1e5937664744a607535872',NULL,75.0000,0.0000,0.0000,0.0000,0.0000,75.0000,0.0000,NULL,0,NULL,NULL,'USD','USD','185.39.198.225','en_us',NULL,NULL,NULL,NULL,'2017-04-14 12:09:27','2017-04-14 12:09:27','e1ca8fc2-6e0d-487a-94b5-952ad5a9ce65'),(2,2,2,1,214,3,'eae7a66d95a9ff53ac7404ceae325df5',NULL,118.7500,0.0000,20.0000,0.0000,0.0000,138.7500,0.0000,'max@eec.ms',1,NULL,NULL,'USD','USD','185.39.198.225','en_us',NULL,NULL,NULL,'flatRateShipping','2017-04-14 12:12:27','2017-08-14 14:49:44','3045c6e6-e3ce-48d1-8295-30b700db59c3'),(3,3,2,1,225,3,'887bbc34cf00f9db9ac35d6dd5b1e98b',NULL,118.7500,0.0000,20.0000,0.0000,0.0000,138.7500,0.0000,'max@eec.ms',1,NULL,NULL,'USD','USD','185.39.198.225','en_us',NULL,NULL,NULL,'flatRateShipping','2017-04-14 13:46:18','2017-08-14 14:49:44','fe3c2bc8-83c7-49d0-a473-3db7ce22e7a3'),(4,4,2,1,228,3,'c83183cd9b2921f9787e0412828a5f5f',NULL,118.7500,0.0000,20.0000,0.0000,0.0000,138.7500,0.0000,'max@eec.ms',1,NULL,NULL,'USD','USD','185.39.198.225','en_us',NULL,NULL,NULL,'flatRateShipping','2017-04-14 14:16:46','2017-08-14 14:49:44','b32b3834-28e6-49ae-9199-592b6ba497e6');

--
-- Table structure for table `craft_commerce_ordersettings`
--

CREATE TABLE `craft_commerce_ordersettings` (
  `id` int(11) NOT NULL AUTO_INCREMENT,
  `fieldLayoutId` int(11) DEFAULT NULL,
  `name` varchar(255) COLLATE utf8_unicode_ci NOT NULL,
  `handle` varchar(255) COLLATE utf8_unicode_ci NOT NULL,
  `dateCreated` datetime NOT NULL,
  `dateUpdated` datetime NOT NULL,
  `uid` char(36) COLLATE utf8_unicode_ci NOT NULL DEFAULT '0',
  PRIMARY KEY (`id`),
  UNIQUE KEY `craft_commerce_ordersettings_handle_unq_idx` (`handle`),
  KEY `craft_commerce_ordersettings_fieldLayoutId_fk` (`fieldLayoutId`),
  CONSTRAINT `craft_commerce_ordersettings_fieldLayoutId_fk` FOREIGN KEY (`fieldLayoutId`) REFERENCES `craft_fieldlayouts` (`id`) ON DELETE SET NULL
) ENGINE=InnoDB AUTO_INCREMENT=2 DEFAULT CHARSET=utf8 COLLATE=utf8_unicode_ci;

--
-- Dumping data for table `craft_commerce_ordersettings`
--

INSERT INTO `craft_commerce_ordersettings` VALUES (1,6,'Order','order','2017-03-06 09:27:06','2017-03-06 09:27:06','baae4187-3ed1-4443-b602-eea6d10e5f3e');

--
-- Table structure for table `craft_commerce_orderstatus_emails`
--

CREATE TABLE `craft_commerce_orderstatus_emails` (
  `id` int(11) NOT NULL AUTO_INCREMENT,
  `orderStatusId` int(11) NOT NULL,
  `emailId` int(11) NOT NULL,
  `dateCreated` datetime NOT NULL,
  `dateUpdated` datetime NOT NULL,
  `uid` char(36) COLLATE utf8_unicode_ci NOT NULL DEFAULT '0',
  PRIMARY KEY (`id`),
  KEY `craft_commerce_orderstatus_emails_orderStatusId_fk` (`orderStatusId`),
  KEY `craft_commerce_orderstatus_emails_emailId_fk` (`emailId`),
  CONSTRAINT `craft_commerce_orderstatus_emails_emailId_fk` FOREIGN KEY (`emailId`) REFERENCES `craft_commerce_emails` (`id`) ON DELETE CASCADE ON UPDATE CASCADE,
  CONSTRAINT `craft_commerce_orderstatus_emails_orderStatusId_fk` FOREIGN KEY (`orderStatusId`) REFERENCES `craft_commerce_orderstatuses` (`id`) ON DELETE CASCADE ON UPDATE CASCADE
) ENGINE=InnoDB DEFAULT CHARSET=utf8 COLLATE=utf8_unicode_ci;

--
-- Dumping data for table `craft_commerce_orderstatus_emails`
--


--
-- Table structure for table `craft_commerce_orderstatuses`
--

CREATE TABLE `craft_commerce_orderstatuses` (
  `id` int(11) NOT NULL AUTO_INCREMENT,
  `name` varchar(255) COLLATE utf8_unicode_ci NOT NULL,
  `handle` varchar(255) COLLATE utf8_unicode_ci NOT NULL,
  `color` enum('green','orange','red','blue','yellow','pink','purple','turquoise','light','grey','black') COLLATE utf8_unicode_ci NOT NULL DEFAULT 'green',
  `sortOrder` int(10) DEFAULT NULL,
  `default` tinyint(1) unsigned NOT NULL DEFAULT '0',
  `dateCreated` datetime NOT NULL,
  `dateUpdated` datetime NOT NULL,
  `uid` char(36) COLLATE utf8_unicode_ci NOT NULL DEFAULT '0',
  PRIMARY KEY (`id`)
) ENGINE=InnoDB AUTO_INCREMENT=5 DEFAULT CHARSET=utf8 COLLATE=utf8_unicode_ci;

--
-- Dumping data for table `craft_commerce_orderstatuses`
--

INSERT INTO `craft_commerce_orderstatuses` VALUES (1,'Processing','processing','green',999,1,'2017-03-06 09:27:06','2017-03-06 09:27:06','fe672c71-f00f-4b25-b3c7-3a8c8a1a3255'),(2,'Shipped','shipped','blue',999,0,'2017-03-06 09:27:06','2017-03-06 09:27:06','a9ea3f24-f446-4150-aea2-e203000eb97d'),(3,'Subscription Active','subscriptionActive','green',999,0,'2017-04-14 08:18:40','2017-04-14 08:18:40','4ceec345-4569-44ff-bf59-b9a8636ebcf4'),(4,'Subscription Cancelled','subscriptionCancelled','red',999,0,'2017-04-14 08:18:55','2017-04-14 08:18:55','50407e82-5516-4ee6-bf13-5749ed21640d');

--
-- Table structure for table `craft_commerce_paymentcurrencies`
--

CREATE TABLE `craft_commerce_paymentcurrencies` (
  `id` int(11) NOT NULL AUTO_INCREMENT,
  `iso` varchar(3) COLLATE utf8_unicode_ci NOT NULL,
  `primary` tinyint(1) unsigned NOT NULL DEFAULT '0',
  `rate` decimal(14,4) NOT NULL DEFAULT '0.0000',
  `dateCreated` datetime NOT NULL,
  `dateUpdated` datetime NOT NULL,
  `uid` char(36) COLLATE utf8_unicode_ci NOT NULL DEFAULT '0',
  PRIMARY KEY (`id`),
  UNIQUE KEY `craft_commerce_paymentcurrencies_iso_unq_idx` (`iso`)
) ENGINE=InnoDB AUTO_INCREMENT=2 DEFAULT CHARSET=utf8 COLLATE=utf8_unicode_ci;

--
-- Dumping data for table `craft_commerce_paymentcurrencies`
--

INSERT INTO `craft_commerce_paymentcurrencies` VALUES (1,'USD',1,1.0000,'2017-03-06 09:27:06','2017-03-06 09:27:06','0183a85d-67c8-4a1f-9895-b9f97e5228f6');

--
-- Table structure for table `craft_commerce_paymentmethods`
--

CREATE TABLE `craft_commerce_paymentmethods` (
  `id` int(11) NOT NULL AUTO_INCREMENT,
  `class` varchar(255) COLLATE utf8_unicode_ci NOT NULL,
  `name` varchar(255) COLLATE utf8_unicode_ci NOT NULL,
  `settings` text COLLATE utf8_unicode_ci,
  `paymentType` enum('authorize','purchase') COLLATE utf8_unicode_ci NOT NULL DEFAULT 'purchase',
  `frontendEnabled` tinyint(1) unsigned NOT NULL DEFAULT '0',
  `isArchived` tinyint(1) unsigned NOT NULL DEFAULT '0',
  `dateArchived` datetime DEFAULT NULL,
  `sortOrder` int(10) DEFAULT NULL,
  `dateCreated` datetime NOT NULL,
  `dateUpdated` datetime NOT NULL,
  `uid` char(36) COLLATE utf8_unicode_ci NOT NULL DEFAULT '0',
  PRIMARY KEY (`id`),
  UNIQUE KEY `craft_commerce_paymentmethods_name_unq_idx` (`name`)
) ENGINE=InnoDB AUTO_INCREMENT=3 DEFAULT CHARSET=utf8 COLLATE=utf8_unicode_ci;

--
-- Dumping data for table `craft_commerce_paymentmethods`
--

INSERT INTO `craft_commerce_paymentmethods` VALUES (1,'Dummy','Dummy','[]','purchase',1,0,NULL,NULL,'2017-03-06 09:27:09','2017-03-06 09:27:09','6582dbb3-e9d9-4420-9097-e5a78a84a6dd'),(2,'ChargeCommerce','Subscription purchase - save 5%','[]','authorize',1,0,NULL,NULL,'2017-04-14 11:43:56','2017-04-14 11:43:56','33c1c791-b626-4eb4-be2e-b93a83f3f52b');

--
-- Table structure for table `craft_commerce_products`
--

CREATE TABLE `craft_commerce_products` (
  `id` int(11) NOT NULL,
  `typeId` int(11) DEFAULT NULL,
  `taxCategoryId` int(11) NOT NULL,
  `shippingCategoryId` int(11) NOT NULL,
  `postDate` datetime DEFAULT NULL,
  `expiryDate` datetime DEFAULT NULL,
  `promotable` tinyint(1) unsigned NOT NULL DEFAULT '0',
  `freeShipping` tinyint(1) unsigned NOT NULL DEFAULT '0',
  `defaultVariantId` int(10) DEFAULT NULL,
  `defaultSku` varchar(255) COLLATE utf8_unicode_ci DEFAULT NULL,
  `defaultPrice` decimal(14,4) DEFAULT NULL,
  `defaultHeight` decimal(14,4) DEFAULT NULL,
  `defaultLength` decimal(14,4) DEFAULT NULL,
  `defaultWidth` decimal(14,4) DEFAULT NULL,
  `defaultWeight` decimal(14,4) DEFAULT NULL,
  `dateCreated` datetime NOT NULL,
  `dateUpdated` datetime NOT NULL,
  `uid` char(36) COLLATE utf8_unicode_ci NOT NULL DEFAULT '0',
  PRIMARY KEY (`id`),
  KEY `craft_commerce_products_typeId_idx` (`typeId`),
  KEY `craft_commerce_products_postDate_idx` (`postDate`),
  KEY `craft_commerce_products_expiryDate_idx` (`expiryDate`),
  KEY `craft_commerce_products_taxCategoryId_fk` (`taxCategoryId`),
  KEY `craft_commerce_products_shippingCategoryId_fk` (`shippingCategoryId`),
  CONSTRAINT `craft_commerce_products_id_fk` FOREIGN KEY (`id`) REFERENCES `craft_elements` (`id`) ON DELETE CASCADE,
  CONSTRAINT `craft_commerce_products_shippingCategoryId_fk` FOREIGN KEY (`shippingCategoryId`) REFERENCES `craft_commerce_shippingcategories` (`id`),
  CONSTRAINT `craft_commerce_products_taxCategoryId_fk` FOREIGN KEY (`taxCategoryId`) REFERENCES `craft_commerce_taxcategories` (`id`),
  CONSTRAINT `craft_commerce_products_typeId_fk` FOREIGN KEY (`typeId`) REFERENCES `craft_commerce_producttypes` (`id`) ON DELETE CASCADE
) ENGINE=InnoDB DEFAULT CHARSET=utf8 COLLATE=utf8_unicode_ci;

--
-- Dumping data for table `craft_commerce_products`
--

INSERT INTO `craft_commerce_products` VALUES (140,2,1,1,'2017-03-15 18:39:00',NULL,1,0,141,'lavender-16-fl-oz',100.0000,0.0000,0.0000,0.0000,0.0000,'2017-03-15 18:41:55','2017-03-18 11:05:57','8bb8a4c2-5603-4598-a5bc-dd023fa7b008'),(142,2,1,1,'2017-03-15 18:39:00',NULL,1,0,143,'lavender2',125.0000,0.0000,0.0000,0.0000,0.0000,'2017-03-15 18:42:35','2017-03-15 18:48:00','3fe56c6b-545f-443f-90e5-76179b26884a'),(187,2,1,1,'2017-03-26 16:33:00',NULL,1,0,189,'benefits-whole-body-nutrition-shake',149.9900,0.0000,0.0000,0.0000,990.0000,'2017-03-26 16:41:37','2017-03-26 21:41:59','94672806-b48e-4184-b9e6-28f93f8d4b00');

--
-- Table structure for table `craft_commerce_producttypes`
--

CREATE TABLE `craft_commerce_producttypes` (
  `id` int(11) NOT NULL AUTO_INCREMENT,
  `fieldLayoutId` int(11) DEFAULT NULL,
  `variantFieldLayoutId` int(11) DEFAULT NULL,
  `name` varchar(255) COLLATE utf8_unicode_ci NOT NULL,
  `handle` varchar(255) COLLATE utf8_unicode_ci NOT NULL,
  `hasUrls` tinyint(1) unsigned NOT NULL DEFAULT '0',
  `hasDimensions` tinyint(1) unsigned NOT NULL DEFAULT '0',
  `hasVariants` tinyint(1) unsigned NOT NULL DEFAULT '0',
  `hasVariantTitleField` tinyint(1) unsigned NOT NULL DEFAULT '1',
  `titleFormat` varchar(255) COLLATE utf8_unicode_ci NOT NULL,
  `skuFormat` varchar(255) COLLATE utf8_unicode_ci DEFAULT NULL,
  `descriptionFormat` varchar(255) COLLATE utf8_unicode_ci DEFAULT NULL,
  `template` varchar(500) COLLATE utf8_unicode_ci DEFAULT NULL,
  `dateCreated` datetime NOT NULL,
  `dateUpdated` datetime NOT NULL,
  `uid` char(36) COLLATE utf8_unicode_ci NOT NULL DEFAULT '0',
  PRIMARY KEY (`id`),
  UNIQUE KEY `craft_commerce_producttypes_handle_unq_idx` (`handle`),
  KEY `craft_commerce_producttypes_fieldLayoutId_fk` (`fieldLayoutId`),
  KEY `craft_commerce_producttypes_variantFieldLayoutId_fk` (`variantFieldLayoutId`),
  CONSTRAINT `craft_commerce_producttypes_fieldLayoutId_fk` FOREIGN KEY (`fieldLayoutId`) REFERENCES `craft_fieldlayouts` (`id`) ON DELETE SET NULL,
  CONSTRAINT `craft_commerce_producttypes_variantFieldLayoutId_fk` FOREIGN KEY (`variantFieldLayoutId`) REFERENCES `craft_fieldlayouts` (`id`) ON DELETE SET NULL
) ENGINE=InnoDB AUTO_INCREMENT=4 DEFAULT CHARSET=utf8 COLLATE=utf8_unicode_ci;

--
-- Dumping data for table `craft_commerce_producttypes`
--

INSERT INTO `craft_commerce_producttypes` VALUES (2,125,126,'Products','products',1,1,1,1,'{product.title}','{product.slug}','{product.title}','shop/_entry','2017-03-15 18:35:07','2017-03-18 10:58:45','12f78c50-f4a7-4b1f-af89-9b6789e9722c'),(3,107,108,'Ingredients','ingredients',1,0,0,0,'{product.title}','{product.slug}','{product.title}','shop/_entry','2017-03-15 18:36:37','2017-03-16 16:14:25','7f49bd61-4d14-4c3f-8004-169ac2b31f4f');

--
-- Table structure for table `craft_commerce_producttypes_i18n`
--

CREATE TABLE `craft_commerce_producttypes_i18n` (
  `id` int(11) NOT NULL AUTO_INCREMENT,
  `productTypeId` int(11) NOT NULL,
  `locale` char(12) COLLATE utf8_unicode_ci NOT NULL,
  `urlFormat` text COLLATE utf8_unicode_ci,
  `dateCreated` datetime NOT NULL,
  `dateUpdated` datetime NOT NULL,
  `uid` char(36) COLLATE utf8_unicode_ci NOT NULL DEFAULT '0',
  PRIMARY KEY (`id`),
  UNIQUE KEY `craft_commerce_producttypes_i18n_productTypeId_locale_unq_idx` (`productTypeId`,`locale`),
  KEY `craft_commerce_producttypes_i18n_locale_fk` (`locale`),
  CONSTRAINT `craft_commerce_producttypes_i18n_locale_fk` FOREIGN KEY (`locale`) REFERENCES `craft_locales` (`locale`) ON DELETE CASCADE ON UPDATE CASCADE,
  CONSTRAINT `craft_commerce_producttypes_i18n_productTypeId_fk` FOREIGN KEY (`productTypeId`) REFERENCES `craft_commerce_producttypes` (`id`) ON DELETE CASCADE
) ENGINE=InnoDB AUTO_INCREMENT=4 DEFAULT CHARSET=utf8 COLLATE=utf8_unicode_ci;

--
-- Dumping data for table `craft_commerce_producttypes_i18n`
--

INSERT INTO `craft_commerce_producttypes_i18n` VALUES (2,2,'en_us','shop/products/{slug}','2017-03-15 18:35:07','2017-03-16 16:14:04','eb5a20e8-06f1-42c0-a06b-c1c5e2d083bd'),(3,3,'en_us','shop/ingredients/{slug}','2017-03-15 18:36:37','2017-03-16 16:14:25','5a52b370-1bc4-4aae-98c5-a27ae7f6da50');

--
-- Table structure for table `craft_commerce_producttypes_shippingcategories`
--

CREATE TABLE `craft_commerce_producttypes_shippingcategories` (
  `id` int(11) NOT NULL AUTO_INCREMENT,
  `productTypeId` int(11) NOT NULL,
  `shippingCategoryId` int(11) NOT NULL,
  `dateCreated` datetime NOT NULL,
  `dateUpdated` datetime NOT NULL,
  `uid` char(36) COLLATE utf8_unicode_ci NOT NULL DEFAULT '0',
  PRIMARY KEY (`id`),
  UNIQUE KEY `craf_commer_productty_shippingcateg_productTy_shippingCateg_un_i` (`productTypeId`,`shippingCategoryId`),
  KEY `craft_commerc_producttype_shippingcategorie_shippingCategoryI_fk` (`shippingCategoryId`),
  CONSTRAINT `craft_commerce_producttypes_shippingcategories_productTypeId_fk` FOREIGN KEY (`productTypeId`) REFERENCES `craft_commerce_producttypes` (`id`) ON DELETE CASCADE ON UPDATE CASCADE,
  CONSTRAINT `craft_commerc_producttype_shippingcategorie_shippingCategoryI_fk` FOREIGN KEY (`shippingCategoryId`) REFERENCES `craft_commerce_shippingcategories` (`id`) ON DELETE CASCADE ON UPDATE CASCADE
) ENGINE=InnoDB AUTO_INCREMENT=11 DEFAULT CHARSET=utf8 COLLATE=utf8_unicode_ci;

--
-- Dumping data for table `craft_commerce_producttypes_shippingcategories`
--

INSERT INTO `craft_commerce_producttypes_shippingcategories` VALUES (6,3,1,'2017-03-16 16:14:25','2017-03-16 16:14:25','2be32741-6ed9-4ea7-beb6-5f355f704d5b'),(10,2,1,'2017-03-18 10:58:45','2017-03-18 10:58:45','6153a058-a14b-42cb-9839-778f6c041539');

--
-- Table structure for table `craft_commerce_producttypes_taxcategories`
--

CREATE TABLE `craft_commerce_producttypes_taxcategories` (
  `id` int(11) NOT NULL AUTO_INCREMENT,
  `productTypeId` int(11) NOT NULL,
  `taxCategoryId` int(11) NOT NULL,
  `dateCreated` datetime NOT NULL,
  `dateUpdated` datetime NOT NULL,
  `uid` char(36) COLLATE utf8_unicode_ci NOT NULL DEFAULT '0',
  PRIMARY KEY (`id`),
  UNIQUE KEY `craf_commerc_producttyp_taxcategori_productType_taxCategory_un_i` (`productTypeId`,`taxCategoryId`),
  KEY `craft_commerce_producttypes_taxcategories_taxCategoryId_fk` (`taxCategoryId`),
  CONSTRAINT `craft_commerce_producttypes_taxcategories_productTypeId_fk` FOREIGN KEY (`productTypeId`) REFERENCES `craft_commerce_producttypes` (`id`) ON DELETE CASCADE,
  CONSTRAINT `craft_commerce_producttypes_taxcategories_taxCategoryId_fk` FOREIGN KEY (`taxCategoryId`) REFERENCES `craft_commerce_taxcategories` (`id`) ON DELETE CASCADE
) ENGINE=InnoDB AUTO_INCREMENT=11 DEFAULT CHARSET=utf8 COLLATE=utf8_unicode_ci;

--
-- Dumping data for table `craft_commerce_producttypes_taxcategories`
--

INSERT INTO `craft_commerce_producttypes_taxcategories` VALUES (6,3,1,'2017-03-16 16:14:25','2017-03-16 16:14:25','b62f6172-553a-4a8d-95b2-e791012159ff'),(10,2,1,'2017-03-18 10:58:45','2017-03-18 10:58:45','c4170598-d6f1-4b28-ab91-64bb364fa62a');

--
-- Table structure for table `craft_commerce_purchasables`
--

CREATE TABLE `craft_commerce_purchasables` (
  `id` int(11) NOT NULL,
  `sku` varchar(255) COLLATE utf8_unicode_ci NOT NULL,
  `price` decimal(14,4) NOT NULL,
  `dateCreated` datetime NOT NULL,
  `dateUpdated` datetime NOT NULL,
  `uid` char(36) COLLATE utf8_unicode_ci NOT NULL DEFAULT '0',
  PRIMARY KEY (`id`),
  UNIQUE KEY `craft_commerce_purchasables_sku_unq_idx` (`sku`),
  CONSTRAINT `craft_commerce_purchasables_id_fk` FOREIGN KEY (`id`) REFERENCES `craft_elements` (`id`) ON DELETE CASCADE
) ENGINE=InnoDB DEFAULT CHARSET=utf8 COLLATE=utf8_unicode_ci;

--
-- Dumping data for table `craft_commerce_purchasables`
--

INSERT INTO `craft_commerce_purchasables` VALUES (141,'lavender-16-fl-oz',100.0000,'2017-03-15 18:41:55','2017-03-18 11:05:57','65f66a9b-a892-42c4-a407-cba8b471ff18'),(143,'lavender2',125.0000,'2017-03-15 18:42:35','2017-03-15 18:48:00','94dc5977-b890-422e-a0a1-0482ee405b2a'),(158,'lavender-8-fl-oz',60.0000,'2017-03-18 11:01:35','2017-03-18 11:05:57','b65ee599-be67-4415-86ae-4452a0b67014'),(189,'benefits-whole-body-nutrition-shake',149.9900,'2017-03-26 16:41:37','2017-03-26 21:41:59','dafa38e4-e6d7-4d53-86c2-f6b5165dd976');

--
-- Table structure for table `craft_commerce_sale_products`
--

CREATE TABLE `craft_commerce_sale_products` (
  `id` int(11) NOT NULL AUTO_INCREMENT,
  `saleId` int(10) NOT NULL,
  `productId` int(10) NOT NULL,
  `dateCreated` datetime NOT NULL,
  `dateUpdated` datetime NOT NULL,
  `uid` char(36) COLLATE utf8_unicode_ci NOT NULL DEFAULT '0',
  PRIMARY KEY (`id`),
  UNIQUE KEY `craft_commerce_sale_products_saleId_productId_unq_idx` (`saleId`,`productId`),
  KEY `craft_commerce_sale_products_productId_fk` (`productId`),
  CONSTRAINT `craft_commerce_sale_products_productId_fk` FOREIGN KEY (`productId`) REFERENCES `craft_commerce_products` (`id`) ON DELETE CASCADE ON UPDATE CASCADE,
  CONSTRAINT `craft_commerce_sale_products_saleId_fk` FOREIGN KEY (`saleId`) REFERENCES `craft_commerce_sales` (`id`) ON DELETE CASCADE ON UPDATE CASCADE
) ENGINE=InnoDB AUTO_INCREMENT=2 DEFAULT CHARSET=utf8 COLLATE=utf8_unicode_ci;

--
-- Dumping data for table `craft_commerce_sale_products`
--

INSERT INTO `craft_commerce_sale_products` VALUES (1,1,140,'2017-03-15 18:51:40','2017-03-15 18:51:40','f06fd1fe-f318-4201-ae7f-e406c4a185f9');

--
-- Table structure for table `craft_commerce_sale_producttypes`
--

CREATE TABLE `craft_commerce_sale_producttypes` (
  `id` int(11) NOT NULL AUTO_INCREMENT,
  `saleId` int(10) NOT NULL,
  `productTypeId` int(10) NOT NULL,
  `dateCreated` datetime NOT NULL,
  `dateUpdated` datetime NOT NULL,
  `uid` char(36) COLLATE utf8_unicode_ci NOT NULL DEFAULT '0',
  PRIMARY KEY (`id`),
  UNIQUE KEY `craft_commerce_sale_producttypes_saleId_productTypeId_unq_idx` (`saleId`,`productTypeId`),
  KEY `craft_commerce_sale_producttypes_productTypeId_fk` (`productTypeId`),
  CONSTRAINT `craft_commerce_sale_producttypes_productTypeId_fk` FOREIGN KEY (`productTypeId`) REFERENCES `craft_commerce_producttypes` (`id`) ON DELETE CASCADE ON UPDATE CASCADE,
  CONSTRAINT `craft_commerce_sale_producttypes_saleId_fk` FOREIGN KEY (`saleId`) REFERENCES `craft_commerce_sales` (`id`) ON DELETE CASCADE ON UPDATE CASCADE
) ENGINE=InnoDB DEFAULT CHARSET=utf8 COLLATE=utf8_unicode_ci;

--
-- Dumping data for table `craft_commerce_sale_producttypes`
--


--
-- Table structure for table `craft_commerce_sale_usergroups`
--

CREATE TABLE `craft_commerce_sale_usergroups` (
  `id` int(11) NOT NULL AUTO_INCREMENT,
  `saleId` int(10) NOT NULL,
  `userGroupId` int(10) NOT NULL,
  `dateCreated` datetime NOT NULL,
  `dateUpdated` datetime NOT NULL,
  `uid` char(36) COLLATE utf8_unicode_ci NOT NULL DEFAULT '0',
  PRIMARY KEY (`id`),
  UNIQUE KEY `craft_commerce_sale_usergroups_saleId_userGroupId_unq_idx` (`saleId`,`userGroupId`),
  KEY `craft_commerce_sale_usergroups_userGroupId_fk` (`userGroupId`),
  CONSTRAINT `craft_commerce_sale_usergroups_saleId_fk` FOREIGN KEY (`saleId`) REFERENCES `craft_commerce_sales` (`id`) ON DELETE CASCADE ON UPDATE CASCADE,
  CONSTRAINT `craft_commerce_sale_usergroups_userGroupId_fk` FOREIGN KEY (`userGroupId`) REFERENCES `craft_usergroups` (`id`) ON DELETE CASCADE ON UPDATE CASCADE
) ENGINE=InnoDB DEFAULT CHARSET=utf8 COLLATE=utf8_unicode_ci;

--
-- Dumping data for table `craft_commerce_sale_usergroups`
--


--
-- Table structure for table `craft_commerce_sales`
--

CREATE TABLE `craft_commerce_sales` (
  `id` int(11) NOT NULL AUTO_INCREMENT,
  `name` varchar(255) COLLATE utf8_unicode_ci NOT NULL,
  `description` text COLLATE utf8_unicode_ci,
  `dateFrom` datetime DEFAULT NULL,
  `dateTo` datetime DEFAULT NULL,
  `discountType` enum('percent','flat') COLLATE utf8_unicode_ci NOT NULL,
  `discountAmount` decimal(14,4) NOT NULL,
  `allGroups` tinyint(1) unsigned NOT NULL DEFAULT '0',
  `allProducts` tinyint(1) unsigned NOT NULL DEFAULT '0',
  `allProductTypes` tinyint(1) unsigned NOT NULL DEFAULT '0',
  `enabled` tinyint(1) unsigned NOT NULL DEFAULT '1',
  `dateCreated` datetime NOT NULL,
  `dateUpdated` datetime NOT NULL,
  `uid` char(36) COLLATE utf8_unicode_ci NOT NULL DEFAULT '0',
  PRIMARY KEY (`id`)
) ENGINE=InnoDB AUTO_INCREMENT=2 DEFAULT CHARSET=utf8 COLLATE=utf8_unicode_ci;

--
-- Dumping data for table `craft_commerce_sales`
--

INSERT INTO `craft_commerce_sales` VALUES (1,'25% off selected items','',NULL,NULL,'percent',-0.2500,1,0,1,1,'2017-03-15 18:51:40','2017-03-15 18:51:40','f6c207fe-958d-4a0e-b209-92bca48e81b3');

--
-- Table structure for table `craft_commerce_shippingcategories`
--

CREATE TABLE `craft_commerce_shippingcategories` (
  `id` int(11) NOT NULL AUTO_INCREMENT,
  `name` varchar(255) COLLATE utf8_unicode_ci NOT NULL,
  `handle` varchar(255) COLLATE utf8_unicode_ci NOT NULL,
  `description` varchar(255) COLLATE utf8_unicode_ci DEFAULT NULL,
  `default` tinyint(1) unsigned NOT NULL DEFAULT '0',
  `dateCreated` datetime NOT NULL,
  `dateUpdated` datetime NOT NULL,
  `uid` char(36) COLLATE utf8_unicode_ci NOT NULL DEFAULT '0',
  PRIMARY KEY (`id`),
  UNIQUE KEY `craft_commerce_shippingcategories_handle_unq_idx` (`handle`)
) ENGINE=InnoDB AUTO_INCREMENT=2 DEFAULT CHARSET=utf8 COLLATE=utf8_unicode_ci;

--
-- Dumping data for table `craft_commerce_shippingcategories`
--

INSERT INTO `craft_commerce_shippingcategories` VALUES (1,'General','general',NULL,1,'2017-03-06 09:27:06','2017-03-06 09:27:06','349114d1-87c3-40f3-ba1f-62155db197b3');

--
-- Table structure for table `craft_commerce_shippingmethods`
--

CREATE TABLE `craft_commerce_shippingmethods` (
  `id` int(11) NOT NULL AUTO_INCREMENT,
  `name` varchar(255) COLLATE utf8_unicode_ci NOT NULL,
  `handle` varchar(255) COLLATE utf8_unicode_ci NOT NULL,
  `enabled` tinyint(1) unsigned NOT NULL DEFAULT '1',
  `dateCreated` datetime NOT NULL,
  `dateUpdated` datetime NOT NULL,
  `uid` char(36) COLLATE utf8_unicode_ci NOT NULL DEFAULT '0',
  PRIMARY KEY (`id`),
  UNIQUE KEY `craft_commerce_shippingmethods_name_unq_idx` (`name`)
) ENGINE=InnoDB AUTO_INCREMENT=3 DEFAULT CHARSET=utf8 COLLATE=utf8_unicode_ci;

--
-- Dumping data for table `craft_commerce_shippingmethods`
--

INSERT INTO `craft_commerce_shippingmethods` VALUES (1,'Free Shipping','freeShipping',1,'2017-03-06 09:27:06','2017-03-06 09:27:06','d9d94171-bdb9-47d2-af66-946c568e6111'),(2,'Flat Rate Shipping','flatRateShipping',1,'2017-04-14 11:42:04','2017-04-14 11:42:04','2683e636-5a40-48fc-a13e-48c78937879c');

--
-- Table structure for table `craft_commerce_shippingrule_categories`
--

CREATE TABLE `craft_commerce_shippingrule_categories` (
  `id` int(11) NOT NULL AUTO_INCREMENT,
  `shippingRuleId` int(11) DEFAULT NULL,
  `shippingCategoryId` int(11) DEFAULT NULL,
  `condition` enum('allow','disallow','require') COLLATE utf8_unicode_ci NOT NULL,
  `perItemRate` decimal(14,4) DEFAULT NULL,
  `weightRate` decimal(14,4) DEFAULT NULL,
  `percentageRate` decimal(14,4) DEFAULT NULL,
  `dateCreated` datetime NOT NULL,
  `dateUpdated` datetime NOT NULL,
  `uid` char(36) COLLATE utf8_unicode_ci NOT NULL DEFAULT '0',
  PRIMARY KEY (`id`),
  KEY `craft_commerce_shippingrule_categories_shippingRuleId_idx` (`shippingRuleId`),
  KEY `craft_commerce_shippingrule_categories_shippingCategoryId_idx` (`shippingCategoryId`),
  CONSTRAINT `craft_commerce_shippingrule_categories_shippingCategoryId_fk` FOREIGN KEY (`shippingCategoryId`) REFERENCES `craft_commerce_shippingcategories` (`id`) ON DELETE CASCADE,
  CONSTRAINT `craft_commerce_shippingrule_categories_shippingRuleId_fk` FOREIGN KEY (`shippingRuleId`) REFERENCES `craft_commerce_shippingrules` (`id`) ON DELETE CASCADE
) ENGINE=InnoDB AUTO_INCREMENT=2 DEFAULT CHARSET=utf8 COLLATE=utf8_unicode_ci;

--
-- Dumping data for table `craft_commerce_shippingrule_categories`
--

INSERT INTO `craft_commerce_shippingrule_categories` VALUES (1,2,1,'allow',NULL,NULL,NULL,'2017-04-14 11:42:20','2017-04-14 11:42:20','4712a9c7-0317-46b3-b2c5-69d4b11fa275');

--
-- Table structure for table `craft_commerce_shippingrules`
--

CREATE TABLE `craft_commerce_shippingrules` (
  `id` int(11) NOT NULL AUTO_INCREMENT,
  `shippingZoneId` int(11) DEFAULT NULL,
  `name` varchar(255) COLLATE utf8_unicode_ci NOT NULL,
  `description` varchar(255) COLLATE utf8_unicode_ci DEFAULT NULL,
  `methodId` int(10) NOT NULL,
  `priority` int(10) NOT NULL DEFAULT '0',
  `enabled` tinyint(1) unsigned NOT NULL DEFAULT '1',
  `minQty` int(10) NOT NULL DEFAULT '0',
  `maxQty` int(10) NOT NULL DEFAULT '0',
  `minTotal` decimal(14,4) NOT NULL DEFAULT '0.0000',
  `maxTotal` decimal(14,4) NOT NULL DEFAULT '0.0000',
  `minWeight` decimal(14,4) NOT NULL DEFAULT '0.0000',
  `maxWeight` decimal(14,4) NOT NULL DEFAULT '0.0000',
  `baseRate` decimal(14,4) NOT NULL DEFAULT '0.0000',
  `perItemRate` decimal(14,4) NOT NULL DEFAULT '0.0000',
  `weightRate` decimal(14,4) NOT NULL DEFAULT '0.0000',
  `percentageRate` decimal(14,4) NOT NULL DEFAULT '0.0000',
  `minRate` decimal(14,4) NOT NULL DEFAULT '0.0000',
  `maxRate` decimal(14,4) NOT NULL DEFAULT '0.0000',
  `dateCreated` datetime NOT NULL,
  `dateUpdated` datetime NOT NULL,
  `uid` char(36) COLLATE utf8_unicode_ci NOT NULL DEFAULT '0',
  PRIMARY KEY (`id`),
  UNIQUE KEY `craft_commerce_shippingrules_name_unq_idx` (`name`),
  KEY `craft_commerce_shippingrules_shippingZoneId_fk` (`shippingZoneId`),
  KEY `craft_commerce_shippingrules_name_idx` (`name`),
  KEY `craft_commerce_shippingrules_methodId_idx` (`methodId`),
  CONSTRAINT `craft_commerce_shippingrules_methodId_fk` FOREIGN KEY (`methodId`) REFERENCES `craft_commerce_shippingmethods` (`id`),
  CONSTRAINT `craft_commerce_shippingrules_shippingZoneId_fk` FOREIGN KEY (`shippingZoneId`) REFERENCES `craft_commerce_shippingzones` (`id`) ON DELETE SET NULL
) ENGINE=InnoDB AUTO_INCREMENT=3 DEFAULT CHARSET=utf8 COLLATE=utf8_unicode_ci;

--
-- Dumping data for table `craft_commerce_shippingrules`
--

INSERT INTO `craft_commerce_shippingrules` VALUES (1,NULL,'Free Everywhere ','All Countries, free shipping.',1,0,1,0,0,0.0000,0.0000,0.0000,0.0000,0.0000,0.0000,0.0000,0.0000,0.0000,0.0000,'2017-03-06 09:27:06','2017-03-06 09:27:06','b6dc8406-9769-44fd-a9db-179d52df5211'),(2,NULL,'Flat Rate Shipping','',2,1,1,0,0,0.0000,0.0000,0.0000,0.0000,20.0000,0.0000,0.0000,0.0000,0.0000,0.0000,'2017-04-14 11:42:20','2017-04-14 11:42:20','636dc77c-3616-450b-83d0-054f31b58a84');

--
-- Table structure for table `craft_commerce_shippingzone_countries`
--

CREATE TABLE `craft_commerce_shippingzone_countries` (
  `id` int(11) NOT NULL AUTO_INCREMENT,
  `shippingZoneId` int(11) NOT NULL,
  `countryId` int(11) NOT NULL,
  `dateCreated` datetime NOT NULL,
  `dateUpdated` datetime NOT NULL,
  `uid` char(36) COLLATE utf8_unicode_ci NOT NULL DEFAULT '0',
  PRIMARY KEY (`id`),
  UNIQUE KEY `craft_commerc_shippingzon_countrie_shippingZoneI_countryI_unq_id` (`shippingZoneId`,`countryId`),
  KEY `craft_commerce_shippingzone_countries_shippingZoneId_idx` (`shippingZoneId`),
  KEY `craft_commerce_shippingzone_countries_countryId_idx` (`countryId`),
  CONSTRAINT `craft_commerce_shippingzone_countries_countryId_fk` FOREIGN KEY (`countryId`) REFERENCES `craft_commerce_countries` (`id`) ON DELETE CASCADE ON UPDATE CASCADE,
  CONSTRAINT `craft_commerce_shippingzone_countries_shippingZoneId_fk` FOREIGN KEY (`shippingZoneId`) REFERENCES `craft_commerce_shippingzones` (`id`) ON DELETE CASCADE ON UPDATE CASCADE
) ENGINE=InnoDB DEFAULT CHARSET=utf8 COLLATE=utf8_unicode_ci;

--
-- Dumping data for table `craft_commerce_shippingzone_countries`
--


--
-- Table structure for table `craft_commerce_shippingzone_states`
--

CREATE TABLE `craft_commerce_shippingzone_states` (
  `id` int(11) NOT NULL AUTO_INCREMENT,
  `shippingZoneId` int(11) NOT NULL,
  `stateId` int(11) NOT NULL,
  `dateCreated` datetime NOT NULL,
  `dateUpdated` datetime NOT NULL,
  `uid` char(36) COLLATE utf8_unicode_ci NOT NULL DEFAULT '0',
  PRIMARY KEY (`id`),
  UNIQUE KEY `craft_commerce_shippingzone_states_shippingZoneId_stateId_unq_id` (`shippingZoneId`,`stateId`),
  KEY `craft_commerce_shippingzone_states_shippingZoneId_idx` (`shippingZoneId`),
  KEY `craft_commerce_shippingzone_states_stateId_idx` (`stateId`),
  CONSTRAINT `craft_commerce_shippingzone_states_shippingZoneId_fk` FOREIGN KEY (`shippingZoneId`) REFERENCES `craft_commerce_shippingzones` (`id`) ON DELETE CASCADE ON UPDATE CASCADE,
  CONSTRAINT `craft_commerce_shippingzone_states_stateId_fk` FOREIGN KEY (`stateId`) REFERENCES `craft_commerce_states` (`id`) ON DELETE CASCADE ON UPDATE CASCADE
) ENGINE=InnoDB DEFAULT CHARSET=utf8 COLLATE=utf8_unicode_ci;

--
-- Dumping data for table `craft_commerce_shippingzone_states`
--


--
-- Table structure for table `craft_commerce_shippingzones`
--

CREATE TABLE `craft_commerce_shippingzones` (
  `id` int(11) NOT NULL AUTO_INCREMENT,
  `name` varchar(255) COLLATE utf8_unicode_ci NOT NULL,
  `description` varchar(255) COLLATE utf8_unicode_ci DEFAULT NULL,
  `countryBased` tinyint(1) unsigned NOT NULL DEFAULT '1',
  `dateCreated` datetime NOT NULL,
  `dateUpdated` datetime NOT NULL,
  `uid` char(36) COLLATE utf8_unicode_ci NOT NULL DEFAULT '0',
  PRIMARY KEY (`id`),
  UNIQUE KEY `craft_commerce_shippingzones_name_unq_idx` (`name`)
) ENGINE=InnoDB DEFAULT CHARSET=utf8 COLLATE=utf8_unicode_ci;

--
-- Dumping data for table `craft_commerce_shippingzones`
--


--
-- Table structure for table `craft_commerce_states`
--

CREATE TABLE `craft_commerce_states` (
  `id` int(11) NOT NULL AUTO_INCREMENT,
  `name` varchar(255) COLLATE utf8_unicode_ci NOT NULL,
  `abbreviation` varchar(255) COLLATE utf8_unicode_ci DEFAULT NULL,
  `countryId` int(10) NOT NULL,
  `dateCreated` datetime NOT NULL,
  `dateUpdated` datetime NOT NULL,
  `uid` char(36) COLLATE utf8_unicode_ci NOT NULL DEFAULT '0',
  PRIMARY KEY (`id`),
  UNIQUE KEY `craft_commerce_states_name_countryId_unq_idx` (`name`,`countryId`),
  KEY `craft_commerce_states_countryId_fk` (`countryId`),
  CONSTRAINT `craft_commerce_states_countryId_fk` FOREIGN KEY (`countryId`) REFERENCES `craft_commerce_countries` (`id`) ON DELETE CASCADE ON UPDATE CASCADE
) ENGINE=InnoDB AUTO_INCREMENT=73 DEFAULT CHARSET=utf8 COLLATE=utf8_unicode_ci;

--
-- Dumping data for table `craft_commerce_states`
--

INSERT INTO `craft_commerce_states` VALUES (1,'Australian Capital Territory','ACT',13,'2017-03-06 09:27:10','2017-03-06 09:27:10','294836f3-9879-44c1-a9a6-e8ab56c901ca'),(2,'New South Wales','NSW',13,'2017-03-06 09:27:10','2017-03-06 09:27:10','3e0fc4a4-8f3e-4519-9ee5-2e946a4cbf85'),(3,'Northern Territory','NT',13,'2017-03-06 09:27:10','2017-03-06 09:27:10','05cb5650-33d4-442b-b4ac-0cb15fe3324b'),(4,'Queensland','QLD',13,'2017-03-06 09:27:10','2017-03-06 09:27:10','6a421e63-7f11-4b90-bc1b-0e9034053eb8'),(5,'South Australia','SA',13,'2017-03-06 09:27:10','2017-03-06 09:27:10','3d415a63-bca8-4083-ab01-6e8f1815d6ff'),(6,'Tasmania','TAS',13,'2017-03-06 09:27:10','2017-03-06 09:27:10','a1ba6811-7616-4d2f-9594-e2b8cb4291c8'),(7,'Victoria','VIC',13,'2017-03-06 09:27:10','2017-03-06 09:27:10','e98c2cfb-af86-4984-96c0-6f7a25818403'),(8,'Western Australia','WA',13,'2017-03-06 09:27:10','2017-03-06 09:27:10','ea79f6ec-d69c-416c-9e49-2a1b5dcee351'),(9,'Alberta','AB',38,'2017-03-06 09:27:10','2017-03-06 09:27:10','aa53b704-da2c-478b-9994-201640cdedfe'),(10,'British Columbia','BC',38,'2017-03-06 09:27:10','2017-03-06 09:27:10','1b284312-374a-442a-84a2-17626490d1d7'),(11,'Manitoba','MB',38,'2017-03-06 09:27:10','2017-03-06 09:27:10','9f98a7e6-7739-40ee-be34-d9ce2b7dd89a'),(12,'New Brunswick','NB',38,'2017-03-06 09:27:10','2017-03-06 09:27:10','7a97003f-27f1-4509-9a4b-b226b35c769b'),(13,'Newfoundland and Labrador','NL',38,'2017-03-06 09:27:10','2017-03-06 09:27:10','480e2a0c-4134-4192-a9ea-4ee6dabac099'),(14,'Northwest Territories','NT',38,'2017-03-06 09:27:10','2017-03-06 09:27:10','ddbbc53e-b244-416c-92f4-4fd80d3041c4'),(15,'Nova Scotia','NS',38,'2017-03-06 09:27:10','2017-03-06 09:27:10','d3e3476b-1610-4ede-a611-a4f761491bcb'),(16,'Nunavut','NU',38,'2017-03-06 09:27:10','2017-03-06 09:27:10','d7e6192a-aa8f-4306-9d35-faed8c405879'),(17,'Ontario','ON',38,'2017-03-06 09:27:10','2017-03-06 09:27:10','30d9998b-3f20-47b7-96f4-ad8ac1a8ec12'),(18,'Prince Edward Island','PE',38,'2017-03-06 09:27:10','2017-03-06 09:27:10','a3cdd878-4f21-4b0a-8fc2-23fbd10c03ad'),(19,'Quebec','QC',38,'2017-03-06 09:27:10','2017-03-06 09:27:10','60015a8f-cd92-487e-9d63-ce73e6c852f9'),(20,'Saskatchewan','SK',38,'2017-03-06 09:27:10','2017-03-06 09:27:10','db5a9b14-c740-402a-859d-4dff8e62cffb'),(21,'Yukon','YT',38,'2017-03-06 09:27:10','2017-03-06 09:27:10','9ab8e6aa-fca1-4564-be1e-23304dec13d9'),(22,'Alabama','AL',233,'2017-03-06 09:27:10','2017-03-06 09:27:10','7cc5bdd7-8771-48b8-a9c9-9e6e3d229ccd'),(23,'Alaska','AK',233,'2017-03-06 09:27:10','2017-03-06 09:27:10','98d47064-af50-42ac-b0b1-6765f7435e22'),(24,'Arizona','AZ',233,'2017-03-06 09:27:10','2017-03-06 09:27:10','37ff0127-5679-4ad5-bca5-552d7a98b057'),(25,'Arkansas','AR',233,'2017-03-06 09:27:10','2017-03-06 09:27:10','34327fca-1800-4318-a61d-407218ceab57'),(26,'California','CA',233,'2017-03-06 09:27:10','2017-03-06 09:27:10','16c8ee79-e53b-4388-a7f6-266ed6ba444a'),(27,'Colorado','CO',233,'2017-03-06 09:27:10','2017-03-06 09:27:10','283847c5-7d1a-4b50-8c4a-9af90a3767a6'),(28,'Connecticut','CT',233,'2017-03-06 09:27:10','2017-03-06 09:27:10','4ab8046d-5b12-417f-aa22-34bba8e83765'),(29,'Delaware','DE',233,'2017-03-06 09:27:10','2017-03-06 09:27:10','b9a40fda-2d81-4dc5-ad8a-fdc401eca944'),(30,'District of Columbia','DC',233,'2017-03-06 09:27:10','2017-03-06 09:27:10','228ad3f2-5324-43b1-8593-c3d3e0d672e9'),(31,'Florida','FL',233,'2017-03-06 09:27:10','2017-03-06 09:27:10','f2662d26-1d5d-414a-9788-791e88b2832a'),(32,'Georgia','GA',233,'2017-03-06 09:27:10','2017-03-06 09:27:10','dec27d22-b76c-4e53-990e-038bde73f3d8'),(33,'Hawaii','HI',233,'2017-03-06 09:27:10','2017-03-06 09:27:10','cb60037d-8741-4d6a-b17c-b9871d45cc55'),(34,'Idaho','ID',233,'2017-03-06 09:27:10','2017-03-06 09:27:10','d5b8f6cc-e95c-4506-a730-9c59a1ae86c7'),(35,'Illinois','IL',233,'2017-03-06 09:27:10','2017-03-06 09:27:10','e2cac978-4f29-4ada-839c-24f20fc3cc5e'),(36,'Indiana','IN',233,'2017-03-06 09:27:10','2017-03-06 09:27:10','440e8f44-36c3-4351-ba00-ab722b0ae62b'),(37,'Iowa','IA',233,'2017-03-06 09:27:10','2017-03-06 09:27:10','ce4e7db3-a86f-47da-bb81-fcff7a057027'),(38,'Kansas','KS',233,'2017-03-06 09:27:10','2017-03-06 09:27:10','5c701c1d-d444-4acc-978e-52c9d94b92ce'),(39,'Kentucky','KY',233,'2017-03-06 09:27:10','2017-03-06 09:27:10','25f4f80e-1fe2-468d-868d-6e78d6fc24ea'),(40,'Louisiana','LA',233,'2017-03-06 09:27:10','2017-03-06 09:27:10','4c1d43ad-a175-404b-8694-2556de8ba3d1'),(41,'Maine','ME',233,'2017-03-06 09:27:10','2017-03-06 09:27:10','4f6d8756-837e-4255-bcb7-63e2bb0cb388'),(42,'Maryland','MD',233,'2017-03-06 09:27:10','2017-03-06 09:27:10','be6a4f70-6c55-4c84-9ec0-0eb2b4c7e54b'),(43,'Massachusetts','MA',233,'2017-03-06 09:27:10','2017-03-06 09:27:10','f33c8c36-af50-406d-aa65-266b215d4e2f'),(44,'Michigan','MI',233,'2017-03-06 09:27:10','2017-03-06 09:27:10','55a1a367-ac1b-4e21-83e6-e75c19374241'),(45,'Minnesota','MN',233,'2017-03-06 09:27:10','2017-03-06 09:27:10','98a7b603-e16c-440b-a28a-8dea83bccb17'),(46,'Mississippi','MS',233,'2017-03-06 09:27:10','2017-03-06 09:27:10','c0382a96-cb55-4274-902b-37e5ce9b2b1a'),(47,'Missouri','MO',233,'2017-03-06 09:27:10','2017-03-06 09:27:10','b6cc8a67-775b-478a-8d78-2e33f5ed7a38'),(48,'Montana','MT',233,'2017-03-06 09:27:10','2017-03-06 09:27:10','b394c5a1-fd11-459b-a121-a2b177b805bc'),(49,'Nebraska','NE',233,'2017-03-06 09:27:10','2017-03-06 09:27:10','50cb51c0-b415-44af-9db4-dd88e4005c41'),(50,'Nevada','NV',233,'2017-03-06 09:27:10','2017-03-06 09:27:10','8a6819d5-4a2a-4ff1-bf53-0f7dc0eab100'),(51,'New Hampshire','NH',233,'2017-03-06 09:27:10','2017-03-06 09:27:10','bedcaa87-fd54-4e7a-969d-6bd033b2c947'),(52,'New Jersey','NJ',233,'2017-03-06 09:27:10','2017-03-06 09:27:10','6c7dbfae-9094-4dd5-b3ae-ad407f0efb23'),(53,'New Mexico','NM',233,'2017-03-06 09:27:10','2017-03-06 09:27:10','947a6512-b5c2-4689-9a18-2e755d03fe20'),(54,'New York','NY',233,'2017-03-06 09:27:10','2017-03-06 09:27:10','27c6ef5a-d30b-405a-866c-e6c2fcad6a53'),(55,'North Carolina','NC',233,'2017-03-06 09:27:10','2017-03-06 09:27:10','12354fd5-1c6f-4723-b7b9-7732ae046656'),(56,'North Dakota','ND',233,'2017-03-06 09:27:10','2017-03-06 09:27:10','e5e5a226-9415-4bcd-bac5-05f2a8875b76'),(57,'Ohio','OH',233,'2017-03-06 09:27:10','2017-03-06 09:27:10','4babdeea-1b44-4d28-8341-9de9cc30dd58'),(58,'Oklahoma','OK',233,'2017-03-06 09:27:10','2017-03-06 09:27:10','0afa1b0f-0dfa-405c-ba8f-8680973db71f'),(59,'Oregon','OR',233,'2017-03-06 09:27:10','2017-03-06 09:27:10','d41e8ca8-ec07-476f-bf69-9bc7c4345ccb'),(60,'Pennsylvania','PA',233,'2017-03-06 09:27:10','2017-03-06 09:27:10','3ed805db-85ae-492c-8d55-f0349d5addc9'),(61,'Rhode Island','RI',233,'2017-03-06 09:27:10','2017-03-06 09:27:10','6a877629-d4f6-45ef-9828-2d9e4c775b87'),(62,'South Carolina','SC',233,'2017-03-06 09:27:10','2017-03-06 09:27:10','6292483d-52f1-41c1-b114-15ae14df8d97'),(63,'South Dakota','SD',233,'2017-03-06 09:27:10','2017-03-06 09:27:10','4fb42e92-e72f-4778-b6f5-9a12268aee42'),(64,'Tennessee','TN',233,'2017-03-06 09:27:10','2017-03-06 09:27:10','86a5482f-2131-4ced-945a-f10f2c8e354d'),(65,'Texas','TX',233,'2017-03-06 09:27:10','2017-03-06 09:27:10','a5fa86fc-61bd-4e5e-a88d-4ca7a7f81bc5'),(66,'Utah','UT',233,'2017-03-06 09:27:10','2017-03-06 09:27:10','a125532b-e806-4432-a925-bae003e306d8'),(67,'Vermont','VT',233,'2017-03-06 09:27:10','2017-03-06 09:27:10','fa696853-376e-4a3e-b4b0-e0b7d768c18f'),(68,'Virginia','VA',233,'2017-03-06 09:27:10','2017-03-06 09:27:10','629cd259-fda8-4011-ba1c-9598c7007d3f'),(69,'Washington','WA',233,'2017-03-06 09:27:10','2017-03-06 09:27:10','07141a08-1b85-4bca-b16f-d559e4572a4e'),(70,'West Virginia','WV',233,'2017-03-06 09:27:10','2017-03-06 09:27:10','69b0004f-3547-404c-a8a3-953d3cc17b3b'),(71,'Wisconsin','WI',233,'2017-03-06 09:27:10','2017-03-06 09:27:10','eaabd94f-ec66-4b90-95a8-97c7e607a3fa'),(72,'Wyoming','WY',233,'2017-03-06 09:27:10','2017-03-06 09:27:10','28fb6ae4-6cfd-438b-8304-d7aeecf3223b');

--
-- Table structure for table `craft_commerce_taxcategories`
--

CREATE TABLE `craft_commerce_taxcategories` (
  `id` int(11) NOT NULL AUTO_INCREMENT,
  `name` varchar(255) COLLATE utf8_unicode_ci NOT NULL,
  `handle` varchar(255) COLLATE utf8_unicode_ci NOT NULL,
  `description` varchar(255) COLLATE utf8_unicode_ci DEFAULT NULL,
  `default` tinyint(1) unsigned NOT NULL DEFAULT '0',
  `dateCreated` datetime NOT NULL,
  `dateUpdated` datetime NOT NULL,
  `uid` char(36) COLLATE utf8_unicode_ci NOT NULL DEFAULT '0',
  PRIMARY KEY (`id`),
  UNIQUE KEY `craft_commerce_taxcategories_handle_unq_idx` (`handle`)
) ENGINE=InnoDB AUTO_INCREMENT=2 DEFAULT CHARSET=utf8 COLLATE=utf8_unicode_ci;

--
-- Dumping data for table `craft_commerce_taxcategories`
--

INSERT INTO `craft_commerce_taxcategories` VALUES (1,'General','general',NULL,1,'2017-03-06 09:27:06','2017-03-06 09:27:06','828fecd5-327f-486b-8df7-fdba3ad5cee7');

--
-- Table structure for table `craft_commerce_taxrates`
--

CREATE TABLE `craft_commerce_taxrates` (
  `id` int(11) NOT NULL AUTO_INCREMENT,
  `taxZoneId` int(11) NOT NULL,
  `taxCategoryId` int(11) NOT NULL,
  `name` varchar(255) COLLATE utf8_unicode_ci NOT NULL,
  `rate` decimal(14,10) DEFAULT NULL,
  `include` tinyint(1) unsigned NOT NULL DEFAULT '0',
  `isVat` tinyint(1) unsigned NOT NULL DEFAULT '0',
  `taxable` enum('price','shipping','price_shipping','order_total_shipping','order_total_price') COLLATE utf8_unicode_ci DEFAULT NULL,
  `dateCreated` datetime NOT NULL,
  `dateUpdated` datetime NOT NULL,
  `uid` char(36) COLLATE utf8_unicode_ci NOT NULL DEFAULT '0',
  PRIMARY KEY (`id`),
  KEY `craft_commerce_taxrates_taxZoneId_idx` (`taxZoneId`),
  KEY `craft_commerce_taxrates_taxCategoryId_idx` (`taxCategoryId`),
  CONSTRAINT `craft_commerce_taxrates_taxCategoryId_fk` FOREIGN KEY (`taxCategoryId`) REFERENCES `craft_commerce_taxcategories` (`id`) ON UPDATE CASCADE,
  CONSTRAINT `craft_commerce_taxrates_taxZoneId_fk` FOREIGN KEY (`taxZoneId`) REFERENCES `craft_commerce_taxzones` (`id`) ON UPDATE CASCADE
) ENGINE=InnoDB DEFAULT CHARSET=utf8 COLLATE=utf8_unicode_ci;

--
-- Dumping data for table `craft_commerce_taxrates`
--


--
-- Table structure for table `craft_commerce_taxzone_countries`
--

CREATE TABLE `craft_commerce_taxzone_countries` (
  `id` int(11) NOT NULL AUTO_INCREMENT,
  `taxZoneId` int(11) NOT NULL,
  `countryId` int(11) NOT NULL,
  `dateCreated` datetime NOT NULL,
  `dateUpdated` datetime NOT NULL,
  `uid` char(36) COLLATE utf8_unicode_ci NOT NULL DEFAULT '0',
  PRIMARY KEY (`id`),
  UNIQUE KEY `craft_commerce_taxzone_countries_taxZoneId_countryId_unq_idx` (`taxZoneId`,`countryId`),
  KEY `craft_commerce_taxzone_countries_taxZoneId_idx` (`taxZoneId`),
  KEY `craft_commerce_taxzone_countries_countryId_idx` (`countryId`),
  CONSTRAINT `craft_commerce_taxzone_countries_countryId_fk` FOREIGN KEY (`countryId`) REFERENCES `craft_commerce_countries` (`id`) ON DELETE CASCADE ON UPDATE CASCADE,
  CONSTRAINT `craft_commerce_taxzone_countries_taxZoneId_fk` FOREIGN KEY (`taxZoneId`) REFERENCES `craft_commerce_taxzones` (`id`) ON DELETE CASCADE ON UPDATE CASCADE
) ENGINE=InnoDB DEFAULT CHARSET=utf8 COLLATE=utf8_unicode_ci;

--
-- Dumping data for table `craft_commerce_taxzone_countries`
--


--
-- Table structure for table `craft_commerce_taxzone_states`
--

CREATE TABLE `craft_commerce_taxzone_states` (
  `id` int(11) NOT NULL AUTO_INCREMENT,
  `taxZoneId` int(11) NOT NULL,
  `stateId` int(11) NOT NULL,
  `dateCreated` datetime NOT NULL,
  `dateUpdated` datetime NOT NULL,
  `uid` char(36) COLLATE utf8_unicode_ci NOT NULL DEFAULT '0',
  PRIMARY KEY (`id`),
  UNIQUE KEY `craft_commerce_taxzone_states_taxZoneId_stateId_unq_idx` (`taxZoneId`,`stateId`),
  KEY `craft_commerce_taxzone_states_taxZoneId_idx` (`taxZoneId`),
  KEY `craft_commerce_taxzone_states_stateId_idx` (`stateId`),
  CONSTRAINT `craft_commerce_taxzone_states_stateId_fk` FOREIGN KEY (`stateId`) REFERENCES `craft_commerce_states` (`id`) ON DELETE CASCADE ON UPDATE CASCADE,
  CONSTRAINT `craft_commerce_taxzone_states_taxZoneId_fk` FOREIGN KEY (`taxZoneId`) REFERENCES `craft_commerce_taxzones` (`id`) ON DELETE CASCADE ON UPDATE CASCADE
) ENGINE=InnoDB DEFAULT CHARSET=utf8 COLLATE=utf8_unicode_ci;

--
-- Dumping data for table `craft_commerce_taxzone_states`
--


--
-- Table structure for table `craft_commerce_taxzones`
--

CREATE TABLE `craft_commerce_taxzones` (
  `id` int(11) NOT NULL AUTO_INCREMENT,
  `name` varchar(255) COLLATE utf8_unicode_ci NOT NULL,
  `description` varchar(255) COLLATE utf8_unicode_ci DEFAULT NULL,
  `countryBased` tinyint(1) unsigned NOT NULL DEFAULT '1',
  `default` tinyint(1) unsigned NOT NULL DEFAULT '0',
  `dateCreated` datetime NOT NULL,
  `dateUpdated` datetime NOT NULL,
  `uid` char(36) COLLATE utf8_unicode_ci NOT NULL DEFAULT '0',
  PRIMARY KEY (`id`),
  UNIQUE KEY `craft_commerce_taxzones_name_unq_idx` (`name`)
) ENGINE=InnoDB DEFAULT CHARSET=utf8 COLLATE=utf8_unicode_ci;

--
-- Dumping data for table `craft_commerce_taxzones`
--


--
-- Table structure for table `craft_commerce_transactions`
--

CREATE TABLE `craft_commerce_transactions` (
  `id` int(11) NOT NULL AUTO_INCREMENT,
  `parentId` int(11) DEFAULT NULL,
  `paymentMethodId` int(11) DEFAULT NULL,
  `userId` int(11) DEFAULT NULL,
  `hash` varchar(32) COLLATE utf8_unicode_ci DEFAULT NULL,
  `type` enum('authorize','capture','purchase','refund') COLLATE utf8_unicode_ci NOT NULL,
  `amount` decimal(14,4) DEFAULT NULL,
  `paymentAmount` decimal(14,4) DEFAULT NULL,
  `currency` varchar(255) COLLATE utf8_unicode_ci DEFAULT NULL,
  `paymentCurrency` varchar(255) COLLATE utf8_unicode_ci DEFAULT NULL,
  `paymentRate` decimal(14,4) DEFAULT NULL,
  `status` enum('pending','redirect','success','failed') COLLATE utf8_unicode_ci NOT NULL,
  `reference` varchar(255) COLLATE utf8_unicode_ci DEFAULT NULL,
  `code` varchar(255) COLLATE utf8_unicode_ci DEFAULT NULL,
  `message` text COLLATE utf8_unicode_ci,
  `response` text COLLATE utf8_unicode_ci,
  `orderId` int(10) NOT NULL,
  `dateCreated` datetime NOT NULL,
  `dateUpdated` datetime NOT NULL,
  `uid` char(36) COLLATE utf8_unicode_ci NOT NULL DEFAULT '0',
  PRIMARY KEY (`id`),
  KEY `craft_commerce_transactions_parentId_fk` (`parentId`),
  KEY `craft_commerce_transactions_paymentMethodId_fk` (`paymentMethodId`),
  KEY `craft_commerce_transactions_orderId_fk` (`orderId`),
  KEY `craft_commerce_transactions_userId_fk` (`userId`),
  CONSTRAINT `craft_commerce_transactions_orderId_fk` FOREIGN KEY (`orderId`) REFERENCES `craft_commerce_orders` (`id`) ON DELETE CASCADE,
  CONSTRAINT `craft_commerce_transactions_parentId_fk` FOREIGN KEY (`parentId`) REFERENCES `craft_commerce_transactions` (`id`) ON DELETE CASCADE ON UPDATE CASCADE,
  CONSTRAINT `craft_commerce_transactions_paymentMethodId_fk` FOREIGN KEY (`paymentMethodId`) REFERENCES `craft_commerce_paymentmethods` (`id`) ON UPDATE CASCADE,
  CONSTRAINT `craft_commerce_transactions_userId_fk` FOREIGN KEY (`userId`) REFERENCES `craft_users` (`id`) ON DELETE SET NULL
) ENGINE=InnoDB AUTO_INCREMENT=4 DEFAULT CHARSET=utf8 COLLATE=utf8_unicode_ci;

--
-- Dumping data for table `craft_commerce_transactions`
--

INSERT INTO `craft_commerce_transactions` VALUES (1,NULL,2,1,'d1bd3e970235a4e1bcb82c193086097f','purchase',138.7500,138.7500,'USD','USD',1.0000,'success',NULL,NULL,NULL,NULL,214,'2017-04-14 13:01:40','2017-04-14 13:01:40','0015f478-0a1d-43ea-9f1e-4ce17190d1ac'),(2,NULL,2,1,'899fa9cf8ac444fd89cf79e5b2342a2d','purchase',138.7500,138.7500,'USD','USD',1.0000,'success',NULL,NULL,NULL,NULL,225,'2017-04-14 14:10:09','2017-04-14 14:10:09','345ce325-8bc5-4060-b6e6-4b4bb17ca1b7'),(3,NULL,2,1,'31605fcfd4ee5fd052518db62866f4a2','purchase',138.7500,138.7500,'USD','USD',1.0000,'success',NULL,NULL,NULL,NULL,228,'2017-04-14 14:25:54','2017-04-14 14:25:54','7e5fdad4-234a-4b07-a125-3994e0117a01');

--
-- Table structure for table `craft_commerce_variants`
--

CREATE TABLE `craft_commerce_variants` (
  `productId` int(11) DEFAULT NULL,
  `id` int(11) NOT NULL,
  `sku` varchar(255) COLLATE utf8_unicode_ci NOT NULL,
  `isDefault` tinyint(1) unsigned NOT NULL DEFAULT '0',
  `price` decimal(14,4) NOT NULL,
  `sortOrder` int(10) DEFAULT NULL,
  `width` decimal(14,4) DEFAULT NULL,
  `height` decimal(14,4) DEFAULT NULL,
  `length` decimal(14,4) DEFAULT NULL,
  `weight` decimal(14,4) DEFAULT NULL,
  `stock` int(10) NOT NULL DEFAULT '0',
  `unlimitedStock` tinyint(1) unsigned NOT NULL DEFAULT '0',
  `minQty` int(10) DEFAULT NULL,
  `maxQty` int(10) DEFAULT NULL,
  `dateCreated` datetime NOT NULL,
  `dateUpdated` datetime NOT NULL,
  `uid` char(36) COLLATE utf8_unicode_ci NOT NULL DEFAULT '0',
  PRIMARY KEY (`id`),
  UNIQUE KEY `craft_commerce_variants_sku_unq_idx` (`sku`),
  KEY `craft_commerce_variants_productId_fk` (`productId`),
  CONSTRAINT `craft_commerce_variants_id_fk` FOREIGN KEY (`id`) REFERENCES `craft_elements` (`id`) ON DELETE CASCADE,
  CONSTRAINT `craft_commerce_variants_productId_fk` FOREIGN KEY (`productId`) REFERENCES `craft_commerce_products` (`id`) ON DELETE SET NULL ON UPDATE CASCADE
) ENGINE=InnoDB DEFAULT CHARSET=utf8 COLLATE=utf8_unicode_ci;

--
-- Dumping data for table `craft_commerce_variants`
--

INSERT INTO `craft_commerce_variants` VALUES (140,141,'lavender-16-fl-oz',1,100.0000,1,0.0000,0.0000,0.0000,0.0000,0,1,NULL,NULL,'2017-03-15 18:41:55','2017-03-18 11:05:57','ab4defd3-6bcf-40ac-b791-5316798ad599'),(142,143,'lavender2',1,125.0000,1,0.0000,0.0000,0.0000,0.0000,0,1,NULL,NULL,'2017-03-15 18:42:35','2017-03-15 18:48:00','f0b81b56-b511-4135-8388-8bbb1a43f16a'),(140,158,'lavender-8-fl-oz',0,60.0000,2,0.0000,0.0000,0.0000,0.0000,0,1,NULL,NULL,'2017-03-18 11:01:35','2017-03-18 11:05:57','1c1f5e02-95e2-4124-bd50-e8cac447d0f7'),(187,189,'benefits-whole-body-nutrition-shake',1,149.9900,1,0.0000,0.0000,0.0000,990.0000,2000,0,NULL,NULL,'2017-03-26 16:41:37','2017-03-26 21:41:59','2399f115-cef3-4f1d-b626-dddc0ce6b4f0');

--
-- Table structure for table `craft_commerceregisteroncheckout`
--

CREATE TABLE `craft_commerceregisteroncheckout` (
  `id` int(11) NOT NULL AUTO_INCREMENT,
  `orderNumber` varchar(255) COLLATE utf8_unicode_ci DEFAULT NULL,
  `EPW` varchar(255) COLLATE utf8_unicode_ci DEFAULT NULL,
  `lastUsedShippingAddressId` int(11) DEFAULT NULL,
  `lastUsedBillingAddressId` int(11) DEFAULT NULL,
  `dateCreated` datetime NOT NULL,
  `dateUpdated` datetime NOT NULL,
  `uid` char(36) COLLATE utf8_unicode_ci NOT NULL DEFAULT '0',
  PRIMARY KEY (`id`)
) ENGINE=InnoDB DEFAULT CHARSET=utf8 COLLATE=utf8_unicode_ci;

--
-- Dumping data for table `craft_commerceregisteroncheckout`
--


--
-- Table structure for table `craft_content`
--

CREATE TABLE `craft_content` (
  `id` int(11) NOT NULL AUTO_INCREMENT,
  `elementId` int(11) NOT NULL,
  `locale` char(12) COLLATE utf8_unicode_ci NOT NULL,
  `title` varchar(255) COLLATE utf8_unicode_ci DEFAULT NULL,
  `field_body` text COLLATE utf8_unicode_ci,
  `field_subTitle` text COLLATE utf8_unicode_ci,
  `field_workerPosition` text COLLATE utf8_unicode_ci,
  `field_shortText` text COLLATE utf8_unicode_ci,
  `field_phone` text COLLATE utf8_unicode_ci,
  `field_seoData` text COLLATE utf8_unicode_ci,
  `field_template` varchar(255) COLLATE utf8_unicode_ci DEFAULT NULL,
  `field_features` varchar(255) COLLATE utf8_unicode_ci DEFAULT NULL,
  `field_email` text COLLATE utf8_unicode_ci,
  `field_orderId` text COLLATE utf8_unicode_ci,
  `field_orderAddress` text COLLATE utf8_unicode_ci,
  `field_orderInfo` text COLLATE utf8_unicode_ci,
  `field_orderShipping` text COLLATE utf8_unicode_ci,
  `dateCreated` datetime NOT NULL,
  `dateUpdated` datetime NOT NULL,
  `uid` char(36) COLLATE utf8_unicode_ci NOT NULL DEFAULT '0',
  PRIMARY KEY (`id`),
  UNIQUE KEY `craft_content_elementId_locale_unq_idx` (`elementId`,`locale`),
  KEY `craft_content_title_idx` (`title`),
  KEY `craft_content_locale_fk` (`locale`),
  CONSTRAINT `craft_content_elementId_fk` FOREIGN KEY (`elementId`) REFERENCES `craft_elements` (`id`) ON DELETE CASCADE,
  CONSTRAINT `craft_content_locale_fk` FOREIGN KEY (`locale`) REFERENCES `craft_locales` (`locale`) ON DELETE CASCADE ON UPDATE CASCADE
) ENGINE=InnoDB AUTO_INCREMENT=178 DEFAULT CHARSET=utf8 COLLATE=utf8_unicode_ci;

--
-- Dumping data for table `craft_content`
--

INSERT INTO `craft_content` VALUES (1,1,'en_us',NULL,NULL,NULL,NULL,NULL,NULL,NULL,NULL,NULL,NULL,NULL,NULL,NULL,NULL,'2017-03-06 09:19:09','2017-03-22 23:00:13','adf32cd6-aa72-4e24-bfb0-59cf6667de5a'),(2,2,'en_us','Homepage','<p>Its good. About how far ahead are you going? Right, and where am I gonna be? Okay, but I don\'t know what to say. You can\'t, uh, that is, uh, nobody\'s home.</p>',NULL,NULL,'Rick, Founder Monarch Manor',NULL,NULL,NULL,NULL,NULL,NULL,NULL,NULL,NULL,'2017-03-06 09:19:14','2017-04-12 23:43:16','8a03bc9e-25d6-4508-8536-080cc17b2e76'),(22,22,'en_us','About','<p>One morning, when Gregor Samsa woke from troubled dreams, he found himself transformed in his bed into a horrible vermin. He lay on his armour-like back, and if he lifted his head a little he could see his brown belly, slightly domed and divided by arches into stiff sections. The bedding was hardly able to cover it and seemed ready to slide off any moment. His many legs, pitifully thin compared with the size of the rest of him, waved about helplessly as he looked. \"What\'s happened to me?\" he thought. It wasn\'t a dream. His room, a proper human room although a little too small, lay peacefully between its four familiar walls. A collection of textile samples lay spread out on the table - Samsa was a travelling salesman - and above it there hung a picture that he had recently cut out of an illustrated magazine and housed in a nice, gilded frame. It showed a lady fitted out with a fur hat and fur boa who sat upright, raising a heavy fur muff that covered the whole of her lower arm towards the viewer. Gregor then turned to look out the window at the dull weather. Drops</p>','Monarch Manor',NULL,NULL,NULL,NULL,NULL,NULL,NULL,NULL,NULL,NULL,NULL,'2017-03-06 12:35:34','2017-03-29 14:43:55','a7306f5d-3464-4ef8-bbe4-c7abafef77cf'),(31,31,'en_us','Healthcare  & Nutrition',NULL,NULL,NULL,NULL,NULL,NULL,NULL,NULL,NULL,NULL,NULL,NULL,NULL,'2017-03-06 14:28:40','2017-03-15 16:29:54','9f5069d6-7651-4da5-a476-d27372986c31'),(32,32,'en_us','Healthy Teas',NULL,NULL,NULL,NULL,NULL,NULL,NULL,NULL,NULL,NULL,NULL,NULL,NULL,'2017-03-06 14:28:51','2017-03-15 16:30:44','a565beb4-9da9-4cb9-b716-59cf03b9c43b'),(33,33,'en_us','Merchandise',NULL,NULL,NULL,NULL,NULL,NULL,NULL,NULL,NULL,NULL,NULL,NULL,NULL,'2017-03-06 14:29:03','2017-03-15 16:30:58','d41bfec2-fc61-45b3-ba16-c6ea32e7f323'),(34,34,'en_us','Recipes from the farm',NULL,NULL,NULL,NULL,NULL,NULL,NULL,NULL,NULL,NULL,NULL,NULL,NULL,'2017-03-06 14:29:21','2017-03-15 16:31:11','4b1ecfb6-66aa-4f5f-9621-4b686bac4ed4'),(35,35,'en_us','Face and Body Care Products',NULL,NULL,NULL,NULL,NULL,NULL,NULL,NULL,NULL,NULL,NULL,NULL,NULL,'2017-03-06 14:29:44','2017-03-15 16:31:24','a120eae6-62eb-4b9d-a712-ef6aa666eb6c'),(36,36,'en_us','Farm Fresh Edibles',NULL,NULL,NULL,NULL,NULL,NULL,NULL,NULL,NULL,NULL,NULL,NULL,NULL,'2017-03-06 14:30:19','2017-03-15 16:31:39','27084119-646e-4a3c-91ed-fa9c65a0a29b'),(37,37,'en_us','Healthy cheese',NULL,NULL,NULL,NULL,NULL,NULL,NULL,NULL,NULL,NULL,NULL,NULL,NULL,'2017-03-06 14:30:35','2017-03-15 16:31:55','987d5103-381c-4150-8a94-58b27950e858'),(38,38,'en_us','Photos and videos',NULL,NULL,NULL,NULL,NULL,NULL,NULL,NULL,NULL,NULL,NULL,NULL,NULL,'2017-03-06 14:30:54','2017-03-15 16:32:18','57bd912e-0734-46f1-84ee-39a37da8559b'),(39,39,'en_us','E-Books',NULL,NULL,NULL,NULL,NULL,NULL,NULL,NULL,NULL,NULL,NULL,NULL,NULL,'2017-03-06 14:31:04','2017-03-15 16:32:43','d397eeba-c917-42b2-9677-43133243a945'),(53,53,'en_us','Img Title 01',NULL,NULL,NULL,NULL,NULL,NULL,NULL,NULL,NULL,NULL,NULL,NULL,NULL,'2017-03-15 15:09:47','2017-03-15 16:30:06','4baa7910-d75c-44e8-9fe9-2478f66b9f3b'),(54,54,'en_us','Benefit 750',NULL,NULL,'$45',NULL,NULL,NULL,NULL,NULL,NULL,NULL,NULL,NULL,NULL,'2017-03-15 15:10:33','2017-03-29 14:37:06','07c2b3f6-33ba-4aaf-a3b9-2ae255345e2d'),(55,55,'en_us','Bill Coel',NULL,NULL,'Assistant',NULL,NULL,NULL,NULL,NULL,NULL,NULL,NULL,NULL,NULL,'2017-03-15 15:10:34','2017-03-15 16:30:31','5fe3a85e-92a2-498f-a726-e590e8b26381'),(56,56,'en_us','Robert Dyson',NULL,NULL,'Assistant',NULL,NULL,NULL,NULL,NULL,NULL,NULL,NULL,NULL,NULL,'2017-03-15 15:10:35','2017-03-15 16:30:32','60c65a32-9d69-4fa6-b1e3-f1413ce23cf4'),(57,57,'en_us','Mark Stewart',NULL,NULL,'Assistant',NULL,NULL,NULL,NULL,NULL,NULL,NULL,NULL,NULL,NULL,'2017-03-15 15:10:36','2017-03-15 16:30:34','dd233867-448b-4d66-b87c-92b521fe690e'),(58,67,'en_us','Terms of service','Terms of service',NULL,NULL,NULL,NULL,NULL,NULL,NULL,NULL,NULL,NULL,NULL,NULL,'2017-03-15 15:25:39','2017-03-15 15:25:39','1f6606fb-99c5-46fa-9d59-eac0d5190e7d'),(59,68,'en_us','Custom formulation section','',NULL,NULL,NULL,NULL,NULL,NULL,NULL,NULL,NULL,NULL,NULL,NULL,'2017-03-15 15:26:02','2017-03-15 15:26:02','58e6bfb9-c51a-4db3-a98f-3f6625baaa30'),(60,69,'en_us','Shipping','<p><img src=\"{asset:86:url}\" alt=\"\" title=\"\" style=\"float: left; width: 294px; height: 218px; margin: 0px 10px 10px 0px;\" width=\"294\" height=\"218\">Independent apartment in a villa with a splendid view over the Gulf of Rupione:&nbsp;<br>1 living room with terrace with sea view: dining area, table and parasol, 1 bedroom with double bed 160, 1 fully equipped kitchen, Washing machine, and nice privative swimming pool with large terrace, sun baths and parasols.&nbsp;<br>2mn walk from the beach of Rupione.&nbsp;<br>Accommodation is perfect for couples, families and four-legged companions.</p><p>Independent apartment in a villa with a splendid view over the Gulf of Rupione:&nbsp;<br>1 living room with terrace with sea view: dining area, table and parasol, 1 bedroom with double bed 160, 1 fully equipped kitchen, Washing machine, and nice privative swimming pool with large terrace, sun baths and parasols.&nbsp;</p><p>klsdjkLSAJDL</p><p>LKasjdlkasjd</p><table><tbody><tr><td>USPC</td><td>FEDEX</td><td>USPS</td></tr><tr><td>adf</td><td>adfs</td><td>asdf</td></tr></tbody></table><p><br>S</p><p><br>2mn walk from the beach of Rupione.&nbsp;<br>Accommodation is perfect for couples, families and four-legged companions. <br></p><p><br><strong>Download this file:</strong></p><p><a href=\"{asset:182:url}\">Healthy Chocolate Milkshake (Vegan)</a><br></p><p><br></p><h2>Why not a video?</h2><div class=\"video-container\"><iframe style=\"width: 500px; height: 281px;\" src=\"//www.youtube.com/embed/jmyLSQ0REmo\" frameborder=\"0\" allowfullscreen=\"\"></iframe></div><p><br></p>',NULL,NULL,NULL,NULL,NULL,NULL,NULL,NULL,NULL,NULL,NULL,NULL,'2017-03-15 15:26:14','2017-03-26 22:42:45','138a936d-ef7d-431c-ba48-4abbd72ea1ea'),(61,70,'en_us',NULL,'<p>Only the best comes from Monarch Manor Farms for our family and yours, with love!<br></p>','About',NULL,NULL,NULL,NULL,NULL,NULL,NULL,NULL,NULL,NULL,NULL,'2017-03-15 15:38:59','2017-04-12 21:09:27','6f415d87-21e1-46bb-bfff-cc37fddc7e61'),(62,71,'en_us',NULL,NULL,NULL,NULL,NULL,'800-614-2005',NULL,NULL,NULL,'support@monarchmanor.org',NULL,NULL,NULL,NULL,'2017-03-15 15:42:41','2017-04-12 21:09:58','fda0f89d-acfb-4852-8461-e8d1bcdcbdc0'),(65,74,'en_us','Img Person 02',NULL,NULL,NULL,NULL,NULL,NULL,NULL,NULL,NULL,NULL,NULL,NULL,NULL,'2017-03-15 16:28:06','2017-03-15 16:30:15','09cea34f-d571-40dc-9b40-fedab74eaf4d'),(66,75,'en_us','Img Person 01',NULL,NULL,NULL,NULL,NULL,NULL,NULL,NULL,NULL,NULL,NULL,NULL,NULL,'2017-03-15 16:28:06','2017-03-15 16:30:15','7c279cc5-149a-4f93-8cf2-12564cbc3733'),(67,76,'en_us','Img Person 03',NULL,NULL,NULL,NULL,NULL,NULL,NULL,NULL,NULL,NULL,NULL,NULL,NULL,'2017-03-15 16:28:07','2017-03-15 16:30:17','2367b373-c3d2-4950-bd0d-cd19bfcc6d7c'),(68,77,'en_us','Img Person 04',NULL,NULL,NULL,NULL,NULL,NULL,NULL,NULL,NULL,NULL,NULL,NULL,NULL,'2017-03-15 16:28:08','2017-03-15 16:30:20','e2434dcf-72c8-4d0b-8152-4aaff8b31f87'),(69,78,'en_us','Img 02',NULL,NULL,NULL,NULL,NULL,NULL,NULL,NULL,NULL,NULL,NULL,NULL,NULL,'2017-03-15 16:29:32','2017-03-15 16:29:32','dba26930-1957-4d3b-8918-253844fdaaae'),(70,79,'en_us','Img 05',NULL,NULL,NULL,NULL,NULL,NULL,NULL,NULL,NULL,NULL,NULL,NULL,NULL,'2017-03-15 16:29:33','2017-03-15 16:29:33','9253c2ff-0e43-4767-9c42-c77994d363bd'),(71,80,'en_us','Img 03',NULL,NULL,NULL,NULL,NULL,NULL,NULL,NULL,NULL,NULL,NULL,NULL,NULL,'2017-03-15 16:29:33','2017-03-15 16:29:34','ce690dc3-5a34-471b-81d9-f5eb287011b4'),(72,81,'en_us','Img 04',NULL,NULL,NULL,NULL,NULL,NULL,NULL,NULL,NULL,NULL,NULL,NULL,NULL,'2017-03-15 16:29:34','2017-03-15 16:29:34','f96dc00a-8ada-4863-998a-e2cf0b45f64e'),(73,82,'en_us','Img 06',NULL,NULL,NULL,NULL,NULL,NULL,NULL,NULL,NULL,NULL,NULL,NULL,NULL,'2017-03-15 16:29:35','2017-03-15 16:29:35','f83ce409-7dd6-4411-b7fa-b236dd6cfe77'),(74,83,'en_us','Img 07',NULL,NULL,NULL,NULL,NULL,NULL,NULL,NULL,NULL,NULL,NULL,NULL,NULL,'2017-03-15 16:29:36','2017-03-15 16:29:36','87e71a7a-9711-4361-be2e-cf57d33d3055'),(75,84,'en_us','Img 08',NULL,NULL,NULL,NULL,NULL,NULL,NULL,NULL,NULL,NULL,NULL,NULL,NULL,'2017-03-15 16:29:37','2017-03-15 16:29:37','0cea0705-2b15-4f53-941c-ce11111a83f4'),(76,85,'en_us','Img 09',NULL,NULL,NULL,NULL,NULL,NULL,NULL,NULL,NULL,NULL,NULL,NULL,NULL,'2017-03-15 16:29:37','2017-03-15 16:29:37','38078d1c-05cb-4bc4-8de7-cec5f8296494'),(77,86,'en_us','Img 10',NULL,NULL,NULL,NULL,NULL,NULL,NULL,NULL,NULL,NULL,NULL,NULL,NULL,'2017-03-15 16:29:38','2017-03-15 16:29:38','07c2d6d6-5692-427e-9510-2782ce0e5778'),(78,87,'en_us','Img 11',NULL,NULL,NULL,NULL,NULL,NULL,NULL,NULL,NULL,NULL,NULL,NULL,NULL,'2017-03-15 16:29:39','2017-03-15 16:29:39','fbf267a5-5546-4b09-80f0-7c393706a90a'),(79,88,'en_us','Img 12',NULL,NULL,NULL,NULL,NULL,NULL,NULL,NULL,NULL,NULL,NULL,NULL,NULL,'2017-03-15 16:29:40','2017-03-15 16:29:40','a4601420-c748-4fe7-98dd-33f8cc26105f'),(80,89,'en_us','Img 13',NULL,NULL,NULL,NULL,NULL,NULL,NULL,NULL,NULL,NULL,NULL,NULL,NULL,'2017-03-15 16:29:40','2017-03-15 16:29:40','e14a96f4-fb1e-4186-a6cf-d723f62e6db7'),(81,90,'en_us','test',NULL,NULL,NULL,NULL,NULL,NULL,NULL,NULL,NULL,NULL,NULL,NULL,NULL,'2017-03-15 16:29:41','2017-03-15 18:27:55','03c7ed40-75dd-4016-bbf4-8432600f1aa5'),(82,91,'en_us','Img 15',NULL,NULL,NULL,NULL,NULL,NULL,NULL,NULL,NULL,NULL,NULL,NULL,NULL,'2017-03-15 16:29:42','2017-03-15 16:29:42','bc178650-1e5a-46c5-8541-44e660cade72'),(83,92,'en_us','Img Blog 01',NULL,NULL,NULL,NULL,NULL,NULL,NULL,NULL,NULL,NULL,NULL,NULL,NULL,'2017-03-15 16:29:43','2017-03-15 16:29:43','9e42dbb7-90fa-4c15-b8f9-9089451e5833'),(84,93,'en_us','Img Cart 01',NULL,NULL,NULL,NULL,NULL,NULL,NULL,NULL,NULL,NULL,NULL,NULL,NULL,'2017-03-15 16:29:43','2017-03-15 16:29:43','b1260b84-d2d6-48bd-8bd3-ab6e87d3afe0'),(85,94,'en_us','Img Cart Small',NULL,NULL,NULL,NULL,NULL,NULL,NULL,NULL,NULL,NULL,NULL,NULL,NULL,'2017-03-15 16:29:45','2017-03-15 16:29:45','a6d00e40-5a08-4c16-bc6f-ce1d7f902a45'),(86,95,'en_us','Img Featured',NULL,NULL,NULL,NULL,NULL,NULL,NULL,NULL,NULL,NULL,NULL,NULL,NULL,'2017-03-15 16:29:46','2017-03-15 16:29:46','8a62408c-b2c5-484e-9ec3-0cba5ac434dd'),(87,96,'en_us','Img Media 01',NULL,NULL,NULL,NULL,NULL,NULL,NULL,NULL,NULL,NULL,NULL,NULL,NULL,'2017-03-15 16:29:46','2017-03-15 16:29:46','5cc59ec7-5c1e-4e1b-ace7-268c2a9f434a'),(88,97,'en_us','Img Media 02',NULL,NULL,NULL,NULL,NULL,NULL,NULL,NULL,NULL,NULL,NULL,NULL,NULL,'2017-03-15 16:29:48','2017-03-15 16:29:48','a862aae5-9b5c-48d3-9fc2-36ca7a761177'),(89,98,'en_us','Img Media 03',NULL,NULL,NULL,NULL,NULL,NULL,NULL,NULL,NULL,NULL,NULL,NULL,NULL,'2017-03-15 16:29:49','2017-03-15 16:29:49','490431a2-c06c-4821-8882-3bfc79cc98db'),(90,99,'en_us','Img Media 04',NULL,NULL,NULL,NULL,NULL,NULL,NULL,NULL,NULL,NULL,NULL,NULL,NULL,'2017-03-15 16:29:51','2017-03-15 16:29:51','b6aaa781-fe9c-466f-a670-96537feca156'),(91,100,'en_us','Img Photo 01',NULL,NULL,NULL,NULL,NULL,NULL,NULL,NULL,NULL,NULL,NULL,NULL,NULL,'2017-03-15 16:29:52','2017-03-15 16:29:52','60543f19-0ff6-4d6f-836d-02adbaff2910'),(92,101,'en_us','Img Photo 02',NULL,NULL,NULL,NULL,NULL,NULL,NULL,NULL,NULL,NULL,NULL,NULL,NULL,'2017-03-15 16:29:53','2017-03-15 16:29:53','a598798b-9ecc-4db9-ae5f-2ecfd0d3b98c'),(93,102,'en_us','Img Photo 03',NULL,NULL,NULL,NULL,NULL,NULL,NULL,NULL,NULL,NULL,NULL,NULL,NULL,'2017-03-15 16:29:53','2017-03-15 16:29:53','e32f1168-f6a3-4ba2-afbb-dbe89d389624'),(94,103,'en_us','Img Photo 04',NULL,NULL,NULL,NULL,NULL,NULL,NULL,NULL,NULL,NULL,NULL,NULL,NULL,'2017-03-15 16:29:55','2017-03-15 16:29:55','bcddbf4f-05de-4e18-98b0-c7717a5a1d93'),(95,104,'en_us','Img Photo 05',NULL,NULL,NULL,NULL,NULL,NULL,NULL,NULL,NULL,NULL,NULL,NULL,NULL,'2017-03-15 16:29:55','2017-03-15 16:29:55','1e759333-6aca-4994-9c5e-b5b6c4b91f84'),(96,105,'en_us','Img Photo 06',NULL,NULL,NULL,NULL,NULL,NULL,NULL,NULL,NULL,NULL,NULL,NULL,NULL,'2017-03-15 16:29:56','2017-03-15 16:29:56','f990a477-99c9-446b-8a68-eaaf9bc0d56d'),(97,106,'en_us','Img Photo 07',NULL,NULL,NULL,NULL,NULL,NULL,NULL,NULL,NULL,NULL,NULL,NULL,NULL,'2017-03-15 16:29:58','2017-03-15 16:29:58','41a6c6f3-9194-4280-8c9c-26727eb7fb94'),(98,107,'en_us','Img Photo 08',NULL,NULL,NULL,NULL,NULL,NULL,NULL,NULL,NULL,NULL,NULL,NULL,NULL,'2017-03-15 16:29:58','2017-03-15 16:29:59','cf4c7417-5945-421b-ba19-33d8be5931db'),(99,108,'en_us','Img Post 01',NULL,NULL,NULL,NULL,NULL,NULL,NULL,NULL,NULL,NULL,NULL,NULL,NULL,'2017-03-15 16:29:59','2017-03-15 16:29:59','a35cfef7-fa3c-4c13-974e-4afadb7fbf65'),(100,109,'en_us','Img Post 02',NULL,NULL,NULL,NULL,NULL,NULL,NULL,NULL,NULL,NULL,NULL,NULL,NULL,'2017-03-15 16:30:00','2017-03-15 16:30:00','0fdda9ee-4c4f-4f87-9e6e-2a31c47f0db3'),(101,110,'en_us','Img Post 03',NULL,NULL,NULL,NULL,NULL,NULL,NULL,NULL,NULL,NULL,NULL,NULL,NULL,'2017-03-15 16:30:01','2017-03-15 16:30:01','b380f1c5-8225-4c28-a613-df8d0c06d0b5'),(102,111,'en_us','Img Product 01',NULL,NULL,NULL,NULL,NULL,NULL,NULL,NULL,NULL,NULL,NULL,NULL,NULL,'2017-03-15 16:30:01','2017-03-15 16:30:01','fa6cd242-bd83-4d60-b426-b107352cb1cb'),(103,112,'en_us','Img Product 02',NULL,NULL,NULL,NULL,NULL,NULL,NULL,NULL,NULL,NULL,NULL,NULL,NULL,'2017-03-15 16:30:03','2017-03-15 16:30:03','4bf463d0-dc11-4dc8-8c7f-529fc9481bf5'),(104,113,'en_us','Img Product 03',NULL,NULL,NULL,NULL,NULL,NULL,NULL,NULL,NULL,NULL,NULL,NULL,NULL,'2017-03-15 16:30:04','2017-03-15 16:30:04','fc8890ef-65a1-4480-a6f1-e8b5772b045e'),(105,114,'en_us','Img Slider Small',NULL,NULL,NULL,NULL,NULL,NULL,NULL,NULL,NULL,NULL,NULL,NULL,NULL,'2017-03-15 16:30:04','2017-03-15 16:30:04','348f534c-7c8f-40bc-b71e-a61ac5874da4'),(106,115,'en_us','Img Slider',NULL,NULL,NULL,NULL,NULL,NULL,NULL,NULL,NULL,NULL,NULL,NULL,NULL,'2017-03-15 16:30:05','2017-03-15 16:30:05','86315c91-47d6-4a89-98da-c5b2b3c452c0'),(107,116,'en_us','Img Youtube',NULL,NULL,NULL,NULL,NULL,NULL,NULL,NULL,NULL,NULL,NULL,NULL,NULL,'2017-03-15 16:30:07','2017-03-15 16:30:07','1a3e0631-5d42-4f9a-990e-8fc9e8a97004'),(108,117,'en_us','Partner 01',NULL,NULL,NULL,NULL,NULL,NULL,NULL,NULL,NULL,NULL,NULL,NULL,NULL,'2017-03-15 16:30:07','2017-03-15 16:30:07','a937f900-e365-4d03-b427-f63fe06778cb'),(109,118,'en_us','Partner 02',NULL,NULL,NULL,NULL,NULL,NULL,NULL,NULL,NULL,NULL,NULL,NULL,NULL,'2017-03-15 16:30:09','2017-03-15 16:30:09','edc56a7d-c640-40c0-a66d-bbc51b8e62e6'),(110,119,'en_us','Partner 03',NULL,NULL,NULL,NULL,NULL,NULL,NULL,NULL,NULL,NULL,NULL,NULL,NULL,'2017-03-15 16:30:09','2017-03-15 16:30:10','a9311a7f-2f6b-49d7-8775-2cf9696fa812'),(111,120,'en_us','Partner 04',NULL,NULL,NULL,NULL,NULL,NULL,NULL,NULL,NULL,NULL,NULL,NULL,NULL,'2017-03-15 16:30:10','2017-03-15 16:30:10','f322f1db-d464-4ea1-83a4-c9720d00dc2c'),(112,121,'en_us','Partner 05',NULL,NULL,NULL,NULL,NULL,NULL,NULL,NULL,NULL,NULL,NULL,NULL,NULL,'2017-03-15 16:30:11','2017-03-15 16:30:11','2e91f83c-83ab-4df8-967e-7124ff8fa77f'),(113,122,'en_us','Partner 06',NULL,NULL,NULL,NULL,NULL,NULL,NULL,NULL,NULL,NULL,NULL,NULL,NULL,'2017-03-15 16:30:12','2017-03-15 16:30:12','697f5740-c0c2-42a5-b7c4-b0f4337a31f6'),(114,123,'en_us','Partner 07',NULL,NULL,NULL,NULL,NULL,NULL,NULL,NULL,NULL,NULL,NULL,NULL,NULL,'2017-03-15 16:30:12','2017-03-15 16:30:13','de5d697e-e4cc-4c89-975c-dc55e2009fd3'),(115,124,'en_us','Partner 08',NULL,NULL,NULL,NULL,NULL,NULL,NULL,NULL,NULL,NULL,NULL,NULL,NULL,'2017-03-15 16:30:14','2017-03-15 16:30:14','cbf1c390-3285-4c25-bb57-f84c2f67fd87'),(116,125,'en_us','Img 01',NULL,NULL,NULL,NULL,NULL,NULL,NULL,NULL,NULL,NULL,NULL,NULL,NULL,'2017-03-15 16:42:27','2017-03-15 16:42:27','26348fa9-4334-49ab-b06c-33e0185d8b2d'),(117,137,'en_us','NORTHBOUND | Skateboarding on Frozen Sand 4K',NULL,NULL,NULL,NULL,NULL,NULL,NULL,NULL,NULL,NULL,NULL,NULL,NULL,'2017-03-15 18:20:05','2017-03-15 18:20:05','5cf94a73-103c-466c-abc4-16c122cdc23d'),(118,138,'en_us','test','<p>Main text</p>',NULL,NULL,NULL,NULL,'{\"id\":null,\"enabled\":1,\"archived\":0,\"locale\":\"en_us\",\"localeEnabled\":1,\"slug\":null,\"uri\":null,\"dateCreated\":null,\"dateUpdated\":null,\"root\":null,\"lft\":null,\"rgt\":null,\"level\":null,\"searchScore\":null,\"elementId\":0,\"metaType\":\"template\",\"metaPath\":\"\",\"seoMainEntityCategory\":\"CreativeWork\",\"seoMainEntityOfPage\":\"WebPage\",\"seoTitle\":\"test\",\"seoDescription\":\"\",\"seoKeywords\":\"\",\"seoImageTransform\":\"\",\"seoFacebookImageTransform\":\"\",\"seoTwitterImageTransform\":\"\",\"twitterCardType\":\"\",\"openGraphType\":\"\",\"robots\":\"\",\"seoImageId\":\"\",\"seoTwitterImageId\":\"\",\"seoFacebookImageId\":\"\",\"seoTitleUnparsed\":\"test\",\"seoDescriptionUnparsed\":\"\",\"seoKeywordsUnparsed\":\"\",\"seoTitleSource\":\"field\",\"seoTitleSourceField\":\"title\",\"seoDescriptionSource\":\"custom\",\"seoDescriptionSourceField\":\"title\",\"seoKeywordsSource\":\"custom\",\"seoKeywordsSourceField\":\"title\",\"seoImageIdSource\":\"custom\",\"seoImageIdSourceField\":\"images\",\"seoTwitterImageIdSource\":\"custom\",\"seoTwitterImageIdSourceField\":\"images\",\"seoFacebookImageIdSource\":\"custom\",\"seoFacebookImageIdSourceField\":\"images\",\"seoCommerceVariants\":null,\"__model__\":\"Craft\\\\Seomatic_MetaFieldModel\"}',NULL,NULL,NULL,NULL,NULL,NULL,NULL,'2017-03-15 18:28:19','2017-03-24 15:00:12','6fdf059b-5ce5-42f4-b3af-868c0f098e9d'),(119,140,'en_us','Lavender 1','<p>A mild, yet effective exfoliating gel masque formulated with papaya and pineapple.</p>',NULL,NULL,NULL,NULL,'{\"id\":null,\"enabled\":1,\"archived\":0,\"locale\":\"en_us\",\"localeEnabled\":1,\"slug\":null,\"uri\":null,\"dateCreated\":null,\"dateUpdated\":null,\"root\":null,\"lft\":null,\"rgt\":null,\"level\":null,\"searchScore\":null,\"elementId\":0,\"metaType\":\"template\",\"metaPath\":\"\",\"seoMainEntityCategory\":\"Product\",\"seoMainEntityOfPage\":\"\",\"seoTitle\":\"Lavender 1\",\"seoDescription\":\"\",\"seoKeywords\":\"\",\"seoImageTransform\":\"\",\"seoFacebookImageTransform\":\"\",\"seoTwitterImageTransform\":\"\",\"twitterCardType\":\"\",\"openGraphType\":\"\",\"robots\":\"\",\"seoImageId\":\"\",\"seoTwitterImageId\":\"\",\"seoFacebookImageId\":\"\",\"seoTitleUnparsed\":\"Lavender 1\",\"seoDescriptionUnparsed\":\"\",\"seoKeywordsUnparsed\":\"\",\"seoTitleSource\":\"field\",\"seoTitleSourceField\":\"title\",\"seoDescriptionSource\":\"custom\",\"seoDescriptionSourceField\":\"title\",\"seoKeywordsSource\":\"custom\",\"seoKeywordsSourceField\":\"title\",\"seoImageIdSource\":\"custom\",\"seoImageIdSourceField\":\"images\",\"seoTwitterImageIdSource\":\"custom\",\"seoTwitterImageIdSourceField\":\"images\",\"seoFacebookImageIdSource\":\"custom\",\"seoFacebookImageIdSourceField\":\"images\",\"seoCommerceVariants\":null,\"__model__\":\"Craft\\\\Seomatic_MetaFieldModel\"}',NULL,'[\"glutenFree\",\"vegan\"]',NULL,NULL,NULL,NULL,NULL,'2017-03-15 18:41:55','2017-03-18 11:05:57','e2de51c8-9f7c-4bab-aa83-47ec5244ae25'),(120,141,'en_us','16 fl oz','',NULL,NULL,NULL,NULL,NULL,NULL,NULL,NULL,NULL,NULL,NULL,NULL,'2017-03-15 18:41:55','2017-03-18 11:05:57','b02351f4-d1f5-4c5c-b739-131bd05075b5'),(121,142,'en_us','Lavender 3=2','<p><a href=\"{asset:78:url}\">Img 02</a></p>',NULL,NULL,NULL,NULL,'{\"id\":null,\"enabled\":1,\"archived\":0,\"locale\":\"en_us\",\"localeEnabled\":1,\"slug\":null,\"uri\":null,\"dateCreated\":null,\"dateUpdated\":null,\"root\":null,\"lft\":null,\"rgt\":null,\"level\":null,\"searchScore\":null,\"elementId\":0,\"metaType\":\"template\",\"metaPath\":\"\",\"seoMainEntityCategory\":\"Product\",\"seoMainEntityOfPage\":\"\",\"seoTitle\":\"Lavender 3=2\",\"seoDescription\":\"\",\"seoKeywords\":\"\",\"seoImageTransform\":\"\",\"seoFacebookImageTransform\":\"\",\"seoTwitterImageTransform\":\"\",\"twitterCardType\":\"\",\"openGraphType\":\"\",\"robots\":\"\",\"seoImageId\":null,\"seoTwitterImageId\":null,\"seoFacebookImageId\":null,\"seoTitleUnparsed\":\"\",\"seoDescriptionUnparsed\":\"\",\"seoKeywordsUnparsed\":\"\",\"seoTitleSource\":\"field\",\"seoTitleSourceField\":\"title\",\"seoDescriptionSource\":\"custom\",\"seoDescriptionSourceField\":\"title\",\"seoKeywordsSource\":\"custom\",\"seoKeywordsSourceField\":\"title\",\"seoImageIdSource\":\"custom\",\"seoImageIdSourceField\":\"images\",\"seoTwitterImageIdSource\":\"custom\",\"seoTwitterImageIdSourceField\":\"images\",\"seoFacebookImageIdSource\":\"custom\",\"seoFacebookImageIdSourceField\":\"images\",\"seoCommerceVariants\":null,\"__model__\":\"Craft\\\\Seomatic_MetaFieldModel\"}',NULL,NULL,NULL,NULL,NULL,NULL,NULL,'2017-03-15 18:42:35','2017-03-18 10:58:48','1e21cacc-f2d6-48c8-81b6-53b0bb5959a1'),(122,143,'en_us','Lavender 3=2',NULL,NULL,NULL,NULL,NULL,NULL,NULL,NULL,NULL,NULL,NULL,NULL,NULL,'2017-03-15 18:42:35','2017-03-15 18:48:00','d5b8be0f-d3ce-45ea-96b0-80510d5d3c83'),(123,144,'en_us','Shop',NULL,NULL,NULL,NULL,NULL,'{\"id\":null,\"enabled\":1,\"archived\":0,\"locale\":\"en_us\",\"localeEnabled\":1,\"slug\":null,\"uri\":null,\"dateCreated\":null,\"dateUpdated\":null,\"root\":null,\"lft\":null,\"rgt\":null,\"level\":null,\"searchScore\":null,\"elementId\":0,\"metaType\":\"template\",\"metaPath\":\"\",\"seoMainEntityCategory\":\"CreativeWork\",\"seoMainEntityOfPage\":\"WebPage\",\"seoTitle\":\"Shop\",\"seoDescription\":\"\",\"seoKeywords\":\"\",\"seoImageTransform\":\"\",\"seoFacebookImageTransform\":\"\",\"seoTwitterImageTransform\":\"\",\"twitterCardType\":\"\",\"openGraphType\":\"\",\"robots\":\"\",\"seoImageId\":null,\"seoTwitterImageId\":null,\"seoFacebookImageId\":null,\"seoTitleUnparsed\":\"\",\"seoDescriptionUnparsed\":\"\",\"seoKeywordsUnparsed\":\"\",\"seoTitleSource\":\"field\",\"seoTitleSourceField\":\"title\",\"seoDescriptionSource\":\"custom\",\"seoDescriptionSourceField\":\"title\",\"seoKeywordsSource\":\"custom\",\"seoKeywordsSourceField\":\"title\",\"seoImageIdSource\":\"custom\",\"seoImageIdSourceField\":\"images\",\"seoTwitterImageIdSource\":\"custom\",\"seoTwitterImageIdSourceField\":\"images\",\"seoFacebookImageIdSource\":\"custom\",\"seoFacebookImageIdSourceField\":\"images\",\"seoCommerceVariants\":null,\"__model__\":\"Craft\\\\Seomatic_MetaFieldModel\"}',NULL,NULL,NULL,NULL,NULL,NULL,NULL,'2017-03-15 19:09:52','2017-03-16 16:07:12','b6ebc7af-a0fa-45e5-af3e-778c1df9c3c7'),(125,146,'en_us','Products','',NULL,NULL,NULL,NULL,'{\"id\":null,\"enabled\":1,\"archived\":0,\"locale\":\"en_us\",\"localeEnabled\":1,\"slug\":null,\"uri\":null,\"dateCreated\":null,\"dateUpdated\":null,\"root\":null,\"lft\":null,\"rgt\":null,\"level\":null,\"searchScore\":null,\"elementId\":0,\"metaType\":\"template\",\"metaPath\":\"\",\"seoMainEntityCategory\":\"CreativeWork\",\"seoMainEntityOfPage\":\"WebPage\",\"seoTitle\":\"Products\",\"seoDescription\":\"\",\"seoKeywords\":\"\",\"seoImageTransform\":\"\",\"seoFacebookImageTransform\":\"\",\"seoTwitterImageTransform\":\"\",\"twitterCardType\":\"\",\"openGraphType\":\"\",\"robots\":\"\",\"seoImageId\":\"\",\"seoTwitterImageId\":\"\",\"seoFacebookImageId\":\"\",\"seoTitleUnparsed\":\"Products\",\"seoDescriptionUnparsed\":\"\",\"seoKeywordsUnparsed\":\"\",\"seoTitleSource\":\"field\",\"seoTitleSourceField\":\"title\",\"seoDescriptionSource\":\"custom\",\"seoDescriptionSourceField\":\"title\",\"seoKeywordsSource\":\"custom\",\"seoKeywordsSourceField\":\"title\",\"seoImageIdSource\":\"custom\",\"seoImageIdSourceField\":\"\",\"seoTwitterImageIdSource\":\"custom\",\"seoTwitterImageIdSourceField\":\"\",\"seoFacebookImageIdSource\":\"custom\",\"seoFacebookImageIdSourceField\":\"\",\"seoCommerceVariants\":null,\"__model__\":\"Craft\\\\Seomatic_MetaFieldModel\"}',NULL,NULL,NULL,NULL,NULL,NULL,NULL,'2017-03-16 16:07:18','2017-03-16 16:07:18','e8859e53-8c4b-4f8b-9784-bd6af9a6d600'),(126,147,'en_us','Ingredients','',NULL,NULL,NULL,NULL,'{\"id\":null,\"enabled\":1,\"archived\":0,\"locale\":\"en_us\",\"localeEnabled\":1,\"slug\":null,\"uri\":null,\"dateCreated\":null,\"dateUpdated\":null,\"root\":null,\"lft\":null,\"rgt\":null,\"level\":null,\"searchScore\":null,\"elementId\":0,\"metaType\":\"template\",\"metaPath\":\"\",\"seoMainEntityCategory\":\"CreativeWork\",\"seoMainEntityOfPage\":\"WebPage\",\"seoTitle\":\"Ingredients\",\"seoDescription\":\"\",\"seoKeywords\":\"\",\"seoImageTransform\":\"\",\"seoFacebookImageTransform\":\"\",\"seoTwitterImageTransform\":\"\",\"twitterCardType\":\"\",\"openGraphType\":\"\",\"robots\":\"\",\"seoImageId\":\"\",\"seoTwitterImageId\":\"\",\"seoFacebookImageId\":\"\",\"seoTitleUnparsed\":\"Ingredients\",\"seoDescriptionUnparsed\":\"\",\"seoKeywordsUnparsed\":\"\",\"seoTitleSource\":\"field\",\"seoTitleSourceField\":\"title\",\"seoDescriptionSource\":\"custom\",\"seoDescriptionSourceField\":\"title\",\"seoKeywordsSource\":\"custom\",\"seoKeywordsSourceField\":\"title\",\"seoImageIdSource\":\"custom\",\"seoImageIdSourceField\":\"\",\"seoTwitterImageIdSource\":\"custom\",\"seoTwitterImageIdSourceField\":\"\",\"seoFacebookImageIdSource\":\"custom\",\"seoFacebookImageIdSourceField\":\"\",\"seoCommerceVariants\":null,\"__model__\":\"Craft\\\\Seomatic_MetaFieldModel\"}',NULL,NULL,NULL,NULL,NULL,NULL,NULL,'2017-03-16 16:07:43','2017-03-16 16:07:44','4b8fa675-9409-4cd6-a465-decb81fa586e'),(127,148,'en_us','Tea Mix',NULL,NULL,NULL,NULL,NULL,'{\"id\":null,\"enabled\":1,\"archived\":0,\"locale\":\"en_us\",\"localeEnabled\":1,\"slug\":null,\"uri\":null,\"dateCreated\":null,\"dateUpdated\":null,\"root\":null,\"lft\":null,\"rgt\":null,\"level\":null,\"searchScore\":null,\"elementId\":0,\"metaType\":\"template\",\"metaPath\":\"\",\"seoMainEntityCategory\":\"CreativeWork\",\"seoMainEntityOfPage\":\"WebPage\",\"seoTitle\":\"Tea Mix\",\"seoDescription\":\"\",\"seoKeywords\":\"\",\"seoImageTransform\":\"\",\"seoFacebookImageTransform\":\"\",\"seoTwitterImageTransform\":\"\",\"twitterCardType\":\"\",\"openGraphType\":\"\",\"robots\":\"\",\"seoImageId\":\"\",\"seoTwitterImageId\":\"\",\"seoFacebookImageId\":\"\",\"seoTitleUnparsed\":\"Tea Mix\",\"seoDescriptionUnparsed\":\"\",\"seoKeywordsUnparsed\":\"\",\"seoTitleSource\":\"field\",\"seoTitleSourceField\":\"title\",\"seoDescriptionSource\":\"custom\",\"seoDescriptionSourceField\":\"title\",\"seoKeywordsSource\":\"custom\",\"seoKeywordsSourceField\":\"title\",\"seoImageIdSource\":\"custom\",\"seoImageIdSourceField\":\"images\",\"seoTwitterImageIdSource\":\"custom\",\"seoTwitterImageIdSourceField\":\"images\",\"seoFacebookImageIdSource\":\"custom\",\"seoFacebookImageIdSourceField\":\"images\",\"seoCommerceVariants\":null,\"__model__\":\"Craft\\\\Seomatic_MetaFieldModel\"}',NULL,NULL,NULL,NULL,NULL,NULL,NULL,'2017-03-16 16:24:52','2017-03-16 16:32:34','81e4cd14-15d4-46b2-bacc-96fe4ad8c376'),(129,151,'en_us','Cart','<p>Your cart is empty. </p>',NULL,NULL,NULL,NULL,'{\"id\":null,\"enabled\":1,\"archived\":0,\"locale\":\"en_us\",\"localeEnabled\":1,\"slug\":null,\"uri\":null,\"dateCreated\":null,\"dateUpdated\":null,\"root\":null,\"lft\":null,\"rgt\":null,\"level\":null,\"searchScore\":null,\"elementId\":0,\"metaType\":\"template\",\"metaPath\":\"\",\"seoMainEntityCategory\":\"CreativeWork\",\"seoMainEntityOfPage\":\"WebPage\",\"seoTitle\":\"Cart\",\"seoDescription\":\"\",\"seoKeywords\":\"\",\"seoImageTransform\":\"\",\"seoFacebookImageTransform\":\"\",\"seoTwitterImageTransform\":\"\",\"twitterCardType\":\"\",\"openGraphType\":\"\",\"robots\":\"\",\"seoImageId\":\"\",\"seoTwitterImageId\":\"\",\"seoFacebookImageId\":\"\",\"seoTitleUnparsed\":\"Cart\",\"seoDescriptionUnparsed\":\"\",\"seoKeywordsUnparsed\":\"\",\"seoTitleSource\":\"field\",\"seoTitleSourceField\":\"title\",\"seoDescriptionSource\":\"custom\",\"seoDescriptionSourceField\":\"title\",\"seoKeywordsSource\":\"custom\",\"seoKeywordsSourceField\":\"title\",\"seoImageIdSource\":\"custom\",\"seoImageIdSourceField\":\"\",\"seoTwitterImageIdSource\":\"custom\",\"seoTwitterImageIdSourceField\":\"\",\"seoFacebookImageIdSource\":\"custom\",\"seoFacebookImageIdSourceField\":\"\",\"seoCommerceVariants\":null,\"__model__\":\"Craft\\\\Seomatic_MetaFieldModel\"}','/shop/cart.html',NULL,NULL,NULL,NULL,NULL,NULL,'2017-03-17 14:40:29','2017-03-17 15:00:13','27a7b465-39f6-4acd-9947-066ebb840b89'),(130,153,'en_us','Icon Gluten',NULL,NULL,NULL,NULL,NULL,NULL,NULL,'[]',NULL,NULL,NULL,NULL,NULL,'2017-03-18 10:12:19','2017-03-18 10:12:19','b24ab049-ab38-4bd8-932e-177ea07f0ef2'),(131,154,'en_us','Icon Leaf',NULL,NULL,NULL,NULL,NULL,NULL,NULL,'[]',NULL,NULL,NULL,NULL,NULL,'2017-03-18 10:12:20','2017-03-18 10:12:20','1ea50ecc-f310-4883-8f31-cc8d292cabe0'),(132,158,'en_us','8 fl oz','',NULL,NULL,NULL,NULL,NULL,NULL,'[]',NULL,NULL,NULL,NULL,NULL,'2017-03-18 11:01:35','2017-03-18 11:05:57','45746d06-4399-462c-ad03-517b8ede289b'),(133,159,'en_us','The Future of Music',NULL,NULL,NULL,NULL,NULL,NULL,NULL,'[]',NULL,NULL,NULL,NULL,NULL,'2017-03-19 09:15:55','2017-03-19 09:15:56','88c9b5c5-a1ba-4cc4-a7fd-8f3cb905bb8d'),(134,161,'en_us','Img 05',NULL,NULL,NULL,NULL,NULL,NULL,NULL,'[]',NULL,NULL,NULL,NULL,NULL,'2017-03-19 09:40:56','2017-03-19 09:41:38','46db63aa-695d-44a3-a4d6-1f8a8bd26fb4'),(135,162,'en_us','Img 03',NULL,NULL,NULL,NULL,NULL,NULL,NULL,'[]',NULL,NULL,NULL,NULL,NULL,'2017-03-19 09:41:05','2017-03-19 09:41:38','9e628bd9-2574-49c5-a546-83d4776063a9'),(136,163,'en_us','Img 08',NULL,NULL,NULL,NULL,NULL,NULL,NULL,'[]',NULL,NULL,NULL,NULL,NULL,'2017-03-19 09:41:08','2017-03-19 09:41:38','46e9f942-39bf-4719-9428-593bfca3ad39'),(137,164,'en_us','Img 09',NULL,NULL,NULL,NULL,NULL,NULL,NULL,'[]',NULL,NULL,NULL,NULL,NULL,'2017-03-19 09:41:12','2017-03-19 09:41:38','48e952b2-33ad-4863-ab27-ffe5dd1c47db'),(138,165,'en_us','Img 10',NULL,NULL,NULL,NULL,NULL,NULL,NULL,'[]',NULL,NULL,NULL,NULL,NULL,'2017-03-19 09:41:14','2017-03-19 09:41:39','353815d0-5436-4cd7-a862-650c8bd50645'),(139,168,'en_us','Learning Library','',NULL,NULL,NULL,NULL,'{\"id\":null,\"enabled\":1,\"archived\":0,\"locale\":\"en_us\",\"localeEnabled\":1,\"slug\":null,\"uri\":null,\"dateCreated\":null,\"dateUpdated\":null,\"root\":null,\"lft\":null,\"rgt\":null,\"level\":null,\"searchScore\":null,\"elementId\":0,\"metaType\":\"template\",\"metaPath\":\"\",\"seoMainEntityCategory\":\"CreativeWork\",\"seoMainEntityOfPage\":\"WebPage\",\"seoTitle\":\"Learning Library\",\"seoDescription\":\"\",\"seoKeywords\":\"\",\"seoImageTransform\":\"\",\"seoFacebookImageTransform\":\"\",\"seoTwitterImageTransform\":\"\",\"twitterCardType\":\"\",\"openGraphType\":\"\",\"robots\":\"\",\"seoImageId\":\"\",\"seoTwitterImageId\":\"\",\"seoFacebookImageId\":\"\",\"seoTitleUnparsed\":\"Learning Library\",\"seoDescriptionUnparsed\":\"\",\"seoKeywordsUnparsed\":\"\",\"seoTitleSource\":\"field\",\"seoTitleSourceField\":\"title\",\"seoDescriptionSource\":\"custom\",\"seoDescriptionSourceField\":\"title\",\"seoKeywordsSource\":\"custom\",\"seoKeywordsSourceField\":\"title\",\"seoImageIdSource\":\"custom\",\"seoImageIdSourceField\":\"\",\"seoTwitterImageIdSource\":\"custom\",\"seoTwitterImageIdSourceField\":\"\",\"seoFacebookImageIdSource\":\"custom\",\"seoFacebookImageIdSourceField\":\"\",\"seoCommerceVariants\":null,\"__model__\":\"Craft\\\\Seomatic_MetaFieldModel\"}',NULL,'[]',NULL,NULL,NULL,NULL,NULL,'2017-03-19 09:53:04','2017-03-20 06:48:02','468d8b67-96e1-446c-a50b-2f4ed5501af5'),(140,169,'en_us','Checkout','',NULL,NULL,NULL,NULL,'{\"id\":null,\"enabled\":1,\"archived\":0,\"locale\":\"en_us\",\"localeEnabled\":1,\"slug\":null,\"uri\":null,\"dateCreated\":null,\"dateUpdated\":null,\"root\":null,\"lft\":null,\"rgt\":null,\"level\":null,\"searchScore\":null,\"elementId\":0,\"metaType\":\"template\",\"metaPath\":\"\",\"seoMainEntityCategory\":\"CreativeWork\",\"seoMainEntityOfPage\":\"WebPage\",\"seoTitle\":\"Checkout\",\"seoDescription\":\"\",\"seoKeywords\":\"\",\"seoImageTransform\":\"\",\"seoFacebookImageTransform\":\"\",\"seoTwitterImageTransform\":\"\",\"twitterCardType\":\"\",\"openGraphType\":\"\",\"robots\":\"\",\"seoImageId\":\"\",\"seoTwitterImageId\":\"\",\"seoFacebookImageId\":\"\",\"seoTitleUnparsed\":\"Checkout\",\"seoDescriptionUnparsed\":\"\",\"seoKeywordsUnparsed\":\"\",\"seoTitleSource\":\"field\",\"seoTitleSourceField\":\"title\",\"seoDescriptionSource\":\"custom\",\"seoDescriptionSourceField\":\"title\",\"seoKeywordsSource\":\"custom\",\"seoKeywordsSourceField\":\"title\",\"seoImageIdSource\":\"custom\",\"seoImageIdSourceField\":\"\",\"seoTwitterImageIdSource\":\"custom\",\"seoTwitterImageIdSourceField\":\"\",\"seoFacebookImageIdSource\":\"custom\",\"seoFacebookImageIdSourceField\":\"\",\"seoCommerceVariants\":null,\"__model__\":\"Craft\\\\Seomatic_MetaFieldModel\"}','/shop/checkout.html','[]',NULL,NULL,NULL,NULL,NULL,'2017-03-20 07:51:10','2017-03-20 09:44:07','b4d28894-f5bd-4ac8-aa2c-44635fe3c288'),(141,170,'en_us','Payment','',NULL,NULL,NULL,NULL,'{\"id\":null,\"enabled\":1,\"archived\":0,\"locale\":\"en_us\",\"localeEnabled\":1,\"slug\":null,\"uri\":null,\"dateCreated\":null,\"dateUpdated\":null,\"root\":null,\"lft\":null,\"rgt\":null,\"level\":null,\"searchScore\":null,\"elementId\":0,\"metaType\":\"template\",\"metaPath\":\"\",\"seoMainEntityCategory\":\"CreativeWork\",\"seoMainEntityOfPage\":\"WebPage\",\"seoTitle\":\"Payment\",\"seoDescription\":\"\",\"seoKeywords\":\"\",\"seoImageTransform\":\"\",\"seoFacebookImageTransform\":\"\",\"seoTwitterImageTransform\":\"\",\"twitterCardType\":\"\",\"openGraphType\":\"\",\"robots\":\"\",\"seoImageId\":\"\",\"seoTwitterImageId\":\"\",\"seoFacebookImageId\":\"\",\"seoTitleUnparsed\":\"Payment\",\"seoDescriptionUnparsed\":\"\",\"seoKeywordsUnparsed\":\"\",\"seoTitleSource\":\"field\",\"seoTitleSourceField\":\"title\",\"seoDescriptionSource\":\"custom\",\"seoDescriptionSourceField\":\"title\",\"seoKeywordsSource\":\"custom\",\"seoKeywordsSourceField\":\"title\",\"seoImageIdSource\":\"custom\",\"seoImageIdSourceField\":\"\",\"seoTwitterImageIdSource\":\"custom\",\"seoTwitterImageIdSourceField\":\"\",\"seoFacebookImageIdSource\":\"custom\",\"seoFacebookImageIdSourceField\":\"\",\"seoCommerceVariants\":null,\"__model__\":\"Craft\\\\Seomatic_MetaFieldModel\"}','/shop/payment.html','[]',NULL,NULL,NULL,NULL,NULL,'2017-03-20 07:51:49','2017-03-20 09:44:22','4b9a70bf-b36f-4962-9b6b-3f5c7056479f'),(142,173,'en_us','Search','<p>Nothing found :(</p>',NULL,NULL,NULL,NULL,'{\"id\":null,\"enabled\":1,\"archived\":0,\"locale\":\"en_us\",\"localeEnabled\":1,\"slug\":null,\"uri\":null,\"dateCreated\":null,\"dateUpdated\":null,\"root\":null,\"lft\":null,\"rgt\":null,\"level\":null,\"searchScore\":null,\"elementId\":0,\"metaType\":\"template\",\"metaPath\":\"\",\"seoMainEntityCategory\":\"CreativeWork\",\"seoMainEntityOfPage\":\"WebPage\",\"seoTitle\":\"Search\",\"seoDescription\":\"\",\"seoKeywords\":\"\",\"seoImageTransform\":\"\",\"seoFacebookImageTransform\":\"\",\"seoTwitterImageTransform\":\"\",\"twitterCardType\":\"\",\"openGraphType\":\"\",\"robots\":\"\",\"seoImageId\":\"\",\"seoTwitterImageId\":\"\",\"seoFacebookImageId\":\"\",\"seoTitleUnparsed\":\"Search\",\"seoDescriptionUnparsed\":\"\",\"seoKeywordsUnparsed\":\"\",\"seoTitleSource\":\"field\",\"seoTitleSourceField\":\"title\",\"seoDescriptionSource\":\"custom\",\"seoDescriptionSourceField\":\"title\",\"seoKeywordsSource\":\"custom\",\"seoKeywordsSourceField\":\"title\",\"seoImageIdSource\":\"custom\",\"seoImageIdSourceField\":\"\",\"seoTwitterImageIdSource\":\"custom\",\"seoTwitterImageIdSourceField\":\"\",\"seoFacebookImageIdSource\":\"custom\",\"seoFacebookImageIdSourceField\":\"\",\"seoCommerceVariants\":null,\"__model__\":\"Craft\\\\Seomatic_MetaFieldModel\"}','/search/index.html','[]',NULL,NULL,NULL,NULL,NULL,'2017-03-20 09:52:29','2017-03-20 09:52:29','512e2ebb-e264-4f35-89d0-9d8bb5d91bce'),(143,175,'en_us','Account Benefits','',NULL,NULL,NULL,NULL,NULL,NULL,'[]',NULL,NULL,NULL,NULL,NULL,'2017-03-21 06:33:12','2017-03-21 06:33:12','20aed0d2-874f-4f3e-b68a-53bd2ff1cc59'),(145,177,'en_us',NULL,NULL,NULL,NULL,NULL,NULL,NULL,NULL,'[]',NULL,NULL,NULL,NULL,NULL,'2017-03-22 11:34:11','2017-03-22 11:34:11','da761b1a-801c-465d-8133-3f42df37ec14'),(146,178,'en_us',NULL,NULL,NULL,NULL,NULL,NULL,NULL,NULL,'[]',NULL,NULL,NULL,NULL,NULL,'2017-03-22 23:01:59','2017-03-22 23:03:11','53603422-e792-4ce1-a854-4b5d3b496dfd'),(147,179,'en_us',NULL,NULL,NULL,NULL,NULL,NULL,NULL,NULL,'[]',NULL,NULL,NULL,NULL,NULL,'2017-03-22 23:02:03','2017-03-22 23:02:03','d0f6d750-4543-42a1-9cfe-0f9f0263145a'),(148,180,'en_us','By The Name of Boston',NULL,NULL,NULL,NULL,NULL,NULL,NULL,'[]',NULL,NULL,NULL,NULL,NULL,'2017-03-24 14:59:50','2017-03-24 14:59:50','f6d63820-7b19-4a9c-bb7d-1de591eba170'),(149,181,'en_us','Bg',NULL,NULL,NULL,NULL,NULL,NULL,NULL,'[]',NULL,NULL,NULL,NULL,NULL,'2017-03-24 15:28:41','2017-03-24 15:28:41','66d5f95d-9f34-4d45-9556-6fe98ce6c697'),(150,182,'en_us','Healthy Chocolate Milkshake (Vegan)',NULL,NULL,NULL,NULL,NULL,NULL,NULL,'[]',NULL,NULL,NULL,NULL,NULL,'2017-03-24 15:29:18','2017-03-24 15:29:18','a2f506f4-83e8-46d4-bd89-a15fc7496768'),(151,183,'en_us','Benefits Whole Body Nutrition Shake 550X759',NULL,NULL,NULL,NULL,NULL,NULL,NULL,'[]',NULL,NULL,NULL,NULL,NULL,'2017-03-26 16:21:39','2017-03-26 16:21:39','fac8a792-1c06-4951-9f0d-58fb027fb2b2'),(152,184,'en_us','Benefits Nutrition Facts 1',NULL,NULL,NULL,NULL,NULL,NULL,NULL,'[]',NULL,NULL,NULL,NULL,NULL,'2017-03-26 16:32:44','2017-03-26 16:32:44','a50e7075-7ddd-448a-b20d-567811249e60'),(153,185,'en_us','Benefits Nutrition Facts 2',NULL,NULL,NULL,NULL,NULL,NULL,NULL,'[]',NULL,NULL,NULL,NULL,NULL,'2017-03-26 16:32:50','2017-03-26 16:32:50','71e3f0ce-d67a-4c79-afe4-50d4d58ffab3'),(154,186,'en_us','Benefits Whole Body Nutrition Shake 1A',NULL,NULL,NULL,NULL,NULL,NULL,NULL,'[]',NULL,NULL,NULL,NULL,NULL,'2017-03-26 16:38:58','2017-03-26 16:38:58','a507c0af-f917-47be-94e9-d9f55a645f66'),(155,187,'en_us','BENEFITS Whole Body Nutrition Shake 30 Servings','<p><strong>\"BENEFITS\" Creamy Dark Chocolate Gelato</strong> is the result of three years of R&amp;D. Developed by a 35 year veteran Naturopathic / Homeopathic doctor. When making an all natural product that is all about the <strong>Benefits</strong>, we thought why not proudly put the <strong>benefits</strong> right on the front of the bottle in easy to read fonts. Unlike most quasi products that try to lure you in with pretty pictures of fruits, vegetables or some other images to make up for what is not in their products and then make you breakout the magnifying glass to try to decode what\'s in it. Price is also a factor and we know you are smart enough to know you can not expect a cheap bargain priced look alike to provide you with the same results as <strong>\"Benefits\"</strong>. It would be impossible to produce a product on par with <strong>\"Benefits\"</strong>, which uses only the highest physician grade ingredients. Meticulous formulation synergy can not be found with any cut rate priced copy cat, period. <em><strong>\"BENEFITS\"</strong> <strong>(is)</strong></em> all about the <strong>Benefits</strong>, not fluff and false promises. Once you taste this exquisite creamy dark chocolate taste, you will never look back. Once you feel the Benefits, you will discover the big difference that separates Benefits from the rest. You will spend much less in the long run and feel many more benefits throughout.    <br /></p>',NULL,NULL,NULL,NULL,'{\"id\":null,\"enabled\":1,\"archived\":0,\"locale\":\"en_us\",\"localeEnabled\":1,\"slug\":null,\"uri\":null,\"dateCreated\":null,\"dateUpdated\":null,\"root\":null,\"lft\":null,\"rgt\":null,\"level\":null,\"searchScore\":null,\"elementId\":0,\"metaType\":\"template\",\"metaPath\":\"\",\"seoMainEntityCategory\":\"Product\",\"seoMainEntityOfPage\":\"\",\"seoTitle\":\"BENEFITS Whole Body Nutrition Shake 30 Servings\",\"seoDescription\":\"\",\"seoKeywords\":\"\",\"seoImageTransform\":\"\",\"seoFacebookImageTransform\":\"\",\"seoTwitterImageTransform\":\"\",\"twitterCardType\":\"\",\"openGraphType\":\"\",\"robots\":\"\",\"seoImageId\":\"\",\"seoTwitterImageId\":\"\",\"seoFacebookImageId\":\"\",\"seoTitleUnparsed\":\"BENEFITS Whole Body Nutrition Shake\",\"seoDescriptionUnparsed\":\"\",\"seoKeywordsUnparsed\":\"\",\"seoTitleSource\":\"field\",\"seoTitleSourceField\":\"title\",\"seoDescriptionSource\":\"custom\",\"seoDescriptionSourceField\":\"title\",\"seoKeywordsSource\":\"custom\",\"seoKeywordsSourceField\":\"title\",\"seoImageIdSource\":\"custom\",\"seoImageIdSourceField\":\"images\",\"seoTwitterImageIdSource\":\"custom\",\"seoTwitterImageIdSourceField\":\"images\",\"seoFacebookImageIdSource\":\"custom\",\"seoFacebookImageIdSourceField\":\"images\",\"seoCommerceVariants\":null,\"__model__\":\"Craft\\\\Seomatic_MetaFieldModel\"}',NULL,'[\"glutenFree\"]',NULL,NULL,NULL,NULL,NULL,'2017-03-26 16:41:37','2017-03-26 21:41:59','d95a7466-b385-4355-ad8c-231ad1274865'),(156,189,'en_us','BENEFITS ','<p>Seeing where this goes</p>',NULL,NULL,NULL,NULL,NULL,NULL,'[]',NULL,NULL,NULL,NULL,NULL,'2017-03-26 16:41:37','2017-03-26 21:41:59','a0625a3e-3f49-46de-94d3-b000a620dc7c'),(157,190,'en_us','Benefits Whole Body Nutrition 500X 500',NULL,NULL,NULL,NULL,NULL,NULL,NULL,'[]',NULL,NULL,NULL,NULL,NULL,'2017-03-26 20:25:44','2017-03-26 20:25:44','eab522de-5fbd-4c47-bd6d-0298c8656d5b'),(158,193,'en_us',NULL,NULL,NULL,NULL,NULL,NULL,NULL,NULL,'[]',NULL,NULL,NULL,NULL,NULL,'2017-03-26 21:29:29','2017-03-26 21:31:38','2ff7cb94-7711-437e-adf3-99638fd79189'),(159,195,'en_us','The cellular machinery of protein folding: Molecular chaperones in health and disease',NULL,NULL,NULL,NULL,NULL,NULL,NULL,'[]',NULL,NULL,NULL,NULL,NULL,'2017-03-29 14:41:42','2017-03-29 14:41:42','c5ede666-0119-4329-b216-c5c8dd72971e'),(160,199,'en_us','Healthy Chocolate Milkshake (Vegan)',NULL,NULL,NULL,NULL,NULL,NULL,NULL,'[]',NULL,NULL,NULL,NULL,NULL,'2017-04-12 15:25:03','2017-04-12 15:25:03','07ee2a23-bb81-4562-9bbd-126bf3b7c468'),(161,200,'en_us','Coming Soon','<blockquote>Happy to see you made it to the new website that will be up and running very soon. Please subscribe to our email list so we can inform you when we launch and grandfather you in for special discounts before launch. Until then, stay healthy!<em></em><br>Rick, Founder Monarch Manor</blockquote><p><br></p>',NULL,NULL,NULL,NULL,NULL,NULL,'[]',NULL,NULL,NULL,NULL,NULL,'2017-04-12 15:27:28','2017-04-12 16:09:13','d6c7f67b-e531-4183-bf3f-577899eadd8c'),(163,209,'en_us',NULL,NULL,NULL,NULL,NULL,NULL,NULL,NULL,'[]',NULL,NULL,NULL,NULL,NULL,'2017-04-14 12:07:54','2017-04-14 12:07:54','b88cb09f-43d9-47d3-9802-38f702775cd4'),(164,210,'en_us',NULL,NULL,NULL,NULL,NULL,NULL,NULL,NULL,'[]',NULL,NULL,NULL,NULL,NULL,'2017-04-14 12:08:03','2017-04-14 12:08:03','f9a54dbc-e0e5-405a-b647-9c03378d79f7'),(165,211,'en_us',NULL,NULL,NULL,NULL,NULL,NULL,NULL,NULL,'[]',NULL,NULL,NULL,NULL,NULL,'2017-04-14 12:08:18','2017-04-14 12:08:19','37bb962b-7105-4d21-865d-afe1e7d822d7'),(166,212,'en_us',NULL,NULL,NULL,NULL,NULL,NULL,NULL,NULL,'[]',NULL,NULL,NULL,NULL,NULL,'2017-04-14 12:09:05','2017-04-14 12:09:05','6d14783e-cc06-4b18-8ae9-f9c1ca2026c8'),(167,213,'en_us',NULL,NULL,NULL,NULL,NULL,NULL,NULL,NULL,'[]',NULL,NULL,NULL,NULL,NULL,'2017-04-14 12:09:27','2017-04-14 12:09:27','418af5b7-2ef3-4fc5-b9c6-92d4973cea2b'),(168,214,'en_us',NULL,NULL,NULL,NULL,NULL,NULL,NULL,NULL,'[]',NULL,NULL,NULL,NULL,NULL,'2017-04-14 12:12:27','2017-08-14 14:49:44','302b4800-74ae-4f96-a1e6-b1d046040141'),(169,215,'en_us',NULL,NULL,NULL,NULL,NULL,NULL,NULL,NULL,'[]',NULL,NULL,NULL,NULL,NULL,'2017-04-14 12:24:03','2017-04-14 12:24:03','7e01ad68-c136-42af-af9a-095f5b13e672'),(170,217,'en_us',NULL,NULL,NULL,NULL,NULL,NULL,NULL,NULL,'[]',NULL,NULL,NULL,NULL,NULL,'2017-04-14 12:33:18','2017-04-14 12:33:18','1ded01aa-4d0a-4f2a-ac17-d0797f61d4f2'),(171,219,'en_us',NULL,NULL,NULL,NULL,NULL,NULL,NULL,NULL,'[]',NULL,NULL,NULL,NULL,NULL,'2017-04-14 12:47:06','2017-04-14 12:47:06','31377e4d-2ab8-48d6-a71d-66ebec8bea08'),(172,221,'en_us',NULL,NULL,NULL,NULL,NULL,NULL,NULL,NULL,'[]',NULL,NULL,NULL,NULL,NULL,'2017-04-14 12:52:21','2017-04-14 12:52:21','f603c5fb-85d5-4004-af4d-e57ba2204337'),(173,223,'en_us',NULL,NULL,NULL,NULL,NULL,NULL,NULL,NULL,'[]',NULL,NULL,NULL,NULL,NULL,'2017-04-14 13:01:40','2017-04-14 13:01:40','411c4c44-79ab-418c-ae18-29a66eebd618'),(174,225,'en_us',NULL,NULL,NULL,NULL,NULL,NULL,NULL,NULL,'[]',NULL,NULL,NULL,NULL,NULL,'2017-04-14 13:46:18','2017-08-14 14:49:44','eec63da9-3c83-45f2-92df-698aad3b74cc'),(175,226,'en_us',NULL,NULL,NULL,NULL,NULL,NULL,NULL,NULL,'[]',NULL,'225','{\"name\":\"Yuri Salimovskiy\",\"street\":\"Ispanska\",\"street2\":\"5\\/10\",\"city\":\"Odessa\",\"region\":\"\",\"postalCode\":\"65031\",\"country\":\"UA\"}',NULL,NULL,'2017-04-14 14:10:09','2017-04-14 14:10:09','e0992365-c300-4812-88c7-6d3f4091c2e1'),(176,228,'en_us',NULL,NULL,NULL,NULL,NULL,NULL,NULL,NULL,'[]',NULL,NULL,NULL,NULL,NULL,'2017-04-14 14:16:46','2017-08-14 14:49:44','f8f17e5e-a11c-4819-8b56-f2e9ad37c5e3'),(177,229,'en_us',NULL,NULL,NULL,NULL,NULL,NULL,NULL,NULL,'[]',NULL,'228','{\"name\":\"Iurii Salimovskyi\",\"street\":\"Ispanska 5 apt.10\",\"street2\":\"\",\"city\":\"Odessa\",\"region\":\"\",\"postalCode\":\"65031\",\"country\":\"US\"}','[{\"col1\":\"Lavender 3=2\",\"col2\":\"1\"}]','Flat Rate Shipping','2017-04-14 14:25:54','2017-04-14 14:25:54','69b33bbf-83b0-4434-9811-6cad2a390f9a');

--
-- Table structure for table `craft_deprecationerrors`
--

CREATE TABLE `craft_deprecationerrors` (
  `id` int(11) NOT NULL AUTO_INCREMENT,
  `key` varchar(255) COLLATE utf8_unicode_ci NOT NULL,
  `fingerprint` varchar(255) COLLATE utf8_unicode_ci NOT NULL,
  `lastOccurrence` datetime NOT NULL,
  `file` varchar(255) COLLATE utf8_unicode_ci NOT NULL,
  `line` smallint(6) unsigned NOT NULL,
  `class` varchar(255) COLLATE utf8_unicode_ci DEFAULT NULL,
  `method` varchar(255) COLLATE utf8_unicode_ci DEFAULT NULL,
  `template` varchar(255) COLLATE utf8_unicode_ci DEFAULT NULL,
  `templateLine` smallint(6) unsigned DEFAULT NULL,
  `message` varchar(255) COLLATE utf8_unicode_ci DEFAULT NULL,
  `traces` text COLLATE utf8_unicode_ci,
  `dateCreated` datetime NOT NULL,
  `dateUpdated` datetime NOT NULL,
  `uid` char(36) COLLATE utf8_unicode_ci NOT NULL DEFAULT '0',
  PRIMARY KEY (`id`),
  UNIQUE KEY `craft_deprecationerrors_key_fingerprint_unq_idx` (`key`,`fingerprint`)
) ENGINE=InnoDB AUTO_INCREMENT=2 DEFAULT CHARSET=utf8 COLLATE=utf8_unicode_ci;

--
-- Dumping data for table `craft_deprecationerrors`
--

INSERT INTO `craft_deprecationerrors` VALUES (1,'getBuild()','Craft\\AppBehavior:149','2017-04-14 08:17:21','/home/admin/web/dev.monarchmanor.org/craft/app/etc/behaviors/AppBehavior.php',149,'Craft\\AppBehavior','getBuild',NULL,NULL,'craft()->getBuild() has been deprecated. As of Craft 2.6.2951, craft()->getVersion() returns the complete version number (X.Y.Z).','[{\"objectClass\":\"Craft\\\\DeprecatorService\",\"file\":\"\\/home\\/admin\\/web\\/dev.monarchmanor.org\\/craft\\/app\\/etc\\/behaviors\\/AppBehavior.php\",\"line\":149,\"class\":\"Craft\\\\DeprecatorService\",\"method\":\"log\",\"args\":\"\\\"getBuild()\\\", \\\"craft()->getBuild() has been deprecated. As of Craft 2.6.2951, c...\\\"\"},{\"objectClass\":\"Craft\\\\AppBehavior\",\"file\":null,\"line\":null,\"class\":\"Craft\\\\AppBehavior\",\"method\":\"getBuild\",\"args\":null},{\"objectClass\":null,\"file\":\"\\/home\\/admin\\/web\\/dev.monarchmanor.org\\/craft\\/app\\/framework\\/base\\/CComponent.php\",\"line\":261,\"class\":null,\"method\":\"call_user_func_array\",\"args\":\"array(Craft\\\\AppBehavior, \\\"getBuild\\\"), array()\"},{\"objectClass\":\"Craft\\\\WebApp\",\"file\":\"\\/home\\/admin\\/web\\/dev.monarchmanor.org\\/craft\\/plugins\\/charge\\/etc\\/Charge_Edition.php\",\"line\":54,\"class\":\"CComponent\",\"method\":\"__call\",\"args\":\"\\\"getBuild\\\", array()\"},{\"objectClass\":\"Craft\\\\WebApp\",\"file\":\"\\/home\\/admin\\/web\\/dev.monarchmanor.org\\/craft\\/plugins\\/charge\\/etc\\/Charge_Edition.php\",\"line\":54,\"class\":\"Craft\\\\WebApp\",\"method\":\"getBuild\",\"args\":null},{\"objectClass\":\"Craft\\\\Charge_Edition\",\"file\":\"\\/home\\/admin\\/web\\/dev.monarchmanor.org\\/craft\\/plugins\\/charge\\/services\\/Charge_LicenseService.php\",\"line\":35,\"class\":\"Craft\\\\Charge_Edition\",\"method\":\"__construct\",\"args\":\"\\\"https:\\/\\/squarebit.co.uk\\/actions\\/licensor\\/edition\\/ping\\\", \\\"Charge\\\", \\\"2.1.8\\\", null\"},{\"objectClass\":\"Craft\\\\Charge_LicenseService\",\"file\":\"\\/home\\/admin\\/web\\/dev.monarchmanor.org\\/craft\\/plugins\\/charge\\/ChargePlugin.php\",\"line\":10,\"class\":\"Craft\\\\Charge_LicenseService\",\"method\":\"ping\",\"args\":null},{\"objectClass\":\"Craft\\\\ChargePlugin\",\"file\":\"\\/home\\/admin\\/web\\/dev.monarchmanor.org\\/craft\\/app\\/services\\/PluginsService.php\",\"line\":152,\"class\":\"Craft\\\\ChargePlugin\",\"method\":\"init\",\"args\":null},{\"objectClass\":\"Craft\\\\PluginsService\",\"file\":\"\\/home\\/admin\\/web\\/dev.monarchmanor.org\\/craft\\/app\\/etc\\/web\\/WebApp.php\",\"line\":257,\"class\":\"Craft\\\\PluginsService\",\"method\":\"loadPlugins\",\"args\":null},{\"objectClass\":\"Craft\\\\WebApp\",\"file\":\"\\/home\\/admin\\/web\\/dev.monarchmanor.org\\/craft\\/app\\/framework\\/base\\/CApplication.php\",\"line\":185,\"class\":\"Craft\\\\WebApp\",\"method\":\"processRequest\",\"args\":null},{\"objectClass\":\"Craft\\\\WebApp\",\"file\":\"\\/home\\/admin\\/web\\/dev.monarchmanor.org\\/craft\\/app\\/index.php\",\"line\":62,\"class\":\"CApplication\",\"method\":\"run\",\"args\":null},{\"objectClass\":null,\"file\":\"\\/home\\/admin\\/web\\/dev.monarchmanor.org\\/public_html\\/index.php\",\"line\":19,\"class\":null,\"method\":\"require_once\",\"args\":\"\\\"\\/home\\/admin\\/web\\/dev.monarchmanor.org\\/craft\\/app\\/index.php\\\"\"}]','2017-04-07 10:12:52','2017-04-14 08:17:21','195c3ee2-283e-42da-9ef0-3223863fe943');

--
-- Table structure for table `craft_elementindexsettings`
--

CREATE TABLE `craft_elementindexsettings` (
  `id` int(11) NOT NULL AUTO_INCREMENT,
  `type` varchar(150) COLLATE utf8_unicode_ci NOT NULL,
  `settings` text COLLATE utf8_unicode_ci,
  `dateCreated` datetime NOT NULL,
  `dateUpdated` datetime NOT NULL,
  `uid` char(36) COLLATE utf8_unicode_ci NOT NULL DEFAULT '0',
  PRIMARY KEY (`id`),
  UNIQUE KEY `craft_elementindexsettings_type_unq_idx` (`type`)
) ENGINE=InnoDB AUTO_INCREMENT=2 DEFAULT CHARSET=utf8 COLLATE=utf8_unicode_ci;

--
-- Dumping data for table `craft_elementindexsettings`
--

INSERT INTO `craft_elementindexsettings` VALUES (1,'Asset','{\"sources\":{\"folder:1\":{\"tableAttributes\":{\"1\":\"filename\",\"2\":\"size\",\"3\":\"dateModified\"}}}}','2017-03-06 13:34:20','2017-03-06 13:34:20','72d6bb76-2e43-4ec2-a645-454042b3c6de');

--
-- Table structure for table `craft_elements`
--

CREATE TABLE `craft_elements` (
  `id` int(11) NOT NULL AUTO_INCREMENT,
  `type` varchar(150) COLLATE utf8_unicode_ci NOT NULL,
  `enabled` tinyint(1) unsigned NOT NULL DEFAULT '1',
  `archived` tinyint(1) unsigned NOT NULL DEFAULT '0',
  `dateCreated` datetime NOT NULL,
  `dateUpdated` datetime NOT NULL,
  `uid` char(36) COLLATE utf8_unicode_ci NOT NULL DEFAULT '0',
  PRIMARY KEY (`id`),
  KEY `craft_elements_type_idx` (`type`),
  KEY `craft_elements_enabled_idx` (`enabled`),
  KEY `craft_elements_archived_dateCreated_idx` (`archived`,`dateCreated`)
) ENGINE=InnoDB AUTO_INCREMENT=231 DEFAULT CHARSET=utf8 COLLATE=utf8_unicode_ci;

--
-- Dumping data for table `craft_elements`
--

INSERT INTO `craft_elements` VALUES (1,'User',1,0,'2017-03-06 09:19:09','2017-03-22 23:00:13','0b2a18cd-1a0a-4b1a-8b1a-3f1274c8da89'),(2,'Entry',1,0,'2017-03-06 09:19:14','2017-04-12 23:43:16','d8522c97-ace3-45f3-a2bc-10d8cb1b7357'),(22,'Entry',1,0,'2017-03-06 12:35:34','2017-03-29 14:43:55','93509cc1-5e23-40c7-b551-fc2b376acd63'),(31,'Category',1,0,'2017-03-06 14:28:40','2017-03-15 16:29:54','e8a388d4-7c98-41f9-a267-44a5edff0bf1'),(32,'Category',1,0,'2017-03-06 14:28:51','2017-03-15 16:30:44','ccdf5d9f-75a9-4f76-a368-0a2d07b6b913'),(33,'Category',1,0,'2017-03-06 14:29:03','2017-03-15 16:30:58','3dd7c960-3380-44cc-8132-dc037f6cfbd5'),(34,'Category',1,0,'2017-03-06 14:29:21','2017-03-15 16:31:11','cd9e5f56-a19b-4793-8d7a-a957ff7fba24'),(35,'Category',1,0,'2017-03-06 14:29:44','2017-03-15 16:31:24','78e41521-8ff0-46db-a329-bf39e63ed85d'),(36,'Category',1,0,'2017-03-06 14:30:19','2017-03-15 16:31:39','74d662a8-4387-4e59-8e26-aa0909c0276a'),(37,'Category',1,0,'2017-03-06 14:30:35','2017-03-15 16:31:55','294a01c7-bea7-441f-9c39-26e669f43c04'),(38,'Category',1,0,'2017-03-06 14:30:54','2017-03-15 16:32:18','8e045693-418f-46b8-82c9-da02fadd76cd'),(39,'Category',1,0,'2017-03-06 14:31:04','2017-03-15 16:32:43','83e193ba-5d0e-44a8-bfd9-a0fca44daf69'),(53,'Asset',1,0,'2017-03-15 15:09:47','2017-03-15 16:30:06','945d1116-5cd1-41ab-8346-ad0b34e6f4cb'),(54,'Asset',1,0,'2017-03-15 15:10:33','2017-03-29 14:37:06','240e0a5a-5baf-4175-a3cc-d2e2e1fdb0bb'),(55,'Asset',1,0,'2017-03-15 15:10:34','2017-03-15 16:30:31','27b58739-7fe1-4474-bdce-b3dc3d796277'),(56,'Asset',1,0,'2017-03-15 15:10:35','2017-03-15 16:30:32','561711d1-3e7d-4154-812c-7fce51f2e54d'),(57,'Asset',1,0,'2017-03-15 15:10:36','2017-03-15 16:30:34','5ef9397c-4c37-42f5-8339-0ee74b32ee2e'),(58,'MatrixBlock',1,0,'2017-03-15 15:14:01','2017-03-29 14:43:55','9a2bea1c-c1f9-4fd5-ae65-45da223463fc'),(59,'MatrixBlock',1,0,'2017-03-15 15:14:01','2017-03-29 14:43:55','7456221c-138f-46b6-9868-e723a8a49f97'),(62,'MatrixBlock',1,0,'2017-03-15 15:14:01','2017-03-29 14:43:55','59221c89-7372-4b79-a707-e7c62bcd64e4'),(67,'Entry',1,0,'2017-03-15 15:25:39','2017-03-15 15:25:39','9d5b75c4-0897-42c3-a022-0079b11c6978'),(68,'Entry',1,0,'2017-03-15 15:26:02','2017-03-15 15:26:02','2e99f1a5-0dde-4880-9462-e65e3ba56d0a'),(69,'Entry',1,0,'2017-03-15 15:26:14','2017-03-26 22:42:45','8decfdd5-b1cf-4160-991d-586bb132a40e'),(70,'GlobalSet',1,0,'2017-03-15 15:38:59','2017-04-12 21:09:27','6eb32870-cd9f-4cae-b06e-499abd0bebef'),(71,'GlobalSet',1,0,'2017-03-15 15:42:41','2017-04-12 21:09:58','b4f0249d-c88a-4a51-b128-93bd06eb86f0'),(74,'Asset',1,0,'2017-03-15 16:28:06','2017-03-15 16:30:15','77004f53-b4d7-497e-b0ba-b9a7eee50c14'),(75,'Asset',1,0,'2017-03-15 16:28:06','2017-03-15 16:30:15','2d437a46-239a-4776-8113-1ad049fd54e4'),(76,'Asset',1,0,'2017-03-15 16:28:07','2017-03-15 16:30:17','92b7cb44-7742-4d97-8b3e-07a24b7ca800'),(77,'Asset',1,0,'2017-03-15 16:28:08','2017-03-15 16:30:20','e6e93bb1-66a2-40df-a586-59b3044ce36a'),(78,'Asset',1,0,'2017-03-15 16:29:32','2017-03-15 16:29:32','40695fac-9436-4e3f-ae2c-92a6e43ca580'),(79,'Asset',1,0,'2017-03-15 16:29:33','2017-03-15 16:29:33','a60d3864-6503-4734-abba-79312ffa8ec1'),(80,'Asset',1,0,'2017-03-15 16:29:33','2017-03-15 16:29:34','aa6888f7-a542-4b83-8626-9b8138137553'),(81,'Asset',1,0,'2017-03-15 16:29:34','2017-03-15 16:29:34','5bf7f7f7-eaa0-45b6-ab34-7530ac520e22'),(82,'Asset',1,0,'2017-03-15 16:29:35','2017-03-15 16:29:35','1301aff9-7e0e-4047-9185-7b1b010db824'),(83,'Asset',1,0,'2017-03-15 16:29:36','2017-03-15 16:29:36','f549f4b0-5b82-4f56-92dc-d0fa6ac55ab9'),(84,'Asset',1,0,'2017-03-15 16:29:37','2017-03-15 16:29:37','1a5aee60-29f1-4606-80fb-cbac3275ca0d'),(85,'Asset',1,0,'2017-03-15 16:29:37','2017-03-15 16:29:37','441e1e30-2adb-4aaf-8d01-7f86c048ca6a'),(86,'Asset',1,0,'2017-03-15 16:29:38','2017-03-15 16:29:38','ca110469-34a9-4e8e-89e6-b575992dbe57'),(87,'Asset',1,0,'2017-03-15 16:29:39','2017-03-15 16:29:39','e76b02df-161b-46df-a5f4-dc3455ff69f4'),(88,'Asset',1,0,'2017-03-15 16:29:40','2017-03-15 16:29:40','5dd3af66-5389-471f-8915-eb825ac0d723'),(89,'Asset',1,0,'2017-03-15 16:29:40','2017-03-15 16:29:40','6d2a4d00-3f01-465c-b81e-3bbd715580ee'),(90,'Asset',1,0,'2017-03-15 16:29:41','2017-03-15 18:27:55','119b676d-2759-4c52-b7dc-b70a9d200c23'),(91,'Asset',1,0,'2017-03-15 16:29:42','2017-03-15 16:29:42','0dc29d49-9ee7-4656-997e-42867465181a'),(92,'Asset',1,0,'2017-03-15 16:29:43','2017-03-15 16:29:43','c8787aa8-9fda-4f9f-8a6d-c8279004bc8a'),(93,'Asset',1,0,'2017-03-15 16:29:43','2017-03-15 16:29:43','612c8340-a009-4557-9ed8-1c937126b95f'),(94,'Asset',1,0,'2017-03-15 16:29:45','2017-03-15 16:29:45','311abdb0-7abc-4a4d-a199-dbdb490407fc'),(95,'Asset',1,0,'2017-03-15 16:29:46','2017-03-15 16:29:46','7169868b-f713-49e9-b9ff-f04b70d7803b'),(96,'Asset',1,0,'2017-03-15 16:29:46','2017-03-15 16:29:46','7e1ba3f8-42d3-4264-b945-1004366cda2c'),(97,'Asset',1,0,'2017-03-15 16:29:48','2017-03-15 16:29:48','25231934-161c-47d4-bcad-7bdc315f81e7'),(98,'Asset',1,0,'2017-03-15 16:29:49','2017-03-15 16:29:49','18894249-52d0-44e4-947b-24a9948f8c5b'),(99,'Asset',1,0,'2017-03-15 16:29:51','2017-03-15 16:29:51','8b0eb094-6cf3-4bac-9769-6f8cfb12e597'),(100,'Asset',1,0,'2017-03-15 16:29:52','2017-03-15 16:29:52','9db29983-c660-4f58-a739-fdab562d9408'),(101,'Asset',1,0,'2017-03-15 16:29:53','2017-03-15 16:29:53','dfa9c773-4c5d-44a5-83d8-fc05339d6914'),(102,'Asset',1,0,'2017-03-15 16:29:53','2017-03-15 16:29:53','151535f7-49ff-4a28-86ce-42a2c74831b0'),(103,'Asset',1,0,'2017-03-15 16:29:55','2017-03-15 16:29:55','08bf68d0-9718-4434-81b4-afc084b39f29'),(104,'Asset',1,0,'2017-03-15 16:29:55','2017-03-15 16:29:55','649c8f75-1aa3-495e-bf19-f6dfe565f72a'),(105,'Asset',1,0,'2017-03-15 16:29:56','2017-03-15 16:29:56','9ccf3cb1-c951-4c4b-8ed1-ceb83f6504ee'),(106,'Asset',1,0,'2017-03-15 16:29:58','2017-03-15 16:29:58','d070e0e6-8162-44ce-b6e6-94b63cc6522a'),(107,'Asset',1,0,'2017-03-15 16:29:58','2017-03-15 16:29:59','dca99032-ed47-4951-bb5e-fda78109cc21'),(108,'Asset',1,0,'2017-03-15 16:29:59','2017-03-15 16:29:59','be9597b0-d730-4683-a02d-f6c8e98d3254'),(109,'Asset',1,0,'2017-03-15 16:30:00','2017-03-15 16:30:00','6fa00fe7-e6d2-4c9d-add3-d5705420515f'),(110,'Asset',1,0,'2017-03-15 16:30:01','2017-03-15 16:30:01','640db501-fe1d-4d14-831f-d3e6f6232446'),(111,'Asset',1,0,'2017-03-15 16:30:01','2017-03-15 16:30:01','2b27bb36-d180-41c8-87c9-4d7dcabbf647'),(112,'Asset',1,0,'2017-03-15 16:30:03','2017-03-15 16:30:03','9fef574f-4c43-4144-9390-0aa8147d44d9'),(113,'Asset',1,0,'2017-03-15 16:30:04','2017-03-15 16:30:04','d1dea589-879d-421d-95e5-69cef68bb52a'),(114,'Asset',1,0,'2017-03-15 16:30:04','2017-03-15 16:30:04','aba4f3c2-7413-4abb-9446-6d73810ce33f'),(115,'Asset',1,0,'2017-03-15 16:30:05','2017-03-15 16:30:05','2eb43d3e-be92-48a4-9d3a-d1b772bad495'),(116,'Asset',1,0,'2017-03-15 16:30:07','2017-03-15 16:30:07','9df621cd-5ddd-4c78-b75c-499dd862761d'),(117,'Asset',1,0,'2017-03-15 16:30:07','2017-03-15 16:30:07','f7a48f25-181e-41f0-be29-4b20877254d0'),(118,'Asset',1,0,'2017-03-15 16:30:09','2017-03-15 16:30:09','0f174383-d650-41ef-b8f4-348ff40b613c'),(119,'Asset',1,0,'2017-03-15 16:30:09','2017-03-15 16:30:10','5ac5a87a-f59f-483e-b665-8ffecfb5c072'),(120,'Asset',1,0,'2017-03-15 16:30:10','2017-03-15 16:30:10','e1bfa10f-d64b-4a55-a371-08a87c8cde54'),(121,'Asset',1,0,'2017-03-15 16:30:11','2017-03-15 16:30:11','c18cd97c-c03d-4d99-a728-4aa7386dbd70'),(122,'Asset',1,0,'2017-03-15 16:30:12','2017-03-15 16:30:12','bb26bb7c-36d4-4eee-a3d0-d7f05d674baf'),(123,'Asset',1,0,'2017-03-15 16:30:12','2017-03-15 16:30:13','1d6f2eae-6de2-4ee7-ac2d-ba91d72b1a6a'),(124,'Asset',1,0,'2017-03-15 16:30:14','2017-03-15 16:30:14','fd4a2223-8b71-42a2-a355-f061e96d4f7b'),(125,'Asset',1,0,'2017-03-15 16:42:27','2017-03-15 16:42:27','9ed67a19-7cca-456a-a00c-1d4864aa7a7d'),(126,'MatrixBlock',1,0,'2017-03-15 16:43:21','2017-04-12 23:43:16','5398fb45-7443-4d43-890f-0583bdb41285'),(127,'MatrixBlock',1,0,'2017-03-15 16:43:21','2017-04-12 23:43:16','521d6280-0954-48a8-b9ca-7f7a3a2f996c'),(129,'MatrixBlock',1,0,'2017-03-15 16:43:21','2017-04-12 23:43:16','c3c93282-e427-472a-90ca-e3e246873352'),(130,'MatrixBlock',1,0,'2017-03-15 16:43:21','2017-04-12 23:43:16','e7e978a2-6d4c-431d-9849-21d3e48a8eed'),(131,'MatrixBlock',1,0,'2017-03-15 16:43:21','2017-04-12 23:43:16','c3b69f09-7ae0-4ed7-b15f-854882db1e1b'),(132,'MatrixBlock',1,0,'2017-03-15 16:43:21','2017-04-12 23:43:16','33fa0f72-c6d3-420a-b0ed-7ada3ee96931'),(133,'MatrixBlock',1,0,'2017-03-15 16:43:21','2017-04-12 23:43:16','23fa73dc-f450-44c6-a545-84e6ccf95e70'),(134,'MatrixBlock',1,0,'2017-03-15 16:43:21','2017-04-12 23:43:16','fed1eacc-049e-49b6-98fe-c48477262d07'),(135,'MatrixBlock',1,0,'2017-03-15 16:43:21','2017-04-12 23:43:16','fec3e584-836f-4b62-8b69-f32bbc72f1f2'),(137,'Asset',1,0,'2017-03-15 18:20:05','2017-03-15 18:20:05','1daf9397-d575-4f96-b7da-f3558699bd8c'),(138,'Entry',1,0,'2017-03-15 18:28:19','2017-03-24 15:00:12','2ce18827-35d6-4903-bf40-f26d5373b7c9'),(140,'Commerce_Product',1,0,'2017-03-15 18:41:55','2017-03-18 11:05:57','d29c906b-94e4-4f86-b75c-a8c271dbe6a9'),(141,'Commerce_Variant',1,0,'2017-03-15 18:41:55','2017-03-18 11:05:57','8bde887c-9890-42fe-a687-a3108cb77ebc'),(142,'Commerce_Product',1,0,'2017-03-15 18:42:35','2017-03-18 10:58:47','f14435e6-1145-4d82-8df8-92a49251db09'),(143,'Commerce_Variant',1,0,'2017-03-15 18:42:35','2017-03-15 18:48:00','9fe3ca4f-966d-42a5-b42a-d5067c27e498'),(144,'Entry',1,0,'2017-03-15 19:09:52','2017-03-16 16:07:12','6a838cb8-f6c1-4bcf-880d-384418c69026'),(146,'Entry',1,0,'2017-03-16 16:07:18','2017-03-16 16:07:18','a8455187-2b70-4580-abe7-021a8b1a6144'),(147,'Entry',1,0,'2017-03-16 16:07:43','2017-03-16 16:07:43','13a8ccce-48f0-474b-84f4-d83ea324171c'),(148,'Category',1,0,'2017-03-16 16:24:52','2017-03-16 16:32:34','e60a6bee-2a02-4a52-97b1-45d0d3db7e86'),(149,'MatrixBlock',1,0,'2017-03-16 16:32:34','2017-03-16 16:32:34','3fb8c154-ffc3-491d-b7a4-178806e9a50e'),(151,'Entry',1,0,'2017-03-17 14:40:29','2017-03-17 15:00:13','c26fc8da-8d71-4114-9b97-0b62f59c3b9f'),(152,'MatrixBlock',1,0,'2017-03-17 14:45:06','2017-03-17 15:00:13','549123bf-ea6d-433b-90c8-28faa041280a'),(153,'Asset',1,0,'2017-03-18 10:12:19','2017-03-18 10:12:19','7cecad7b-d72c-43da-b2f2-ae2500028883'),(154,'Asset',1,0,'2017-03-18 10:12:20','2017-03-18 10:12:20','9cc45ad2-ad72-4797-a151-d7c03a2c5c75'),(155,'MatrixBlock',1,0,'2017-03-18 11:01:35','2017-03-18 11:05:57','df622196-cff4-4488-96d6-f6cdbdb0288a'),(156,'MatrixBlock',1,0,'2017-03-18 11:01:35','2017-03-18 11:05:57','7c572c50-308a-4567-a2f1-3f36409b5af4'),(157,'MatrixBlock',1,0,'2017-03-18 11:01:35','2017-03-18 11:05:57','b3dbfc18-ce2c-4786-8843-2caa4789a092'),(158,'Commerce_Variant',1,0,'2017-03-18 11:01:35','2017-03-18 11:05:57','5425c062-41f1-4d55-b300-59d4915aaa07'),(159,'Asset',1,0,'2017-03-19 09:15:55','2017-03-19 09:15:56','0413c822-ab74-4557-b28a-bb918aed57e4'),(160,'MatrixBlock',1,0,'2017-03-19 09:37:07','2017-03-24 15:00:12','49bb2a09-d2fe-42a9-9845-405fa14c3510'),(161,'Asset',1,0,'2017-03-19 09:40:56','2017-03-19 09:41:38','c840af3c-4f6f-4e46-86f8-a51ffc13873f'),(162,'Asset',1,0,'2017-03-19 09:41:05','2017-03-19 09:41:38','9e6699a3-3417-4073-9674-7f24af1f888f'),(163,'Asset',1,0,'2017-03-19 09:41:08','2017-03-19 09:41:38','ef5834b8-dbad-4d22-8f23-21c77c93c619'),(164,'Asset',1,0,'2017-03-19 09:41:12','2017-03-19 09:41:38','7523662b-9004-4da7-aefa-fbf155c43ba9'),(165,'Asset',1,0,'2017-03-19 09:41:14','2017-03-19 09:41:39','3fdfe604-394b-42fb-87a4-3f9f73c55d1b'),(166,'MatrixBlock',1,0,'2017-03-19 09:41:38','2017-03-24 15:00:12','08f9f5f1-4fcd-4539-9824-d42e1a4a477c'),(167,'MatrixBlock',1,0,'2017-03-19 09:41:39','2017-03-24 15:00:12','0d46d143-b059-4948-b6b0-870cc2ae3371'),(168,'Entry',1,0,'2017-03-19 09:53:04','2017-03-20 06:48:02','284f52e6-f5ba-4c09-b5ec-78fc3cb33df9'),(169,'Entry',1,0,'2017-03-20 07:51:10','2017-03-20 09:44:07','4fa2bc9f-5bdc-48e3-b087-598418bfde00'),(170,'Entry',1,0,'2017-03-20 07:51:49','2017-03-20 09:44:22','970a5087-cfdc-4b29-a82b-c5be74d0483a'),(171,'MatrixBlock',1,0,'2017-03-20 09:44:07','2017-03-20 09:44:07','d8faef98-541d-4f62-badf-102e3ac800c5'),(172,'MatrixBlock',1,0,'2017-03-20 09:44:22','2017-03-20 09:44:22','43cadcab-dc20-4374-a79f-54aa4fe6fc3c'),(173,'Entry',1,0,'2017-03-20 09:52:29','2017-03-20 09:52:29','e90f64a9-039a-4a5e-b22d-a8c3a17c49ae'),(174,'MatrixBlock',1,0,'2017-03-20 09:52:29','2017-03-20 09:52:29','1381fa8a-918c-45fc-9e61-7f613bfb098a'),(175,'Entry',1,0,'2017-03-21 06:33:12','2017-03-21 06:33:12','b97fdaa9-2f53-4397-88db-b59baf9c7dd8'),(177,'User',1,0,'2017-03-22 11:34:11','2017-03-22 11:34:11','772775c9-5a1e-42cf-827d-3b866df1d6ed'),(178,'User',1,0,'2017-03-22 23:01:59','2017-03-22 23:03:11','67818d2b-b32f-4c0c-afd1-37b9950aed2e'),(179,'User',1,0,'2017-03-22 23:02:03','2017-03-22 23:02:03','e2e2f041-6632-47fc-bee6-85c6c4a21173'),(180,'Asset',1,0,'2017-03-24 14:59:50','2017-03-24 14:59:50','5d536210-9788-48e9-bc19-6f14c4e857ec'),(181,'Asset',1,0,'2017-03-24 15:28:41','2017-03-24 15:28:41','6ddce301-1d77-401d-95a2-7bb5505f8961'),(182,'Asset',1,0,'2017-03-24 15:29:18','2017-03-24 15:29:18','5cf80459-0e7b-467b-a3cc-6e85acdf71fa'),(183,'Asset',1,0,'2017-03-26 16:21:39','2017-03-26 16:21:39','d828c49d-7426-4e3f-b528-d0523b4a8a9c'),(184,'Asset',1,0,'2017-03-26 16:32:44','2017-03-26 16:32:44','449eb67f-50ff-4520-9288-591ba4139e9e'),(185,'Asset',1,0,'2017-03-26 16:32:50','2017-03-26 16:32:50','b0fc3fb5-bd45-4990-9169-e12b596d0e41'),(186,'Asset',1,0,'2017-03-26 16:38:58','2017-03-26 16:38:58','abd1d2f5-6111-412b-8b98-9e8d98a85246'),(187,'Commerce_Product',1,0,'2017-03-26 16:41:37','2017-03-26 21:41:59','978d5f6e-8a2e-44b6-a98d-3c5f37fa7d3e'),(188,'MatrixBlock',1,0,'2017-03-26 16:41:37','2017-03-26 21:41:59','ad398d64-e4a2-45ac-988d-651f8c916f97'),(189,'Commerce_Variant',1,0,'2017-03-26 16:41:37','2017-03-26 21:41:59','18e422b9-0fd9-40fa-b614-6e4bd0df7b43'),(190,'Asset',1,0,'2017-03-26 20:25:44','2017-03-26 20:25:44','10529ebf-7779-4d3a-bef6-e75f412032b9'),(191,'MatrixBlock',1,0,'2017-03-26 20:29:04','2017-03-26 21:41:59','e96c1fa8-c99e-42fb-9f13-87f6e56f36d2'),(192,'MatrixBlock',1,0,'2017-03-26 20:31:51','2017-03-26 21:41:59','b35f986c-b2b4-428f-8928-40d60600132f'),(193,'Commerce_Order',1,0,'2017-03-26 21:29:29','2017-03-26 21:31:38','bfe643ec-59e6-4225-b1f6-e4843a9e80fc'),(194,'MatrixBlock',1,0,'2017-03-29 12:52:14','2017-03-29 14:43:55','8de33c75-5234-4e55-90d2-745fd79480cf'),(195,'Asset',1,0,'2017-03-29 14:41:42','2017-03-29 14:41:42','eaf942b5-299e-441c-bf9d-e599f4cdb6c7'),(196,'MatrixBlock',1,0,'2017-03-29 14:43:55','2017-03-29 14:43:55','5f12d88a-10b7-4fd4-80c2-aeefbb5a4948'),(197,'MatrixBlock',1,0,'2017-03-29 14:43:55','2017-03-29 14:43:55','bf7a1198-de5c-48b0-a6c4-bec1ca0f614a'),(198,'MatrixBlock',1,0,'2017-03-29 14:43:55','2017-03-29 14:43:55','b9315386-3fb5-478c-982b-181b0033c5a0'),(199,'Asset',1,0,'2017-04-12 15:25:03','2017-04-12 15:25:03','4983e0be-27f5-4717-8074-52c4c9210126'),(200,'Entry',1,0,'2017-04-12 15:27:28','2017-04-12 16:09:13','914fcbc6-54b8-4e4c-9309-02ea5e8c4dcb'),(201,'MatrixBlock',1,0,'2017-04-12 15:27:28','2017-04-12 16:09:13','1a56e9db-75ee-4b2e-b6f3-afcc4ccabed7'),(202,'MatrixBlock',1,0,'2017-04-12 15:27:28','2017-04-12 16:09:13','cb71d7ec-9de1-4a6f-a8fe-6f7c8e991452'),(204,'MatrixBlock',1,0,'2017-04-12 21:18:47','2017-04-12 23:43:16','85a1d47e-e56b-4f7d-a16e-e860bfc26650'),(205,'MatrixBlock',1,0,'2017-04-12 21:18:47','2017-04-12 23:43:16','90cf906b-20be-463b-ab16-2860e9e5d67b'),(207,'MatrixBlock',1,0,'2017-04-12 23:42:39','2017-04-12 23:43:16','9a7a0431-ac6e-4009-aba7-a1e40975fbab'),(208,'Charge_Payment',1,0,'2017-04-14 12:05:21','2017-04-14 12:05:21','c21cacf8-555a-45ba-b08c-1b2f8c72d0a6'),(209,'Commerce_Order',1,0,'2017-04-14 12:07:54','2017-04-14 12:07:54','d2d46df5-3043-44e0-8e9a-e0ff4778e0cb'),(210,'Commerce_Order',1,0,'2017-04-14 12:08:03','2017-04-14 12:08:03','013bddd4-f82a-46e6-a6ca-232d558e41da'),(211,'Commerce_Order',1,0,'2017-04-14 12:08:18','2017-04-14 12:08:19','b6129212-39ed-42f6-be80-088622b1702e'),(212,'Commerce_Order',1,0,'2017-04-14 12:09:05','2017-04-14 12:09:05','9ea84753-3132-4bce-a6f9-67da2c3f90aa'),(213,'Commerce_Order',1,0,'2017-04-14 12:09:27','2017-04-14 12:09:27','3b9a496e-23fc-40d4-8f55-2a30bf3f7a69'),(214,'Commerce_Order',1,0,'2017-04-14 12:12:27','2017-08-14 14:49:44','2f9999a3-6082-42ec-90ad-5244c5a544f3'),(215,'Charge',1,0,'2017-04-14 12:24:03','2017-04-14 12:24:03','4e177ef2-2471-463b-bb40-09fb0d176a1e'),(216,'Charge_Payment',1,0,'2017-04-14 12:24:04','2017-04-14 12:24:04','d2059357-e33e-4e01-83a4-b488e35299e7'),(217,'Charge',1,0,'2017-04-14 12:33:18','2017-04-14 12:33:18','f88512af-dc57-4a50-b52e-70e2f89a0043'),(218,'Charge_Payment',1,0,'2017-04-14 12:33:18','2017-04-14 12:33:18','8714a409-34e0-477a-b58c-d86dcaaf84cd'),(219,'Charge',1,0,'2017-04-14 12:47:06','2017-04-14 12:47:06','975de02b-eb56-4d63-82c5-fef6b2a3f424'),(220,'Charge_Payment',1,0,'2017-04-14 12:47:07','2017-04-14 12:47:07','9728444c-7cec-48c4-8120-494d22b90c47'),(221,'Charge',1,0,'2017-04-14 12:52:21','2017-04-14 12:52:21','55f816be-e1be-441d-b45e-6b876669fcdc'),(222,'Charge_Payment',1,0,'2017-04-14 12:52:21','2017-04-14 12:52:21','cc9d398b-5cf3-4e97-8536-5f68c58cf410'),(223,'Charge',1,0,'2017-04-14 13:01:40','2017-04-14 13:01:40','dccdb2ff-90b4-496d-88a9-fcbc3699cda5'),(224,'Charge_Payment',1,0,'2017-04-14 13:01:40','2017-04-14 13:01:40','7925f83d-0c74-4cde-af55-8c7c8f680003'),(225,'Commerce_Order',1,0,'2017-04-14 13:46:18','2017-08-14 14:49:44','c0f3b159-3ef7-4a5a-9d60-0ed1272b5f68'),(226,'Charge',1,0,'2017-04-14 14:10:09','2017-04-14 14:10:09','f27880d5-a03e-46c9-9711-abc91e8d62cb'),(227,'Charge_Payment',1,0,'2017-04-14 14:10:09','2017-04-14 14:10:09','eea9fabb-b1e7-49eb-987b-5d6a919a07d2'),(228,'Commerce_Order',1,0,'2017-04-14 14:16:46','2017-08-14 14:49:44','c66612f9-f421-4204-8b5f-576d11f37838'),(229,'Charge',1,0,'2017-04-14 14:25:54','2017-04-14 14:25:54','b2898bb0-a3e5-486d-a538-fcbd2f53fb1a'),(230,'Charge_Payment',1,0,'2017-04-14 14:25:54','2017-04-14 14:25:54','4b78bc21-a5ac-46e8-b626-86f43696d02f');

--
-- Table structure for table `craft_elements_i18n`
--

CREATE TABLE `craft_elements_i18n` (
  `id` int(11) NOT NULL AUTO_INCREMENT,
  `elementId` int(11) NOT NULL,
  `locale` char(12) COLLATE utf8_unicode_ci NOT NULL,
  `slug` varchar(255) COLLATE utf8_unicode_ci DEFAULT NULL,
  `uri` varchar(255) COLLATE utf8_unicode_ci DEFAULT NULL,
  `enabled` tinyint(1) unsigned NOT NULL DEFAULT '1',
  `dateCreated` datetime NOT NULL,
  `dateUpdated` datetime NOT NULL,
  `uid` char(36) COLLATE utf8_unicode_ci NOT NULL DEFAULT '0',
  PRIMARY KEY (`id`),
  UNIQUE KEY `craft_elements_i18n_elementId_locale_unq_idx` (`elementId`,`locale`),
  UNIQUE KEY `craft_elements_i18n_uri_locale_unq_idx` (`uri`,`locale`),
  KEY `craft_elements_i18n_slug_locale_idx` (`slug`,`locale`),
  KEY `craft_elements_i18n_enabled_idx` (`enabled`),
  KEY `craft_elements_i18n_locale_fk` (`locale`),
  CONSTRAINT `craft_elements_i18n_elementId_fk` FOREIGN KEY (`elementId`) REFERENCES `craft_elements` (`id`) ON DELETE CASCADE,
  CONSTRAINT `craft_elements_i18n_locale_fk` FOREIGN KEY (`locale`) REFERENCES `craft_locales` (`locale`) ON DELETE CASCADE ON UPDATE CASCADE
) ENGINE=InnoDB AUTO_INCREMENT=230 DEFAULT CHARSET=utf8 COLLATE=utf8_unicode_ci;

--
-- Dumping data for table `craft_elements_i18n`
--

INSERT INTO `craft_elements_i18n` VALUES (1,1,'en_us','',NULL,1,'2017-03-06 09:19:09','2017-03-22 23:00:13','a1b254a2-f7e3-4a7f-a81e-4f2c80d93b73'),(2,2,'en_us','homepage','__home__',1,'2017-03-06 09:19:14','2017-04-12 23:43:16','c292a4d5-33a7-4c6a-b7dc-c19aebc50da5'),(22,22,'en_us','about','about',1,'2017-03-06 12:35:34','2017-03-29 14:43:55','58ff98eb-788e-45dd-a411-af92fd4ede2c'),(31,31,'en_us','healthcare-nutrition','shop/products/healthcare-nutrition',1,'2017-03-06 14:28:40','2017-03-16 16:15:48','a91dd963-d6c9-46c7-9907-d350c89375f7'),(32,32,'en_us','healthy-teas','shop/products/healthy-teas',1,'2017-03-06 14:28:52','2017-03-16 16:15:48','17e3a303-bd09-48d3-91d9-d79f9f617353'),(33,33,'en_us','merchandise','shop/products/merchandise',1,'2017-03-06 14:29:03','2017-03-16 16:15:48','0c9c0317-9f92-4c30-9bab-00720d68437c'),(34,34,'en_us','recipes-from-the-farm','shop/products/recipes-from-the-farm',1,'2017-03-06 14:29:21','2017-03-16 16:15:48','767765df-fd40-46bd-8aea-47a8970e2ce9'),(35,35,'en_us','face-and-body','shop/products/face-and-body',1,'2017-03-06 14:29:44','2017-03-16 16:15:48','1d787411-e81f-47ba-baac-92ad02910af1'),(36,36,'en_us','farm-fresh-edibles','shop/products/farm-fresh-edibles',1,'2017-03-06 14:30:20','2017-03-16 16:15:48','d4bc5766-0c0e-4ad4-8c8b-eef3f8b56ad3'),(37,37,'en_us','healthy-cheese','shop/products/healthy-cheese',1,'2017-03-06 14:30:35','2017-03-16 16:15:49','1f9801f9-47b4-476d-8365-e80ca1e65cbb'),(38,38,'en_us','photos-and-videos','shop/products/photos-and-videos',1,'2017-03-06 14:30:54','2017-03-16 16:15:49','a5d245f2-2dcf-4d60-9116-c5a129750849'),(39,39,'en_us','e-books','shop/products/e-books',1,'2017-03-06 14:31:04','2017-03-16 16:15:49','a32ad360-403f-4691-99d3-712f33fab274'),(53,53,'en_us','img-title-01',NULL,1,'2017-03-15 15:09:47','2017-03-15 16:30:06','aaa22ac1-e968-48d1-abf3-ae75a7a67952'),(54,54,'en_us','img-person-01',NULL,1,'2017-03-15 15:10:33','2017-03-29 14:37:06','4cd8906c-ad7a-4f61-9315-b906510350ec'),(55,55,'en_us','img-person-02',NULL,1,'2017-03-15 15:10:34','2017-03-15 16:30:32','cb4ae8f4-0f72-4548-abc5-6dfcb1b3e66d'),(56,56,'en_us','img-person-03',NULL,1,'2017-03-15 15:10:35','2017-03-15 16:30:32','acc101a7-64ce-480a-8c44-0e574296eb76'),(57,57,'en_us','img-person-04',NULL,1,'2017-03-15 15:10:36','2017-03-15 16:30:34','0cea79fa-710b-4468-9a72-d0a9c2900129'),(58,58,'en_us','',NULL,1,'2017-03-15 15:14:01','2017-03-29 14:43:55','f4bc7fe5-2898-4a57-97b1-c068865896bb'),(59,59,'en_us','',NULL,1,'2017-03-15 15:14:01','2017-03-29 14:43:55','1ae0d3a8-34bd-467b-a7a9-de41a6e8ee2b'),(62,62,'en_us','',NULL,1,'2017-03-15 15:14:01','2017-03-29 14:43:55','d3256dca-97de-45ff-9896-0325991c2c1c'),(67,67,'en_us','terms-of-service','terms-of-service',1,'2017-03-15 15:25:39','2017-03-15 15:25:39','0d3ecd55-eb63-4de8-af86-459fde4567df'),(68,68,'en_us','custom-formulation-section','custom-formulation-section',1,'2017-03-15 15:26:02','2017-03-15 15:26:02','201266ca-cca5-4617-9037-47dce41f14cb'),(69,69,'en_us','shipping','shipping',1,'2017-03-15 15:26:14','2017-03-26 22:42:45','5d00242d-df0f-4b34-9eed-cd504bb9e294'),(70,70,'en_us','',NULL,1,'2017-03-15 15:38:59','2017-04-12 21:09:27','9ba0fab0-f6e0-41b4-912a-d80f1880820f'),(71,71,'en_us','',NULL,1,'2017-03-15 15:42:41','2017-04-12 21:09:58','cc175328-f5c2-4899-930a-6cbee8abce41'),(74,74,'en_us','img-person-02',NULL,1,'2017-03-15 16:28:06','2017-03-15 16:30:16','bc4fcf4c-eb13-4199-b1ed-b43b9a88004c'),(75,75,'en_us','img-person-01',NULL,1,'2017-03-15 16:28:06','2017-03-15 16:30:15','94c7521a-7db8-4d68-99d0-e271d7e9389c'),(76,76,'en_us','img-person-03',NULL,1,'2017-03-15 16:28:07','2017-03-15 16:30:17','58430c8b-24e2-489d-a0a9-ee2f092bc51a'),(77,77,'en_us','img-person-04',NULL,1,'2017-03-15 16:28:08','2017-03-15 16:30:20','19120147-ae92-49af-84e8-344c123abf53'),(78,78,'en_us','img-02',NULL,1,'2017-03-15 16:29:32','2017-03-15 16:29:32','78e16b61-890a-4448-a42d-60823f6507c5'),(79,79,'en_us','img-05',NULL,1,'2017-03-15 16:29:33','2017-03-15 16:29:33','a83c6e6b-0f17-45cd-814c-2477aa738cb3'),(80,80,'en_us','img-03',NULL,1,'2017-03-15 16:29:34','2017-03-15 16:29:34','8e1d4123-c148-41a9-961f-696aaaa7deaf'),(81,81,'en_us','img-04',NULL,1,'2017-03-15 16:29:34','2017-03-15 16:29:34','a4849fe8-9d18-41a3-8fc0-5790344339ed'),(82,82,'en_us','img-06',NULL,1,'2017-03-15 16:29:35','2017-03-15 16:29:35','edfe7d1c-87f8-4e0a-9211-0fbc4b0ff378'),(83,83,'en_us','img-07',NULL,1,'2017-03-15 16:29:36','2017-03-15 16:29:36','d4634ecd-dac0-4cfa-aa9b-b2831b6e2642'),(84,84,'en_us','img-08',NULL,1,'2017-03-15 16:29:37','2017-03-15 16:29:37','aef9d824-ae26-4918-a77f-ea1c7bb63e0f'),(85,85,'en_us','img-09',NULL,1,'2017-03-15 16:29:37','2017-03-15 16:29:37','0248ee95-1a61-4896-8e9a-945959674441'),(86,86,'en_us','img-10',NULL,1,'2017-03-15 16:29:38','2017-03-15 16:29:38','1c8e40d9-dc5d-41ce-97fd-5ff121bbd2ea'),(87,87,'en_us','img-11',NULL,1,'2017-03-15 16:29:39','2017-03-15 16:29:39','8baeec5f-9104-4fd4-a22b-40544abd129a'),(88,88,'en_us','img-12',NULL,1,'2017-03-15 16:29:40','2017-03-15 16:29:40','96f655c0-00f1-4343-b2af-52c5145c4bf0'),(89,89,'en_us','img-13',NULL,1,'2017-03-15 16:29:40','2017-03-15 16:29:40','c8c00c44-96df-454c-9e9e-cc8faa486663'),(90,90,'en_us','img-14',NULL,1,'2017-03-15 16:29:41','2017-03-15 18:27:55','8dbc59c6-6a3d-4d6d-b481-e4d766fa840a'),(91,91,'en_us','img-15',NULL,1,'2017-03-15 16:29:42','2017-03-15 16:29:42','faea8996-6152-4e77-a9ba-5d7ae4092e27'),(92,92,'en_us','img-blog-01',NULL,1,'2017-03-15 16:29:43','2017-03-15 16:29:43','5317bf96-600b-43e0-a320-d2ef2a8ed6a2'),(93,93,'en_us','img-cart-01',NULL,1,'2017-03-15 16:29:43','2017-03-15 16:29:43','67bf30dd-71e3-48ba-b1e7-700e60e01a8e'),(94,94,'en_us','img-cart-small',NULL,1,'2017-03-15 16:29:45','2017-03-15 16:29:45','861522a2-84e0-4882-9bf8-74712283128b'),(95,95,'en_us','img-featured',NULL,1,'2017-03-15 16:29:46','2017-03-15 16:29:46','fbfeecd1-9d30-487b-aff1-ee8f2e5d3f34'),(96,96,'en_us','img-media-01',NULL,1,'2017-03-15 16:29:46','2017-03-15 16:29:46','7b40c004-96ca-4296-b019-5d313691269e'),(97,97,'en_us','img-media-02',NULL,1,'2017-03-15 16:29:48','2017-03-15 16:29:48','a0d12eca-41fe-4ffe-9c3d-46cafd650a86'),(98,98,'en_us','img-media-03',NULL,1,'2017-03-15 16:29:49','2017-03-15 16:29:49','a4c426ff-9515-4e43-8ad5-e4814d1f4471'),(99,99,'en_us','img-media-04',NULL,1,'2017-03-15 16:29:51','2017-03-15 16:29:51','47ff8022-ebc7-477b-8fba-06419d6cee5e'),(100,100,'en_us','img-photo-01',NULL,1,'2017-03-15 16:29:52','2017-03-15 16:29:52','b490769e-b2d6-4642-986e-5b34f135ca42'),(101,101,'en_us','img-photo-02',NULL,1,'2017-03-15 16:29:53','2017-03-15 16:29:53','b135e9f9-dee2-4710-907c-8e28c20c449a'),(102,102,'en_us','img-photo-03',NULL,1,'2017-03-15 16:29:53','2017-03-15 16:29:53','8ddef583-0579-409e-8492-36fe20a2ec21'),(103,103,'en_us','img-photo-04',NULL,1,'2017-03-15 16:29:55','2017-03-15 16:29:55','cc12f1b2-9845-41d7-8755-785dc24e96b3'),(104,104,'en_us','img-photo-05',NULL,1,'2017-03-15 16:29:55','2017-03-15 16:29:55','7ba9137b-af31-4953-8c65-ac8b8ea26fa3'),(105,105,'en_us','img-photo-06',NULL,1,'2017-03-15 16:29:56','2017-03-15 16:29:56','47648f80-7dea-4670-8d03-902aec5cb28a'),(106,106,'en_us','img-photo-07',NULL,1,'2017-03-15 16:29:58','2017-03-15 16:29:58','25bca420-9666-47e7-932f-899f474982a5'),(107,107,'en_us','img-photo-08',NULL,1,'2017-03-15 16:29:58','2017-03-15 16:29:59','8ce1f126-73ca-405c-a9c6-9066c472598e'),(108,108,'en_us','img-post-01',NULL,1,'2017-03-15 16:29:59','2017-03-15 16:29:59','74660fc0-6901-4d02-ba93-4be08ae06550'),(109,109,'en_us','img-post-02',NULL,1,'2017-03-15 16:30:00','2017-03-15 16:30:00','b408e30c-fa97-4cbf-9366-5638da5561be'),(110,110,'en_us','img-post-03',NULL,1,'2017-03-15 16:30:01','2017-03-15 16:30:01','f3e37242-d4d8-4731-baea-3bb4c034930f'),(111,111,'en_us','img-product-01',NULL,1,'2017-03-15 16:30:01','2017-03-15 16:30:01','189072dc-0172-4208-b7da-30bbd43cc5e5'),(112,112,'en_us','img-product-02',NULL,1,'2017-03-15 16:30:03','2017-03-15 16:30:03','d9ee87b9-2f59-43a4-94fb-4666de4e7137'),(113,113,'en_us','img-product-03',NULL,1,'2017-03-15 16:30:04','2017-03-15 16:30:04','3f7d6581-3f15-44b6-903b-e2a256e0bfcd'),(114,114,'en_us','img-slider-small',NULL,1,'2017-03-15 16:30:04','2017-03-15 16:30:05','d6e9fb42-2b24-4259-9271-c5f09fe5fd29'),(115,115,'en_us','img-slider',NULL,1,'2017-03-15 16:30:05','2017-03-15 16:30:05','359d56f1-3f0a-4d75-982a-8f22d3ff0e2b'),(116,116,'en_us','img-youtube',NULL,1,'2017-03-15 16:30:07','2017-03-15 16:30:07','0ea61dfe-933d-41d2-aae9-191e209094cc'),(117,117,'en_us','partner-01',NULL,1,'2017-03-15 16:30:07','2017-03-15 16:30:07','0a2f363d-ceb1-4ae3-bbc3-db82a72f421e'),(118,118,'en_us','partner-02',NULL,1,'2017-03-15 16:30:09','2017-03-15 16:30:09','aed17837-f1c9-4e62-98cc-778e63075e16'),(119,119,'en_us','partner-03',NULL,1,'2017-03-15 16:30:09','2017-03-15 16:30:10','6ef6101f-fe6c-4abc-a1f6-e9d69a22acdb'),(120,120,'en_us','partner-04',NULL,1,'2017-03-15 16:30:10','2017-03-15 16:30:10','25bd5571-be05-49fd-9288-8394fd47f099'),(121,121,'en_us','partner-05',NULL,1,'2017-03-15 16:30:11','2017-03-15 16:30:11','09f4a9e0-f331-4cae-9204-a0b3d48d4f4a'),(122,122,'en_us','partner-06',NULL,1,'2017-03-15 16:30:12','2017-03-15 16:30:12','be8af58d-fd68-46e6-bd3a-9b46d56dcf45'),(123,123,'en_us','partner-07',NULL,1,'2017-03-15 16:30:13','2017-03-15 16:30:13','daf6dacc-0069-4670-afe9-52851b1ae1b9'),(124,124,'en_us','partner-08',NULL,1,'2017-03-15 16:30:14','2017-03-15 16:30:14','c45c253f-d2a8-45e8-830f-683a65d271a1'),(125,125,'en_us','img-01',NULL,1,'2017-03-15 16:42:27','2017-03-15 16:42:27','a5496fdf-3262-4b1e-8d80-359fbc587dfc'),(126,126,'en_us','',NULL,1,'2017-03-15 16:43:21','2017-04-12 23:43:16','0d3ca797-ac80-4e3e-8906-5f58c9b1e17e'),(127,127,'en_us','',NULL,1,'2017-03-15 16:43:21','2017-04-12 23:43:16','13565460-15c3-430c-958a-5a67a2095342'),(129,129,'en_us','',NULL,1,'2017-03-15 16:43:21','2017-04-12 23:43:16','3fcee1f9-ade2-42de-9ff5-469c4bf46378'),(130,130,'en_us','',NULL,1,'2017-03-15 16:43:21','2017-04-12 23:43:16','895459c2-986b-4714-9dec-4fd2f134f7df'),(131,131,'en_us','',NULL,1,'2017-03-15 16:43:21','2017-04-12 23:43:16','3b25f968-9393-4e35-a9da-2bab1784c80b'),(132,132,'en_us','',NULL,1,'2017-03-15 16:43:21','2017-04-12 23:43:16','3fe252b2-84e3-4c46-bd30-b4bf0c4b0512'),(133,133,'en_us','',NULL,1,'2017-03-15 16:43:21','2017-04-12 23:43:16','a0916580-fa54-41af-a257-29274cf2f2d1'),(134,134,'en_us','',NULL,1,'2017-03-15 16:43:21','2017-04-12 23:43:16','cbed07ea-9203-4a8c-844f-3ee1a51aee8e'),(135,135,'en_us','',NULL,1,'2017-03-15 16:43:21','2017-04-12 23:43:16','805e704f-8b27-4a74-a685-1c1d436729df'),(137,137,'en_us','embed-northbound-skateboarding-on-frozen-sand',NULL,1,'2017-03-15 18:20:05','2017-03-15 18:20:05','9f934bfe-e5f3-499c-a558-7a45280a50e7'),(138,138,'en_us','test','learn/test',1,'2017-03-15 18:28:19','2017-03-24 15:00:12','8ccf2c4a-84ac-4591-9da2-4b5805d8ae04'),(140,140,'en_us','lavender','shop/products/lavender',1,'2017-03-15 18:41:55','2017-03-18 11:05:57','6da4b62c-987a-471e-af8f-878d205810a2'),(141,141,'en_us','lavender-1',NULL,1,'2017-03-15 18:41:55','2017-03-18 11:05:57','24a96f05-8d4f-4789-a6b7-ee22b39b964e'),(142,142,'en_us','lavender-2','shop/products/lavender-2',1,'2017-03-15 18:42:35','2017-03-18 10:58:48','fc61c5f3-7966-4669-8353-b8da52e0dd09'),(143,143,'en_us','lavender-2',NULL,1,'2017-03-15 18:42:35','2017-03-15 18:48:00','a86f24bd-354c-45c7-a16b-c51516b2c750'),(144,144,'en_us','shop','shop',1,'2017-03-15 19:09:52','2017-03-16 16:07:12','2c9be9cd-619f-497f-9ef5-f4947810bf79'),(145,146,'en_us','products','shop/products',1,'2017-03-16 16:07:18','2017-03-16 16:07:26','4c876a41-83aa-46a5-be95-94d3df6ce683'),(146,147,'en_us','ingredients','shop/ingredients',1,'2017-03-16 16:07:44','2017-03-16 16:07:46','762706e9-4a66-47a8-a4f8-e4c02478c37f'),(147,148,'en_us','tea-mix','shop/products/healthy-teas/tea-mix',1,'2017-03-16 16:24:52','2017-03-16 16:32:34','baa5ecd3-7301-4e57-9e9a-f78a4aa4cbd2'),(148,149,'en_us','',NULL,1,'2017-03-16 16:32:34','2017-03-16 16:32:34','231c7f81-90d7-42de-bd21-f6655e3f09cc'),(150,151,'en_us','cart','shop/cart',1,'2017-03-17 14:40:29','2017-03-17 15:00:13','54f4451a-7dd2-4718-a439-07ba224c5770'),(151,152,'en_us','',NULL,1,'2017-03-17 14:45:06','2017-03-17 15:00:13','9b4549a2-3e96-437d-a67d-e88c18a6fa62'),(152,153,'en_us','icon-gluten',NULL,1,'2017-03-18 10:12:19','2017-03-18 10:12:19','64efeabc-70aa-4b39-b341-6c13dbcb03f8'),(153,154,'en_us','icon-leaf',NULL,1,'2017-03-18 10:12:20','2017-03-18 10:12:21','bc70445b-8de5-4cd4-a0b0-3747e08bde09'),(154,155,'en_us','',NULL,1,'2017-03-18 11:01:35','2017-03-18 11:05:57','fc24a590-fb0b-415f-9358-056f9bd198c1'),(155,156,'en_us','',NULL,1,'2017-03-18 11:01:35','2017-03-18 11:05:57','9dec84ac-7c50-455d-85a6-c3655adf90ed'),(156,157,'en_us','',NULL,1,'2017-03-18 11:01:35','2017-03-18 11:05:57','761cd4cf-de1b-4160-bdd5-57351bf4f1ab'),(157,158,'en_us','8-fl-oz',NULL,1,'2017-03-18 11:01:35','2017-03-18 11:05:57','bcea58c0-f7e2-4fea-a987-93908584cd21'),(158,159,'en_us','embed-the-future-of-music',NULL,1,'2017-03-19 09:15:56','2017-03-19 09:15:56','449f3695-1408-4c76-8108-f73b26b14233'),(159,160,'en_us','',NULL,1,'2017-03-19 09:37:07','2017-03-24 15:00:12','09497151-0c7b-4067-83ee-50368336cb1a'),(160,161,'en_us','img-05',NULL,1,'2017-03-19 09:40:56','2017-03-19 09:41:38','7b32d118-d6b4-45f6-924a-9279c626ad23'),(161,162,'en_us','img-03',NULL,1,'2017-03-19 09:41:05','2017-03-19 09:41:38','b24cc813-276c-41ce-af55-b646a48200db'),(162,163,'en_us','img-08',NULL,1,'2017-03-19 09:41:08','2017-03-19 09:41:38','4f1064d8-44a6-49ec-8fe9-764744a6b5b0'),(163,164,'en_us','img-09',NULL,1,'2017-03-19 09:41:12','2017-03-19 09:41:38','4fb027b6-73b6-41c9-a66a-f9d85577d50e'),(164,165,'en_us','img-10',NULL,1,'2017-03-19 09:41:14','2017-03-19 09:41:39','a86b3607-a98e-44b3-9633-6385240ed0ac'),(165,166,'en_us','',NULL,1,'2017-03-19 09:41:38','2017-03-24 15:00:12','cebb0cda-b556-4f62-99db-8253cd243c72'),(166,167,'en_us','',NULL,1,'2017-03-19 09:41:39','2017-03-24 15:00:12','e2706ae4-7fdd-4976-b4af-5d19c38df64a'),(167,168,'en_us','learning-library','learn',1,'2017-03-19 09:53:04','2017-03-20 06:48:02','fbdd21f7-fdf5-4542-856c-0c266770ae3d'),(168,169,'en_us','checkout','shop/checkout',1,'2017-03-20 07:51:10','2017-03-20 09:44:07','e353c97f-a4de-4b72-a8a1-9b5eabf03ae7'),(169,170,'en_us','payment','shop/payment',1,'2017-03-20 07:51:49','2017-03-20 09:44:22','9ddeb287-1bc0-4c09-9e7f-2e155e97e151'),(170,171,'en_us','',NULL,1,'2017-03-20 09:44:07','2017-03-20 09:44:07','85e532c5-d723-42d7-81ea-69d77ee99115'),(171,172,'en_us','',NULL,1,'2017-03-20 09:44:22','2017-03-20 09:44:22','5aa8e99a-173c-418d-80b0-2011ead2669f'),(172,173,'en_us','search','search',1,'2017-03-20 09:52:29','2017-03-20 09:52:33','b402b4f3-20ff-4167-817d-0db1e36b5265'),(173,174,'en_us','',NULL,1,'2017-03-20 09:52:29','2017-03-20 09:52:29','26d47d86-f825-4acb-95aa-ded514d5cf74'),(174,175,'en_us','account-benefits','account-benefits',1,'2017-03-21 06:33:12','2017-03-21 06:33:12','b3346c4e-1835-4e6d-963f-121285f87dcb'),(176,177,'en_us','',NULL,1,'2017-03-22 11:34:11','2017-03-22 11:34:11','d894ba03-d426-4ad3-bb93-3eaf90aa4c86'),(177,178,'en_us','',NULL,1,'2017-03-22 23:01:59','2017-03-22 23:03:11','574fb476-6b22-4b47-8a3d-baa5a07832ee'),(178,179,'en_us','',NULL,1,'2017-03-22 23:02:03','2017-03-22 23:02:03','7cd3f2a8-3efd-45e1-a28f-fa6f9e8d9f27'),(179,180,'en_us','embed-by-the-name-of-boston',NULL,1,'2017-03-24 14:59:50','2017-03-24 14:59:50','f9cd2e29-874a-489f-91d8-bb72cce81577'),(180,181,'en_us','bg',NULL,1,'2017-03-24 15:28:41','2017-03-24 15:28:41','dce3040f-bc7a-4779-b6d8-9cd1e1c51f20'),(181,182,'en_us','embed-healthy-chocolate-milkshake-vegan',NULL,1,'2017-03-24 15:29:18','2017-03-24 15:29:18','46ea28a1-6daf-4792-9deb-db3289c6b2f8'),(182,183,'en_us','benefits-whole-body-nutrition-shake-550x759',NULL,1,'2017-03-26 16:21:40','2017-03-26 16:21:40','651dc94b-af11-4e15-b0be-5a48a1ab0bb2'),(183,184,'en_us','benefits-nutrition-facts-1',NULL,1,'2017-03-26 16:32:44','2017-03-26 16:32:44','9a98d813-3650-41ab-b803-c591a6136d9f'),(184,185,'en_us','benefits-nutrition-facts-2',NULL,1,'2017-03-26 16:32:50','2017-03-26 16:32:50','6f1ce5d6-ea2b-4954-98e2-7edcf909d57e'),(185,186,'en_us','benefits-whole-body-nutrition-shake-1a',NULL,1,'2017-03-26 16:38:58','2017-03-26 16:38:58','cccf5358-227e-4d00-9f75-c49c5f2b084c'),(186,187,'en_us','benefits-whole-body-nutrition-shake','shop/products/benefits-whole-body-nutrition-shake',1,'2017-03-26 16:41:37','2017-03-26 21:41:59','f1bef6b7-2944-4d48-9a78-4729f36661d0'),(187,188,'en_us','',NULL,1,'2017-03-26 16:41:37','2017-03-26 21:41:59','c03fb720-c237-4594-b692-6ba780d949ee'),(188,189,'en_us','benefits',NULL,1,'2017-03-26 16:41:37','2017-03-26 21:41:59','4cfcff36-00d0-44c0-8355-7ca22328cec0'),(189,190,'en_us','benefits-whole-body-nutrition-500x-500',NULL,1,'2017-03-26 20:25:44','2017-03-26 20:25:44','14a1cdb2-ac31-443d-8c47-dc83000ade53'),(190,191,'en_us','',NULL,1,'2017-03-26 20:29:04','2017-03-26 21:41:59','b460a501-6c22-40cd-b99e-b1a13527f4ce'),(191,192,'en_us','',NULL,1,'2017-03-26 20:31:51','2017-03-26 21:41:59','ef37647b-05c9-49bb-aeae-a323396b0334'),(192,193,'en_us','',NULL,1,'2017-03-26 21:29:29','2017-03-26 21:31:38','67b547d2-9574-4dc4-ab22-048d7f4db2b2'),(193,194,'en_us','',NULL,1,'2017-03-29 12:52:14','2017-03-29 14:43:55','61d949e8-ba0d-4578-964b-d631c245f58d'),(194,195,'en_us','embed-the-cellular-machinery-of-protein-foldin',NULL,1,'2017-03-29 14:41:42','2017-03-29 14:41:42','68542d6f-20ab-4cb0-8f56-3a669d1b1c2f'),(195,196,'en_us','',NULL,1,'2017-03-29 14:43:55','2017-03-29 14:43:55','d01f61fc-b4be-488d-a32c-6dd44f5aa3d3'),(196,197,'en_us','',NULL,1,'2017-03-29 14:43:55','2017-03-29 14:43:55','8ca1cdf0-1461-4c19-b7fd-7e68e9eba60f'),(197,198,'en_us','',NULL,1,'2017-03-29 14:43:55','2017-03-29 14:43:55','8ad631ad-4795-4e19-a9b0-1536a8cf1279'),(198,199,'en_us','embed-healthy-chocolate-milkshake-vegan',NULL,1,'2017-04-12 15:25:03','2017-04-12 15:25:03','cb507fec-f3b4-4b52-984e-947511e3a6a2'),(199,200,'en_us','coming-soon','coming-soon',1,'2017-04-12 15:27:28','2017-04-12 16:09:13','1fb4f09f-7a31-46a1-95b8-fd5c715f8f12'),(200,201,'en_us','',NULL,1,'2017-04-12 15:27:28','2017-04-12 16:09:13','2018feb9-6a47-4cc3-bf88-cf4cda6d2126'),(201,202,'en_us','',NULL,1,'2017-04-12 15:27:28','2017-04-12 16:09:13','c34f494b-5ea6-42c4-9bf1-61b01a800f0a'),(203,204,'en_us','',NULL,1,'2017-04-12 21:18:47','2017-04-12 23:43:16','542482da-7fa8-4fe6-8461-7b4cce30441d'),(204,205,'en_us','',NULL,1,'2017-04-12 21:18:47','2017-04-12 23:43:16','9b536aeb-a005-4739-9dc5-4977c9606752'),(206,207,'en_us','',NULL,1,'2017-04-12 23:42:39','2017-04-12 23:43:16','89453fa9-d130-445c-8681-c96f5d7730d8'),(207,208,'en_us','',NULL,1,'2017-04-14 12:05:21','2017-04-14 12:05:21','03a3f275-5c7d-43a9-b35b-fa4cfc57b5d4'),(208,209,'en_us','',NULL,1,'2017-04-14 12:07:54','2017-04-14 12:07:54','1e77c7e6-236a-4a79-aa6b-0cfa201c9f56'),(209,210,'en_us','',NULL,1,'2017-04-14 12:08:03','2017-04-14 12:08:03','424abe46-fbda-490c-a33a-b82a2793319e'),(210,211,'en_us','',NULL,1,'2017-04-14 12:08:18','2017-04-14 12:08:19','f78a1c40-2ed7-41c8-9909-e69b4489f879'),(211,212,'en_us','',NULL,1,'2017-04-14 12:09:05','2017-04-14 12:09:05','c19936b0-979b-4e4f-92a8-6519c6aa15f4'),(212,213,'en_us','',NULL,1,'2017-04-14 12:09:27','2017-04-14 12:09:27','64407631-817b-436e-b652-42d92f513b88'),(213,214,'en_us','',NULL,1,'2017-04-14 12:12:27','2017-08-14 14:49:44','f588cdd7-0d4e-4b11-846d-51a4309765b8'),(214,215,'en_us','37768326ab7a6fbe1187470163daa898','charge/thanks/37768326ab7a6fbe1187470163daa898',1,'2017-04-14 12:24:04','2017-04-14 12:24:04','d8d0e9b3-41ab-42be-a527-49e06db3a8b9'),(215,216,'en_us','',NULL,1,'2017-04-14 12:24:04','2017-04-14 12:24:04','acf273d2-1d72-42c7-8fa5-42ea54a5b952'),(216,217,'en_us','cdc05180eadc5820feaed10459bbd936','charge/thanks/cdc05180eadc5820feaed10459bbd936',1,'2017-04-14 12:33:18','2017-04-14 12:33:18','dca74074-3dad-4ad7-b27a-fa89be914a5d'),(217,218,'en_us','',NULL,1,'2017-04-14 12:33:18','2017-04-14 12:33:18','25e2d97b-aa2f-4ae9-8048-da055199deff'),(218,219,'en_us','e1cec32e7b6dd7c3d218d8fa9074e446','charge/thanks/e1cec32e7b6dd7c3d218d8fa9074e446',1,'2017-04-14 12:47:07','2017-04-14 12:47:07','c38b4831-8cc9-461f-b652-c49afc218d87'),(219,220,'en_us','',NULL,1,'2017-04-14 12:47:07','2017-04-14 12:47:07','c24f1da1-f0f1-4b6e-a198-2a7055e45455'),(220,221,'en_us','afa461477c33068d0650e90621254bb5','charge/thanks/afa461477c33068d0650e90621254bb5',1,'2017-04-14 12:52:21','2017-04-14 12:52:21','4dbbbd8e-c8e0-49b9-8c3c-bb3533323467'),(221,222,'en_us','',NULL,1,'2017-04-14 12:52:21','2017-04-14 12:52:21','ddab44a1-bad1-46f6-9b0b-e88a8399847e'),(222,223,'en_us','bcee2ac36f40cd585792c1cb504acd17','charge/thanks/bcee2ac36f40cd585792c1cb504acd17',1,'2017-04-14 13:01:40','2017-04-14 13:01:40','9c21bb1d-4c47-4651-a6f1-40dedfd8baf4'),(223,224,'en_us','',NULL,1,'2017-04-14 13:01:40','2017-04-14 13:01:40','f1ba1694-be61-49c6-a7e5-57f47531503d'),(224,225,'en_us','',NULL,1,'2017-04-14 13:46:18','2017-08-14 14:49:44','bc1f8116-efc9-40b3-9b91-38f2e814da4a'),(225,226,'en_us','973776a5e3cb0327ef09f1e146324641','charge/thanks/973776a5e3cb0327ef09f1e146324641',1,'2017-04-14 14:10:09','2017-04-14 14:10:09','9f7d45d5-31e1-4c69-b55e-6f198354e224'),(226,227,'en_us','',NULL,1,'2017-04-14 14:10:09','2017-04-14 14:10:09','a687fb0a-996b-49d7-af07-e7d89e61665b'),(227,228,'en_us','',NULL,1,'2017-04-14 14:16:46','2017-08-14 14:49:44','a7f8ce47-54cb-4692-b51e-c7c999f99bc8'),(228,229,'en_us','ecbbee8171ffcc81c9fd9cca690e04d5','charge/thanks/ecbbee8171ffcc81c9fd9cca690e04d5',1,'2017-04-14 14:25:54','2017-04-14 14:25:54','6584a2db-e451-4818-86bd-03fe2b690a9c'),(229,230,'en_us','',NULL,1,'2017-04-14 14:25:54','2017-04-14 14:25:54','15f4469d-04f0-4794-a459-329bde54010e');

--
-- Table structure for table `craft_emailmessages`
--

CREATE TABLE `craft_emailmessages` (
  `id` int(11) NOT NULL AUTO_INCREMENT,
  `key` char(150) COLLATE utf8_unicode_ci NOT NULL,
  `locale` char(12) COLLATE utf8_unicode_ci NOT NULL,
  `subject` varchar(1000) COLLATE utf8_unicode_ci NOT NULL,
  `body` text COLLATE utf8_unicode_ci NOT NULL,
  `dateCreated` datetime NOT NULL,
  `dateUpdated` datetime NOT NULL,
  `uid` char(36) COLLATE utf8_unicode_ci NOT NULL DEFAULT '0',
  PRIMARY KEY (`id`),
  UNIQUE KEY `craft_emailmessages_key_locale_unq_idx` (`key`,`locale`),
  KEY `craft_emailmessages_locale_fk` (`locale`),
  CONSTRAINT `craft_emailmessages_locale_fk` FOREIGN KEY (`locale`) REFERENCES `craft_locales` (`locale`) ON DELETE CASCADE ON UPDATE CASCADE
) ENGINE=InnoDB DEFAULT CHARSET=utf8 COLLATE=utf8_unicode_ci;

--
-- Dumping data for table `craft_emailmessages`
--


--
-- Table structure for table `craft_entries`
--

CREATE TABLE `craft_entries` (
  `id` int(11) NOT NULL,
  `sectionId` int(11) NOT NULL,
  `typeId` int(11) DEFAULT NULL,
  `authorId` int(11) DEFAULT NULL,
  `postDate` datetime DEFAULT NULL,
  `expiryDate` datetime DEFAULT NULL,
  `dateCreated` datetime NOT NULL,
  `dateUpdated` datetime NOT NULL,
  `uid` char(36) COLLATE utf8_unicode_ci NOT NULL DEFAULT '0',
  PRIMARY KEY (`id`),
  KEY `craft_entries_sectionId_idx` (`sectionId`),
  KEY `craft_entries_typeId_idx` (`typeId`),
  KEY `craft_entries_postDate_idx` (`postDate`),
  KEY `craft_entries_expiryDate_idx` (`expiryDate`),
  KEY `craft_entries_authorId_fk` (`authorId`),
  CONSTRAINT `craft_entries_authorId_fk` FOREIGN KEY (`authorId`) REFERENCES `craft_users` (`id`) ON DELETE CASCADE,
  CONSTRAINT `craft_entries_id_fk` FOREIGN KEY (`id`) REFERENCES `craft_elements` (`id`) ON DELETE CASCADE,
  CONSTRAINT `craft_entries_sectionId_fk` FOREIGN KEY (`sectionId`) REFERENCES `craft_sections` (`id`) ON DELETE CASCADE,
  CONSTRAINT `craft_entries_typeId_fk` FOREIGN KEY (`typeId`) REFERENCES `craft_entrytypes` (`id`) ON DELETE CASCADE
) ENGINE=InnoDB DEFAULT CHARSET=utf8 COLLATE=utf8_unicode_ci;

--
-- Dumping data for table `craft_entries`
--

INSERT INTO `craft_entries` VALUES (2,1,NULL,NULL,'2017-03-06 09:19:14',NULL,'2017-03-06 09:19:14','2017-04-12 23:43:16','388bb7c2-6d16-449a-9e8e-24dffcac7671'),(22,3,3,1,'2017-03-06 12:35:00',NULL,'2017-03-06 12:35:34','2017-03-29 14:43:55','8320097c-4212-4eb4-b051-d050edabf9e2'),(67,3,3,1,'2017-03-15 15:25:39',NULL,'2017-03-15 15:25:39','2017-03-15 15:25:39','75e801a4-2936-4b2a-af3d-b72f58f93afd'),(68,3,3,1,'2017-03-15 15:26:02',NULL,'2017-03-15 15:26:02','2017-03-15 15:26:02','fb5d2810-b683-4563-a1c8-5d52ec5f9b58'),(69,3,3,1,'2017-03-15 15:26:00',NULL,'2017-03-15 15:26:14','2017-03-26 22:42:45','6dbd0ed2-9f69-4a81-90e9-622b35fb1e41'),(138,8,8,1,'2017-03-15 18:28:00',NULL,'2017-03-15 18:28:19','2017-03-24 15:00:12','1883680b-b610-4f0e-b8fa-5d8a5c994c35'),(144,9,NULL,NULL,'2017-03-15 19:09:52',NULL,'2017-03-15 19:09:52','2017-03-15 19:09:52','ac148a58-a05b-41a0-bd94-7e740ca042d0'),(146,9,9,1,'2017-03-16 16:06:00',NULL,'2017-03-16 16:07:18','2017-03-16 16:07:18','7f46afd4-abbb-42e8-b811-eda6157b898b'),(147,9,9,1,'2017-03-16 16:07:43',NULL,'2017-03-16 16:07:44','2017-03-16 16:07:44','f92fa2be-e5d3-4c75-b239-e990c1c52e4b'),(151,9,9,1,'2017-03-17 14:40:00',NULL,'2017-03-17 14:40:29','2017-03-17 15:00:13','a15f135c-b8b0-4560-ac48-543cfc79112a'),(168,10,NULL,NULL,'2017-03-19 09:53:04',NULL,'2017-03-19 09:53:04','2017-03-20 06:48:02','c514ee6b-a5f7-4466-ac96-00b488cc56c8'),(169,9,9,1,'2017-03-20 07:51:00',NULL,'2017-03-20 07:51:10','2017-03-20 09:44:07','11e64a50-a4e0-4272-93e7-af0d688ef5ed'),(170,9,9,1,'2017-03-20 07:51:00',NULL,'2017-03-20 07:51:49','2017-03-20 09:44:22','a494a508-0bc1-460c-8135-2474f387036c'),(173,9,9,1,'2017-03-20 09:52:28',NULL,'2017-03-20 09:52:29','2017-03-20 09:52:29','a2c99d5e-8fb7-4f87-a7ce-930031cc12af'),(175,3,3,1,'2017-03-21 06:33:12',NULL,'2017-03-21 06:33:12','2017-03-21 06:33:12','292bc7a9-d01d-48b2-950c-c3823d1e0b8b'),(200,3,3,177,'2017-04-12 15:27:00',NULL,'2017-04-12 15:27:28','2017-04-12 16:09:13','5d6b1a9e-ea34-4358-b887-3b3c99fda7b3');

--
-- Table structure for table `craft_entrydrafts`
--

CREATE TABLE `craft_entrydrafts` (
  `id` int(11) NOT NULL AUTO_INCREMENT,
  `entryId` int(11) NOT NULL,
  `sectionId` int(11) NOT NULL,
  `creatorId` int(11) NOT NULL,
  `locale` char(12) COLLATE utf8_unicode_ci NOT NULL,
  `name` varchar(255) COLLATE utf8_unicode_ci NOT NULL,
  `notes` tinytext COLLATE utf8_unicode_ci,
  `data` mediumtext COLLATE utf8_unicode_ci NOT NULL,
  `dateCreated` datetime NOT NULL,
  `dateUpdated` datetime NOT NULL,
  `uid` char(36) COLLATE utf8_unicode_ci NOT NULL DEFAULT '0',
  PRIMARY KEY (`id`),
  KEY `craft_entrydrafts_entryId_locale_idx` (`entryId`,`locale`),
  KEY `craft_entrydrafts_sectionId_fk` (`sectionId`),
  KEY `craft_entrydrafts_creatorId_fk` (`creatorId`),
  KEY `craft_entrydrafts_locale_fk` (`locale`),
  CONSTRAINT `craft_entrydrafts_creatorId_fk` FOREIGN KEY (`creatorId`) REFERENCES `craft_users` (`id`) ON DELETE CASCADE,
  CONSTRAINT `craft_entrydrafts_entryId_fk` FOREIGN KEY (`entryId`) REFERENCES `craft_entries` (`id`) ON DELETE CASCADE,
  CONSTRAINT `craft_entrydrafts_locale_fk` FOREIGN KEY (`locale`) REFERENCES `craft_locales` (`locale`) ON DELETE CASCADE ON UPDATE CASCADE,
  CONSTRAINT `craft_entrydrafts_sectionId_fk` FOREIGN KEY (`sectionId`) REFERENCES `craft_sections` (`id`) ON DELETE CASCADE
) ENGINE=InnoDB DEFAULT CHARSET=utf8 COLLATE=utf8_unicode_ci;

--
-- Dumping data for table `craft_entrydrafts`
--


--
-- Table structure for table `craft_entrytypes`
--

CREATE TABLE `craft_entrytypes` (
  `id` int(11) NOT NULL AUTO_INCREMENT,
  `sectionId` int(11) NOT NULL,
  `fieldLayoutId` int(11) DEFAULT NULL,
  `name` varchar(255) COLLATE utf8_unicode_ci NOT NULL,
  `handle` varchar(255) COLLATE utf8_unicode_ci NOT NULL,
  `hasTitleField` tinyint(1) unsigned NOT NULL DEFAULT '1',
  `titleLabel` varchar(255) COLLATE utf8_unicode_ci DEFAULT 'Title',
  `titleFormat` varchar(255) COLLATE utf8_unicode_ci DEFAULT NULL,
  `sortOrder` smallint(6) unsigned DEFAULT NULL,
  `dateCreated` datetime NOT NULL,
  `dateUpdated` datetime NOT NULL,
  `uid` char(36) COLLATE utf8_unicode_ci NOT NULL DEFAULT '0',
  PRIMARY KEY (`id`),
  UNIQUE KEY `craft_entrytypes_name_sectionId_unq_idx` (`name`,`sectionId`),
  UNIQUE KEY `craft_entrytypes_handle_sectionId_unq_idx` (`handle`,`sectionId`),
  KEY `craft_entrytypes_sectionId_fk` (`sectionId`),
  KEY `craft_entrytypes_fieldLayoutId_fk` (`fieldLayoutId`),
  CONSTRAINT `craft_entrytypes_fieldLayoutId_fk` FOREIGN KEY (`fieldLayoutId`) REFERENCES `craft_fieldlayouts` (`id`) ON DELETE SET NULL,
  CONSTRAINT `craft_entrytypes_sectionId_fk` FOREIGN KEY (`sectionId`) REFERENCES `craft_sections` (`id`) ON DELETE CASCADE
) ENGINE=InnoDB AUTO_INCREMENT=11 DEFAULT CHARSET=utf8 COLLATE=utf8_unicode_ci;

--
-- Dumping data for table `craft_entrytypes`
--

INSERT INTO `craft_entrytypes` VALUES (1,1,64,'Homepage','homepage',1,'Title',NULL,1,'2017-03-06 09:19:14','2017-03-15 16:35:59','72cfe663-382c-4d56-b63d-26dd6a1ed40e'),(3,3,47,'Pages','pages',1,'',NULL,1,'2017-03-06 12:35:34','2017-03-15 15:02:09','51dc3905-fbd5-47fc-8ebe-d644c7a1526d'),(8,8,138,'Learning Library','learningLibrary',1,'Title',NULL,1,'2017-03-15 18:02:50','2017-03-20 07:52:28','78d69811-97d7-447f-b0f9-446dee02b7af'),(9,9,118,'Shop','shop',1,'',NULL,1,'2017-03-15 19:09:52','2017-03-17 15:00:01','e2a887be-21bc-4c2e-b663-808855038914'),(10,10,137,'Learning Library','learn',0,NULL,'{section.name|raw}',1,'2017-03-19 09:53:04','2017-03-20 06:47:29','0fb262e8-b980-4e71-a3c6-e066c9e325da');

--
-- Table structure for table `craft_entryversions`
--

CREATE TABLE `craft_entryversions` (
  `id` int(11) NOT NULL AUTO_INCREMENT,
  `entryId` int(11) NOT NULL,
  `sectionId` int(11) NOT NULL,
  `creatorId` int(11) DEFAULT NULL,
  `locale` char(12) COLLATE utf8_unicode_ci NOT NULL,
  `num` smallint(6) unsigned NOT NULL,
  `notes` tinytext COLLATE utf8_unicode_ci,
  `data` mediumtext COLLATE utf8_unicode_ci NOT NULL,
  `dateCreated` datetime NOT NULL,
  `dateUpdated` datetime NOT NULL,
  `uid` char(36) COLLATE utf8_unicode_ci NOT NULL DEFAULT '0',
  PRIMARY KEY (`id`),
  KEY `craft_entryversions_entryId_locale_idx` (`entryId`,`locale`),
  KEY `craft_entryversions_sectionId_fk` (`sectionId`),
  KEY `craft_entryversions_creatorId_fk` (`creatorId`),
  KEY `craft_entryversions_locale_fk` (`locale`),
  CONSTRAINT `craft_entryversions_creatorId_fk` FOREIGN KEY (`creatorId`) REFERENCES `craft_users` (`id`) ON DELETE SET NULL,
  CONSTRAINT `craft_entryversions_entryId_fk` FOREIGN KEY (`entryId`) REFERENCES `craft_entries` (`id`) ON DELETE CASCADE,
  CONSTRAINT `craft_entryversions_locale_fk` FOREIGN KEY (`locale`) REFERENCES `craft_locales` (`locale`) ON DELETE CASCADE ON UPDATE CASCADE,
  CONSTRAINT `craft_entryversions_sectionId_fk` FOREIGN KEY (`sectionId`) REFERENCES `craft_sections` (`id`) ON DELETE CASCADE
) ENGINE=InnoDB AUTO_INCREMENT=60 DEFAULT CHARSET=utf8 COLLATE=utf8_unicode_ci;

--
-- Dumping data for table `craft_entryversions`
--

INSERT INTO `craft_entryversions` VALUES (1,2,1,1,'en_us',1,NULL,'{\"typeId\":\"1\",\"authorId\":null,\"title\":\"Homepage\",\"slug\":\"homepage\",\"postDate\":1488791954,\"expiryDate\":null,\"enabled\":1,\"parentId\":null,\"fields\":[]}','2017-03-06 09:19:14','2017-03-06 09:19:14','ed7386bd-d219-4655-b44a-3b9c7dca8b14'),(2,2,1,1,'en_us',2,NULL,'{\"typeId\":null,\"authorId\":null,\"title\":\"Welcome to Local.mm!\",\"slug\":\"homepage\",\"postDate\":1488791954,\"expiryDate\":null,\"enabled\":\"1\",\"parentId\":null,\"fields\":{\"1\":\"<p>It\\u2019s true, this site doesn\\u2019t have a whole lot of content yet, but don\\u2019t worry. Our web developers have just installed the CMS, and they\\u2019re setting things up for the content editors this very moment. Soon Local.mm will be an oasis of fresh perspectives, sharp analyses, and astute opinions that will keep you coming back again and again.<\\/p>\"}}','2017-03-06 09:19:14','2017-03-06 09:19:14','ff628f97-a439-4cd9-a4cb-23c76ea4fdd4'),(4,22,3,1,'en_us',1,NULL,'{\"typeId\":\"3\",\"authorId\":null,\"title\":\"About\",\"slug\":\"about\",\"postDate\":1488803734,\"expiryDate\":null,\"enabled\":1,\"parentId\":null,\"fields\":[]}','2017-03-06 12:35:34','2017-03-06 12:35:34','371a7c4c-c699-4360-88af-cb5584869730'),(5,22,3,1,'en_us',2,'','{\"typeId\":null,\"authorId\":null,\"title\":\"About\",\"slug\":\"about\",\"postDate\":1488803734,\"expiryDate\":null,\"enabled\":1,\"parentId\":null,\"fields\":{\"10\":\"Monarch Manor\"}}','2017-03-06 12:55:34','2017-03-06 12:55:34','94c7bf44-48f6-41f2-b3b1-a22348d36c9d'),(6,22,3,1,'en_us',3,'','{\"typeId\":null,\"authorId\":null,\"title\":\"About\",\"slug\":\"about\",\"postDate\":1488803734,\"expiryDate\":null,\"enabled\":1,\"parentId\":null,\"fields\":{\"1\":\"<p>One morning, when Gregor Samsa woke from troubled dreams, he found himself transformed in his bed into a horrible vermin. He lay on his armour-like back, and if he lifted his head a little he could see his brown belly, slightly domed and divided by arches into stiff sections. The bedding was hardly able to cover it and seemed ready to slide off any moment. His many legs, pitifully thin compared with the size of the rest of him, waved about helplessly as he looked. \\\"What\'s happened to me?\\\" he thought. It wasn\'t a dream. His room, a proper human room although a little too small, lay peacefully between its four familiar walls. A collection of textile samples lay spread out on the table - Samsa was a travelling salesman - and above it there hung a picture that he had recently cut out of an illustrated magazine and housed in a nice, gilded frame. It showed a lady fitted out with a fur hat and fur boa who sat upright, raising a heavy fur muff that covered the whole of her lower arm towards the viewer. Gregor then turned to look out the window at the dull weather. Drops<\\/p>\",\"10\":\"Monarch Manor\"}}','2017-03-06 12:57:30','2017-03-06 12:57:30','bd40c645-630a-48f6-99bd-d41ab8b7c5ae'),(11,2,1,1,'en_us',3,'','{\"typeId\":null,\"authorId\":null,\"title\":\"Welcome to Local.mm!\",\"slug\":\"homepage\",\"postDate\":1488791954,\"expiryDate\":null,\"enabled\":1,\"parentId\":null,\"fields\":{\"1\":\"<p>Its good. About how far ahead are you going? Right, and where am I gonna be? Okay, but I don\'t know what to say. You can\'t, uh, that is, uh, nobody\'s home.<\\/p>\"}}','2017-03-06 15:27:12','2017-03-06 15:27:12','2cf4a858-1f4f-4fe1-a914-d20e9ee34ffa'),(12,2,1,1,'en_us',4,'','{\"typeId\":null,\"authorId\":null,\"title\":\"Welcome to Local.mm!\",\"slug\":\"homepage\",\"postDate\":1488791954,\"expiryDate\":null,\"enabled\":1,\"parentId\":null,\"fields\":{\"1\":\"<p>Its good. About how far ahead are you going? Right, and where am I gonna be? Okay, but I don\'t know what to say. You can\'t, uh, that is, uh, nobody\'s home.<\\/p>\",\"16\":\"Rick, Founder Monarch Manor\"}}','2017-03-06 15:29:00','2017-03-06 15:29:00','921fc2c2-edde-4757-bceb-2cb0a72c5ea5'),(17,22,3,1,'en_us',4,'','{\"typeId\":null,\"authorId\":\"1\",\"title\":\"About\",\"slug\":\"about\",\"postDate\":1488803700,\"expiryDate\":null,\"enabled\":1,\"parentId\":null,\"fields\":{\"1\":\"<p>One morning, when Gregor Samsa woke from troubled dreams, he found himself transformed in his bed into a horrible vermin. He lay on his armour-like back, and if he lifted his head a little he could see his brown belly, slightly domed and divided by arches into stiff sections. The bedding was hardly able to cover it and seemed ready to slide off any moment. His many legs, pitifully thin compared with the size of the rest of him, waved about helplessly as he looked. \\\"What\'s happened to me?\\\" he thought. It wasn\'t a dream. His room, a proper human room although a little too small, lay peacefully between its four familiar walls. A collection of textile samples lay spread out on the table - Samsa was a travelling salesman - and above it there hung a picture that he had recently cut out of an illustrated magazine and housed in a nice, gilded frame. It showed a lady fitted out with a fur hat and fur boa who sat upright, raising a heavy fur muff that covered the whole of her lower arm towards the viewer. Gregor then turned to look out the window at the dull weather. Drops<\\/p>\",\"36\":{\"new1\":{\"type\":\"workers\",\"enabled\":\"1\",\"fields\":{\"data\":[\"54\",\"55\",\"56\",\"57\"]}},\"new2\":{\"type\":\"h2\",\"enabled\":\"1\",\"fields\":{\"data\":\"Monarch Manor\"}},\"new4\":{\"type\":\"h2\",\"enabled\":\"1\",\"fields\":{\"data\":\"Our mission is to help you grow your business.\"}},\"new3\":{\"type\":\"text\",\"enabled\":\"1\",\"fields\":{\"data\":\"<p>We believe natural and organic products complement our hair and skin creating beautiful results without harming our environment. Through our small-batch processes, we provide exceptional natural and organic bath and beauty products to wholesale companies that sell under their brands, as well as DIY makers and crafters. When you work with Essential Wholesale &amp; Labs you can be confident you\\u2019re buying high-quality products and sustainably sourced ingredients. Whether you\\u2019re looking for ready-made products like USDA Certified Organic Hemp Acai Body Butter, bases such our Aloe &amp; Jojoba Lotion, Essential Oils, Additives, Clays, or Melt &amp; Pour products, you can trust them for yourself, your customers, your family, and your business. We strive to provide exceptional customer service, and to produce relevant recipes, blogs, and DIY videos about the products, ingredients, and business side of natural and organic skin care.<\\/p>\"}},\"new5\":{\"type\":\"html\",\"enabled\":\"1\",\"fields\":{\"data\":\"<div class=\\\"two-columns\\\">\"}},\"new7\":{\"type\":\"text\",\"enabled\":\"1\",\"fields\":{\"data\":\"<ul><li><a href=\\\"http:\\/\\/mm.dev\\/about.html#\\\">Glass or plastic bottles<\\/a><\\/li><li><a href=\\\"http:\\/\\/mm.dev\\/about.html#\\\">Glass or plastic jars<\\/a><\\/li><li><a href=\\\"http:\\/\\/mm.dev\\/about.html#\\\">Round Tubes (40 ml to 236 ml - some size restrictions so please talk with your account executive)<\\/a><\\/li><li><a href=\\\"http:\\/\\/mm.dev\\/about.html#\\\">Logo Imprinted Foil Samples in 10 ml to 15 ml sizes<\\/a><\\/li><li><a href=\\\"http:\\/\\/mm.dev\\/about.html#\\\">Deodorant Tubes<\\/a><\\/li><li><a href=\\\"http:\\/\\/mm.dev\\/about.html#\\\">15 oz. Sun Sticks<\\/a><\\/li><li><a href=\\\"http:\\/\\/mm.dev\\/about.html#\\\">Melt & Pour tins<\\/a><\\/li><li><a href=\\\"http:\\/\\/mm.dev\\/about.html#\\\">Distribution and logistics (with 3rd party local partner)<\\/a><\\/li><\\/ul><ul><li><a href=\\\"http:\\/\\/mm.dev\\/about.html#\\\">Manual or Machine Label<\\/a><\\/li><li><a href=\\\"http:\\/\\/mm.dev\\/about.html#\\\">Lot Coding<\\/a><\\/li><li><a href=\\\"http:\\/\\/mm.dev\\/about.html#\\\">Shrink banding<\\/a><\\/li><li><a href=\\\"http:\\/\\/mm.dev\\/about.html#\\\">Pressure and Heat Induction Sealing<\\/a><\\/li><li><a href=\\\"http:\\/\\/mm.dev\\/about.html#\\\">Retail Boxing<\\/a><\\/li><li><a href=\\\"http:\\/\\/mm.dev\\/about.html#\\\">Fulfillment by Amazon Kitting<\\/a><\\/li><li><a href=\\\"http:\\/\\/mm.dev\\/about.html#\\\">Pick Pack and Ship (with 3rd party local partner)<\\/a><\\/li><\\/ul><p><br><\\/p>\"}},\"new6\":{\"type\":\"html\",\"enabled\":\"1\",\"fields\":{\"data\":\"<\\/div>\"}}},\"33\":{\"new1\":{\"type\":\"header\",\"enabled\":\"1\",\"fields\":{\"image\":[\"53\"],\"text\":\"About\\r\\nstore\"}}}}}','2017-03-15 15:14:01','2017-03-15 15:14:01','12419f44-809a-4848-bf5b-c6460b77a295'),(18,22,3,1,'en_us',5,'','{\"typeId\":\"3\",\"authorId\":\"1\",\"title\":\"About\",\"slug\":\"about\",\"postDate\":1488803700,\"expiryDate\":null,\"enabled\":1,\"parentId\":null,\"fields\":{\"1\":\"<p>One morning, when Gregor Samsa woke from troubled dreams, he found himself transformed in his bed into a horrible vermin. He lay on his armour-like back, and if he lifted his head a little he could see his brown belly, slightly domed and divided by arches into stiff sections. The bedding was hardly able to cover it and seemed ready to slide off any moment. His many legs, pitifully thin compared with the size of the rest of him, waved about helplessly as he looked. \\\"What\'s happened to me?\\\" he thought. It wasn\'t a dream. His room, a proper human room although a little too small, lay peacefully between its four familiar walls. A collection of textile samples lay spread out on the table - Samsa was a travelling salesman - and above it there hung a picture that he had recently cut out of an illustrated magazine and housed in a nice, gilded frame. It showed a lady fitted out with a fur hat and fur boa who sat upright, raising a heavy fur muff that covered the whole of her lower arm towards the viewer. Gregor then turned to look out the window at the dull weather. Drops<\\/p>\",\"36\":{\"59\":{\"type\":\"workers\",\"enabled\":\"1\",\"fields\":{\"data\":[\"54\",\"55\",\"56\",\"57\"]}},\"60\":{\"type\":\"h2\",\"enabled\":\"1\",\"fields\":{\"data\":\"Monarch Manor\"}},\"new1\":{\"type\":\"subheader\",\"enabled\":\"1\",\"fields\":{\"data\":\"Our mission is to help you grow your business.\"}},\"62\":{\"type\":\"text\",\"enabled\":\"1\",\"fields\":{\"data\":\"<p>We believe natural and organic products complement our hair and skin creating beautiful results without harming our environment. Through our small-batch processes, we provide exceptional natural and organic bath and beauty products to wholesale companies that sell under their brands, as well as DIY makers and crafters. When you work with Essential Wholesale & Labs you can be confident you\\u2019re buying high-quality products and sustainably sourced ingredients. Whether you\\u2019re looking for ready-made products like USDA Certified Organic Hemp Acai Body Butter, bases such our Aloe & Jojoba Lotion, Essential Oils, Additives, Clays, or Melt & Pour products, you can trust them for yourself, your customers, your family, and your business. We strive to provide exceptional customer service, and to produce relevant recipes, blogs, and DIY videos about the products, ingredients, and business side of natural and organic skin care.<\\/p>\"}},\"63\":{\"type\":\"html\",\"enabled\":\"1\",\"fields\":{\"data\":\"<div class=\\\"two-columns\\\">\"}},\"64\":{\"type\":\"text\",\"enabled\":\"1\",\"fields\":{\"data\":\"<ul><li><a href=\\\"http:\\/\\/mm.dev\\/about.html#\\\">Glass or plastic bottles<\\/a><\\/li><li><a href=\\\"http:\\/\\/mm.dev\\/about.html#\\\">Glass or plastic jars<\\/a><\\/li><li><a href=\\\"http:\\/\\/mm.dev\\/about.html#\\\">Round Tubes (40 ml to 236 ml - some size restrictions so please talk with your account executive)<\\/a><\\/li><li><a href=\\\"http:\\/\\/mm.dev\\/about.html#\\\">Logo Imprinted Foil Samples in 10 ml to 15 ml sizes<\\/a><\\/li><li><a href=\\\"http:\\/\\/mm.dev\\/about.html#\\\">Deodorant Tubes<\\/a><\\/li><li><a href=\\\"http:\\/\\/mm.dev\\/about.html#\\\">15 oz. Sun Sticks<\\/a><\\/li><li><a href=\\\"http:\\/\\/mm.dev\\/about.html#\\\">Melt & Pour tins<\\/a><\\/li><li><a href=\\\"http:\\/\\/mm.dev\\/about.html#\\\">Distribution and logistics (with 3rd party local partner)<\\/a><\\/li><\\/ul>\\r\\n<ul><li><a href=\\\"http:\\/\\/mm.dev\\/about.html#\\\">Manual or Machine Label<\\/a><\\/li><li><a href=\\\"http:\\/\\/mm.dev\\/about.html#\\\">Lot Coding<\\/a><\\/li><li><a href=\\\"http:\\/\\/mm.dev\\/about.html#\\\">Shrink banding<\\/a><\\/li><li><a href=\\\"http:\\/\\/mm.dev\\/about.html#\\\">Pressure and Heat Induction Sealing<\\/a><\\/li><li><a href=\\\"http:\\/\\/mm.dev\\/about.html#\\\">Retail Boxing<\\/a><\\/li><li><a href=\\\"http:\\/\\/mm.dev\\/about.html#\\\">Fulfillment by Amazon Kitting<\\/a><\\/li><li><a href=\\\"http:\\/\\/mm.dev\\/about.html#\\\">Pick Pack and Ship (with 3rd party local partner)<\\/a><\\/li><\\/ul>\\r\\n<p><br><\\/p>\"}},\"65\":{\"type\":\"html\",\"enabled\":\"1\",\"fields\":{\"data\":\"<\\/div>\"}}},\"33\":{\"58\":{\"type\":\"header\",\"enabled\":\"1\",\"fields\":{\"image\":[\"53\"],\"text\":\"About\\r\\nstore\"}}}}}','2017-03-15 15:24:33','2017-03-15 15:24:33','d9778478-ddaa-40b7-9599-0e1a90394594'),(19,67,3,1,'en_us',1,'','{\"typeId\":null,\"authorId\":\"1\",\"title\":\"Terms of service\",\"slug\":\"terms-of-service\",\"postDate\":1489591539,\"expiryDate\":null,\"enabled\":1,\"parentId\":null,\"fields\":{\"1\":\"Terms of service\",\"36\":\"\",\"33\":\"\"}}','2017-03-15 15:25:39','2017-03-15 15:25:39','65c4b762-1769-47f8-8c1d-285f583af256'),(20,68,3,1,'en_us',1,'','{\"typeId\":null,\"authorId\":\"1\",\"title\":\"Custom formulation section\",\"slug\":\"custom-formulation-section\",\"postDate\":1489591562,\"expiryDate\":null,\"enabled\":1,\"parentId\":null,\"fields\":{\"1\":\"\",\"36\":\"\",\"33\":\"\"}}','2017-03-15 15:26:02','2017-03-15 15:26:02','38ec790d-8692-48a7-bff8-63b793a4283c'),(21,69,3,1,'en_us',1,'','{\"typeId\":null,\"authorId\":\"1\",\"title\":\"Shipping\",\"slug\":\"shipping\",\"postDate\":1489591574,\"expiryDate\":null,\"enabled\":1,\"parentId\":null,\"fields\":{\"1\":\"\",\"36\":\"\",\"33\":\"\"}}','2017-03-15 15:26:14','2017-03-15 15:26:14','1769e3f3-e0e7-46fa-9476-20fc0b2ed9a7'),(22,2,1,1,'en_us',5,'','{\"typeId\":null,\"authorId\":null,\"title\":\"Homepage\",\"slug\":\"homepage\",\"postDate\":1488791954,\"expiryDate\":null,\"enabled\":1,\"parentId\":null,\"fields\":{\"1\":\"<p>Its good. About how far ahead are you going? Right, and where am I gonna be? Okay, but I don\'t know what to say. You can\'t, uh, that is, uh, nobody\'s home.<\\/p>\",\"3\":[\"117\",\"118\",\"119\",\"120\",\"121\",\"122\",\"123\",\"124\"],\"27\":{\"new1\":{\"type\":\"slide\",\"enabled\":\"1\",\"fields\":{\"image\":[\"125\"],\"header\":\"25% Off\",\"text\":\"<p>February spring deal <br>for all health products<\\/p>\",\"linkText\":\"\",\"linkUrl\":\"\"}}},\"45\":{\"new2\":{\"type\":\"category\",\"enabled\":\"1\",\"fields\":{\"data\":[\"72\"]}},\"new3\":{\"type\":\"category\",\"enabled\":\"1\",\"fields\":{\"data\":[\"72\"]}},\"new4\":{\"type\":\"category\",\"enabled\":\"1\",\"fields\":{\"data\":[\"72\"]}},\"new5\":{\"type\":\"category\",\"enabled\":\"1\",\"fields\":{\"data\":[\"72\"]}},\"new6\":{\"type\":\"category\",\"enabled\":\"1\",\"fields\":{\"data\":[\"72\"]}},\"new7\":{\"type\":\"category\",\"enabled\":\"1\",\"fields\":{\"data\":[\"72\"]}},\"new8\":{\"type\":\"category\",\"enabled\":\"1\",\"fields\":{\"data\":[\"72\"]}},\"new9\":{\"type\":\"category\",\"enabled\":\"1\",\"fields\":{\"data\":[\"72\"]}},\"new10\":{\"type\":\"category\",\"enabled\":\"1\",\"fields\":{\"data\":[\"72\"]}},\"new1\":{\"type\":\"html\",\"enabled\":\"1\",\"fields\":{\"cssClass\":\"long\",\"data\":\"<strong class=\\\"ttl\\\">25% Off <span>Healthy teas<\\/span><\\/strong>\\r\\n        <img src=\\\"assets\\/images\\/img-11.png\\\" alt=\\\"image\\\">\\r\\n        <a href=\\\"#\\\" class=\\\"btn\\\">Shop now<\\/a>\"}}}}}','2017-03-15 16:43:21','2017-03-15 16:43:21','fc587849-e58c-4c4b-bb0f-4d80a1fecf8c'),(23,2,1,1,'en_us',6,'','{\"typeId\":null,\"authorId\":null,\"title\":\"Homepage\",\"slug\":\"homepage\",\"postDate\":1488791954,\"expiryDate\":null,\"enabled\":1,\"parentId\":null,\"fields\":{\"1\":\"<p>Its good. About how far ahead are you going? Right, and where am I gonna be? Okay, but I don\'t know what to say. You can\'t, uh, that is, uh, nobody\'s home.<\\/p>\",\"3\":[\"117\",\"118\",\"119\",\"120\",\"121\",\"122\",\"123\",\"124\"],\"27\":{\"126\":{\"type\":\"slide\",\"enabled\":\"1\",\"fields\":{\"image\":[\"125\"],\"header\":\"25% Off\",\"text\":\"<p>February spring deal <br>for all health products<\\/p>\",\"linkText\":\"Shop now\",\"linkUrl\":\"\\/shop\"}}},\"45\":{\"127\":{\"type\":\"category\",\"enabled\":\"1\",\"fields\":{\"data\":[\"72\",\"31\"]}},\"128\":{\"type\":\"category\",\"enabled\":\"1\",\"fields\":{\"data\":[\"72\",\"32\"]}},\"129\":{\"type\":\"category\",\"enabled\":\"1\",\"fields\":{\"data\":[\"72\",\"33\"]}},\"130\":{\"type\":\"category\",\"enabled\":\"1\",\"fields\":{\"data\":[\"72\",\"34\"]}},\"131\":{\"type\":\"category\",\"enabled\":\"1\",\"fields\":{\"data\":[\"72\",\"35\"]}},\"132\":{\"type\":\"category\",\"enabled\":\"1\",\"fields\":{\"data\":[\"72\",\"36\"]}},\"133\":{\"type\":\"category\",\"enabled\":\"1\",\"fields\":{\"data\":[\"72\",\"37\"]}},\"134\":{\"type\":\"category\",\"enabled\":\"1\",\"fields\":{\"data\":[\"72\",\"38\"]}},\"135\":{\"type\":\"category\",\"enabled\":\"1\",\"fields\":{\"data\":[\"72\",\"39\"]}},\"136\":{\"type\":\"html\",\"enabled\":\"1\",\"fields\":{\"cssClass\":\"long\",\"data\":\"<strong class=\\\"ttl\\\">25% Off <span>Healthy teas<\\/span><\\/strong>\\r\\n        <img src=\\\"assets\\/images\\/img-11.png\\\" alt=\\\"image\\\">\\r\\n        <a href=\\\"#\\\" class=\\\"btn\\\">Shop now<\\/a>\"}}}}}','2017-03-15 16:48:17','2017-03-15 16:48:17','93c2a994-99fc-4ef5-aa1f-2bb1ad0dc6a7'),(24,138,8,1,'en_us',1,'','{\"typeId\":null,\"authorId\":\"1\",\"title\":\"test\",\"slug\":\"test\",\"postDate\":1489602499,\"expiryDate\":null,\"enabled\":1,\"parentId\":null,\"fields\":{\"1\":\"\",\"36\":{\"new1\":{\"type\":\"gallery\",\"enabled\":\"1\",\"fields\":{\"data\":[\"81\",\"90\"]}}},\"33\":\"\",\"15\":\"\"}}','2017-03-15 18:28:19','2017-03-15 18:28:19','b76f718b-3ef7-4e12-b6aa-5f2e3075673a'),(25,144,9,1,'en_us',1,NULL,'{\"typeId\":\"9\",\"authorId\":null,\"title\":\"Shop\",\"slug\":\"shop\",\"postDate\":1489604992,\"expiryDate\":null,\"enabled\":1,\"parentId\":null,\"fields\":[]}','2017-03-15 19:09:52','2017-03-15 19:09:52','bf249b2f-a81f-473a-a666-fbba8f68fcda'),(26,146,9,1,'en_us',1,'','{\"typeId\":null,\"authorId\":\"1\",\"title\":\"Products\",\"slug\":\"products\",\"postDate\":1489680360,\"expiryDate\":null,\"enabled\":1,\"parentId\":\"\",\"fields\":{\"1\":\"\",\"33\":\"\",\"56\":{\"seoMainEntityCategory\":\"CreativeWork\",\"seoMainEntityOfPage\":\"WebPage\",\"seoTitleSource\":\"field\",\"seoTitleSourceField\":\"title\",\"seoTitleUnparsed\":\"\",\"seoDescriptionSource\":\"custom\",\"seoDescriptionSourceField\":\"title\",\"seoDescriptionUnparsed\":\"\",\"seoKeywordsSource\":\"custom\",\"seoKeywordsSourceField\":\"title\",\"seoKeywordsUnparsed\":\"\",\"seoImageIdSource\":\"custom\",\"seoImageId\":\"\",\"seoImageTransform\":\"\",\"twitterCardType\":\"\",\"seoTwitterImageIdSource\":\"custom\",\"seoTwitterImageId\":\"\",\"seoTwitterImageTransform\":\"\",\"openGraphType\":\"\",\"seoFacebookImageIdSource\":\"custom\",\"seoFacebookImageId\":\"\",\"seoFacebookImageTransform\":\"\",\"robots\":\"\"}}}','2017-03-16 16:07:18','2017-03-16 16:07:18','95105f06-4667-430a-a9a6-965075e6b3ca'),(27,147,9,1,'en_us',1,'','{\"typeId\":null,\"authorId\":\"1\",\"title\":\"Ingredients\",\"slug\":\"ingredients\",\"postDate\":1489680463,\"expiryDate\":null,\"enabled\":1,\"parentId\":\"144\",\"fields\":{\"1\":\"\",\"33\":\"\",\"56\":{\"seoMainEntityCategory\":\"CreativeWork\",\"seoMainEntityOfPage\":\"WebPage\",\"seoTitleSource\":\"field\",\"seoTitleSourceField\":\"title\",\"seoTitleUnparsed\":\"\",\"seoDescriptionSource\":\"custom\",\"seoDescriptionSourceField\":\"title\",\"seoDescriptionUnparsed\":\"\",\"seoKeywordsSource\":\"custom\",\"seoKeywordsSourceField\":\"title\",\"seoKeywordsUnparsed\":\"\",\"seoImageIdSource\":\"custom\",\"seoImageId\":\"\",\"seoImageTransform\":\"\",\"twitterCardType\":\"\",\"seoTwitterImageIdSource\":\"custom\",\"seoTwitterImageId\":\"\",\"seoTwitterImageTransform\":\"\",\"openGraphType\":\"\",\"seoFacebookImageIdSource\":\"custom\",\"seoFacebookImageId\":\"\",\"seoFacebookImageTransform\":\"\",\"robots\":\"\"}}}','2017-03-16 16:07:44','2017-03-16 16:07:44','f07efb66-3757-4451-8c44-4329cadc50f7'),(28,151,9,1,'en_us',1,'','{\"typeId\":null,\"authorId\":\"1\",\"title\":\"Cart\",\"slug\":\"cart\",\"postDate\":1489761629,\"expiryDate\":null,\"enabled\":1,\"parentId\":\"\",\"fields\":{\"1\":\"\",\"33\":\"\",\"56\":{\"seoMainEntityCategory\":\"CreativeWork\",\"seoMainEntityOfPage\":\"WebPage\",\"seoTitleSource\":\"field\",\"seoTitleSourceField\":\"title\",\"seoTitleUnparsed\":\"\",\"seoDescriptionSource\":\"custom\",\"seoDescriptionSourceField\":\"title\",\"seoDescriptionUnparsed\":\"\",\"seoKeywordsSource\":\"custom\",\"seoKeywordsSourceField\":\"title\",\"seoKeywordsUnparsed\":\"\",\"seoImageIdSource\":\"custom\",\"seoImageId\":\"\",\"seoImageTransform\":\"\",\"twitterCardType\":\"\",\"seoTwitterImageIdSource\":\"custom\",\"seoTwitterImageId\":\"\",\"seoTwitterImageTransform\":\"\",\"openGraphType\":\"\",\"seoFacebookImageIdSource\":\"custom\",\"seoFacebookImageId\":\"\",\"seoFacebookImageTransform\":\"\",\"robots\":\"\"}}}','2017-03-17 14:40:29','2017-03-17 14:40:29','4b494fd3-bf75-47cb-8c64-460d4ab1c5bd'),(29,151,9,1,'en_us',2,'','{\"typeId\":\"9\",\"authorId\":\"1\",\"title\":\"Cart\",\"slug\":\"cart\",\"postDate\":1489761600,\"expiryDate\":null,\"enabled\":1,\"parentId\":\"144\",\"fields\":{\"1\":\"\",\"33\":{\"new1\":{\"type\":\"header\",\"enabled\":\"1\",\"fields\":{\"image\":[\"53\"],\"text\":\"\"}}},\"56\":{\"seoMainEntityCategory\":\"CreativeWork\",\"seoMainEntityOfPage\":\"WebPage\",\"seoTitleSource\":\"field\",\"seoTitleSourceField\":\"title\",\"seoTitleUnparsed\":\"Cart\",\"seoDescriptionSource\":\"custom\",\"seoDescriptionSourceField\":\"title\",\"seoDescriptionUnparsed\":\"\",\"seoKeywordsSource\":\"custom\",\"seoKeywordsSourceField\":\"title\",\"seoKeywordsUnparsed\":\"\",\"seoImageIdSource\":\"custom\",\"seoImageId\":\"\",\"seoImageTransform\":\"\",\"twitterCardType\":\"\",\"seoTwitterImageIdSource\":\"custom\",\"seoTwitterImageId\":\"\",\"seoTwitterImageTransform\":\"\",\"openGraphType\":\"\",\"seoFacebookImageIdSource\":\"custom\",\"seoFacebookImageId\":\"\",\"seoFacebookImageTransform\":\"\",\"robots\":\"\"}}}','2017-03-17 14:45:06','2017-03-17 14:45:06','729ff856-6a43-45ac-93b7-78323b567805'),(30,151,9,1,'en_us',3,'','{\"typeId\":\"9\",\"authorId\":\"1\",\"title\":\"Cart\",\"slug\":\"cart\",\"postDate\":1489761600,\"expiryDate\":null,\"enabled\":1,\"parentId\":\"144\",\"fields\":{\"1\":\"<p>Your cart is empty.&nbsp;<\\/p>\",\"33\":{\"152\":{\"type\":\"header\",\"enabled\":\"1\",\"fields\":{\"image\":[\"53\"],\"text\":\"\"}}},\"56\":{\"seoMainEntityCategory\":\"CreativeWork\",\"seoMainEntityOfPage\":\"WebPage\",\"seoTitleSource\":\"field\",\"seoTitleSourceField\":\"title\",\"seoTitleUnparsed\":\"Cart\",\"seoDescriptionSource\":\"custom\",\"seoDescriptionSourceField\":\"title\",\"seoDescriptionUnparsed\":\"\",\"seoKeywordsSource\":\"custom\",\"seoKeywordsSourceField\":\"title\",\"seoKeywordsUnparsed\":\"\",\"seoImageIdSource\":\"custom\",\"seoImageId\":\"\",\"seoImageTransform\":\"\",\"twitterCardType\":\"\",\"seoTwitterImageIdSource\":\"custom\",\"seoTwitterImageId\":\"\",\"seoTwitterImageTransform\":\"\",\"openGraphType\":\"\",\"seoFacebookImageIdSource\":\"custom\",\"seoFacebookImageId\":\"\",\"seoFacebookImageTransform\":\"\",\"robots\":\"\"}}}','2017-03-17 14:51:08','2017-03-17 14:51:08','6097b712-6adc-4907-943a-e4b321e64363'),(31,151,9,1,'en_us',4,'','{\"typeId\":\"9\",\"authorId\":\"1\",\"title\":\"Cart\",\"slug\":\"cart\",\"postDate\":1489761600,\"expiryDate\":null,\"enabled\":1,\"parentId\":\"144\",\"fields\":{\"1\":\"<p>Your cart is empty.&nbsp;<\\/p>\",\"33\":{\"152\":{\"type\":\"header\",\"enabled\":\"1\",\"fields\":{\"image\":[\"53\"],\"text\":\"\"}}},\"56\":{\"seoMainEntityCategory\":\"CreativeWork\",\"seoMainEntityOfPage\":\"WebPage\",\"seoTitleSource\":\"field\",\"seoTitleSourceField\":\"title\",\"seoTitleUnparsed\":\"Cart\",\"seoDescriptionSource\":\"custom\",\"seoDescriptionSourceField\":\"title\",\"seoDescriptionUnparsed\":\"\",\"seoKeywordsSource\":\"custom\",\"seoKeywordsSourceField\":\"title\",\"seoKeywordsUnparsed\":\"\",\"seoImageIdSource\":\"custom\",\"seoImageId\":\"\",\"seoImageTransform\":\"\",\"twitterCardType\":\"\",\"seoTwitterImageIdSource\":\"custom\",\"seoTwitterImageId\":\"\",\"seoTwitterImageTransform\":\"\",\"openGraphType\":\"\",\"seoFacebookImageIdSource\":\"custom\",\"seoFacebookImageId\":\"\",\"seoFacebookImageTransform\":\"\",\"robots\":\"\"},\"57\":\"\\/shop\\/cart.html\"}}','2017-03-17 15:00:13','2017-03-17 15:00:13','7f285ec9-dc0a-4dc4-baa0-9d1877a5cb59'),(32,138,8,1,'en_us',2,'','{\"typeId\":\"8\",\"authorId\":\"1\",\"title\":\"test\",\"slug\":\"test\",\"postDate\":1489602480,\"expiryDate\":null,\"enabled\":1,\"parentId\":null,\"fields\":{\"1\":\"\",\"36\":{\"new1\":{\"type\":\"video\",\"enabled\":\"1\",\"fields\":{\"data\":[\"159\"]}}},\"33\":\"\",\"15\":\"\"}}','2017-03-19 09:37:07','2017-03-19 09:37:07','1f12b800-aa9a-4d81-aab4-18f270136f03'),(33,138,8,1,'en_us',3,'','{\"typeId\":\"8\",\"authorId\":\"1\",\"title\":\"test\",\"slug\":\"test\",\"postDate\":1489602480,\"expiryDate\":null,\"enabled\":1,\"parentId\":null,\"fields\":{\"1\":\"<p>Main text<\\/p>\",\"36\":{\"160\":{\"type\":\"video\",\"enabled\":\"1\",\"fields\":{\"data\":[\"159\"]}},\"new1\":{\"type\":\"gallery\",\"enabled\":\"1\",\"fields\":{\"data\":[\"162\",\"161\",\"163\",\"164\",\"165\"]}},\"new2\":{\"type\":\"text\",\"enabled\":\"1\",\"fields\":{\"data\":\"<p>Some extra text<\\/p>\"}}},\"33\":\"\",\"15\":\"\"}}','2017-03-19 09:41:39','2017-03-19 09:41:39','e788356c-553a-4b36-9441-4a50d0b3a098'),(34,138,8,1,'en_us',4,'','{\"typeId\":\"8\",\"authorId\":\"1\",\"title\":\"test\",\"slug\":\"test\",\"postDate\":1489602480,\"expiryDate\":null,\"enabled\":1,\"parentId\":null,\"fields\":{\"1\":\"<p>Main text<\\/p>\",\"36\":{\"160\":{\"type\":\"video\",\"enabled\":\"1\",\"fields\":{\"data\":[\"159\"]}},\"166\":{\"type\":\"gallery\",\"enabled\":\"1\",\"fields\":{\"data\":[\"162\",\"161\",\"163\",\"164\",\"165\"]}},\"167\":{\"type\":\"text\",\"enabled\":\"1\",\"fields\":{\"data\":\"<p>Some extra text<\\/p>\"}}},\"33\":\"\",\"15\":[\"78\"]}}','2017-03-19 09:42:09','2017-03-19 09:42:09','6f6714f3-9872-440f-81a4-08b8bbf6d6fb'),(35,168,10,1,'en_us',1,NULL,'{\"typeId\":\"10\",\"authorId\":null,\"title\":\"Learning Library\",\"slug\":\"learning-library\",\"postDate\":1489917184,\"expiryDate\":null,\"enabled\":1,\"parentId\":null,\"fields\":[]}','2017-03-19 09:53:04','2017-03-19 09:53:04','2345ab24-b2b8-4cd0-91ac-6c35d8766432'),(36,168,10,1,'en_us',2,'','{\"typeId\":null,\"authorId\":null,\"title\":\"Learning Library\",\"slug\":\"learning-library\",\"postDate\":1489917184,\"expiryDate\":null,\"enabled\":1,\"parentId\":null,\"fields\":{\"1\":\"\",\"33\":\"\",\"61\":[\"142\"],\"56\":{\"seoMainEntityCategory\":\"CreativeWork\",\"seoMainEntityOfPage\":\"WebPage\",\"seoTitleSource\":\"field\",\"seoTitleSourceField\":\"title\",\"seoTitleUnparsed\":\"\",\"seoDescriptionSource\":\"custom\",\"seoDescriptionSourceField\":\"title\",\"seoDescriptionUnparsed\":\"\",\"seoKeywordsSource\":\"custom\",\"seoKeywordsSourceField\":\"title\",\"seoKeywordsUnparsed\":\"\",\"seoImageIdSource\":\"custom\",\"seoImageId\":\"\",\"seoImageTransform\":\"\",\"twitterCardType\":\"\",\"seoTwitterImageIdSource\":\"custom\",\"seoTwitterImageId\":\"\",\"seoTwitterImageTransform\":\"\",\"openGraphType\":\"\",\"seoFacebookImageIdSource\":\"custom\",\"seoFacebookImageId\":\"\",\"seoFacebookImageTransform\":\"\",\"robots\":\"\"}}}','2017-03-20 06:48:02','2017-03-20 06:48:02','96a2af9e-7d09-481e-8d0e-265f628461af'),(37,169,9,1,'en_us',1,'','{\"typeId\":null,\"authorId\":\"1\",\"title\":\"Checkout\",\"slug\":\"checkout\",\"postDate\":1489996270,\"expiryDate\":null,\"enabled\":1,\"parentId\":\"144\",\"fields\":{\"1\":\"\",\"33\":\"\",\"56\":{\"seoMainEntityCategory\":\"CreativeWork\",\"seoMainEntityOfPage\":\"WebPage\",\"seoTitleSource\":\"field\",\"seoTitleSourceField\":\"title\",\"seoTitleUnparsed\":\"\",\"seoDescriptionSource\":\"custom\",\"seoDescriptionSourceField\":\"title\",\"seoDescriptionUnparsed\":\"\",\"seoKeywordsSource\":\"custom\",\"seoKeywordsSourceField\":\"title\",\"seoKeywordsUnparsed\":\"\",\"seoImageIdSource\":\"custom\",\"seoImageId\":\"\",\"seoImageTransform\":\"\",\"twitterCardType\":\"\",\"seoTwitterImageIdSource\":\"custom\",\"seoTwitterImageId\":\"\",\"seoTwitterImageTransform\":\"\",\"openGraphType\":\"\",\"seoFacebookImageIdSource\":\"custom\",\"seoFacebookImageId\":\"\",\"seoFacebookImageTransform\":\"\",\"robots\":\"\"},\"57\":\"\\/shop\\/checkout.html\"}}','2017-03-20 07:51:10','2017-03-20 07:51:10','b6f591d4-c4da-42db-945a-d7d2069187ca'),(38,170,9,1,'en_us',1,'','{\"typeId\":null,\"authorId\":\"1\",\"title\":\"Payment\",\"slug\":\"payment\",\"postDate\":1489996309,\"expiryDate\":null,\"enabled\":1,\"parentId\":\"144\",\"fields\":{\"1\":\"\",\"33\":\"\",\"56\":{\"seoMainEntityCategory\":\"CreativeWork\",\"seoMainEntityOfPage\":\"WebPage\",\"seoTitleSource\":\"field\",\"seoTitleSourceField\":\"title\",\"seoTitleUnparsed\":\"\",\"seoDescriptionSource\":\"custom\",\"seoDescriptionSourceField\":\"title\",\"seoDescriptionUnparsed\":\"\",\"seoKeywordsSource\":\"custom\",\"seoKeywordsSourceField\":\"title\",\"seoKeywordsUnparsed\":\"\",\"seoImageIdSource\":\"custom\",\"seoImageId\":\"\",\"seoImageTransform\":\"\",\"twitterCardType\":\"\",\"seoTwitterImageIdSource\":\"custom\",\"seoTwitterImageId\":\"\",\"seoTwitterImageTransform\":\"\",\"openGraphType\":\"\",\"seoFacebookImageIdSource\":\"custom\",\"seoFacebookImageId\":\"\",\"seoFacebookImageTransform\":\"\",\"robots\":\"\"},\"57\":\"\"}}','2017-03-20 07:51:49','2017-03-20 07:51:49','e659065e-af4f-4fc3-a356-c9fdb7efae96'),(39,170,9,1,'en_us',2,'','{\"typeId\":\"9\",\"authorId\":\"1\",\"title\":\"Payment\",\"slug\":\"payment\",\"postDate\":1489996260,\"expiryDate\":null,\"enabled\":1,\"parentId\":\"144\",\"fields\":{\"1\":\"\",\"33\":\"\",\"56\":{\"seoMainEntityCategory\":\"CreativeWork\",\"seoMainEntityOfPage\":\"WebPage\",\"seoTitleSource\":\"field\",\"seoTitleSourceField\":\"title\",\"seoTitleUnparsed\":\"Payment\",\"seoDescriptionSource\":\"custom\",\"seoDescriptionSourceField\":\"title\",\"seoDescriptionUnparsed\":\"\",\"seoKeywordsSource\":\"custom\",\"seoKeywordsSourceField\":\"title\",\"seoKeywordsUnparsed\":\"\",\"seoImageIdSource\":\"custom\",\"seoImageId\":\"\",\"seoImageTransform\":\"\",\"twitterCardType\":\"\",\"seoTwitterImageIdSource\":\"custom\",\"seoTwitterImageId\":\"\",\"seoTwitterImageTransform\":\"\",\"openGraphType\":\"\",\"seoFacebookImageIdSource\":\"custom\",\"seoFacebookImageId\":\"\",\"seoFacebookImageTransform\":\"\",\"robots\":\"\"},\"57\":\"\\/shop\\/payment.html\"}}','2017-03-20 07:51:58','2017-03-20 07:51:58','71e6a407-4780-487d-9c53-0a094666cb3b'),(40,169,9,1,'en_us',2,'','{\"typeId\":\"9\",\"authorId\":\"1\",\"title\":\"Checkout\",\"slug\":\"checkout\",\"postDate\":1489996260,\"expiryDate\":null,\"enabled\":1,\"parentId\":\"144\",\"fields\":{\"1\":\"\",\"33\":{\"new1\":{\"type\":\"header\",\"enabled\":\"1\",\"fields\":{\"image\":[\"53\"],\"text\":\"\"}}},\"56\":{\"seoMainEntityCategory\":\"CreativeWork\",\"seoMainEntityOfPage\":\"WebPage\",\"seoTitleSource\":\"field\",\"seoTitleSourceField\":\"title\",\"seoTitleUnparsed\":\"Checkout\",\"seoDescriptionSource\":\"custom\",\"seoDescriptionSourceField\":\"title\",\"seoDescriptionUnparsed\":\"\",\"seoKeywordsSource\":\"custom\",\"seoKeywordsSourceField\":\"title\",\"seoKeywordsUnparsed\":\"\",\"seoImageIdSource\":\"custom\",\"seoImageId\":\"\",\"seoImageTransform\":\"\",\"twitterCardType\":\"\",\"seoTwitterImageIdSource\":\"custom\",\"seoTwitterImageId\":\"\",\"seoTwitterImageTransform\":\"\",\"openGraphType\":\"\",\"seoFacebookImageIdSource\":\"custom\",\"seoFacebookImageId\":\"\",\"seoFacebookImageTransform\":\"\",\"robots\":\"\"},\"57\":\"\\/shop\\/checkout.html\"}}','2017-03-20 09:44:07','2017-03-20 09:44:07','913502fd-820f-414b-99a0-7cb21a04c8fa'),(41,170,9,1,'en_us',3,'','{\"typeId\":\"9\",\"authorId\":\"1\",\"title\":\"Payment\",\"slug\":\"payment\",\"postDate\":1489996260,\"expiryDate\":null,\"enabled\":1,\"parentId\":\"144\",\"fields\":{\"1\":\"\",\"33\":{\"new1\":{\"type\":\"header\",\"enabled\":\"1\",\"fields\":{\"image\":[\"53\"],\"text\":\"\"}}},\"56\":{\"seoMainEntityCategory\":\"CreativeWork\",\"seoMainEntityOfPage\":\"WebPage\",\"seoTitleSource\":\"field\",\"seoTitleSourceField\":\"title\",\"seoTitleUnparsed\":\"Payment\",\"seoDescriptionSource\":\"custom\",\"seoDescriptionSourceField\":\"title\",\"seoDescriptionUnparsed\":\"\",\"seoKeywordsSource\":\"custom\",\"seoKeywordsSourceField\":\"title\",\"seoKeywordsUnparsed\":\"\",\"seoImageIdSource\":\"custom\",\"seoImageId\":\"\",\"seoImageTransform\":\"\",\"twitterCardType\":\"\",\"seoTwitterImageIdSource\":\"custom\",\"seoTwitterImageId\":\"\",\"seoTwitterImageTransform\":\"\",\"openGraphType\":\"\",\"seoFacebookImageIdSource\":\"custom\",\"seoFacebookImageId\":\"\",\"seoFacebookImageTransform\":\"\",\"robots\":\"\"},\"57\":\"\\/shop\\/payment.html\"}}','2017-03-20 09:44:22','2017-03-20 09:44:22','2438277d-8877-4a94-a9fc-9ba7d39ee422'),(42,173,9,1,'en_us',1,'','{\"typeId\":null,\"authorId\":\"1\",\"title\":\"Search\",\"slug\":\"search\",\"postDate\":1490003548,\"expiryDate\":null,\"enabled\":1,\"parentId\":\"\",\"fields\":{\"1\":\"<p>Nothing found :(<\\/p>\",\"33\":{\"new1\":{\"type\":\"header\",\"enabled\":\"1\",\"fields\":{\"image\":[\"53\"],\"text\":\"Search results\"}}},\"56\":{\"seoMainEntityCategory\":\"CreativeWork\",\"seoMainEntityOfPage\":\"WebPage\",\"seoTitleSource\":\"field\",\"seoTitleSourceField\":\"title\",\"seoTitleUnparsed\":\"\",\"seoDescriptionSource\":\"custom\",\"seoDescriptionSourceField\":\"title\",\"seoDescriptionUnparsed\":\"\",\"seoKeywordsSource\":\"custom\",\"seoKeywordsSourceField\":\"title\",\"seoKeywordsUnparsed\":\"\",\"seoImageIdSource\":\"custom\",\"seoImageId\":\"\",\"seoImageTransform\":\"\",\"twitterCardType\":\"\",\"seoTwitterImageIdSource\":\"custom\",\"seoTwitterImageId\":\"\",\"seoTwitterImageTransform\":\"\",\"openGraphType\":\"\",\"seoFacebookImageIdSource\":\"custom\",\"seoFacebookImageId\":\"\",\"seoFacebookImageTransform\":\"\",\"robots\":\"\"},\"57\":\"\\/search\\/index.html\"}}','2017-03-20 09:52:29','2017-03-20 09:52:29','b1bd86c5-5bc9-4ae2-a552-1dec81fb4f9a'),(43,175,3,1,'en_us',1,'','{\"typeId\":null,\"authorId\":\"1\",\"title\":\"Account Benefits\",\"slug\":\"account-benefits\",\"postDate\":1490077992,\"expiryDate\":null,\"enabled\":1,\"parentId\":null,\"fields\":{\"1\":\"\",\"36\":\"\",\"33\":\"\"}}','2017-03-21 06:33:12','2017-03-21 06:33:12','26cb6e94-669d-4eae-98a5-9d44dda1665b'),(44,138,8,1,'en_us',5,'','{\"typeId\":\"8\",\"authorId\":\"1\",\"title\":\"test\",\"slug\":\"test\",\"postDate\":1489602480,\"expiryDate\":null,\"enabled\":1,\"parentId\":null,\"fields\":{\"1\":\"<p>Main text<\\/p>\",\"36\":{\"160\":{\"type\":\"video\",\"enabled\":\"1\",\"fields\":{\"data\":[\"180\"]}},\"166\":{\"type\":\"gallery\",\"enabled\":\"1\",\"fields\":{\"data\":[\"162\",\"161\",\"163\",\"164\",\"165\"]}},\"167\":{\"type\":\"text\",\"enabled\":\"1\",\"fields\":{\"data\":\"<p>Some extra text<\\/p>\"}}},\"33\":\"\",\"15\":[\"78\"],\"56\":{\"seoMainEntityCategory\":\"CreativeWork\",\"seoMainEntityOfPage\":\"WebPage\",\"seoTitleSource\":\"field\",\"seoTitleSourceField\":\"title\",\"seoTitleUnparsed\":\"\",\"seoDescriptionSource\":\"custom\",\"seoDescriptionSourceField\":\"title\",\"seoDescriptionUnparsed\":\"\",\"seoKeywordsSource\":\"custom\",\"seoKeywordsSourceField\":\"title\",\"seoKeywordsUnparsed\":\"\",\"seoImageIdSource\":\"custom\",\"seoImageIdSourceField\":\"images\",\"seoImageId\":\"\",\"seoImageTransform\":\"\",\"twitterCardType\":\"\",\"seoTwitterImageIdSource\":\"custom\",\"seoTwitterImageIdSourceField\":\"images\",\"seoTwitterImageId\":\"\",\"seoTwitterImageTransform\":\"\",\"openGraphType\":\"\",\"seoFacebookImageIdSource\":\"custom\",\"seoFacebookImageIdSourceField\":\"images\",\"seoFacebookImageId\":\"\",\"seoFacebookImageTransform\":\"\",\"robots\":\"\"}}}','2017-03-24 15:00:12','2017-03-24 15:00:12','321ee36f-d8c8-4286-9f6e-0f034163829a'),(45,2,1,177,'en_us',7,'','{\"typeId\":null,\"authorId\":null,\"title\":\"Homepage\",\"slug\":\"homepage\",\"postDate\":1488791954,\"expiryDate\":null,\"enabled\":1,\"parentId\":null,\"fields\":{\"1\":\"<p>Its good. About how far ahead are you going? Right, and where am I gonna be? Okay, but I don\'t know what to say. You can\'t, uh, that is, uh, nobody\'s home.<\\/p>\",\"3\":[\"117\",\"118\",\"119\",\"120\",\"121\",\"122\",\"123\",\"124\"],\"27\":{\"126\":{\"type\":\"slide\",\"enabled\":\"1\",\"fields\":{\"image\":[\"181\"],\"header\":\"25% Off\",\"text\":\"\",\"video\":[\"181\"],\"linkText\":\"\",\"linkUrl\":\"\",\"rheader\":\"25% Off\",\"rtext\":\"<p>February spring deal&nbsp;<br>for all health products<\\/p>\",\"rlinkText\":\"Shop now\",\"rlinkUrl\":\"\\/shop\",\"rvideo\":\"\"}}},\"45\":{\"127\":{\"type\":\"productCategory\",\"enabled\":\"1\",\"fields\":{\"data\":[\"31\"]}},\"128\":{\"type\":\"productCategory\",\"enabled\":\"1\",\"fields\":{\"data\":[\"31\"]}},\"129\":{\"type\":\"productCategory\",\"enabled\":\"1\",\"fields\":{\"data\":[\"33\"]}},\"130\":{\"type\":\"productCategory\",\"enabled\":\"1\",\"fields\":{\"data\":[\"34\"]}},\"131\":{\"type\":\"productCategory\",\"enabled\":\"1\",\"fields\":{\"data\":[\"35\"]}},\"132\":{\"type\":\"productCategory\",\"enabled\":\"1\",\"fields\":{\"data\":[\"36\"]}},\"133\":{\"type\":\"productCategory\",\"enabled\":\"1\",\"fields\":{\"data\":[\"37\"]}},\"134\":{\"type\":\"productCategory\",\"enabled\":\"1\",\"fields\":{\"data\":[\"38\"]}},\"135\":{\"type\":\"productCategory\",\"enabled\":\"1\",\"fields\":{\"data\":[\"39\"]}},\"136\":{\"type\":\"html\",\"enabled\":\"1\",\"fields\":{\"cssClass\":\"long\",\"data\":\"<strong class=\\\"ttl\\\">25% Off <span>Healthy teas<\\/span><\\/strong>\\r\\n        <img src=\\\"assets\\/images\\/img-11.png\\\" alt=\\\"image\\\">\\r\\n        <a href=\\\"#\\\" class=\\\"btn\\\">Shop now<\\/a>\"}}}}}','2017-03-24 16:13:18','2017-03-24 16:13:18','23e8ac19-66b3-4356-9126-63dc4d19f9a8'),(46,2,1,177,'en_us',8,'','{\"typeId\":null,\"authorId\":null,\"title\":\"Homepage\",\"slug\":\"homepage\",\"postDate\":1488791954,\"expiryDate\":null,\"enabled\":1,\"parentId\":null,\"fields\":{\"1\":\"<p>Its good. About how far ahead are you going? Right, and where am I gonna be? Okay, but I don\'t know what to say. You can\'t, uh, that is, uh, nobody\'s home.<\\/p>\",\"3\":[\"117\",\"118\",\"119\",\"120\",\"121\",\"122\",\"123\",\"124\"],\"27\":{\"126\":{\"type\":\"slide\",\"enabled\":\"1\",\"fields\":{\"image\":[\"181\"],\"header\":\"\",\"text\":\"\",\"video\":[\"182\"],\"linkText\":\"\",\"linkUrl\":\"\",\"rheader\":\"25% Off\",\"rtext\":\"<p>February spring deal&nbsp;<br>for all health products<\\/p>\",\"rlinkText\":\"Shop now\",\"rlinkUrl\":\"\\/shop\",\"rvideo\":\"\"}}},\"45\":{\"127\":{\"type\":\"productCategory\",\"enabled\":\"1\",\"fields\":{\"data\":[\"31\"]}},\"128\":{\"type\":\"productCategory\",\"enabled\":\"1\",\"fields\":{\"data\":[\"31\"]}},\"129\":{\"type\":\"productCategory\",\"enabled\":\"1\",\"fields\":{\"data\":[\"33\"]}},\"130\":{\"type\":\"productCategory\",\"enabled\":\"1\",\"fields\":{\"data\":[\"34\"]}},\"131\":{\"type\":\"productCategory\",\"enabled\":\"1\",\"fields\":{\"data\":[\"35\"]}},\"132\":{\"type\":\"productCategory\",\"enabled\":\"1\",\"fields\":{\"data\":[\"36\"]}},\"133\":{\"type\":\"productCategory\",\"enabled\":\"1\",\"fields\":{\"data\":[\"37\"]}},\"134\":{\"type\":\"productCategory\",\"enabled\":\"1\",\"fields\":{\"data\":[\"38\"]}},\"135\":{\"type\":\"productCategory\",\"enabled\":\"1\",\"fields\":{\"data\":[\"39\"]}},\"136\":{\"type\":\"html\",\"enabled\":\"1\",\"fields\":{\"cssClass\":\"long\",\"data\":\"<strong class=\\\"ttl\\\">25% Off <span>Healthy teas<\\/span><\\/strong>\\r\\n        <img src=\\\"assets\\/images\\/img-11.png\\\" alt=\\\"image\\\">\\r\\n        <a href=\\\"#\\\" class=\\\"btn\\\">Shop now<\\/a>\"}}}}}','2017-03-24 16:13:42','2017-03-24 16:13:42','ff640fad-619b-4260-822a-fdb735955775'),(47,69,3,177,'en_us',2,'','{\"typeId\":\"3\",\"authorId\":\"1\",\"title\":\"Shipping\",\"slug\":\"shipping\",\"postDate\":1489591560,\"expiryDate\":null,\"enabled\":1,\"parentId\":null,\"fields\":{\"1\":\"<p><img src=\\\"http:\\/\\/dev.monarchmanor.org\\/\\/images\\/img-10.png#asset:86\\\" alt=\\\"\\\" title=\\\"\\\" style=\\\"float: left; width: 294px; height: 218px; margin: 0px 10px 10px 0px;\\\" width=\\\"294\\\" height=\\\"218\\\">Independent apartment in a villa with a splendid view over the Gulf of Rupione:&nbsp;<br>1 living room with terrace with sea view: dining area, table and parasol, 1 bedroom with double bed 160, 1 fully equipped kitchen, Washing machine, and nice privative swimming pool with large terrace, sun baths and parasols.&nbsp;<br>2mn walk from the beach of Rupione.&nbsp;<br>Accommodation is perfect for couples, families and four-legged companions.<\\/p><p>Independent apartment in a villa with a splendid view over the Gulf of Rupione:&nbsp;<br>1 living room with terrace with sea view: dining area, table and parasol, 1 bedroom with double bed 160, 1 fully equipped kitchen, Washing machine, and nice privative swimming pool with large terrace, sun baths and parasols.&nbsp;<\\/p><p>klsdjkLSAJDL<\\/p><p>LKasjdlkasjd<\\/p><table><tbody><tr><td>USPC<\\/td><td>FEDEX<\\/td><td>USPS<\\/td><\\/tr><tr><td>adf<\\/td><td>adfs<\\/td><td>asdf<\\/td><\\/tr><\\/tbody><\\/table><p><br>S<\\/p><p><br>2mn walk from the beach of Rupione.&nbsp;<br>Accommodation is perfect for couples, families and four-legged companions. <br><\\/p><p><br><strong>Download this file:<\\/strong><\\/p><p><a href=\\\"http:\\/\\/dev.monarchmanor.org\\/\\/images\\/embed_Healthy-Chocolate-Milkshake-Vegan.json#asset:182\\\">Healthy Chocolate Milkshake (Vegan)<\\/a><br><\\/p><p><br><\\/p><h2>Why not a video?<\\/h2><div class=\\\"video-container\\\"><iframe style=\\\"width: 500px; height: 281px;\\\" src=\\\"\\/\\/www.youtube.com\\/embed\\/jmyLSQ0REmo\\\" frameborder=\\\"0\\\" allowfullscreen=\\\"\\\"><\\/iframe><\\/div><p><br><\\/p>\",\"36\":\"\",\"33\":\"\"}}','2017-03-26 22:42:45','2017-03-26 22:42:45','556c1efa-87ad-4623-9f11-90218fdd3c4f'),(48,22,3,177,'en_us',6,'','{\"typeId\":\"3\",\"authorId\":\"1\",\"title\":\"About\",\"slug\":\"about\",\"postDate\":1488803700,\"expiryDate\":null,\"enabled\":1,\"parentId\":null,\"fields\":{\"1\":\"<p>One morning, when Gregor Samsa woke from troubled dreams, he found himself transformed in his bed into a horrible vermin. He lay on his armour-like back, and if he lifted his head a little he could see his brown belly, slightly domed and divided by arches into stiff sections. The bedding was hardly able to cover it and seemed ready to slide off any moment. His many legs, pitifully thin compared with the size of the rest of him, waved about helplessly as he looked. \\\"What\'s happened to me?\\\" he thought. It wasn\'t a dream. His room, a proper human room although a little too small, lay peacefully between its four familiar walls. A collection of textile samples lay spread out on the table - Samsa was a travelling salesman - and above it there hung a picture that he had recently cut out of an illustrated magazine and housed in a nice, gilded frame. It showed a lady fitted out with a fur hat and fur boa who sat upright, raising a heavy fur muff that covered the whole of her lower arm towards the viewer. Gregor then turned to look out the window at the dull weather. Drops<\\/p>\",\"36\":{\"59\":{\"type\":\"workers\",\"enabled\":\"1\",\"fields\":{\"data\":[\"54\",\"55\",\"56\",\"57\"]}},\"62\":{\"type\":\"text\",\"enabled\":\"1\",\"fields\":{\"data\":\"<p>We believe natural and organic products complement our hair and skin creating beautiful results without harming our environment. Through our small-batch processes, we provide exceptional natural and organic bath and beauty products to wholesale companies that sell under their brands, as well as DIY makers and crafters. When you work with Essential Wholesale & Labs you can be confident you\\u2019re buying high-quality products and sustainably sourced ingredients. Whether you\\u2019re looking for ready-made products like USDA Certified Organic Hemp Acai Body Butter, bases such our Aloe & Jojoba Lotion, Essential Oils, Additives, Clays, or Melt & Pour products, you can trust them for yourself, your customers, your family, and your business. We strive to provide exceptional customer service, and to produce relevant recipes, blogs, and DIY videos about the products, ingredients, and business side of natural and organic skin care.<\\/p>\"}},\"63\":{\"type\":\"html\",\"enabled\":\"1\",\"fields\":{\"data\":\"<div class=\\\"two-columns\\\">\"}},\"64\":{\"type\":\"text\",\"enabled\":\"1\",\"fields\":{\"data\":\"<ul><li><a href=\\\"http:\\/\\/mm.dev\\/about.html#\\\">Glass or plastic bottles<\\/a><\\/li><li><a href=\\\"http:\\/\\/mm.dev\\/about.html#\\\">Glass or plastic jars<\\/a><\\/li><li><a href=\\\"http:\\/\\/mm.dev\\/about.html#\\\">Round Tubes (40 ml to 236 ml - some size restrictions so please talk with your account executive)<\\/a><\\/li><li><a href=\\\"http:\\/\\/mm.dev\\/about.html#\\\">Logo Imprinted Foil Samples in 10 ml to 15 ml sizes<\\/a><\\/li><li><a href=\\\"http:\\/\\/mm.dev\\/about.html#\\\">Deodorant Tubes<\\/a><\\/li><li><a href=\\\"http:\\/\\/mm.dev\\/about.html#\\\">15 oz. Sun Sticks<\\/a><\\/li><li><a href=\\\"http:\\/\\/mm.dev\\/about.html#\\\">Melt & Pour tins<\\/a><\\/li><li><a href=\\\"http:\\/\\/mm.dev\\/about.html#\\\">Distribution and logistics (with 3rd party local partner)<\\/a><\\/li><\\/ul><ul><li><a href=\\\"http:\\/\\/mm.dev\\/about.html#\\\">Manual or Machine Label<\\/a><\\/li><li><a href=\\\"http:\\/\\/mm.dev\\/about.html#\\\">Lot Coding<\\/a><\\/li><li><a href=\\\"http:\\/\\/mm.dev\\/about.html#\\\">Shrink banding<\\/a><\\/li><li><a href=\\\"http:\\/\\/mm.dev\\/about.html#\\\">Pressure and Heat Induction Sealing<\\/a><\\/li><li><a href=\\\"http:\\/\\/mm.dev\\/about.html#\\\">Retail Boxing<\\/a><\\/li><li><a href=\\\"http:\\/\\/mm.dev\\/about.html#\\\">Fulfillment by Amazon Kitting<\\/a><\\/li><li><a href=\\\"http:\\/\\/mm.dev\\/about.html#\\\">Pick Pack and Ship (with 3rd party local partner)<\\/a><\\/li><\\/ul><p><br><\\/p>\"}},\"65\":{\"type\":\"html\",\"enabled\":\"1\",\"fields\":{\"data\":\"<\\/div>\"}},\"new1\":{\"type\":\"twoEqualColumns\",\"enabled\":\"1\",\"fields\":{\"col1\":\"<ul><li><a href=\\\"http:\\/\\/mm.dev\\/about.html#\\\">Glass or plastic bottles<\\/a><\\/li><li><a href=\\\"http:\\/\\/mm.dev\\/about.html#\\\">Glass or plastic jars<\\/a><\\/li><li><a href=\\\"http:\\/\\/mm.dev\\/about.html#\\\">Round Tubes (40 ml to 236 ml - some size restrictions so please talk with your account executive)<\\/a><\\/li><li><a href=\\\"http:\\/\\/mm.dev\\/about.html#\\\">Logo Imprinted Foil Samples in 10 ml to 15 ml sizes<\\/a><\\/li><li><a href=\\\"http:\\/\\/mm.dev\\/about.html#\\\">Deodorant Tubes<\\/a><\\/li><li><a href=\\\"http:\\/\\/mm.dev\\/about.html#\\\">15 oz. Sun Sticks<\\/a><\\/li><li><a href=\\\"http:\\/\\/mm.dev\\/about.html#\\\">Melt & Pour tins<\\/a><\\/li><li><a href=\\\"http:\\/\\/mm.dev\\/about.html#\\\">Distribution and logistics (with 3rd party local partner)<\\/a><\\/li><\\/ul>\",\"col2\":\"<ul><li><a href=\\\"http:\\/\\/mm.dev\\/about.html#\\\">Manual or Machine Label<\\/a><\\/li><li><a href=\\\"http:\\/\\/mm.dev\\/about.html#\\\">Lot Coding<\\/a><\\/li><li><a href=\\\"http:\\/\\/mm.dev\\/about.html#\\\">Shrink banding<\\/a><\\/li><li><a href=\\\"http:\\/\\/mm.dev\\/about.html#\\\">Pressure and Heat Induction Sealing<\\/a><\\/li><li><a href=\\\"http:\\/\\/mm.dev\\/about.html#\\\">Retail Boxing<\\/a><\\/li><li><a href=\\\"http:\\/\\/mm.dev\\/about.html#\\\">Fulfillment by Amazon Kitting<\\/a><\\/li><li><a href=\\\"http:\\/\\/mm.dev\\/about.html#\\\">Pick Pack and Ship (with 3rd party local partner)<\\/a><\\/li><\\/ul>\"}}},\"33\":{\"58\":{\"type\":\"header\",\"enabled\":\"1\",\"fields\":{\"image\":[\"53\"],\"text\":\"About\\r\\nstore\"}}}}}','2017-03-29 12:52:14','2017-03-29 12:52:14','a704c527-dd7c-4106-8e5d-a1c1cfcb1b17'),(49,22,3,177,'en_us',7,'','{\"typeId\":\"3\",\"authorId\":\"1\",\"title\":\"About\",\"slug\":\"about\",\"postDate\":1488803700,\"expiryDate\":null,\"enabled\":1,\"parentId\":null,\"fields\":{\"1\":\"<p>One morning, when Gregor Samsa woke from troubled dreams, he found himself transformed in his bed into a horrible vermin. He lay on his armour-like back, and if he lifted his head a little he could see his brown belly, slightly domed and divided by arches into stiff sections. The bedding was hardly able to cover it and seemed ready to slide off any moment. His many legs, pitifully thin compared with the size of the rest of him, waved about helplessly as he looked. \\\"What\'s happened to me?\\\" he thought. It wasn\'t a dream. His room, a proper human room although a little too small, lay peacefully between its four familiar walls. A collection of textile samples lay spread out on the table - Samsa was a travelling salesman - and above it there hung a picture that he had recently cut out of an illustrated magazine and housed in a nice, gilded frame. It showed a lady fitted out with a fur hat and fur boa who sat upright, raising a heavy fur muff that covered the whole of her lower arm towards the viewer. Gregor then turned to look out the window at the dull weather. Drops<\\/p>\",\"36\":{\"59\":{\"type\":\"workers\",\"enabled\":\"1\",\"fields\":{\"data\":[\"54\",\"55\",\"56\",\"57\"]}},\"62\":{\"type\":\"text\",\"enabled\":\"1\",\"fields\":{\"data\":\"<p>We believe natural and organic products complement our hair and skin creating beautiful results without harming our environment. Through our small-batch processes, we provide exceptional natural and organic bath and beauty products to wholesale companies that sell under their brands, as well as DIY makers and crafters. When you work with Essential Wholesale & Labs you can be confident you\\u2019re buying high-quality products and sustainably sourced ingredients. Whether you\\u2019re looking for ready-made products like USDA Certified Organic Hemp Acai Body Butter, bases such our Aloe & Jojoba Lotion, Essential Oils, Additives, Clays, or Melt & Pour products, you can trust them for yourself, your customers, your family, and your business. We strive to provide exceptional customer service, and to produce relevant recipes, blogs, and DIY videos about the products, ingredients, and business side of natural and organic skin care.<\\/p>\",\"rowMargin\":\"no\"}},\"63\":{\"type\":\"html\",\"enabled\":\"1\",\"fields\":{\"data\":\"<div class=\\\"two-columns\\\">\",\"rowMargin\":\"no\"}},\"64\":{\"type\":\"text\",\"enabled\":\"1\",\"fields\":{\"data\":\"<ul><li><a href=\\\"http:\\/\\/mm.dev\\/about.html#\\\">Glass or plastic bottles<\\/a><\\/li><li><a href=\\\"http:\\/\\/mm.dev\\/about.html#\\\">Glass or plastic jars<\\/a><\\/li><li><a href=\\\"http:\\/\\/mm.dev\\/about.html#\\\">Round Tubes (40 ml to 236 ml - some size restrictions so please talk with your account executive)<\\/a><\\/li><li><a href=\\\"http:\\/\\/mm.dev\\/about.html#\\\">Logo Imprinted Foil Samples in 10 ml to 15 ml sizes<\\/a><\\/li><li><a href=\\\"http:\\/\\/mm.dev\\/about.html#\\\">Deodorant Tubes<\\/a><\\/li><li><a href=\\\"http:\\/\\/mm.dev\\/about.html#\\\">15 oz. Sun Sticks<\\/a><\\/li><li><a href=\\\"http:\\/\\/mm.dev\\/about.html#\\\">Melt & Pour tins<\\/a><\\/li><li><a href=\\\"http:\\/\\/mm.dev\\/about.html#\\\">Distribution and logistics (with 3rd party local partner)<\\/a><\\/li><\\/ul><ul><li><a href=\\\"http:\\/\\/mm.dev\\/about.html#\\\">Manual or Machine Label<\\/a><\\/li><li><a href=\\\"http:\\/\\/mm.dev\\/about.html#\\\">Lot Coding<\\/a><\\/li><li><a href=\\\"http:\\/\\/mm.dev\\/about.html#\\\">Shrink banding<\\/a><\\/li><li><a href=\\\"http:\\/\\/mm.dev\\/about.html#\\\">Pressure and Heat Induction Sealing<\\/a><\\/li><li><a href=\\\"http:\\/\\/mm.dev\\/about.html#\\\">Retail Boxing<\\/a><\\/li><li><a href=\\\"http:\\/\\/mm.dev\\/about.html#\\\">Fulfillment by Amazon Kitting<\\/a><\\/li><li><a href=\\\"http:\\/\\/mm.dev\\/about.html#\\\">Pick Pack and Ship (with 3rd party local partner)<\\/a><\\/li><\\/ul><p><br><\\/p>\",\"rowMargin\":\"no\"}},\"65\":{\"type\":\"html\",\"enabled\":\"1\",\"fields\":{\"data\":\"<\\/div>\",\"rowMargin\":\"no\"}},\"194\":{\"type\":\"twoEqualColumns\",\"enabled\":\"1\",\"fields\":{\"col1\":\"<ul><li><a href=\\\"http:\\/\\/mm.dev\\/about.html#\\\">Glass or plastic bottles<\\/a><\\/li><li><a href=\\\"http:\\/\\/mm.dev\\/about.html#\\\">Glass or plastic jars<\\/a><\\/li><li><a href=\\\"http:\\/\\/mm.dev\\/about.html#\\\">Round Tubes (40 ml to 236 ml - some size restrictions so please talk with your account executive)<\\/a><\\/li><li><a href=\\\"http:\\/\\/mm.dev\\/about.html#\\\">Logo Imprinted Foil Samples in 10 ml to 15 ml sizes<\\/a><\\/li><li><a href=\\\"http:\\/\\/mm.dev\\/about.html#\\\">Deodorant Tubes<\\/a><\\/li><li><a href=\\\"http:\\/\\/mm.dev\\/about.html#\\\">15 oz. Sun Sticks<\\/a><\\/li><li><a href=\\\"http:\\/\\/mm.dev\\/about.html#\\\">Melt & Pour tins<\\/a><\\/li><li><a href=\\\"http:\\/\\/mm.dev\\/about.html#\\\">Distribution and logistics (with 3rd party local partner)<\\/a><\\/li><\\/ul>\",\"col2\":\"<ul><li><a href=\\\"http:\\/\\/mm.dev\\/about.html#\\\">Manual or Machine Label<\\/a><\\/li><li><a href=\\\"http:\\/\\/mm.dev\\/about.html#\\\">Lot Coding<\\/a><\\/li><li><a href=\\\"http:\\/\\/mm.dev\\/about.html#\\\">Shrink banding<\\/a><\\/li><li><a href=\\\"http:\\/\\/mm.dev\\/about.html#\\\">Pressure and Heat Induction Sealing<\\/a><\\/li><li><a href=\\\"http:\\/\\/mm.dev\\/about.html#\\\">Retail Boxing<\\/a><\\/li><li><a href=\\\"http:\\/\\/mm.dev\\/about.html#\\\">Fulfillment by Amazon Kitting<\\/a><\\/li><li><a href=\\\"http:\\/\\/mm.dev\\/about.html#\\\">Pick Pack and Ship (with 3rd party local partner)<\\/a><\\/li><\\/ul>\"}}},\"33\":{\"58\":{\"type\":\"header\",\"enabled\":\"1\",\"fields\":{\"image\":[\"53\"],\"text\":\"About\\r\\nstore\"}}}}}','2017-03-29 14:37:10','2017-03-29 14:37:10','c96611e6-37ba-4109-8cd5-37a093f3e219'),(50,22,3,177,'en_us',8,'','{\"typeId\":\"3\",\"authorId\":\"1\",\"title\":\"About\",\"slug\":\"about\",\"postDate\":1488803700,\"expiryDate\":null,\"enabled\":1,\"parentId\":null,\"fields\":{\"1\":\"<p>One morning, when Gregor Samsa woke from troubled dreams, he found himself transformed in his bed into a horrible vermin. He lay on his armour-like back, and if he lifted his head a little he could see his brown belly, slightly domed and divided by arches into stiff sections. The bedding was hardly able to cover it and seemed ready to slide off any moment. His many legs, pitifully thin compared with the size of the rest of him, waved about helplessly as he looked. \\\"What\'s happened to me?\\\" he thought. It wasn\'t a dream. His room, a proper human room although a little too small, lay peacefully between its four familiar walls. A collection of textile samples lay spread out on the table - Samsa was a travelling salesman - and above it there hung a picture that he had recently cut out of an illustrated magazine and housed in a nice, gilded frame. It showed a lady fitted out with a fur hat and fur boa who sat upright, raising a heavy fur muff that covered the whole of her lower arm towards the viewer. Gregor then turned to look out the window at the dull weather. Drops<\\/p>\",\"36\":{\"59\":{\"type\":\"workers\",\"enabled\":\"1\",\"fields\":{\"data\":[\"54\",\"55\",\"56\",\"57\"]}},\"62\":{\"type\":\"text\",\"enabled\":\"1\",\"fields\":{\"data\":\"<p>We believe natural and organic products complement our hair and skin creating beautiful results without harming our environment. Through our small-batch processes, we provide exceptional natural and organic bath and beauty products to wholesale companies that sell under their brands, as well as DIY makers and crafters. When you work with Essential Wholesale & Labs you can be confident you\\u2019re buying high-quality products and sustainably sourced ingredients. Whether you\\u2019re looking for ready-made products like USDA Certified Organic Hemp Acai Body Butter, bases such our Aloe & Jojoba Lotion, Essential Oils, Additives, Clays, or Melt & Pour products, you can trust them for yourself, your customers, your family, and your business. We strive to provide exceptional customer service, and to produce relevant recipes, blogs, and DIY videos about the products, ingredients, and business side of natural and organic skin care.<\\/p>\",\"rowMargin\":\"no\"}},\"194\":{\"type\":\"twoEqualColumns\",\"enabled\":\"1\",\"fields\":{\"col1\":\"<ul><li><a href=\\\"http:\\/\\/mm.dev\\/about.html#\\\">Glass or plastic bottles<\\/a><\\/li><li><a href=\\\"http:\\/\\/mm.dev\\/about.html#\\\">Glass or plastic jars<\\/a><\\/li><li><a href=\\\"http:\\/\\/mm.dev\\/about.html#\\\">Round Tubes (40 ml to 236 ml - some size restrictions so please talk with your account executive)<\\/a><\\/li><li><a href=\\\"http:\\/\\/mm.dev\\/about.html#\\\">Logo Imprinted Foil Samples in 10 ml to 15 ml sizes<\\/a><\\/li><li><a href=\\\"http:\\/\\/mm.dev\\/about.html#\\\">Deodorant Tubes<\\/a><\\/li><li><a href=\\\"http:\\/\\/mm.dev\\/about.html#\\\">15 oz. Sun Sticks<\\/a><\\/li><li><a href=\\\"http:\\/\\/mm.dev\\/about.html#\\\">Melt & Pour tins<\\/a><\\/li><li><a href=\\\"http:\\/\\/mm.dev\\/about.html#\\\">Distribution and logistics (with 3rd party local partner)<\\/a><\\/li><\\/ul>\",\"col2\":\"<ul><li><a href=\\\"http:\\/\\/mm.dev\\/about.html#\\\">Manual or Machine Label<\\/a><\\/li><li><a href=\\\"http:\\/\\/mm.dev\\/about.html#\\\">Lot Coding<\\/a><\\/li><li><a href=\\\"http:\\/\\/mm.dev\\/about.html#\\\">Shrink banding<\\/a><\\/li><li><a href=\\\"http:\\/\\/mm.dev\\/about.html#\\\">Pressure and Heat Induction Sealing<\\/a><\\/li><li><a href=\\\"http:\\/\\/mm.dev\\/about.html#\\\">Retail Boxing<\\/a><\\/li><li><a href=\\\"http:\\/\\/mm.dev\\/about.html#\\\">Fulfillment by Amazon Kitting<\\/a><\\/li><li><a href=\\\"http:\\/\\/mm.dev\\/about.html#\\\">Pick Pack and Ship (with 3rd party local partner)<\\/a><\\/li><\\/ul>\"}},\"new1\":{\"type\":\"twoEqualColumns\",\"enabled\":\"1\",\"fields\":{\"col1\":\"<h3>This is the Benefit descriptio<\\/h3><p>Lorem ipsum dolor sit amet, consectetur adipisicing elit, sed do eiusmod tempor incididunt ut labore et dolore magna aliqua. Ut enim ad minim veniam, quis nostrud exercitation ullamco laboris nisi ut aliquip ex ea commodo consequat. Duis aute irure dolor in reprehenderit in voluptate velit esse cillum dolore eu fugiat nulla pariatur. Excepteur sint occaecat cupidatat non proident, sunt in culpa qui officia deserunt mollit anim id est laborum. <br><\\/p>\",\"col2\":\"<h3>The INgredients are:<\\/h3><p>At vero eos et accusamus et iusto odio dignissimos ducimus qui blanditiis praesentium voluptatum deleniti atque corrupti quos dolores et quas molestias excepturi sint occaecati cupiditate non provident, similique sunt in culpa qui officia deserunt mollitia animi, id est laborum et dolorum fuga. Et harum quidem rerum facilis est et expedita distinctio. Nam libero tempore, cum soluta nobis est eligendi optio cumque nihil impedit quo minus id quod maxime placeat facere possimus, omnis voluptas assumenda est, omnis dolor repellendus. Temporibus autem quibusdam et aut officiis debitis aut rerum necessitatibus saepe eveniet ut et voluptates repudiandae sint et molestiae non recusandae. Itaque earum rerum hic tenetur a sapiente delectus, ut aut reiciendis voluptatibus maiores alias consequatur aut perferendis doloribus asperiores repellat. <br><\\/p><p>Lorem ipsum dolor sit amet, consectetur adipisicing elit, sed do eiusmod tempor incididunt ut labore et dolore magna aliqua. Ut enim ad minim veniam, quis nostrud exercitation ullamco laboris nisi ut aliquip ex ea commodo consequat. Duis aute irure dolor in reprehenderit in voluptate velit esse cillum dolore eu fugiat nulla pariatur. Excepteur sint occaecat cupidatat non proident, sunt in culpa qui officia deserunt mollit anim id est laborum. <br><\\/p>\"}},\"new3\":{\"type\":\"text\",\"enabled\":\"1\",\"fields\":{\"data\":\"<h2>HERE IS SOEMTHIGN COOL<\\/h2><p>Lorem ipsum dolor sit amet, consectetur adipisicing elit, sed do eiusmod tempor incididunt ut labore et dolore magna aliqua. Ut enim ad minim veniam, quis nostrud exercitation ullamco laboris nisi ut aliquip ex ea commodo consequat. Duis aute irure dolor in reprehenderit in voluptate velit esse cillum dolore eu fugiat nulla pariatur. Excepteur sint occaecat cupidatat non proident, sunt in culpa qui officia deserunt mollit anim id est laborum.<\\/p><p>At vero eos et accusamus et iusto odio dignissimos ducimus qui blanditiis praesentium voluptatum deleniti atque corrupti quos dolores et quas molestias excepturi sint occaecati cupiditate non provident, similique sunt in culpa qui officia deserunt mollitia animi, id est laborum et dolorum fuga. Et harum quidem rerum facilis est et expedita distinctio. Nam libero tempore, cum soluta nobis est eligendi optio cumque nihil impedit quo minus id quod maxime placeat facere possimus, omnis voluptas assumenda est, omnis dolor repellendus. Temporibus autem quibusdam et aut officiis debitis aut rerum necessitatibus saepe eveniet ut et voluptates repudiandae sint et molestiae non recusandae. Itaque earum rerum hic tenetur a sapiente delectus, ut aut reiciendis voluptatibus maiores alias consequatur aut perferendis doloribus asperiores repellat. <br><\\/p>\",\"rowMargin\":\"medium\"}},\"new2\":{\"type\":\"video\",\"enabled\":\"1\",\"fields\":{\"data\":[\"195\"]}}},\"33\":{\"58\":{\"type\":\"header\",\"enabled\":\"1\",\"fields\":{\"image\":[\"53\"],\"text\":\"About\\r\\nstore\"}}}}}','2017-03-29 14:43:55','2017-03-29 14:43:55','e92ee9eb-52e8-4ced-9054-5f9c3c42a938'),(51,200,3,177,'en_us',1,'','{\"typeId\":null,\"authorId\":\"177\",\"title\":\"Coming Soon\",\"slug\":\"coming-soon\",\"postDate\":1492010848,\"expiryDate\":null,\"enabled\":1,\"parentId\":null,\"fields\":{\"1\":\"<blockquote>Its&nbsp;good. About how far ahead are you going? Right, and where am I gonna be? Okay, but I don\'t know what to say. You can\'t, uh, that is, uh, nobody\'s home.<\\/blockquote><p>Rick, Founder Monarch Manor<\\/p>\",\"36\":{\"new1\":{\"type\":\"video\",\"enabled\":\"1\",\"fields\":{\"data\":[\"199\"]}}},\"33\":{\"new1\":{\"type\":\"header\",\"enabled\":\"1\",\"fields\":{\"image\":\"\",\"text\":\"<p>Care for your health<\\/p>\\r\\n<h2>Coming Soon<\\/h2>\"}}}}}','2017-04-12 15:27:28','2017-04-12 15:27:28','2bbd1af9-55f0-4708-89bc-64ac09bcb9d8'),(52,200,3,177,'en_us',2,'','{\"typeId\":\"3\",\"authorId\":\"177\",\"title\":\"Coming Soon\",\"slug\":\"coming-soon\",\"postDate\":1492010820,\"expiryDate\":null,\"enabled\":1,\"parentId\":null,\"fields\":{\"1\":\"<blockquote>Its&nbsp;good. About how far ahead are you going? Right, and where am I gonna be? Okay, but I don\'t know what to say. You can\'t, uh, that is, uh, nobody\'s home.<br><br>Rick, Founder Monarch Manor<\\/blockquote><p><br><\\/p>\",\"36\":{\"202\":{\"type\":\"video\",\"enabled\":\"1\",\"fields\":{\"data\":[\"199\"]}}},\"33\":{\"201\":{\"type\":\"header\",\"enabled\":\"1\",\"fields\":{\"image\":\"\",\"text\":\"<p>Care for your health<\\/p>\\r\\n<h2>Coming Soon<\\/h2>\"}}}}}','2017-04-12 15:54:34','2017-04-12 15:54:34','4d9f455e-d5e4-4b61-87a9-bda7b3d06e81'),(53,200,3,178,'en_us',3,'','{\"typeId\":\"3\",\"authorId\":\"177\",\"title\":\"Coming Soon\",\"slug\":\"coming-soon\",\"postDate\":1492010820,\"expiryDate\":null,\"enabled\":1,\"parentId\":null,\"fields\":{\"1\":\"<blockquote>Happy to see you made it to the new website that will be up and running very soon. Please subscribe to our email list so we can inform you when we launch and grandfather you in for special discounts before launch. Until then, stay healthy!<em><\\/em><br>Rick, Founder Monarch Manor<\\/blockquote><p><br><\\/p>\",\"36\":{\"202\":{\"type\":\"video\",\"enabled\":\"1\",\"fields\":{\"data\":[\"199\"]}}},\"33\":{\"201\":{\"type\":\"header\",\"enabled\":\"1\",\"fields\":{\"image\":\"\",\"text\":\"<p>Care for your health<\\/p>\\r\\n<h2>Monarch Manor Farms Coming Soon<\\/h2>\"}}}}}','2017-04-12 16:08:01','2017-04-12 16:08:01','00294ea5-1caa-4be4-bc28-2b018564aee4'),(54,200,3,178,'en_us',4,'','{\"typeId\":\"3\",\"authorId\":\"177\",\"title\":\"Coming Soon\",\"slug\":\"coming-soon\",\"postDate\":1492010820,\"expiryDate\":null,\"enabled\":1,\"parentId\":null,\"fields\":{\"1\":\"<blockquote>Happy to see you made it to the new website that will be up and running very soon. Please subscribe to our email list so we can inform you when we launch and grandfather you in for special discounts before launch. Until then, stay healthy!<em><\\/em><br>Rick, Founder Monarch Manor<\\/blockquote><p><br><\\/p>\",\"36\":{\"202\":{\"type\":\"video\",\"enabled\":\"1\",\"fields\":{\"data\":[\"199\"]}}},\"33\":{\"201\":{\"type\":\"header\",\"enabled\":\"1\",\"fields\":{\"image\":\"\",\"text\":\"<p>Care for your health<\\/p>\\r\\n<h2>Monarch Manor Farms Coming Soon<\\/h2>\"}}}}}','2017-04-12 16:09:13','2017-04-12 16:09:13','bebe8caf-a962-435b-a8a4-560f8959127f'),(55,2,1,177,'en_us',9,'','{\"typeId\":null,\"authorId\":null,\"title\":\"Homepage\",\"slug\":\"homepage\",\"postDate\":1488791954,\"expiryDate\":null,\"enabled\":1,\"parentId\":null,\"fields\":{\"1\":\"<p>Its good. About how far ahead are you going? Right, and where am I gonna be? Okay, but I don\'t know what to say. You can\'t, uh, that is, uh, nobody\'s home.<\\/p>\",\"3\":[\"117\",\"118\",\"119\",\"120\",\"121\",\"122\",\"123\",\"124\"],\"27\":{\"126\":{\"type\":\"slide\",\"enabled\":\"1\",\"fields\":{\"image\":[\"181\"],\"header\":\"\",\"text\":\"\",\"video\":[\"182\"],\"linkText\":\"\",\"linkUrl\":\"\",\"rheader\":\"25% Off\",\"rtext\":\"<p>February spring deal&nbsp;<br>for all health products<\\/p>\",\"rlinkText\":\"Shop now\",\"rlinkUrl\":\"\\/shop\",\"rvideo\":\"\"}}},\"45\":{\"127\":{\"type\":\"productCategory\",\"enabled\":\"1\",\"fields\":{\"data\":[\"31\"]}},\"129\":{\"type\":\"productCategory\",\"enabled\":\"1\",\"fields\":{\"data\":[\"33\"]}},\"130\":{\"type\":\"productCategory\",\"enabled\":\"1\",\"fields\":{\"data\":[\"34\"]}},\"131\":{\"type\":\"productCategory\",\"enabled\":\"1\",\"fields\":{\"data\":[\"35\"]}},\"132\":{\"type\":\"productCategory\",\"enabled\":\"1\",\"fields\":{\"data\":[\"36\"]}},\"133\":{\"type\":\"productCategory\",\"enabled\":\"1\",\"fields\":{\"data\":[\"37\"]}},\"134\":{\"type\":\"productCategory\",\"enabled\":\"1\",\"fields\":{\"data\":[\"38\"]}},\"135\":{\"type\":\"productCategory\",\"enabled\":\"1\",\"fields\":{\"data\":[\"39\"]}},\"136\":{\"type\":\"html\",\"enabled\":\"1\",\"fields\":{\"cssClass\":\"long\",\"data\":\"<strong class=\\\"ttl\\\">25% Off <span>Healthy teas<\\/span><\\/strong>\\r\\n        <img src=\\\"assets\\/images\\/img-11.png\\\" alt=\\\"image\\\">\\r\\n        <a href=\\\"#\\\" class=\\\"btn\\\">Shop now<\\/a>\"}}}}}','2017-04-12 21:16:13','2017-04-12 21:16:13','33ca5a4d-765a-4a69-9ba7-b3c786e75bfd'),(56,2,1,177,'en_us',10,'','{\"typeId\":null,\"authorId\":null,\"title\":\"Homepage\",\"slug\":\"homepage\",\"postDate\":1488791954,\"expiryDate\":null,\"enabled\":1,\"parentId\":null,\"fields\":{\"1\":\"<p>Its good. About how far ahead are you going? Right, and where am I gonna be? Okay, but I don\'t know what to say. You can\'t, uh, that is, uh, nobody\'s home.<\\/p>\",\"3\":[\"117\",\"118\",\"119\",\"120\",\"121\",\"122\",\"123\",\"124\"],\"27\":{\"126\":{\"type\":\"slide\",\"enabled\":\"1\",\"fields\":{\"image\":[\"181\"],\"header\":\"\",\"text\":\"\",\"video\":[\"182\"],\"linkText\":\"\",\"linkUrl\":\"\",\"rheader\":\"25% Off\",\"rtext\":\"<p>February spring deal&nbsp;<br>for all health products<\\/p>\",\"rlinkText\":\"Shop now\",\"rlinkUrl\":\"\\/shop\",\"rvideo\":\"\"}}},\"45\":{\"127\":{\"type\":\"productCategory\",\"enabled\":\"1\",\"fields\":{\"data\":[\"31\"]}},\"129\":{\"type\":\"productCategory\",\"enabled\":\"1\",\"fields\":{\"data\":[\"33\"]}},\"130\":{\"type\":\"productCategory\",\"enabled\":\"1\",\"fields\":{\"data\":[\"34\"]}},\"131\":{\"type\":\"productCategory\",\"enabled\":\"1\",\"fields\":{\"data\":[\"35\"]}},\"132\":{\"type\":\"productCategory\",\"enabled\":\"1\",\"fields\":{\"data\":[\"36\"]}},\"133\":{\"type\":\"productCategory\",\"enabled\":\"1\",\"fields\":{\"data\":[\"37\"]}},\"134\":{\"type\":\"productCategory\",\"enabled\":\"1\",\"fields\":{\"data\":[\"38\"]}},\"135\":{\"type\":\"productCategory\",\"enabled\":\"1\",\"fields\":{\"data\":[\"39\"]}},\"new1\":{\"type\":\"productCategory\",\"enabled\":\"1\",\"fields\":{\"data\":[\"31\"]}},\"new2\":{\"type\":\"productCategory\",\"enabled\":\"1\",\"fields\":{\"data\":[\"33\"]}},\"136\":{\"type\":\"html\",\"enabled\":\"1\",\"fields\":{\"cssClass\":\"long\",\"data\":\"<strong class=\\\"ttl\\\">25% Off <span>Healthy teas<\\/span><\\/strong>\\r\\n        <img src=\\\"assets\\/images\\/img-11.png\\\" alt=\\\"image\\\">\\r\\n        <a href=\\\"#\\\" class=\\\"btn\\\">Shop now<\\/a>\"}}}}}','2017-04-12 21:18:47','2017-04-12 21:18:47','922400fb-d38a-4957-8b36-46a785b42aa9'),(57,2,1,177,'en_us',11,'','{\"typeId\":null,\"authorId\":null,\"title\":\"Homepage\",\"slug\":\"homepage\",\"postDate\":1488791954,\"expiryDate\":null,\"enabled\":1,\"parentId\":null,\"fields\":{\"1\":\"<p>Its good. About how far ahead are you going? Right, and where am I gonna be? Okay, but I don\'t know what to say. You can\'t, uh, that is, uh, nobody\'s home.<\\/p>\",\"3\":[\"117\",\"118\",\"119\",\"120\",\"121\",\"122\",\"123\",\"124\"],\"27\":{\"126\":{\"type\":\"slide\",\"enabled\":\"1\",\"fields\":{\"image\":[\"181\"],\"header\":\"\",\"text\":\"\",\"video\":[\"182\"],\"linkText\":\"\",\"linkUrl\":\"\",\"rheader\":\"25% Off\",\"rtext\":\"<p>February spring deal&nbsp;<br>for all health products<\\/p>\",\"rlinkText\":\"Shop now\",\"rlinkUrl\":\"\\/shop\",\"rvideo\":\"\"}}},\"45\":{\"127\":{\"type\":\"productCategory\",\"enabled\":\"1\",\"fields\":{\"data\":[\"31\"]}},\"129\":{\"type\":\"productCategory\",\"enabled\":\"1\",\"fields\":{\"data\":[\"33\"]}},\"130\":{\"type\":\"productCategory\",\"enabled\":\"1\",\"fields\":{\"data\":[\"34\"]}},\"131\":{\"type\":\"productCategory\",\"enabled\":\"1\",\"fields\":{\"data\":[\"35\"]}},\"132\":{\"type\":\"productCategory\",\"enabled\":\"1\",\"fields\":{\"data\":[\"36\"]}},\"133\":{\"type\":\"productCategory\",\"enabled\":\"1\",\"fields\":{\"data\":[\"37\"]}},\"134\":{\"type\":\"productCategory\",\"enabled\":\"1\",\"fields\":{\"data\":[\"38\"]}},\"135\":{\"type\":\"productCategory\",\"enabled\":\"1\",\"fields\":{\"data\":[\"39\"]}},\"204\":{\"type\":\"productCategory\",\"enabled\":\"1\",\"fields\":{\"data\":[\"31\"]}},\"205\":{\"type\":\"productCategory\",\"enabled\":\"1\",\"fields\":{\"data\":[\"33\"]}}}}}','2017-04-12 23:24:10','2017-04-12 23:24:10','30048eb6-c83c-49d0-8a5e-4edca1128aa9'),(58,2,1,177,'en_us',12,'','{\"typeId\":null,\"authorId\":null,\"title\":\"Homepage\",\"slug\":\"homepage\",\"postDate\":1488791954,\"expiryDate\":null,\"enabled\":1,\"parentId\":null,\"fields\":{\"1\":\"<p>Its good. About how far ahead are you going? Right, and where am I gonna be? Okay, but I don\'t know what to say. You can\'t, uh, that is, uh, nobody\'s home.<\\/p>\",\"3\":[\"117\",\"118\",\"119\",\"120\",\"121\",\"122\",\"123\",\"124\"],\"27\":{\"126\":{\"type\":\"slide\",\"enabled\":\"1\",\"fields\":{\"image\":[\"181\"],\"header\":\"\",\"text\":\"\",\"video\":[\"182\"],\"linkText\":\"\",\"linkUrl\":\"\",\"rheader\":\"25% Off\",\"rtext\":\"<p>February spring deal&nbsp;<br>for all health products<\\/p>\",\"rlinkText\":\"Shop now\",\"rlinkUrl\":\"\\/shop\",\"rvideo\":\"\"}}},\"45\":{\"127\":{\"type\":\"productCategory\",\"enabled\":\"1\",\"fields\":{\"data\":[\"31\"]}},\"129\":{\"type\":\"productCategory\",\"enabled\":\"1\",\"fields\":{\"data\":[\"33\"]}},\"130\":{\"type\":\"productCategory\",\"enabled\":\"1\",\"fields\":{\"data\":[\"34\"]}},\"131\":{\"type\":\"productCategory\",\"enabled\":\"1\",\"fields\":{\"data\":[\"35\"]}},\"132\":{\"type\":\"productCategory\",\"enabled\":\"1\",\"fields\":{\"data\":[\"36\"]}},\"133\":{\"type\":\"productCategory\",\"enabled\":\"1\",\"fields\":{\"data\":[\"37\"]}},\"134\":{\"type\":\"productCategory\",\"enabled\":\"1\",\"fields\":{\"data\":[\"38\"]}},\"135\":{\"type\":\"productCategory\",\"enabled\":\"1\",\"fields\":{\"data\":[\"39\"]}},\"204\":{\"type\":\"productCategory\",\"enabled\":\"1\",\"fields\":{\"data\":[\"31\"]}},\"205\":{\"type\":\"productCategory\",\"enabled\":\"1\",\"fields\":{\"data\":[\"33\"]}},\"new1\":{\"type\":\"productCategory\",\"enabled\":\"1\",\"fields\":{\"data\":[\"34\"]}},\"new3\":{\"type\":\"html\",\"enabled\":\"1\",\"fields\":{\"cssClass\":\"long\",\"data\":\"25% Off\",\"promoText\":\"Healthy Teas\",\"image\":[\"87\"],\"buttonText\":\"Shop now\",\"promoURL\":\"shop\"}}}}}','2017-04-12 23:42:39','2017-04-12 23:42:39','bb8470b7-5b18-43b5-a312-920f92d2c602'),(59,2,1,177,'en_us',13,'','{\"typeId\":null,\"authorId\":null,\"title\":\"Homepage\",\"slug\":\"homepage\",\"postDate\":1488791954,\"expiryDate\":null,\"enabled\":1,\"parentId\":null,\"fields\":{\"1\":\"<p>Its good. About how far ahead are you going? Right, and where am I gonna be? Okay, but I don\'t know what to say. You can\'t, uh, that is, uh, nobody\'s home.<\\/p>\",\"3\":[\"117\",\"118\",\"119\",\"120\",\"121\",\"122\",\"123\",\"124\"],\"27\":{\"126\":{\"type\":\"slide\",\"enabled\":\"1\",\"fields\":{\"image\":[\"181\"],\"header\":\"\",\"text\":\"\",\"video\":[\"182\"],\"linkText\":\"\",\"linkUrl\":\"\",\"rheader\":\"25% Off\",\"rtext\":\"<p>February spring deal&nbsp;<br>for all health products<\\/p>\",\"rlinkText\":\"Shop now\",\"rlinkUrl\":\"\\/shop\",\"rvideo\":\"\"}}},\"45\":{\"127\":{\"type\":\"productCategory\",\"enabled\":\"1\",\"fields\":{\"data\":[\"31\"]}},\"129\":{\"type\":\"productCategory\",\"enabled\":\"1\",\"fields\":{\"data\":[\"33\"]}},\"130\":{\"type\":\"productCategory\",\"enabled\":\"1\",\"fields\":{\"data\":[\"34\"]}},\"131\":{\"type\":\"productCategory\",\"enabled\":\"1\",\"fields\":{\"data\":[\"35\"]}},\"132\":{\"type\":\"productCategory\",\"enabled\":\"1\",\"fields\":{\"data\":[\"36\"]}},\"133\":{\"type\":\"productCategory\",\"enabled\":\"1\",\"fields\":{\"data\":[\"37\"]}},\"134\":{\"type\":\"productCategory\",\"enabled\":\"1\",\"fields\":{\"data\":[\"38\"]}},\"135\":{\"type\":\"productCategory\",\"enabled\":\"1\",\"fields\":{\"data\":[\"39\"]}},\"204\":{\"type\":\"productCategory\",\"enabled\":\"1\",\"fields\":{\"data\":[\"31\"]}},\"205\":{\"type\":\"productCategory\",\"enabled\":\"1\",\"fields\":{\"data\":[\"33\"]}},\"207\":{\"type\":\"html\",\"enabled\":\"1\",\"fields\":{\"cssClass\":\"short\",\"data\":\"25% Off\",\"promoText\":\"Healthy Teas\",\"image\":[\"87\"],\"buttonText\":\"Shop now\",\"promoURL\":\"shop\"}}}}}','2017-04-12 23:43:16','2017-04-12 23:43:16','06891278-2c60-45c5-b52c-2f18c5b84f9b');

--
-- Table structure for table `craft_fieldgroups`
--

CREATE TABLE `craft_fieldgroups` (
  `id` int(11) NOT NULL AUTO_INCREMENT,
  `name` varchar(255) COLLATE utf8_unicode_ci NOT NULL,
  `dateCreated` datetime NOT NULL,
  `dateUpdated` datetime NOT NULL,
  `uid` char(36) COLLATE utf8_unicode_ci NOT NULL DEFAULT '0',
  PRIMARY KEY (`id`),
  UNIQUE KEY `craft_fieldgroups_name_unq_idx` (`name`)
) ENGINE=InnoDB AUTO_INCREMENT=10 DEFAULT CHARSET=utf8 COLLATE=utf8_unicode_ci;

--
-- Dumping data for table `craft_fieldgroups`
--

INSERT INTO `craft_fieldgroups` VALUES (1,'Default','2017-03-06 09:19:13','2017-03-06 09:19:13','e571c228-1920-45c4-af4b-f9f3bf601112'),(2,'Contact Info','2017-03-06 12:09:29','2017-03-06 12:09:29','28d0c852-799a-4827-91e0-9b5decdf2a45'),(4,'Workers','2017-03-06 13:11:21','2017-03-06 13:11:21','f3104397-1143-4480-8321-a16d815682b2'),(6,'Products','2017-03-06 16:57:46','2017-03-06 16:57:46','0fc499e7-fc47-47fd-b7d6-245be400886f'),(7,'Categories','2017-03-15 16:20:27','2017-03-15 16:20:27','0f1da832-c33a-48e9-bfb3-0b8eb54e7b2a'),(8,'SEO','2017-03-15 19:08:02','2017-03-15 19:08:02','9b0cb591-4a85-42db-8e04-b4d0238735a3'),(9,'Subscription Info','2017-04-14 13:10:26','2017-04-14 13:10:26','10d1ff04-cc6f-4191-b3cf-43b52fa59ed6');

--
-- Table structure for table `craft_fieldlayoutfields`
--

CREATE TABLE `craft_fieldlayoutfields` (
  `id` int(11) NOT NULL AUTO_INCREMENT,
  `layoutId` int(11) NOT NULL,
  `tabId` int(11) NOT NULL,
  `fieldId` int(11) NOT NULL,
  `required` tinyint(1) unsigned NOT NULL DEFAULT '0',
  `sortOrder` smallint(6) unsigned DEFAULT NULL,
  `dateCreated` datetime NOT NULL,
  `dateUpdated` datetime NOT NULL,
  `uid` char(36) COLLATE utf8_unicode_ci NOT NULL DEFAULT '0',
  PRIMARY KEY (`id`),
  UNIQUE KEY `craft_fieldlayoutfields_layoutId_fieldId_unq_idx` (`layoutId`,`fieldId`),
  KEY `craft_fieldlayoutfields_sortOrder_idx` (`sortOrder`),
  KEY `craft_fieldlayoutfields_tabId_fk` (`tabId`),
  KEY `craft_fieldlayoutfields_fieldId_fk` (`fieldId`),
  CONSTRAINT `craft_fieldlayoutfields_fieldId_fk` FOREIGN KEY (`fieldId`) REFERENCES `craft_fields` (`id`) ON DELETE CASCADE,
  CONSTRAINT `craft_fieldlayoutfields_layoutId_fk` FOREIGN KEY (`layoutId`) REFERENCES `craft_fieldlayouts` (`id`) ON DELETE CASCADE,
  CONSTRAINT `craft_fieldlayoutfields_tabId_fk` FOREIGN KEY (`tabId`) REFERENCES `craft_fieldlayouttabs` (`id`) ON DELETE CASCADE
) ENGINE=InnoDB AUTO_INCREMENT=377 DEFAULT CHARSET=utf8 COLLATE=utf8_unicode_ci;

--
-- Dumping data for table `craft_fieldlayoutfields`
--

INSERT INTO `craft_fieldlayoutfields` VALUES (36,36,16,24,0,1,'2017-03-06 17:05:36','2017-03-06 17:05:36','3bcccf19-2b9f-42c3-94c6-e1fd17f85df2'),(37,36,16,25,0,2,'2017-03-06 17:05:36','2017-03-06 17:05:36','99f9e685-3734-48a2-af28-9e8c156a79ce'),(57,47,26,33,0,1,'2017-03-15 15:02:09','2017-03-15 15:02:09','b94f256e-5dd6-4da6-a6b0-f934405bff22'),(58,47,26,1,0,2,'2017-03-15 15:02:09','2017-03-15 15:02:09','d94d4704-68bd-4297-83f3-3f1addb60d35'),(59,47,26,36,0,3,'2017-03-15 15:02:09','2017-03-15 15:02:09','1d60a058-7f4b-4576-8ca9-6843b54a1aab'),(62,49,28,14,0,2,'2017-03-15 15:06:05','2017-03-15 15:06:05','e92ad8da-a483-4290-a2d5-81183593cd80'),(68,55,34,10,0,1,'2017-03-15 15:38:59','2017-03-15 15:38:59','a6b29a50-d700-46e1-aeff-2fa9f44c745a'),(69,55,34,1,0,2,'2017-03-15 15:38:59','2017-03-15 15:38:59','81407c04-a6a5-44af-8fb2-fd24615c2646'),(86,64,42,27,0,1,'2017-03-15 16:35:59','2017-03-15 16:35:59','eeb1e886-c9d3-4e93-9117-3d50af4b1544'),(87,64,42,1,0,2,'2017-03-15 16:35:59','2017-03-15 16:35:59','51ebc81e-e552-4a1b-b39f-07bde33f041a'),(88,64,42,45,0,3,'2017-03-15 16:35:59','2017-03-15 16:35:59','6ddec282-5f86-47d0-bb9c-da8688867229'),(89,64,42,3,0,4,'2017-03-15 16:35:59','2017-03-15 16:35:59','1c0ed594-ceb7-4a62-8933-633dcbc9c68d'),(141,107,78,26,0,1,'2017-03-16 16:14:25','2017-03-16 16:14:25','2295e35c-821c-4c77-b2a2-02d19ee006e9'),(142,107,78,23,0,2,'2017-03-16 16:14:25','2017-03-16 16:14:25','3f069982-0583-4cc3-8a14-1ed66e0e3f55'),(152,116,85,33,0,1,'2017-03-16 16:31:26','2017-03-16 16:31:26','5686544d-fb8c-4b25-8920-2fa174fcd30b'),(153,116,85,15,0,2,'2017-03-16 16:31:26','2017-03-16 16:31:26','fe237c6b-1fc8-4b4c-91bc-fdf20dfa54a5'),(154,116,85,56,0,3,'2017-03-16 16:31:26','2017-03-16 16:31:26','c7e76cde-88ee-4cf7-8370-e9a55aafe36c'),(155,117,86,33,0,1,'2017-03-16 16:41:29','2017-03-16 16:41:29','a40f9f10-8e42-4e8e-ab77-ff2e2833bb91'),(156,117,86,15,0,2,'2017-03-16 16:41:29','2017-03-16 16:41:29','91a20b6e-a8e7-4c92-9cb2-9b694660699a'),(157,117,86,56,0,3,'2017-03-16 16:41:29','2017-03-16 16:41:29','fb531543-7c08-486a-a7b0-4db7d6702aba'),(158,118,87,33,0,1,'2017-03-17 15:00:01','2017-03-17 15:00:01','56ac7432-85af-49af-bb77-d42d5075b14c'),(159,118,87,1,0,2,'2017-03-17 15:00:01','2017-03-17 15:00:01','ab014a53-b457-431e-bfc2-54927d6255a4'),(160,118,87,57,0,3,'2017-03-17 15:00:01','2017-03-17 15:00:01','5068a93a-efbd-4888-8985-e54755f37061'),(161,118,88,56,0,1,'2017-03-17 15:00:01','2017-03-17 15:00:01','579dbc8a-198a-4361-975d-3b0b96968b89'),(173,125,93,26,0,1,'2017-03-18 10:58:45','2017-03-18 10:58:45','0272fcf7-e6f6-4dde-8212-4e7ed63bb6b1'),(174,125,93,15,0,2,'2017-03-18 10:58:45','2017-03-18 10:58:45','fdae8e59-c6cb-4729-965a-74aa830114df'),(175,125,93,1,0,3,'2017-03-18 10:58:45','2017-03-18 10:58:45','1233696a-56c8-429b-915a-babc2e54b05e'),(176,125,93,23,0,4,'2017-03-18 10:58:45','2017-03-18 10:58:45','e4698052-8ca8-438d-9182-0f651a707305'),(177,125,93,58,0,5,'2017-03-18 10:58:45','2017-03-18 10:58:45','b4f81f43-0bc3-470d-b4a2-52ae840abb06'),(178,125,94,56,0,1,'2017-03-18 10:58:45','2017-03-18 10:58:45','20cb1cad-d909-43e4-9d0a-6f15f60c8737'),(179,126,95,1,0,1,'2017-03-18 10:58:45','2017-03-18 10:58:45','a49e105b-144e-49c6-b32a-1b588bbd3d04'),(180,127,96,50,0,1,'2017-03-19 09:40:09','2017-03-19 09:40:09','cd5cae5a-4953-44c5-86e8-d8db5064d830'),(181,127,96,51,0,2,'2017-03-19 09:40:09','2017-03-19 09:40:09','7c0daedb-af90-48b9-b464-166630655b02'),(192,137,106,33,0,1,'2017-03-20 06:47:29','2017-03-20 06:47:29','2fc6d2ec-8a82-4b46-a30e-fd413205fff4'),(193,137,106,1,0,2,'2017-03-20 06:47:29','2017-03-20 06:47:29','fe4f479c-2bdf-4761-940f-63cd547c6763'),(194,137,106,61,0,3,'2017-03-20 06:47:29','2017-03-20 06:47:29','f46f1fa1-49e3-48e5-8868-31bc458baa1f'),(195,137,107,56,0,1,'2017-03-20 06:47:29','2017-03-20 06:47:29','a190d9dc-909d-404c-a7c4-71d74f3c4033'),(196,138,108,33,0,1,'2017-03-20 07:52:28','2017-03-20 07:52:28','4656da41-adce-4a16-a5f3-865b125f8c94'),(197,138,108,1,0,2,'2017-03-20 07:52:28','2017-03-20 07:52:28','2ba8bb48-fea6-4108-b4f5-b6f94866780f'),(198,138,108,36,0,3,'2017-03-20 07:52:28','2017-03-20 07:52:28','bcc1df98-82e7-4e53-a1b4-ff99f204f85e'),(199,138,108,15,0,4,'2017-03-20 07:52:28','2017-03-20 07:52:28','02e1f67e-443d-4f57-965d-a164f4e97be3'),(200,138,109,56,0,1,'2017-03-20 07:52:28','2017-03-20 07:52:28','f32c189d-38a1-4b9f-bbeb-8d53c28bfba0'),(250,160,131,59,0,1,'2017-03-26 22:13:47','2017-03-26 22:13:47','f35a0d26-686b-4004-9a6f-08f08e37bbad'),(251,160,131,60,0,2,'2017-03-26 22:13:47','2017-03-26 22:13:47','dfa623cd-a775-451b-bbee-da5e8d92a4bd'),(252,161,132,28,0,1,'2017-03-26 22:14:17','2017-03-26 22:14:17','e67c2405-d451-4a29-96e9-9de5f1b51bab'),(253,161,132,29,0,2,'2017-03-26 22:14:17','2017-03-26 22:14:17','0e5cf10b-3e24-4a0c-8e20-7964f94e810f'),(254,161,132,30,0,3,'2017-03-26 22:14:17','2017-03-26 22:14:17','870eef40-71d2-4ac3-aa8d-a5c967664ac4'),(255,161,132,66,0,4,'2017-03-26 22:14:17','2017-03-26 22:14:17','4a5f22b0-3de9-4bc8-9531-cf3f95280e48'),(256,161,132,31,0,5,'2017-03-26 22:14:17','2017-03-26 22:14:17','f96cbf24-f3cc-41ce-87f0-f4fed3971762'),(257,161,132,32,0,6,'2017-03-26 22:14:17','2017-03-26 22:14:17','2224ba3e-d63c-4c80-8578-7db10e206313'),(258,161,132,68,0,7,'2017-03-26 22:14:17','2017-03-26 22:14:17','840add77-7c94-45d4-a45e-973cbec5523a'),(259,161,132,63,0,8,'2017-03-26 22:14:17','2017-03-26 22:14:17','e4480c5f-3da0-49c8-9dd3-5754ffa9d02b'),(260,161,132,64,0,9,'2017-03-26 22:14:17','2017-03-26 22:14:17','520468c2-28be-4872-920b-efe0a72d2c75'),(261,161,132,65,0,10,'2017-03-26 22:14:17','2017-03-26 22:14:17','1103b71c-9566-4e70-9fdc-b545532c8851'),(262,161,132,67,0,11,'2017-03-26 22:14:17','2017-03-26 22:14:17','b45cca69-968a-4a68-992d-92aae0a969d6'),(338,207,178,37,0,1,'2017-03-29 14:25:13','2017-03-29 14:25:13','da334331-4bbd-494f-bc01-959c21be55bb'),(339,207,178,79,0,2,'2017-03-29 14:25:13','2017-03-29 14:25:13','16cde6ba-0d11-4829-bcff-f1b0de8f91f1'),(340,208,179,40,0,1,'2017-03-29 14:25:13','2017-03-29 14:25:13','e337e8d2-d621-4ef8-837f-19d3805b3a9b'),(341,208,179,80,0,2,'2017-03-29 14:25:13','2017-03-29 14:25:13','373dbb05-7726-48e1-bb50-106472c18500'),(342,209,180,52,0,1,'2017-03-29 14:25:13','2017-03-29 14:25:13','c9939c6a-5c8a-4f0b-a3d3-000853659928'),(343,210,181,53,0,1,'2017-03-29 14:25:13','2017-03-29 14:25:13','e237b517-d521-44ce-9548-45d3b16981a6'),(344,211,182,42,0,1,'2017-03-29 14:25:13','2017-03-29 14:25:13','3b7c77c1-cca6-4c8a-99ac-e9ce9ef40825'),(345,212,183,70,0,1,'2017-03-29 14:25:13','2017-03-29 14:25:13','6f19f9b4-c9cb-4085-931e-e6301997d1b5'),(346,212,183,71,0,2,'2017-03-29 14:25:13','2017-03-29 14:25:13','8f526827-e35f-4517-9099-b5ccb18bd300'),(347,212,183,72,0,3,'2017-03-29 14:25:13','2017-03-29 14:25:13','9ec59da3-404f-4bad-b8bb-8f13a1cd2d70'),(348,213,184,73,0,1,'2017-03-29 14:25:13','2017-03-29 14:25:13','48c06a01-2f6b-4d90-89b2-5dc889940c34'),(349,213,184,74,0,2,'2017-03-29 14:25:13','2017-03-29 14:25:13','72371f72-d263-4590-9d81-d11707dcf4ef'),(350,214,185,75,0,1,'2017-03-29 14:25:13','2017-03-29 14:25:13','159731f9-b443-4c5f-b1c6-f55c49c0570e'),(351,214,185,76,0,2,'2017-03-29 14:25:13','2017-03-29 14:25:13','faed82bc-7c40-4b85-aff2-cb4b8e687462'),(352,215,186,77,0,1,'2017-03-29 14:25:13','2017-03-29 14:25:13','5fa27c2e-0e8c-476a-a408-240fa882169e'),(353,215,186,78,0,2,'2017-03-29 14:25:13','2017-03-29 14:25:13','36816586-3069-47f9-884c-507a4e017615'),(354,216,187,34,0,1,'2017-04-12 15:08:03','2017-04-12 15:08:03','69c1302f-3c1e-4384-9b2e-dac8165a6f2b'),(355,216,187,35,0,2,'2017-04-12 15:08:03','2017-04-12 15:08:03','9da5ae1d-d6ef-4ba6-a570-abf5a85a2795'),(358,221,190,43,0,1,'2017-04-12 21:02:05','2017-04-12 21:02:05','e2eac5f2-362c-4845-9fff-0649e2eb5f5a'),(359,221,190,81,0,2,'2017-04-12 21:02:05','2017-04-12 21:02:05','6ea25544-fee5-483c-ab7e-e3ed6e9044f8'),(360,222,191,46,0,1,'2017-04-12 23:05:51','2017-04-12 23:05:51','587bec3d-434c-4e82-a645-d5bf41494d87'),(361,223,192,55,0,1,'2017-04-12 23:05:51','2017-04-12 23:05:51','af19994a-d674-4119-9ebd-44dbae875b77'),(362,224,193,47,0,1,'2017-04-12 23:05:51','2017-04-12 23:05:51','9ae64f6f-54d8-4449-b909-66181f73f085'),(363,224,193,48,0,2,'2017-04-12 23:05:51','2017-04-12 23:05:51','649fe362-10cf-4009-937b-fe2bf40c5cf1'),(364,224,193,82,0,3,'2017-04-12 23:05:51','2017-04-12 23:05:51','77262acf-1a75-4c99-ae98-227bc0c5519a'),(365,224,193,83,0,4,'2017-04-12 23:05:51','2017-04-12 23:05:51','c2cd0e1d-8b51-4c3c-b6b9-04b758f42801'),(366,224,193,84,0,5,'2017-04-12 23:05:51','2017-04-12 23:05:51','bdad9a13-d02d-4b11-8894-6514a0497294'),(367,224,193,85,0,6,'2017-04-12 23:05:51','2017-04-12 23:05:51','58a7fea9-f87a-4f14-abbc-e2da67fac3e0'),(371,226,195,89,0,1,'2017-04-14 13:26:09','2017-04-14 13:26:09','6c2c5bc1-a2b2-4e7f-9c4c-75970ecec115'),(372,226,195,90,0,2,'2017-04-14 13:26:09','2017-04-14 13:26:09','6a7c38d3-df74-4ec6-aa89-ca0dbe03db36'),(373,227,196,86,0,1,'2017-04-14 14:16:21','2017-04-14 14:16:21','ed75dbc7-cf4b-4218-96de-7d93b9beaa8c'),(374,227,196,87,0,2,'2017-04-14 14:16:21','2017-04-14 14:16:21','60fb1111-ba79-4077-b92b-b60dd6d37baf'),(375,227,196,91,0,3,'2017-04-14 14:16:21','2017-04-14 14:16:21','8ba3e09d-aece-47d0-90a5-27ac0964bf7f'),(376,227,196,88,0,4,'2017-04-14 14:16:21','2017-04-14 14:16:21','089fb23b-7967-41bf-b6b4-99b1ba0a7eac');

--
-- Table structure for table `craft_fieldlayouts`
--

CREATE TABLE `craft_fieldlayouts` (
  `id` int(11) NOT NULL AUTO_INCREMENT,
  `type` varchar(150) COLLATE utf8_unicode_ci NOT NULL,
  `dateCreated` datetime NOT NULL,
  `dateUpdated` datetime NOT NULL,
  `uid` char(36) COLLATE utf8_unicode_ci NOT NULL DEFAULT '0',
  PRIMARY KEY (`id`),
  KEY `craft_fieldlayouts_type_idx` (`type`)
) ENGINE=InnoDB AUTO_INCREMENT=228 DEFAULT CHARSET=utf8 COLLATE=utf8_unicode_ci;

--
-- Dumping data for table `craft_fieldlayouts`
--

INSERT INTO `craft_fieldlayouts` VALUES (1,'Tag','2017-03-06 09:19:13','2017-03-06 09:19:13','4da2c3ab-ded5-4cde-8bda-bfb326f1a29e'),(6,'Commerce_Order','2017-03-06 09:27:06','2017-03-06 09:27:06','243b55ab-2b2a-4510-ae8f-3f1fbdab52f5'),(7,'Commerce_Product','2017-03-06 09:27:06','2017-03-06 09:27:06','9f672d38-9a8f-4aba-84e7-1cf3c29c1115'),(8,'Commerce_Variant','2017-03-06 09:27:06','2017-03-06 09:27:06','931b3207-60f8-4d6f-b3e2-5239cdf0be82'),(10,'Commerce_Variant','2017-03-06 09:27:06','2017-03-06 09:27:06','7ea9896b-4b67-4a38-bce3-ec6dbcc85494'),(23,'Asset','2017-03-06 13:35:55','2017-03-06 13:35:55','59b312a8-e49d-48ec-912b-f574e6496bc5'),(36,'MatrixBlock','2017-03-06 17:05:35','2017-03-06 17:05:35','e8f0e206-6481-43f5-9fc2-ba865aa73ab4'),(47,'Entry','2017-03-15 15:02:09','2017-03-15 15:02:09','03d41cdd-538d-4d7e-a8c4-0333d583f526'),(49,'Asset','2017-03-15 15:06:04','2017-03-15 15:06:04','68705d19-164a-49ba-8ac6-a2bc30904f32'),(55,'GlobalSet','2017-03-15 15:38:59','2017-03-15 15:38:59','24fd64c8-d0a2-4904-8863-40a4e20a426c'),(64,'Entry','2017-03-15 16:35:59','2017-03-15 16:35:59','f3c863b3-3c18-4d78-b307-840e1a43332b'),(76,'Asset','2017-03-15 18:21:59','2017-03-15 18:21:59','5d8e6d4f-c6cd-4449-933b-b1a8dbf83474'),(84,'Asset','2017-03-15 18:30:27','2017-03-15 18:30:27','356f3883-c803-4075-bba6-1cd7d409a8b3'),(107,'Commerce_Product','2017-03-16 16:14:25','2017-03-16 16:14:25','2244bce0-0242-47fe-8179-66f885b30f22'),(108,'Commerce_Variant','2017-03-16 16:14:25','2017-03-16 16:14:25','d8adc9eb-afe4-4491-ba2f-9f2d89f92637'),(116,'Category','2017-03-16 16:31:26','2017-03-16 16:31:26','1d60232b-c787-4934-80cb-8551cdbfda87'),(117,'Category','2017-03-16 16:41:29','2017-03-16 16:41:29','3e4be6b1-2bc2-4b50-a415-2baa53a0676a'),(118,'Entry','2017-03-17 15:00:01','2017-03-17 15:00:01','c5aa8911-fb42-49ee-96bd-3bee29be4ad1'),(123,'Asset','2017-03-18 10:11:14','2017-03-18 10:11:14','84e2e431-4a00-4543-8c41-bac26469b79e'),(125,'Commerce_Product','2017-03-18 10:58:45','2017-03-18 10:58:45','c954218d-53b1-4be9-af55-b26703ec83c8'),(126,'Commerce_Variant','2017-03-18 10:58:45','2017-03-18 10:58:45','cefa76d9-66f4-4c8a-b4b4-c97929fe3fc2'),(127,'MatrixBlock','2017-03-19 09:40:09','2017-03-19 09:40:09','c2503c5e-e78c-4cdc-a25d-1fec7c0386d3'),(137,'Entry','2017-03-20 06:47:29','2017-03-20 06:47:29','8eedd364-9fb8-4963-bfec-a605989b1265'),(138,'Entry','2017-03-20 07:52:28','2017-03-20 07:52:28','d1899646-6a8b-4e73-ad0a-be434f176e4f'),(160,'MatrixBlock','2017-03-26 22:13:47','2017-03-26 22:13:47','b253f0b2-ed29-4918-874b-abdae74cfd74'),(161,'MatrixBlock','2017-03-26 22:14:17','2017-03-26 22:14:17','ed18dcd5-cfc0-4439-bee4-763488f3dfff'),(207,'MatrixBlock','2017-03-29 14:25:13','2017-03-29 14:25:13','44098d33-c501-41ca-ac15-ed1888ba6eac'),(208,'MatrixBlock','2017-03-29 14:25:13','2017-03-29 14:25:13','51eeb6a0-f5db-47ae-bfd7-9baed35a2682'),(209,'MatrixBlock','2017-03-29 14:25:13','2017-03-29 14:25:13','a1f16a76-f669-4cbf-bad7-0f2ad814242a'),(210,'MatrixBlock','2017-03-29 14:25:13','2017-03-29 14:25:13','05b5848b-9904-4c43-86d9-51f9b4ff2551'),(211,'MatrixBlock','2017-03-29 14:25:13','2017-03-29 14:25:13','68f9853f-b4f3-489d-a2c8-38ff00e57d60'),(212,'MatrixBlock','2017-03-29 14:25:13','2017-03-29 14:25:13','67e329d9-5fe9-4e62-b577-aad192f4a36e'),(213,'MatrixBlock','2017-03-29 14:25:13','2017-03-29 14:25:13','8f9ef2cf-672f-4fc2-9dec-29c6cd27cb6b'),(214,'MatrixBlock','2017-03-29 14:25:13','2017-03-29 14:25:13','2b99c3a2-1b32-4835-a5a0-ae19861d186f'),(215,'MatrixBlock','2017-03-29 14:25:13','2017-03-29 14:25:13','119b41ae-3996-4c9b-b817-9fe0f1f74605'),(216,'MatrixBlock','2017-04-12 15:08:03','2017-04-12 15:08:03','d0badf85-e63d-4431-8f95-6f27d316f3c0'),(221,'GlobalSet','2017-04-12 21:02:05','2017-04-12 21:02:05','9c8f6066-3b7c-4528-bee3-1457f4ce65a5'),(222,'MatrixBlock','2017-04-12 23:05:51','2017-04-12 23:05:51','0382c6cd-3df9-42de-ad85-6b7560c7941f'),(223,'MatrixBlock','2017-04-12 23:05:51','2017-04-12 23:05:51','50fcc01c-7326-45ba-b966-e25bce1057b6'),(224,'MatrixBlock','2017-04-12 23:05:51','2017-04-12 23:05:51','656815d6-07f4-4b1d-b411-635d30c7dbee'),(226,'MatrixBlock','2017-04-14 13:26:09','2017-04-14 13:26:09','2740c6e9-ba41-42a5-b796-a5fbd3c96f72'),(227,'Charge','2017-04-14 14:16:21','2017-04-14 14:16:21','db9594be-decf-4a3c-88cd-b4b485f337b4');

--
-- Table structure for table `craft_fieldlayouttabs`
--

CREATE TABLE `craft_fieldlayouttabs` (
  `id` int(11) NOT NULL AUTO_INCREMENT,
  `layoutId` int(11) NOT NULL,
  `name` varchar(255) COLLATE utf8_unicode_ci NOT NULL,
  `sortOrder` smallint(6) unsigned DEFAULT NULL,
  `dateCreated` datetime NOT NULL,
  `dateUpdated` datetime NOT NULL,
  `uid` char(36) COLLATE utf8_unicode_ci NOT NULL DEFAULT '0',
  PRIMARY KEY (`id`),
  KEY `craft_fieldlayouttabs_sortOrder_idx` (`sortOrder`),
  KEY `craft_fieldlayouttabs_layoutId_fk` (`layoutId`),
  CONSTRAINT `craft_fieldlayouttabs_layoutId_fk` FOREIGN KEY (`layoutId`) REFERENCES `craft_fieldlayouts` (`id`) ON DELETE CASCADE
) ENGINE=InnoDB AUTO_INCREMENT=197 DEFAULT CHARSET=utf8 COLLATE=utf8_unicode_ci;

--
-- Dumping data for table `craft_fieldlayouttabs`
--

INSERT INTO `craft_fieldlayouttabs` VALUES (16,36,'Content',1,'2017-03-06 17:05:36','2017-03-06 17:05:36','ac8bd697-bf7c-4126-8179-00dc08e91db5'),(26,47,'About',1,'2017-03-15 15:02:09','2017-03-15 15:02:09','a9570d39-e823-48fa-97a0-23440a9e2a5d'),(28,49,'Content',1,'2017-03-15 15:06:05','2017-03-15 15:06:05','b119f2d2-c20b-4813-b149-2f49d27f89d6'),(34,55,'Content',1,'2017-03-15 15:38:59','2017-03-15 15:38:59','da32075e-2742-421b-ba85-aefa3f50ebff'),(42,64,'Content',1,'2017-03-15 16:35:59','2017-03-15 16:35:59','3e33ca57-a391-4ee1-a5b0-da06a2d74d76'),(78,107,'Products',1,'2017-03-16 16:14:25','2017-03-16 16:14:25','2c879ab2-3eb7-44d2-a2af-52163672a3a2'),(85,116,'Category',1,'2017-03-16 16:31:26','2017-03-16 16:31:26','c9f0d82c-b377-43d0-ac80-4bb155ef0871'),(86,117,'Categories',1,'2017-03-16 16:41:29','2017-03-16 16:41:29','067cc54f-8b41-41ca-8fc2-0348c42c392f'),(87,118,'Tab 1',1,'2017-03-17 15:00:01','2017-03-17 15:00:01','4236c982-637e-423e-bdfc-3abe70c3cdea'),(88,118,'SEO',2,'2017-03-17 15:00:01','2017-03-17 15:00:01','e61cb043-2adf-4da4-9c7e-3bec9e1670f6'),(93,125,'Products',1,'2017-03-18 10:58:45','2017-03-18 10:58:45','79dc75ff-c340-4d72-8ea9-7ddc9f0efd66'),(94,125,'SEO',2,'2017-03-18 10:58:45','2017-03-18 10:58:45','2c72da67-f0a7-49c0-8fa9-718f0f7c1ab0'),(95,126,'Content',1,'2017-03-18 10:58:45','2017-03-18 10:58:45','b09a3f93-40e5-4a44-af70-434e9e98163a'),(96,127,'Content',1,'2017-03-19 09:40:09','2017-03-19 09:40:09','644440ac-6c5c-4e9b-9d71-91f34bd33a44'),(106,137,'Default',1,'2017-03-20 06:47:29','2017-03-20 06:47:29','2e109495-64e9-475f-9462-7e8e2669b0df'),(107,137,'SEO',2,'2017-03-20 06:47:29','2017-03-20 06:47:29','4934c58d-790c-4b8f-b1c5-b5bcc093f641'),(108,138,'Default',1,'2017-03-20 07:52:28','2017-03-20 07:52:28','10577e40-1cab-44ef-9881-e9ecd4019c9a'),(109,138,'SEO',2,'2017-03-20 07:52:28','2017-03-20 07:52:28','6b4bdfe4-480c-456a-94ad-29c28a2fc6ba'),(131,160,'Content',1,'2017-03-26 22:13:47','2017-03-26 22:13:47','34226470-94cc-40e5-872e-4e67a2138bda'),(132,161,'Content',1,'2017-03-26 22:14:17','2017-03-26 22:14:17','066dea00-bbb6-4829-a4b7-b26184e424cf'),(178,207,'Content',1,'2017-03-29 14:25:13','2017-03-29 14:25:13','dd80832f-c482-4ee3-920f-8253577e46ed'),(179,208,'Content',1,'2017-03-29 14:25:13','2017-03-29 14:25:13','647296e0-d5e9-4bbf-af1e-516c1be0d7c1'),(180,209,'Content',1,'2017-03-29 14:25:13','2017-03-29 14:25:13','0e58749b-6612-418c-81f0-a569a950509c'),(181,210,'Content',1,'2017-03-29 14:25:13','2017-03-29 14:25:13','cbf8f82f-5efa-4a81-a23d-d64ef41226af'),(182,211,'Content',1,'2017-03-29 14:25:13','2017-03-29 14:25:13','d083d2c0-8a74-4225-b522-67da4228944a'),(183,212,'Content',1,'2017-03-29 14:25:13','2017-03-29 14:25:13','e1d90bad-94b9-456b-bb16-fac87e6f296b'),(184,213,'Content',1,'2017-03-29 14:25:13','2017-03-29 14:25:13','3f63c8bb-0fcc-415d-be82-4b65edd80d52'),(185,214,'Content',1,'2017-03-29 14:25:13','2017-03-29 14:25:13','9b3a8714-38d9-43e8-8735-6792ba549974'),(186,215,'Content',1,'2017-03-29 14:25:13','2017-03-29 14:25:13','52675a1d-25df-4498-97e7-f5dcd3244a73'),(187,216,'Content',1,'2017-04-12 15:08:03','2017-04-12 15:08:03','4f43129a-4772-4c07-bed2-3d1a51e0623b'),(190,221,'Content',1,'2017-04-12 21:02:05','2017-04-12 21:02:05','2180ba63-d5de-43a8-b7ff-8edecc768f83'),(191,222,'Content',1,'2017-04-12 23:05:51','2017-04-12 23:05:51','ce2398d3-4898-401f-a2b7-996d694915b6'),(192,223,'Content',1,'2017-04-12 23:05:51','2017-04-12 23:05:51','eba83fa6-1e94-4048-9646-d7f717a08aad'),(193,224,'Content',1,'2017-04-12 23:05:51','2017-04-12 23:05:51','a1236fb9-0408-4446-9fa4-dd6ffda236ea'),(195,226,'Content',1,'2017-04-14 13:26:09','2017-04-14 13:26:09','ab582d5d-5404-4cf4-b71b-9faf6833d746'),(196,227,'Subscription Info',1,'2017-04-14 14:16:21','2017-04-14 14:16:21','4da307cf-704b-4715-a629-4fb260782dcf');

--
-- Table structure for table `craft_fields`
--

CREATE TABLE `craft_fields` (
  `id` int(11) NOT NULL AUTO_INCREMENT,
  `groupId` int(11) DEFAULT NULL,
  `name` varchar(255) COLLATE utf8_unicode_ci NOT NULL,
  `handle` varchar(58) COLLATE utf8_unicode_ci NOT NULL,
  `context` varchar(255) COLLATE utf8_unicode_ci NOT NULL DEFAULT 'global',
  `instructions` text COLLATE utf8_unicode_ci,
  `translatable` tinyint(1) unsigned NOT NULL DEFAULT '0',
  `type` varchar(150) COLLATE utf8_unicode_ci NOT NULL,
  `settings` text COLLATE utf8_unicode_ci,
  `dateCreated` datetime NOT NULL,
  `dateUpdated` datetime NOT NULL,
  `uid` char(36) COLLATE utf8_unicode_ci NOT NULL DEFAULT '0',
  PRIMARY KEY (`id`),
  UNIQUE KEY `craft_fields_handle_context_unq_idx` (`handle`,`context`),
  KEY `craft_fields_context_idx` (`context`),
  KEY `craft_fields_groupId_fk` (`groupId`),
  CONSTRAINT `craft_fields_groupId_fk` FOREIGN KEY (`groupId`) REFERENCES `craft_fieldgroups` (`id`) ON DELETE CASCADE
) ENGINE=InnoDB AUTO_INCREMENT=92 DEFAULT CHARSET=utf8 COLLATE=utf8_unicode_ci;

--
-- Dumping data for table `craft_fields`
--

INSERT INTO `craft_fields` VALUES (1,1,'Body','body','global','',0,'RichText','{\"configFile\":\"Standard.json\",\"availableAssetSources\":\"*\",\"availableTransforms\":\"*\",\"cleanupHtml\":\"\",\"purifyHtml\":\"\",\"columnType\":\"text\"}','2017-03-06 09:19:13','2017-03-26 22:38:48','a38b6428-c4f0-4e63-b3cb-6fa3c8c7ebcd'),(3,1,'Partner Logos','partnerLogos','global','',0,'Assets','{\"useSingleFolder\":\"\",\"sources\":\"\",\"defaultUploadLocationSource\":\"1\",\"defaultUploadLocationSubpath\":\"logo\\/\",\"singleUploadLocationSource\":\"1\",\"singleUploadLocationSubpath\":\"\",\"restrictFiles\":\"\",\"limit\":\"\",\"viewMode\":\"large\",\"selectionLabel\":\"\"}','2017-03-06 11:41:40','2017-03-15 16:18:21','d012960c-e2e1-4973-bb61-72a66899a09b'),(10,1,'Sub Title','subTitle','global','',0,'PlainText','{\"placeholder\":\"\",\"maxLength\":\"\",\"multiline\":\"\",\"initialRows\":\"4\"}','2017-03-06 12:54:12','2017-03-15 15:39:57','ea8b8575-328c-4032-b676-d0fa41c82fd2'),(14,4,'Worker Position','workerPosition','global','',0,'PlainText','{\"placeholder\":\"\",\"maxLength\":\"\",\"multiline\":\"\",\"initialRows\":\"4\"}','2017-03-06 13:15:37','2017-03-15 15:05:52','0b4e2fa0-3be0-4e81-b8f5-d360c95b4c57'),(15,1,'Images','images','global','',0,'Assets','{\"useSingleFolder\":\"\",\"sources\":\"*\",\"defaultUploadLocationSource\":\"1\",\"defaultUploadLocationSubpath\":\"\",\"singleUploadLocationSource\":\"1\",\"singleUploadLocationSubpath\":\"\",\"restrictFiles\":\"1\",\"allowedKinds\":[\"image\"],\"limit\":\"\",\"viewMode\":\"large\",\"selectionLabel\":\"\"}','2017-03-06 14:52:13','2017-03-15 16:23:19','a6c64e01-1de9-4619-9aa7-bc4ac807383f'),(16,1,'Short Text','shortText','global','',0,'PlainText','{\"placeholder\":\"\",\"maxLength\":\"\",\"multiline\":\"\",\"initialRows\":\"4\"}','2017-03-06 15:28:13','2017-03-06 15:28:13','6af43b3c-233a-4d2d-aa3a-f69e4c9ee1df'),(23,6,'Features','features','global','',0,'ElementOptions_AssetOptions','{\"limit\":\"\",\"viewMode\":\"list\",\"showLabel\":\"1\",\"showCheckbox\":\"\",\"options\":[{\"label\":\"Gluten free\",\"value\":\"glutenFree\",\"element\":[\"153\"],\"default\":\"\"},{\"label\":\"100% Vegan\",\"value\":\"vegan\",\"element\":[\"154\"],\"default\":\"\"}]}','2017-03-06 17:05:35','2017-03-18 10:15:24','aac915cb-df8a-4dfe-95c3-72210afe1d50'),(24,NULL,'Spec Image','specImage','matrixBlockType:1','',0,'Assets','{\"useSingleFolder\":\"\",\"sources\":\"*\",\"defaultUploadLocationSource\":\"1\",\"defaultUploadLocationSubpath\":\"\",\"singleUploadLocationSource\":\"1\",\"singleUploadLocationSubpath\":\"\",\"restrictFiles\":\"\",\"limit\":\"1\",\"viewMode\":\"list\",\"selectionLabel\":\"\"}','2017-03-06 17:05:35','2017-03-06 17:05:35','56f3efab-ce23-4e3c-8f9c-b3edace61dc1'),(25,NULL,'Spec Text','specText','matrixBlockType:1','',0,'PlainText','{\"placeholder\":\"\",\"maxLength\":\"\",\"multiline\":\"\",\"initialRows\":\"4\"}','2017-03-06 17:05:35','2017-03-06 17:05:35','c6f1b2d9-9b6d-4e5f-aa27-6be81cbe903f'),(26,6,'Product Categories','productCategories','global','',0,'Categories','{\"source\":\"group:1\",\"limit\":\"\",\"selectionLabel\":\"\"}','2017-03-06 20:58:32','2017-03-15 19:04:08','dbaf3b45-1162-4c25-9a0c-23a19c886562'),(27,1,'Slider','slider','global','',0,'Matrix','{\"maxBlocks\":null}','2017-03-15 14:34:55','2017-03-26 22:14:17','3250045d-10e3-4d7d-9b70-7c2cc78052f5'),(28,NULL,'Background Image','image','matrixBlockType:2','',0,'Assets','{\"useSingleFolder\":\"\",\"sources\":\"*\",\"defaultUploadLocationSource\":\"1\",\"defaultUploadLocationSubpath\":\"\",\"singleUploadLocationSource\":\"1\",\"singleUploadLocationSubpath\":\"\",\"restrictFiles\":\"\",\"limit\":\"1\",\"viewMode\":\"large\",\"selectionLabel\":\"\"}','2017-03-15 14:34:55','2017-03-26 22:14:17','132b2be2-d61a-4d04-a43c-3443f3659fbd'),(29,NULL,'Left Column - Header','header','matrixBlockType:2','',0,'PlainText','{\"placeholder\":\"\",\"maxLength\":\"\",\"multiline\":\"\",\"initialRows\":\"4\"}','2017-03-15 14:34:55','2017-03-26 22:14:17','5fc3ae01-cdd1-496e-8321-a2391f67467c'),(30,NULL,'Left Column - Content','text','matrixBlockType:2','',0,'RichText','{\"configFile\":\"Standard.json\",\"availableAssetSources\":\"*\",\"availableTransforms\":\"*\",\"cleanupHtml\":\"\",\"purifyHtml\":\"\",\"columnType\":\"text\"}','2017-03-15 14:34:55','2017-03-26 22:14:17','33ad150d-f791-4a8a-bf86-9ae98e9aa0da'),(31,NULL,'Left Column - Link Text','linkText','matrixBlockType:2','',0,'PlainText','{\"placeholder\":\"Shop now\",\"maxLength\":\"\",\"multiline\":\"\",\"initialRows\":\"4\"}','2017-03-15 14:34:55','2017-03-26 22:14:17','8a1b0346-d2a3-4eb9-8057-b90db19de8f6'),(32,NULL,'Left Column - Link URL','linkUrl','matrixBlockType:2','',0,'PlainText','{\"placeholder\":\"\\/\",\"maxLength\":\"\",\"multiline\":\"\",\"initialRows\":\"4\"}','2017-03-15 14:34:55','2017-03-26 22:14:17','5813773b-9465-4699-b63d-b17288c74f8b'),(33,1,'Header','header','global','',0,'Matrix','{\"maxBlocks\":\"1\"}','2017-03-15 14:54:42','2017-04-12 15:08:03','61e51b29-7cb3-498a-bd8b-ac660ac5afe8'),(34,NULL,'Image','image','matrixBlockType:3','',0,'Assets','{\"useSingleFolder\":\"\",\"sources\":\"*\",\"defaultUploadLocationSource\":\"1\",\"defaultUploadLocationSubpath\":\"\",\"singleUploadLocationSource\":\"1\",\"singleUploadLocationSubpath\":\"\",\"restrictFiles\":\"1\",\"allowedKinds\":[\"image\"],\"limit\":\"1\",\"viewMode\":\"list\",\"selectionLabel\":\"\"}','2017-03-15 14:54:42','2017-04-12 15:08:03','10860181-5e0d-4306-84a5-c7a3eafc13de'),(35,NULL,'Text','text','matrixBlockType:3','',0,'RichText','{\"configFile\":\"\",\"availableAssetSources\":\"*\",\"availableTransforms\":\"*\",\"cleanupHtml\":\"1\",\"purifyHtml\":\"1\",\"columnType\":\"text\"}','2017-03-15 14:54:42','2017-04-12 15:08:03','87a19c85-9af3-4cef-b616-7f8a80d7a955'),(36,1,'Content Matrix','contentMatrix','global','',0,'Matrix','{\"maxBlocks\":null}','2017-03-15 14:59:34','2017-03-29 14:25:13','038d00bd-0d8c-4906-9409-9a45b9121783'),(37,NULL,'Content','data','matrixBlockType:4','',0,'RichText','{\"configFile\":\"Standard.json\",\"availableAssetSources\":\"*\",\"availableTransforms\":\"*\",\"cleanupHtml\":\"\",\"purifyHtml\":\"\",\"columnType\":\"text\"}','2017-03-15 14:59:34','2017-03-29 14:25:13','9c859bc3-1ffc-40b5-84d3-d8703b55af0b'),(40,NULL,'Content','data','matrixBlockType:7','',0,'PlainText','{\"placeholder\":\"\",\"maxLength\":\"\",\"multiline\":\"1\",\"initialRows\":\"4\"}','2017-03-15 14:59:34','2017-03-29 14:25:13','9d7bed9b-107c-4dde-aa2e-1275369d38fc'),(42,NULL,'Profile Images','data','matrixBlockType:8','',0,'Assets','{\"useSingleFolder\":\"\",\"sources\":\"*\",\"defaultUploadLocationSource\":\"1\",\"defaultUploadLocationSubpath\":\"\",\"singleUploadLocationSource\":\"1\",\"singleUploadLocationSubpath\":\"\",\"restrictFiles\":\"1\",\"allowedKinds\":[\"image\"],\"limit\":\"\",\"viewMode\":\"list\",\"selectionLabel\":\"\"}','2017-03-15 15:07:04','2017-03-29 14:25:13','05fa7f0c-9c55-401c-84cc-cbc55eaf2227'),(43,2,'Phone','phone','global','',0,'PlainText','{\"placeholder\":\"\",\"maxLength\":\"\",\"multiline\":\"\",\"initialRows\":\"4\"}','2017-03-15 15:42:24','2017-03-15 15:42:24','acb855b1-6d5e-4867-b2b7-3d03cc0bb59f'),(45,7,'Tiles','tiles','global','',0,'Matrix','{\"maxBlocks\":null}','2017-03-15 16:35:32','2017-04-12 23:05:51','37eaba51-f5a8-4ab4-a16b-40092051b904'),(46,NULL,'Data','data','matrixBlockType:9','',0,'Categories','{\"source\":\"group:1\",\"limit\":\"1\",\"selectionLabel\":\"\"}','2017-03-15 16:35:32','2017-04-12 23:05:51','262def93-b166-4738-8f0c-457fc57fcef8'),(47,NULL,'CSS Class','cssClass','matrixBlockType:10','',0,'Dropdown','{\"options\":[{\"label\":\"Default (75%)\",\"value\":\"long\",\"default\":\"1\"},{\"label\":\"Half (50%\",\"value\":\"short\",\"default\":\"\"},{\"label\":\"Full (100%)\",\"value\":\"full\",\"default\":\"\"}]}','2017-03-15 16:35:33','2017-04-12 23:05:51','7dc31d5c-c74a-459b-9c0a-1ed7d5d3f87c'),(48,NULL,'Data','data','matrixBlockType:10','',0,'PlainText','{\"placeholder\":\"\",\"maxLength\":\"\",\"multiline\":\"\",\"initialRows\":\"4\"}','2017-03-15 16:35:33','2017-04-12 23:05:51','3a325336-961a-4825-a7a0-35d6e2e20cdb'),(49,7,'Gallery','gallery','global','',0,'Matrix','{\"maxBlocks\":null}','2017-03-15 18:07:38','2017-03-19 09:40:09','3bfe0db4-daa7-44a1-83a5-a24b33313176'),(50,NULL,'Image','image','matrixBlockType:11','',0,'Assets','{\"useSingleFolder\":\"1\",\"sources\":\"\",\"defaultUploadLocationSource\":\"1\",\"defaultUploadLocationSubpath\":\"\",\"singleUploadLocationSource\":\"1\",\"singleUploadLocationSubpath\":\"gallery\",\"restrictFiles\":\"1\",\"allowedKinds\":[\"image\"],\"limit\":\"1\",\"viewMode\":\"large\",\"selectionLabel\":\"\"}','2017-03-15 18:07:39','2017-03-19 09:40:09','68e978a2-dbb5-4f66-8147-2daf056a8b59'),(51,NULL,'Caption','caption','matrixBlockType:11','',0,'PlainText','{\"placeholder\":\"\",\"maxLength\":\"\",\"multiline\":\"1\",\"initialRows\":\"4\"}','2017-03-15 18:07:39','2017-03-19 09:40:09','1d734bbc-7cd6-485e-8bd3-0f2c35d2e0be'),(52,NULL,'Video','data','matrixBlockType:12','',0,'Assets','{\"useSingleFolder\":\"1\",\"sources\":[\"folder:8\"],\"defaultUploadLocationSource\":\"3\",\"defaultUploadLocationSubpath\":\"\",\"singleUploadLocationSource\":\"3\",\"singleUploadLocationSubpath\":\"\",\"restrictFiles\":\"1\",\"allowedKinds\":[\"json\"],\"limit\":\"1\",\"viewMode\":\"list\",\"selectionLabel\":\"\"}','2017-03-15 18:18:24','2017-03-29 14:25:13','ce04f8f9-16bd-4b65-8c91-a33415be6260'),(53,NULL,'Gallery','data','matrixBlockType:13','',0,'Assets','{\"useSingleFolder\":\"1\",\"sources\":[\"folder:1\"],\"defaultUploadLocationSource\":\"1\",\"defaultUploadLocationSubpath\":\"\",\"singleUploadLocationSource\":\"1\",\"singleUploadLocationSubpath\":\"gallery\",\"restrictFiles\":\"1\",\"allowedKinds\":[\"image\"],\"limit\":\"\",\"viewMode\":\"list\",\"selectionLabel\":\"\"}','2017-03-15 18:26:33','2017-03-29 14:25:13','1a7917ad-a4b5-487e-98e8-6e5ad7f46fe3'),(54,6,'Ingredient Categories','ingredientCategories','global','',0,'Categories','{\"source\":\"group:2\",\"limit\":\"\",\"selectionLabel\":\"\"}','2017-03-15 19:04:32','2017-03-15 19:04:32','a33d6bf6-4297-426a-984e-11ec3577cc02'),(55,NULL,'Data','data','matrixBlockType:14','',0,'Categories','{\"source\":\"group:2\",\"limit\":\"1\",\"selectionLabel\":\"\"}','2017-03-15 19:05:44','2017-04-12 23:05:51','fd9f6ced-e143-4b92-ae6c-55eada968ea8'),(56,8,'SEO Data','seoData','global','',0,'Seomatic_Meta','{\"assetSources\":\"*\",\"seoMainEntityCategory\":\"CreativeWork\",\"seoMainEntityOfPage\":\"WebPage\",\"seoTitleSource\":\"field\",\"seoTitleSourceField\":\"title\",\"seoTitle\":\"\",\"seoTitleSourceChangeable\":\"1\",\"seoDescriptionSource\":\"custom\",\"seoDescriptionSourceField\":\"title\",\"seoDescription\":\"\",\"seoDescriptionSourceChangeable\":\"1\",\"seoKeywordsSource\":\"custom\",\"seoKeywordsSourceField\":\"title\",\"seoKeywords\":\"\",\"seoKeywordsSourceChangeable\":\"1\",\"seoImageIdSource\":\"custom\",\"seoImageIdSourceField\":\"images\",\"seoImageIdSourceChangeable\":\"1\",\"seoImageTransform\":\"\",\"twitterCardType\":\"\",\"twitterCardTypeChangeable\":\"1\",\"seoTwitterImageIdSource\":\"custom\",\"seoTwitterImageIdSourceField\":\"images\",\"seoTwitterImageIdSourceChangeable\":\"1\",\"seoTwitterImageTransform\":\"\",\"openGraphType\":\"\",\"openGraphTypeChangeable\":\"1\",\"seoFacebookImageIdSource\":\"custom\",\"seoFacebookImageIdSourceField\":\"images\",\"seoFacebookImageIdSourceChangeable\":\"1\",\"seoFacebookImageTransform\":\"\",\"robots\":\"\",\"robotsChangeable\":\"1\"}','2017-03-15 19:09:18','2017-03-15 19:09:18','4e4892c0-6e46-4b7c-ab3f-6163a6a8985e'),(57,1,'Template','template','global','',0,'TemplateSelect_Select',NULL,'2017-03-17 14:59:36','2017-03-17 14:59:36','5831e298-83ea-44e0-9c4e-e188c95a89db'),(58,6,'Content Tabs','contentTabs','global','',0,'Matrix','{\"maxBlocks\":null}','2017-03-18 10:55:11','2017-03-26 22:13:47','c47e71d3-4168-44a4-b7d2-2a6ced935e9a'),(59,NULL,'Heading','heading','matrixBlockType:15','',0,'PlainText','{\"placeholder\":\"\",\"maxLength\":\"\",\"multiline\":\"\",\"initialRows\":\"4\"}','2017-03-18 10:55:11','2017-03-26 22:13:47','0accbdd7-557e-4492-b48f-7fd7311cf05d'),(60,NULL,'Text','text','matrixBlockType:15','',0,'RichText','{\"configFile\":\"Standard.json\",\"availableAssetSources\":\"*\",\"availableTransforms\":\"*\",\"cleanupHtml\":\"\",\"purifyHtml\":\"\",\"columnType\":\"text\"}','2017-03-18 10:55:11','2017-03-26 22:13:47','06fda758-29f6-4638-a11e-19b33b1ec9a2'),(61,6,'Related Products','relatedProducts','global','',0,'Commerce_Products','{\"sources\":\"*\",\"limit\":\"4\",\"selectionLabel\":\"\"}','2017-03-18 12:34:44','2017-03-18 12:34:44','0274a6f6-2ba3-4625-bceb-d32942ebdf26'),(63,NULL,'Right Column - Content','rtext','matrixBlockType:2','',0,'RichText','{\"configFile\":\"Standard.json\",\"availableAssetSources\":\"*\",\"availableTransforms\":\"*\",\"cleanupHtml\":\"\",\"purifyHtml\":\"\",\"columnType\":\"text\"}','2017-03-24 13:48:34','2017-03-26 22:14:17','90c01dcd-bd36-4e3b-8fa1-5322d3e3cf33'),(64,NULL,'Right Column - Link Text','rlinkText','matrixBlockType:2','',0,'PlainText','{\"placeholder\":\"\",\"maxLength\":\"\",\"multiline\":\"\",\"initialRows\":\"4\"}','2017-03-24 13:48:34','2017-03-26 22:14:17','dfbe76d3-d8ba-4a42-8aa1-aece7ccddf31'),(65,NULL,'Right Column - Link URL','rlinkUrl','matrixBlockType:2','',0,'PlainText','{\"placeholder\":\"\",\"maxLength\":\"\",\"multiline\":\"\",\"initialRows\":\"4\"}','2017-03-24 13:48:34','2017-03-26 22:14:17','d59adf76-ea98-4c42-bcc6-5d438081de2f'),(66,NULL,'Left Column - Asset','video','matrixBlockType:2','',0,'Assets','{\"useSingleFolder\":\"\",\"sources\":\"*\",\"defaultUploadLocationSource\":\"1\",\"defaultUploadLocationSubpath\":\"\",\"singleUploadLocationSource\":\"1\",\"singleUploadLocationSubpath\":\"\",\"restrictFiles\":\"\",\"limit\":\"\",\"viewMode\":\"list\",\"selectionLabel\":\"\"}','2017-03-24 13:52:25','2017-03-26 22:14:17','6bc83244-1fce-42d2-9e19-0dbcc6027ec7'),(67,NULL,'Right Column - Asset','rvideo','matrixBlockType:2','',0,'Assets','{\"useSingleFolder\":\"\",\"sources\":\"*\",\"defaultUploadLocationSource\":\"1\",\"defaultUploadLocationSubpath\":\"\",\"singleUploadLocationSource\":\"1\",\"singleUploadLocationSubpath\":\"\",\"restrictFiles\":\"\",\"limit\":\"\",\"viewMode\":\"list\",\"selectionLabel\":\"\"}','2017-03-24 13:52:25','2017-03-26 22:14:17','108e4ef8-69a8-4f7a-9bf9-9f10b6d4ebe1'),(68,NULL,'Right Column - Header','rheader','matrixBlockType:2','',0,'PlainText','{\"placeholder\":\"\",\"maxLength\":\"\",\"multiline\":\"\",\"initialRows\":\"4\"}','2017-03-24 13:55:44','2017-03-26 22:14:17','5098b21b-906a-4a21-a5dc-a7aabac2d90f'),(70,NULL,'Left Column','col1','matrixBlockType:17','',0,'RichText','{\"configFile\":\"Standard.json\",\"availableAssetSources\":\"*\",\"availableTransforms\":\"*\",\"cleanupHtml\":\"\",\"purifyHtml\":\"\",\"columnType\":\"text\"}','2017-03-27 10:44:03','2017-03-29 14:25:13','13aace31-f64c-45e7-a575-1b506e4b3188'),(71,NULL,'Center Column','col2','matrixBlockType:17','',0,'RichText','{\"configFile\":\"Standard.json\",\"availableAssetSources\":\"*\",\"availableTransforms\":\"*\",\"cleanupHtml\":\"\",\"purifyHtml\":\"\",\"columnType\":\"text\"}','2017-03-27 10:44:03','2017-03-29 14:25:13','0b6836d7-4c0f-4550-a5be-2449632f8713'),(72,NULL,'Right Column','col3','matrixBlockType:17','',0,'RichText','{\"configFile\":\"Standard.json\",\"availableAssetSources\":\"*\",\"availableTransforms\":\"*\",\"cleanupHtml\":\"\",\"purifyHtml\":\"\",\"columnType\":\"text\"}','2017-03-27 10:44:03','2017-03-29 14:25:13','e9b20afd-8a64-4df4-a91f-6950cdd27dc9'),(73,NULL,'Left Column','col1','matrixBlockType:18','',0,'RichText','{\"configFile\":\"Standard.json\",\"availableAssetSources\":\"*\",\"availableTransforms\":\"*\",\"cleanupHtml\":\"\",\"purifyHtml\":\"\",\"columnType\":\"text\"}','2017-03-27 10:44:03','2017-03-29 14:25:13','91ff3130-2949-4ab5-9374-15028a9f1ab2'),(74,NULL,'Right Column','col2','matrixBlockType:18','',0,'RichText','{\"configFile\":\"Standard.json\",\"availableAssetSources\":\"*\",\"availableTransforms\":\"*\",\"cleanupHtml\":\"\",\"purifyHtml\":\"\",\"columnType\":\"text\"}','2017-03-27 10:44:03','2017-03-29 14:25:13','a44bb92b-9d56-4d20-b4c7-a358e3b5d893'),(75,NULL,'Left Column - 1/3 [narrow]','col1','matrixBlockType:19','',0,'RichText','{\"configFile\":\"Standard.json\",\"availableAssetSources\":\"*\",\"availableTransforms\":\"*\",\"cleanupHtml\":\"\",\"purifyHtml\":\"\",\"columnType\":\"text\"}','2017-03-27 10:44:03','2017-03-29 14:25:13','ce1dabd7-407b-458a-9729-fa8afaae5e19'),(76,NULL,'Right Column - 2/3 [wide]','col2','matrixBlockType:19','',0,'RichText','{\"configFile\":\"\",\"availableAssetSources\":\"*\",\"availableTransforms\":\"*\",\"cleanupHtml\":\"1\",\"purifyHtml\":\"1\",\"columnType\":\"text\"}','2017-03-27 10:44:03','2017-03-29 14:25:13','26f9be0f-ef75-423c-8480-36212e6f2c04'),(77,NULL,'Left Column - 2/3 [wide]','col1','matrixBlockType:20','',0,'RichText','{\"configFile\":\"\",\"availableAssetSources\":\"*\",\"availableTransforms\":\"*\",\"cleanupHtml\":\"1\",\"purifyHtml\":\"1\",\"columnType\":\"text\"}','2017-03-27 10:44:03','2017-03-29 14:25:13','79f540fe-62aa-430b-b08e-15f3780be22e'),(78,NULL,'Right Column - 1/3 [narrow]','col2','matrixBlockType:20','',0,'RichText','{\"configFile\":\"Standard.json\",\"availableAssetSources\":\"*\",\"availableTransforms\":\"*\",\"cleanupHtml\":\"\",\"purifyHtml\":\"\",\"columnType\":\"text\"}','2017-03-27 10:44:03','2017-03-29 14:25:13','287a0cf7-d427-4a22-848a-14208560757d'),(79,NULL,'Row Margin','rowMargin','matrixBlockType:4','',0,'Dropdown','{\"options\":[{\"label\":\"Default (0px)\",\"value\":\"no\",\"default\":\"\"},{\"label\":\"Small (30px top\\/bottom)\",\"value\":\"small\",\"default\":\"\"},{\"label\":\"Medium (50px top\\/bottom)\",\"value\":\"medium\",\"default\":\"\"},{\"label\":\"Large (80px top\\/bottom)\",\"value\":\"large\",\"default\":\"\"},{\"label\":\"XL (120px top\\/bottom)\",\"value\":\"xl\",\"default\":\"\"}]}','2017-03-29 14:17:07','2017-03-29 14:25:13','f4ebab25-f6fe-4840-b4ed-9818601169e9'),(80,NULL,'Row Margin','rowMargin','matrixBlockType:7','',0,'Dropdown','{\"options\":[{\"label\":\"No\",\"value\":\"no\",\"default\":\"\"},{\"label\":\"Small\",\"value\":\"small\",\"default\":\"\"}]}','2017-03-29 14:21:03','2017-03-29 14:25:13','27a052d6-c6f4-4218-98ac-4954e17676ab'),(81,7,'Email','email','global','',0,'PlainText','{\"placeholder\":\"\",\"maxLength\":\"\",\"multiline\":\"\",\"initialRows\":\"4\"}','2017-04-12 21:01:47','2017-04-12 21:01:47','1ae41164-5d80-4a87-9b9a-f6037676c715'),(82,NULL,'Promo Text','promoText','matrixBlockType:10','',0,'PlainText','{\"placeholder\":\"\",\"maxLength\":\"\",\"multiline\":\"\",\"initialRows\":\"4\"}','2017-04-12 23:05:51','2017-04-12 23:05:51','31d182ae-4140-47b8-8e02-149bf63913e6'),(83,NULL,'Image','image','matrixBlockType:10','',0,'Assets','{\"useSingleFolder\":\"\",\"sources\":\"*\",\"defaultUploadLocationSource\":\"1\",\"defaultUploadLocationSubpath\":\"\",\"singleUploadLocationSource\":\"1\",\"singleUploadLocationSubpath\":\"\",\"restrictFiles\":\"\",\"limit\":\"\",\"viewMode\":\"list\",\"selectionLabel\":\"\"}','2017-04-12 23:05:51','2017-04-12 23:05:51','5192c150-a8be-4b91-bc5b-cfa472a85119'),(84,NULL,'Button Text','buttonText','matrixBlockType:10','',0,'PlainText','{\"placeholder\":\"\",\"maxLength\":\"\",\"multiline\":\"\",\"initialRows\":\"4\"}','2017-04-12 23:05:51','2017-04-12 23:05:51','d1b0a626-4029-478f-9ff7-2fd586c67755'),(85,NULL,'Promo Link','promoURL','matrixBlockType:10','',0,'PlainText','{\"placeholder\":\"\",\"maxLength\":\"\",\"multiline\":\"\",\"initialRows\":\"4\"}','2017-04-12 23:05:51','2017-04-12 23:05:51','66dd2572-7280-4ef9-a773-1e920819e298'),(86,9,'Order Id','orderId','global','',0,'PlainText','{\"placeholder\":\"\",\"maxLength\":\"\",\"multiline\":\"\",\"initialRows\":\"4\"}','2017-04-14 13:14:07','2017-04-14 13:14:07','af97d856-1bb9-447b-990f-3d5189963a07'),(87,9,'Order Info','orderInfo','global','',0,'Table','{\"columns\":{\"col1\":{\"heading\":\"Product\",\"handle\":\"product\",\"width\":\"\",\"type\":\"singleline\"},\"col2\":{\"heading\":\"Qty\",\"handle\":\"qty\",\"width\":\"\",\"type\":\"number\"}},\"defaults\":{\"row1\":{\"col1\":\"\",\"col2\":\"\"}}}','2017-04-14 13:14:41','2017-04-14 14:11:25','e9941117-5c91-460c-8784-1d0def637be4'),(88,9,'Order Address','orderAddress','global','',0,'VzAddress','{\"showName\":\"1\",\"defaultCountry\":\"US\"}','2017-04-14 13:16:56','2017-04-14 13:41:34','9764a0bb-967e-4b09-bc21-c5c3003ee10e'),(89,NULL,'Item','item','matrixBlockType:21','',0,'Commerce_Products','{\"sources\":\"*\",\"limit\":\"1\",\"selectionLabel\":\"\"}','2017-04-14 13:26:09','2017-04-14 13:26:09','76d85fb0-c747-4322-9c47-a06cd937abd6'),(90,NULL,'Qty','qty','matrixBlockType:21','',0,'Number','{\"min\":\"0\",\"max\":\"\",\"decimals\":\"0\"}','2017-04-14 13:26:09','2017-04-14 13:26:09','ec39f729-377b-42bf-a874-4f54cb20f832'),(91,9,'Order Shipping','orderShipping','global','',0,'PlainText','{\"placeholder\":\"\",\"maxLength\":\"\",\"multiline\":\"\",\"initialRows\":\"4\"}','2017-04-14 14:15:58','2017-04-14 14:15:58','40023a1a-2553-4654-a9bf-a81f56194021');

--
-- Table structure for table `craft_globalsets`
--

CREATE TABLE `craft_globalsets` (
  `id` int(11) NOT NULL,
  `name` varchar(255) COLLATE utf8_unicode_ci NOT NULL,
  `handle` varchar(255) COLLATE utf8_unicode_ci NOT NULL,
  `fieldLayoutId` int(10) DEFAULT NULL,
  `dateCreated` datetime NOT NULL,
  `dateUpdated` datetime NOT NULL,
  `uid` char(36) COLLATE utf8_unicode_ci NOT NULL DEFAULT '0',
  PRIMARY KEY (`id`),
  UNIQUE KEY `craft_globalsets_name_unq_idx` (`name`),
  UNIQUE KEY `craft_globalsets_handle_unq_idx` (`handle`),
  KEY `craft_globalsets_fieldLayoutId_fk` (`fieldLayoutId`),
  CONSTRAINT `craft_globalsets_fieldLayoutId_fk` FOREIGN KEY (`fieldLayoutId`) REFERENCES `craft_fieldlayouts` (`id`) ON DELETE SET NULL,
  CONSTRAINT `craft_globalsets_id_fk` FOREIGN KEY (`id`) REFERENCES `craft_elements` (`id`) ON DELETE CASCADE
) ENGINE=InnoDB DEFAULT CHARSET=utf8 COLLATE=utf8_unicode_ci;

--
-- Dumping data for table `craft_globalsets`
--

INSERT INTO `craft_globalsets` VALUES (70,'Footer','footer',55,'2017-03-15 15:38:59','2017-03-15 15:38:59','7f10ae2b-6aab-47f6-97e5-6eb394566aa3'),(71,'Contact Info','contactInfo',221,'2017-03-15 15:42:41','2017-04-12 21:02:05','801d8dce-328e-4558-834a-a460e3fa84df');

--
-- Table structure for table `craft_info`
--

CREATE TABLE `craft_info` (
  `id` int(11) NOT NULL AUTO_INCREMENT,
  `version` varchar(50) COLLATE utf8_unicode_ci NOT NULL,
  `schemaVersion` varchar(15) COLLATE utf8_unicode_ci NOT NULL,
  `edition` tinyint(1) unsigned NOT NULL DEFAULT '0',
  `siteName` varchar(100) COLLATE utf8_unicode_ci NOT NULL,
  `siteUrl` varchar(255) COLLATE utf8_unicode_ci NOT NULL,
  `timezone` varchar(30) COLLATE utf8_unicode_ci DEFAULT NULL,
  `on` tinyint(1) unsigned NOT NULL DEFAULT '0',
  `maintenance` tinyint(1) unsigned NOT NULL DEFAULT '0',
  `dateCreated` datetime NOT NULL,
  `dateUpdated` datetime NOT NULL,
  `uid` char(36) COLLATE utf8_unicode_ci NOT NULL DEFAULT '0',
  PRIMARY KEY (`id`)
) ENGINE=InnoDB AUTO_INCREMENT=2 DEFAULT CHARSET=utf8 COLLATE=utf8_unicode_ci;

--
-- Dumping data for table `craft_info`
--

INSERT INTO `craft_info` VALUES (1,'2.6.2983','2.6.9',2,'Monarch Manor','{siteUrl}','UTC',1,0,'2017-03-06 09:19:06','2017-06-16 06:23:13','43a789c1-3f97-4aec-b413-0433ae8215d8');

--
-- Table structure for table `craft_locales`
--

CREATE TABLE `craft_locales` (
  `locale` char(12) COLLATE utf8_unicode_ci NOT NULL,
  `sortOrder` smallint(6) unsigned DEFAULT NULL,
  `dateCreated` datetime NOT NULL,
  `dateUpdated` datetime NOT NULL,
  `uid` char(36) COLLATE utf8_unicode_ci NOT NULL DEFAULT '0',
  PRIMARY KEY (`locale`),
  KEY `craft_locales_sortOrder_idx` (`sortOrder`)
) ENGINE=InnoDB DEFAULT CHARSET=utf8 COLLATE=utf8_unicode_ci;

--
-- Dumping data for table `craft_locales`
--

INSERT INTO `craft_locales` VALUES ('en_us',1,'2017-03-06 09:19:06','2017-03-06 09:19:06','91ce69c8-22ad-481e-8d6c-87538988a790');

--
-- Table structure for table `craft_matrixblocks`
--

CREATE TABLE `craft_matrixblocks` (
  `id` int(11) NOT NULL,
  `ownerId` int(11) NOT NULL,
  `fieldId` int(11) NOT NULL,
  `typeId` int(11) DEFAULT NULL,
  `sortOrder` smallint(6) unsigned DEFAULT NULL,
  `ownerLocale` char(12) COLLATE utf8_unicode_ci DEFAULT NULL,
  `dateCreated` datetime NOT NULL,
  `dateUpdated` datetime NOT NULL,
  `uid` char(36) COLLATE utf8_unicode_ci NOT NULL DEFAULT '0',
  PRIMARY KEY (`id`),
  KEY `craft_matrixblocks_ownerId_idx` (`ownerId`),
  KEY `craft_matrixblocks_fieldId_idx` (`fieldId`),
  KEY `craft_matrixblocks_typeId_idx` (`typeId`),
  KEY `craft_matrixblocks_sortOrder_idx` (`sortOrder`),
  KEY `craft_matrixblocks_ownerLocale_fk` (`ownerLocale`),
  CONSTRAINT `craft_matrixblocks_fieldId_fk` FOREIGN KEY (`fieldId`) REFERENCES `craft_fields` (`id`) ON DELETE CASCADE,
  CONSTRAINT `craft_matrixblocks_id_fk` FOREIGN KEY (`id`) REFERENCES `craft_elements` (`id`) ON DELETE CASCADE,
  CONSTRAINT `craft_matrixblocks_ownerId_fk` FOREIGN KEY (`ownerId`) REFERENCES `craft_elements` (`id`) ON DELETE CASCADE,
  CONSTRAINT `craft_matrixblocks_ownerLocale_fk` FOREIGN KEY (`ownerLocale`) REFERENCES `craft_locales` (`locale`) ON DELETE CASCADE ON UPDATE CASCADE,
  CONSTRAINT `craft_matrixblocks_typeId_fk` FOREIGN KEY (`typeId`) REFERENCES `craft_matrixblocktypes` (`id`) ON DELETE CASCADE
) ENGINE=InnoDB DEFAULT CHARSET=utf8 COLLATE=utf8_unicode_ci;

--
-- Dumping data for table `craft_matrixblocks`
--

INSERT INTO `craft_matrixblocks` VALUES (58,22,33,3,1,NULL,'2017-03-15 15:14:01','2017-03-29 14:43:55','31ba349d-653b-4255-9bc3-9b03212e3b78'),(59,22,36,8,1,NULL,'2017-03-15 15:14:01','2017-03-29 14:43:55','0b32f5e8-421d-44bf-a2bf-d20a56f8d0df'),(62,22,36,4,2,NULL,'2017-03-15 15:14:01','2017-03-29 14:43:55','de179c76-ce60-446d-9286-3ed0878a2177'),(126,2,27,2,1,NULL,'2017-03-15 16:43:21','2017-04-12 23:43:16','e45b42d9-78ab-4ff4-bba9-d4649c85a93e'),(127,2,45,9,1,NULL,'2017-03-15 16:43:21','2017-04-12 23:43:16','3b0513ac-2dea-49f3-83db-51dd4c9463a6'),(129,2,45,9,2,NULL,'2017-03-15 16:43:21','2017-04-12 23:43:16','5cbddc22-63e8-4bfe-9dd1-a4bc2ec57981'),(130,2,45,9,3,NULL,'2017-03-15 16:43:21','2017-04-12 23:43:16','27998c8b-ef7e-4066-8e60-043421fe5a87'),(131,2,45,9,4,NULL,'2017-03-15 16:43:21','2017-04-12 23:43:16','ec44909a-1862-44c9-8a2c-a78cc7610d0b'),(132,2,45,9,5,NULL,'2017-03-15 16:43:21','2017-04-12 23:43:16','9dad4a53-7336-4031-9b96-253f6a08febb'),(133,2,45,9,6,NULL,'2017-03-15 16:43:21','2017-04-12 23:43:16','faa81242-6b42-4af9-bd9d-aa450d93655a'),(134,2,45,9,7,NULL,'2017-03-15 16:43:21','2017-04-12 23:43:16','b8ab9b32-5f14-4399-a1c6-cbcfb8d7020c'),(135,2,45,9,8,NULL,'2017-03-15 16:43:21','2017-04-12 23:43:16','f066d79e-b255-45e2-9956-b217260fac6c'),(149,148,33,3,1,NULL,'2017-03-16 16:32:34','2017-03-16 16:32:34','c86fc35f-ce1c-488a-a7ea-20c789243b34'),(152,151,33,3,1,NULL,'2017-03-17 14:45:06','2017-03-17 15:00:13','d45ba088-306c-4eb1-8fc7-177b686ab0ca'),(155,140,58,15,1,NULL,'2017-03-18 11:01:35','2017-03-18 11:05:57','7068115b-6e6c-4358-875d-0d6235df144d'),(156,140,58,15,2,NULL,'2017-03-18 11:01:35','2017-03-18 11:05:57','ff7615e5-d13a-4ab0-a150-2958c05c1e17'),(157,140,58,15,3,NULL,'2017-03-18 11:01:35','2017-03-18 11:05:57','eb42737e-73bc-4dd9-a04f-6eb5086fff4b'),(160,138,36,12,1,NULL,'2017-03-19 09:37:07','2017-03-24 15:00:12','13583f34-da8c-4f13-8ba6-f57be84f627a'),(166,138,36,13,2,NULL,'2017-03-19 09:41:39','2017-03-24 15:00:12','58490844-85e2-4788-a572-e458c5188e33'),(167,138,36,4,3,NULL,'2017-03-19 09:41:39','2017-03-24 15:00:12','cfad74c9-4c92-4160-b2d8-3908d60c7843'),(171,169,33,3,1,NULL,'2017-03-20 09:44:07','2017-03-20 09:44:07','44f751e2-1713-45e4-8671-2391568a1ecf'),(172,170,33,3,1,NULL,'2017-03-20 09:44:22','2017-03-20 09:44:22','d0aa9262-5e37-46ae-9689-268244ea3a3b'),(174,173,33,3,1,NULL,'2017-03-20 09:52:29','2017-03-20 09:52:29','570fccc9-d172-403e-815b-f9b633351b98'),(188,187,58,15,1,NULL,'2017-03-26 16:41:37','2017-03-26 21:41:59','8a95950b-b729-47bf-9432-5e24e2b5bb02'),(191,187,58,15,2,NULL,'2017-03-26 20:29:04','2017-03-26 21:41:59','d2705820-cab0-4794-b545-81b52fb0f0db'),(192,187,58,15,3,NULL,'2017-03-26 20:31:51','2017-03-26 21:41:59','ce80628a-7eab-4da9-8bf7-ba28ad73802f'),(194,22,36,18,3,NULL,'2017-03-29 12:52:14','2017-03-29 14:43:55','40cedd7d-f5a5-4658-8060-25ce5a28643c'),(196,22,36,18,4,NULL,'2017-03-29 14:43:55','2017-03-29 14:43:55','8354f64a-81a0-4a94-a344-24c07af97ea2'),(197,22,36,4,5,NULL,'2017-03-29 14:43:55','2017-03-29 14:43:55','38c3f394-65b1-41ed-bb4b-1af57311ed68'),(198,22,36,12,6,NULL,'2017-03-29 14:43:55','2017-03-29 14:43:55','5104cfe8-05e3-4958-85af-7feaaaa25560'),(201,200,33,3,1,NULL,'2017-04-12 15:27:28','2017-04-12 16:09:13','cff4eb3a-c7b5-4c3b-90fe-ad3e414ce400'),(202,200,36,12,1,NULL,'2017-04-12 15:27:28','2017-04-12 16:09:13','cdf574ff-d2ce-4862-bb09-d79bc8a5a1e7'),(204,2,45,9,9,NULL,'2017-04-12 21:18:47','2017-04-12 23:43:16','7eded46e-0e5e-4b95-991e-8c2fac2ca064'),(205,2,45,9,10,NULL,'2017-04-12 21:18:47','2017-04-12 23:43:16','b45e7b93-b66b-4655-90f5-4cbb06a6a9fc'),(207,2,45,10,11,NULL,'2017-04-12 23:42:39','2017-04-12 23:43:16','d4e7e405-ca46-4c71-b689-747a2c820955');

--
-- Table structure for table `craft_matrixblocktypes`
--

CREATE TABLE `craft_matrixblocktypes` (
  `id` int(11) NOT NULL AUTO_INCREMENT,
  `fieldId` int(11) NOT NULL,
  `fieldLayoutId` int(11) DEFAULT NULL,
  `name` varchar(255) COLLATE utf8_unicode_ci NOT NULL,
  `handle` varchar(255) COLLATE utf8_unicode_ci NOT NULL,
  `sortOrder` smallint(6) unsigned DEFAULT NULL,
  `dateCreated` datetime NOT NULL,
  `dateUpdated` datetime NOT NULL,
  `uid` char(36) COLLATE utf8_unicode_ci NOT NULL DEFAULT '0',
  PRIMARY KEY (`id`),
  UNIQUE KEY `craft_matrixblocktypes_name_fieldId_unq_idx` (`name`,`fieldId`),
  UNIQUE KEY `craft_matrixblocktypes_handle_fieldId_unq_idx` (`handle`,`fieldId`),
  KEY `craft_matrixblocktypes_fieldId_fk` (`fieldId`),
  KEY `craft_matrixblocktypes_fieldLayoutId_fk` (`fieldLayoutId`),
  CONSTRAINT `craft_matrixblocktypes_fieldId_fk` FOREIGN KEY (`fieldId`) REFERENCES `craft_fields` (`id`) ON DELETE CASCADE,
  CONSTRAINT `craft_matrixblocktypes_fieldLayoutId_fk` FOREIGN KEY (`fieldLayoutId`) REFERENCES `craft_fieldlayouts` (`id`) ON DELETE SET NULL
) ENGINE=InnoDB AUTO_INCREMENT=22 DEFAULT CHARSET=utf8 COLLATE=utf8_unicode_ci;

--
-- Dumping data for table `craft_matrixblocktypes`
--

INSERT INTO `craft_matrixblocktypes` VALUES (1,23,36,'Spec Item','specItem',1,'2017-03-06 17:05:35','2017-03-06 17:05:36','6c6e1476-775f-467f-bd6f-eaf6a52b698a'),(2,27,161,'Slide','slide',1,'2017-03-15 14:34:55','2017-03-26 22:14:17','b257ee3c-7c4c-4269-aad9-61858c0065c6'),(3,33,216,'Header','header',1,'2017-03-15 14:54:42','2017-04-12 15:08:03','1b67926c-3f6d-44c3-8c60-33247dcfdb65'),(4,36,207,'Text','text',1,'2017-03-15 14:59:34','2017-03-29 14:25:13','e15ecd1a-2bf2-4f77-b2b7-0839b47efe5d'),(7,36,208,'HTML','html',2,'2017-03-15 14:59:34','2017-03-29 14:25:13','8f78d486-92d7-4ecc-8a8f-2aa2ae0c868e'),(8,36,211,'Profile Images','workers',5,'2017-03-15 15:07:04','2017-03-29 14:25:13','d641a7b2-f1eb-47f4-b357-4c28037c7caf'),(9,45,222,'Product Category','productCategory',1,'2017-03-15 16:35:32','2017-04-12 23:05:51','a02e36b7-3cb6-4de0-a0db-915b8005bc56'),(10,45,224,'HTML','html',3,'2017-03-15 16:35:32','2017-04-12 23:05:51','5477d8ed-b540-42df-a014-d7bd156f1006'),(11,49,127,'Image','image',1,'2017-03-15 18:07:39','2017-03-19 09:40:09','993949ba-5173-401a-b3de-3aee0db2969a'),(12,36,209,'Video','video',3,'2017-03-15 18:18:24','2017-03-29 14:25:13','6a72aa09-b18a-46a9-91cc-70781dd3e4e1'),(13,36,210,'Gallery','gallery',4,'2017-03-15 18:26:33','2017-03-29 14:25:13','5fe3bbe3-3941-41cd-aaf8-1c580902403d'),(14,45,223,'Ingredient Category','ingredientCategory',2,'2017-03-15 19:05:44','2017-04-12 23:05:51','ca3c2b1d-c164-4b02-ab06-67f4a07785aa'),(15,58,160,'Tab','tab',1,'2017-03-18 10:55:11','2017-03-26 22:13:47','c28b77bc-12c8-49ff-bf43-cbc3941a1389'),(17,36,212,'Three equal columns','threeEqualColumns',6,'2017-03-27 10:44:03','2017-03-29 14:25:13','6cd7dd17-2015-4252-80f1-e499dd64a0a1'),(18,36,213,'Two equal columns','twoEqualColumns',7,'2017-03-27 10:44:03','2017-03-29 14:25:13','5e1c64a8-7be7-4ac6-989a-06cf7a8f3d36'),(19,36,214,'Two columns: narrow and wide','twoColumnsNarrowAndWide',8,'2017-03-27 10:44:03','2017-03-29 14:25:13','7d2ce4bd-699d-4a03-86d6-0e704ed4c85e'),(20,36,215,'Two Columns: wide and narrow','twoColumnsWideAndNarrow',9,'2017-03-27 10:44:03','2017-03-29 14:25:13','f5d137f0-eb8c-4f76-8596-affe6f9069b7'),(21,87,226,'Order Items','orderItems',1,'2017-04-14 13:26:09','2017-04-14 13:26:09','822aa0b8-1405-4271-a499-23e0db77eec8');

--
-- Table structure for table `craft_matrixcontent_contentmatrix`
--

CREATE TABLE `craft_matrixcontent_contentmatrix` (
  `id` int(11) NOT NULL AUTO_INCREMENT,
  `elementId` int(11) NOT NULL,
  `locale` char(12) COLLATE utf8_unicode_ci NOT NULL,
  `field_text_data` text COLLATE utf8_unicode_ci,
  `field_html_data` text COLLATE utf8_unicode_ci,
  `field_threeEqualColumns_col1` text COLLATE utf8_unicode_ci,
  `field_threeEqualColumns_col2` text COLLATE utf8_unicode_ci,
  `field_threeEqualColumns_col3` text COLLATE utf8_unicode_ci,
  `field_twoEqualColumns_col1` text COLLATE utf8_unicode_ci,
  `field_twoEqualColumns_col2` text COLLATE utf8_unicode_ci,
  `field_twoColumnsNarrowAndWide_col1` text COLLATE utf8_unicode_ci,
  `field_twoColumnsNarrowAndWide_col2` text COLLATE utf8_unicode_ci,
  `field_twoColumnsWideAndNarrow_col1` text COLLATE utf8_unicode_ci,
  `field_twoColumnsWideAndNarrow_col2` text COLLATE utf8_unicode_ci,
  `field_text_rowMargin` varchar(255) COLLATE utf8_unicode_ci DEFAULT NULL,
  `field_html_rowMargin` varchar(255) COLLATE utf8_unicode_ci DEFAULT NULL,
  `dateCreated` datetime NOT NULL,
  `dateUpdated` datetime NOT NULL,
  `uid` char(36) COLLATE utf8_unicode_ci NOT NULL DEFAULT '0',
  PRIMARY KEY (`id`),
  UNIQUE KEY `craft_matrixcontent_contentmatrix_elementId_locale_unq_idx` (`elementId`,`locale`),
  KEY `craft_matrixcontent_contentmatrix_locale_fk` (`locale`),
  CONSTRAINT `craft_matrixcontent_contentmatrix_elementId_fk` FOREIGN KEY (`elementId`) REFERENCES `craft_elements` (`id`) ON DELETE CASCADE,
  CONSTRAINT `craft_matrixcontent_contentmatrix_locale_fk` FOREIGN KEY (`locale`) REFERENCES `craft_locales` (`locale`) ON DELETE CASCADE ON UPDATE CASCADE
) ENGINE=InnoDB AUTO_INCREMENT=18 DEFAULT CHARSET=utf8 COLLATE=utf8_unicode_ci;

--
-- Dumping data for table `craft_matrixcontent_contentmatrix`
--

INSERT INTO `craft_matrixcontent_contentmatrix` VALUES (1,59,'en_us',NULL,NULL,NULL,NULL,NULL,NULL,NULL,NULL,NULL,NULL,NULL,NULL,NULL,'2017-03-15 15:14:01','2017-03-29 14:43:55','a78c1049-898d-4a3c-9085-97955eb38ea6'),(4,62,'en_us','<p>We believe natural and organic products complement our hair and skin creating beautiful results without harming our environment. Through our small-batch processes, we provide exceptional natural and organic bath and beauty products to wholesale companies that sell under their brands, as well as DIY makers and crafters. When you work with Essential Wholesale & Labs you can be confident you’re buying high-quality products and sustainably sourced ingredients. Whether you’re looking for ready-made products like USDA Certified Organic Hemp Acai Body Butter, bases such our Aloe & Jojoba Lotion, Essential Oils, Additives, Clays, or Melt & Pour products, you can trust them for yourself, your customers, your family, and your business. We strive to provide exceptional customer service, and to produce relevant recipes, blogs, and DIY videos about the products, ingredients, and business side of natural and organic skin care.</p>',NULL,NULL,NULL,NULL,NULL,NULL,NULL,NULL,NULL,NULL,'no',NULL,'2017-03-15 15:14:01','2017-03-29 14:43:55','ae5f417b-3538-4f00-a590-368c61b4ddb2'),(10,160,'en_us',NULL,NULL,NULL,NULL,NULL,NULL,NULL,NULL,NULL,NULL,NULL,NULL,NULL,'2017-03-19 09:37:07','2017-03-24 15:00:12','459bebc8-750b-4e9c-985d-10339a525602'),(11,166,'en_us',NULL,NULL,NULL,NULL,NULL,NULL,NULL,NULL,NULL,NULL,NULL,NULL,NULL,'2017-03-19 09:41:38','2017-03-24 15:00:12','fb3573be-39e7-438e-be12-d47f1fb6959f'),(12,167,'en_us','<p>Some extra text</p>',NULL,NULL,NULL,NULL,NULL,NULL,NULL,NULL,NULL,NULL,NULL,NULL,'2017-03-19 09:41:39','2017-03-24 15:00:12','9577df8f-6516-4acb-bd65-5b10fd909279'),(13,194,'en_us',NULL,NULL,NULL,NULL,NULL,'<ul><li><a href=\"http://mm.dev/about.html#\">Glass or plastic bottles</a></li><li><a href=\"http://mm.dev/about.html#\">Glass or plastic jars</a></li><li><a href=\"http://mm.dev/about.html#\">Round Tubes (40 ml to 236 ml - some size restrictions so please talk with your account executive)</a></li><li><a href=\"http://mm.dev/about.html#\">Logo Imprinted Foil Samples in 10 ml to 15 ml sizes</a></li><li><a href=\"http://mm.dev/about.html#\">Deodorant Tubes</a></li><li><a href=\"http://mm.dev/about.html#\">15 oz. Sun Sticks</a></li><li><a href=\"http://mm.dev/about.html#\">Melt & Pour tins</a></li><li><a href=\"http://mm.dev/about.html#\">Distribution and logistics (with 3rd party local partner)</a></li></ul>','<ul><li><a href=\"http://mm.dev/about.html#\">Manual or Machine Label</a></li><li><a href=\"http://mm.dev/about.html#\">Lot Coding</a></li><li><a href=\"http://mm.dev/about.html#\">Shrink banding</a></li><li><a href=\"http://mm.dev/about.html#\">Pressure and Heat Induction Sealing</a></li><li><a href=\"http://mm.dev/about.html#\">Retail Boxing</a></li><li><a href=\"http://mm.dev/about.html#\">Fulfillment by Amazon Kitting</a></li><li><a href=\"http://mm.dev/about.html#\">Pick Pack and Ship (with 3rd party local partner)</a></li></ul>',NULL,NULL,NULL,NULL,NULL,NULL,'2017-03-29 12:52:14','2017-03-29 14:43:55','5992c28c-f345-4418-bf16-df419f99294a'),(14,196,'en_us',NULL,NULL,NULL,NULL,NULL,'<h3>This is the Benefit descriptio</h3><p>Lorem ipsum dolor sit amet, consectetur adipisicing elit, sed do eiusmod tempor incididunt ut labore et dolore magna aliqua. Ut enim ad minim veniam, quis nostrud exercitation ullamco laboris nisi ut aliquip ex ea commodo consequat. Duis aute irure dolor in reprehenderit in voluptate velit esse cillum dolore eu fugiat nulla pariatur. Excepteur sint occaecat cupidatat non proident, sunt in culpa qui officia deserunt mollit anim id est laborum. <br></p>','<h3>The INgredients are:</h3><p>At vero eos et accusamus et iusto odio dignissimos ducimus qui blanditiis praesentium voluptatum deleniti atque corrupti quos dolores et quas molestias excepturi sint occaecati cupiditate non provident, similique sunt in culpa qui officia deserunt mollitia animi, id est laborum et dolorum fuga. Et harum quidem rerum facilis est et expedita distinctio. Nam libero tempore, cum soluta nobis est eligendi optio cumque nihil impedit quo minus id quod maxime placeat facere possimus, omnis voluptas assumenda est, omnis dolor repellendus. Temporibus autem quibusdam et aut officiis debitis aut rerum necessitatibus saepe eveniet ut et voluptates repudiandae sint et molestiae non recusandae. Itaque earum rerum hic tenetur a sapiente delectus, ut aut reiciendis voluptatibus maiores alias consequatur aut perferendis doloribus asperiores repellat. <br></p><p>Lorem ipsum dolor sit amet, consectetur adipisicing elit, sed do eiusmod tempor incididunt ut labore et dolore magna aliqua. Ut enim ad minim veniam, quis nostrud exercitation ullamco laboris nisi ut aliquip ex ea commodo consequat. Duis aute irure dolor in reprehenderit in voluptate velit esse cillum dolore eu fugiat nulla pariatur. Excepteur sint occaecat cupidatat non proident, sunt in culpa qui officia deserunt mollit anim id est laborum. <br></p>',NULL,NULL,NULL,NULL,NULL,NULL,'2017-03-29 14:43:55','2017-03-29 14:43:55','cadac733-198f-4c27-814c-e2c61101da61'),(15,197,'en_us','<h2>HERE IS SOEMTHIGN COOL</h2><p>Lorem ipsum dolor sit amet, consectetur adipisicing elit, sed do eiusmod tempor incididunt ut labore et dolore magna aliqua. Ut enim ad minim veniam, quis nostrud exercitation ullamco laboris nisi ut aliquip ex ea commodo consequat. Duis aute irure dolor in reprehenderit in voluptate velit esse cillum dolore eu fugiat nulla pariatur. Excepteur sint occaecat cupidatat non proident, sunt in culpa qui officia deserunt mollit anim id est laborum.</p><p>At vero eos et accusamus et iusto odio dignissimos ducimus qui blanditiis praesentium voluptatum deleniti atque corrupti quos dolores et quas molestias excepturi sint occaecati cupiditate non provident, similique sunt in culpa qui officia deserunt mollitia animi, id est laborum et dolorum fuga. Et harum quidem rerum facilis est et expedita distinctio. Nam libero tempore, cum soluta nobis est eligendi optio cumque nihil impedit quo minus id quod maxime placeat facere possimus, omnis voluptas assumenda est, omnis dolor repellendus. Temporibus autem quibusdam et aut officiis debitis aut rerum necessitatibus saepe eveniet ut et voluptates repudiandae sint et molestiae non recusandae. Itaque earum rerum hic tenetur a sapiente delectus, ut aut reiciendis voluptatibus maiores alias consequatur aut perferendis doloribus asperiores repellat. <br></p>',NULL,NULL,NULL,NULL,NULL,NULL,NULL,NULL,NULL,NULL,'medium',NULL,'2017-03-29 14:43:55','2017-03-29 14:43:55','1b795d67-17b7-4a58-b482-5cacb6fdf4e9'),(16,198,'en_us',NULL,NULL,NULL,NULL,NULL,NULL,NULL,NULL,NULL,NULL,NULL,NULL,NULL,'2017-03-29 14:43:55','2017-03-29 14:43:55','c15ca9aa-d2b8-48b4-87e6-88ca73ccd5e6'),(17,202,'en_us',NULL,NULL,NULL,NULL,NULL,NULL,NULL,NULL,NULL,NULL,NULL,NULL,NULL,'2017-04-12 15:27:28','2017-04-12 16:09:13','787a2f7f-a6f4-4e5f-b1b1-8cafca463794');

--
-- Table structure for table `craft_matrixcontent_contenttabs`
--

CREATE TABLE `craft_matrixcontent_contenttabs` (
  `id` int(11) NOT NULL AUTO_INCREMENT,
  `elementId` int(11) NOT NULL,
  `locale` char(12) COLLATE utf8_unicode_ci NOT NULL,
  `field_tab_heading` text COLLATE utf8_unicode_ci,
  `field_tab_text` text COLLATE utf8_unicode_ci,
  `dateCreated` datetime NOT NULL,
  `dateUpdated` datetime NOT NULL,
  `uid` char(36) COLLATE utf8_unicode_ci NOT NULL DEFAULT '0',
  PRIMARY KEY (`id`),
  UNIQUE KEY `craft_matrixcontent_contenttabs_elementId_locale_unq_idx` (`elementId`,`locale`),
  KEY `craft_matrixcontent_contenttabs_locale_fk` (`locale`),
  CONSTRAINT `craft_matrixcontent_contenttabs_elementId_fk` FOREIGN KEY (`elementId`) REFERENCES `craft_elements` (`id`) ON DELETE CASCADE,
  CONSTRAINT `craft_matrixcontent_contenttabs_locale_fk` FOREIGN KEY (`locale`) REFERENCES `craft_locales` (`locale`) ON DELETE CASCADE ON UPDATE CASCADE
) ENGINE=InnoDB AUTO_INCREMENT=7 DEFAULT CHARSET=utf8 COLLATE=utf8_unicode_ci;

--
-- Dumping data for table `craft_matrixcontent_contenttabs`
--

INSERT INTO `craft_matrixcontent_contenttabs` VALUES (1,155,'en_us','How to use','<p>Directions for usage as Facial Creme: Moisturize your face and neck with creme every morning and/or night after you cleanse and tone. Always moisturize your face and neck in upward motions. Moisturizing is important for all skin types. In every step of skin care, always use circular, upward motions with a gentle touch on your face. Don\'t help gravity by tugging down on your skin, and remember that the skin on your face loves you, so you should love it.</p>','2017-03-18 11:01:35','2017-03-18 11:05:57','9344c482-ad42-4d73-b430-096c98a9b665'),(2,156,'en_us','Details','<p>Directions for usage as Body Creme: Apply to entire body as often as needed throughout the day to hydrate and nourish the skin. Pay special attention to hands, feet, elbows and any other area of your body that is prone to dry skin.</p>','2017-03-18 11:01:35','2017-03-18 11:05:57','983fc073-191f-476f-8f06-99a65480fcbc'),(3,157,'en_us','Ingredient Super Stars','<p>Directions for usage as Body Creme: Apply to entire body as often as needed throughout the day to hydrate and nourish the skin. Pay special attention to hands, feet, elbows and any other area of your body that is prone to dry skin. 12345</p>','2017-03-18 11:01:35','2017-03-18 11:05:57','1fae5dc9-3b41-477e-a095-a6152c125594'),(4,188,'en_us','How To Use','<p>USE DIRECTIONS: To enjoy this wonderful whole body nutritional\nshake, place 1 level scoop (33 g) in 14-16 oz of unsweetened vanilla\nalmond milk, cold water or any cold liquid you enjoy. Mix or blend well and drink at once.<br /></p>','2017-03-26 16:41:37','2017-03-26 21:41:59','58796935-c897-4381-ab6a-91788d0b6a3a'),(5,191,'en_us','Super Star Ingredients','','2017-03-26 20:29:04','2017-03-26 21:41:59','4a7a5071-f8a5-4e7d-9e4c-d7850741deb1'),(6,192,'en_us','Product Details','','2017-03-26 20:31:51','2017-03-26 21:41:59','b4360b64-dfbc-4a47-bb18-e10de2f9c57a');

--
-- Table structure for table `craft_matrixcontent_gallery`
--

CREATE TABLE `craft_matrixcontent_gallery` (
  `id` int(11) NOT NULL AUTO_INCREMENT,
  `elementId` int(11) NOT NULL,
  `locale` char(12) COLLATE utf8_unicode_ci NOT NULL,
  `field_image_caption` text COLLATE utf8_unicode_ci,
  `dateCreated` datetime NOT NULL,
  `dateUpdated` datetime NOT NULL,
  `uid` char(36) COLLATE utf8_unicode_ci NOT NULL DEFAULT '0',
  PRIMARY KEY (`id`),
  UNIQUE KEY `craft_matrixcontent_gallery_elementId_locale_unq_idx` (`elementId`,`locale`),
  KEY `craft_matrixcontent_gallery_locale_fk` (`locale`),
  CONSTRAINT `craft_matrixcontent_gallery_elementId_fk` FOREIGN KEY (`elementId`) REFERENCES `craft_elements` (`id`) ON DELETE CASCADE,
  CONSTRAINT `craft_matrixcontent_gallery_locale_fk` FOREIGN KEY (`locale`) REFERENCES `craft_locales` (`locale`) ON DELETE CASCADE ON UPDATE CASCADE
) ENGINE=InnoDB DEFAULT CHARSET=utf8 COLLATE=utf8_unicode_ci;

--
-- Dumping data for table `craft_matrixcontent_gallery`
--


--
-- Table structure for table `craft_matrixcontent_header`
--

CREATE TABLE `craft_matrixcontent_header` (
  `id` int(11) NOT NULL AUTO_INCREMENT,
  `elementId` int(11) NOT NULL,
  `locale` char(12) COLLATE utf8_unicode_ci NOT NULL,
  `field_header_text` text COLLATE utf8_unicode_ci,
  `dateCreated` datetime NOT NULL,
  `dateUpdated` datetime NOT NULL,
  `uid` char(36) COLLATE utf8_unicode_ci NOT NULL DEFAULT '0',
  PRIMARY KEY (`id`),
  UNIQUE KEY `craft_matrixcontent_header_elementId_locale_unq_idx` (`elementId`,`locale`),
  KEY `craft_matrixcontent_header_locale_fk` (`locale`),
  CONSTRAINT `craft_matrixcontent_header_elementId_fk` FOREIGN KEY (`elementId`) REFERENCES `craft_elements` (`id`) ON DELETE CASCADE,
  CONSTRAINT `craft_matrixcontent_header_locale_fk` FOREIGN KEY (`locale`) REFERENCES `craft_locales` (`locale`) ON DELETE CASCADE ON UPDATE CASCADE
) ENGINE=InnoDB AUTO_INCREMENT=8 DEFAULT CHARSET=utf8 COLLATE=utf8_unicode_ci;

--
-- Dumping data for table `craft_matrixcontent_header`
--

INSERT INTO `craft_matrixcontent_header` VALUES (1,58,'en_us','About\r\nstore','2017-03-15 15:14:01','2017-03-29 14:43:55','1bca6fa4-a61e-4490-848e-a65712462cd1'),(2,149,'en_us','','2017-03-16 16:32:34','2017-03-16 16:32:34','305adff0-d72e-4d71-8d80-94ff1571baff'),(3,152,'en_us','','2017-03-17 14:45:06','2017-03-17 15:00:13','fa85bb06-04a8-4d81-b5f3-009bc855a25c'),(4,171,'en_us','','2017-03-20 09:44:07','2017-03-20 09:44:07','57ebea56-22a2-48cc-8392-ca72cafe65f7'),(5,172,'en_us','','2017-03-20 09:44:22','2017-03-20 09:44:22','54280b69-3ded-4be7-92d5-ea118f80f998'),(6,174,'en_us','Search results','2017-03-20 09:52:29','2017-03-20 09:52:29','23108a97-16fe-43aa-be8f-2f1a78dd7d15'),(7,201,'en_us','<p>Care for your health</p>\n<h2>Monarch Manor Farms Coming Soon</h2>','2017-04-12 15:27:28','2017-04-12 16:09:13','b1da2055-2c00-4fa9-a0a0-5cd524d1ee47');

--
-- Table structure for table `craft_matrixcontent_orderinfo`
--

CREATE TABLE `craft_matrixcontent_orderinfo` (
  `id` int(11) NOT NULL AUTO_INCREMENT,
  `elementId` int(11) NOT NULL,
  `locale` char(12) COLLATE utf8_unicode_ci NOT NULL,
  `field_orderItems_qty` int(10) unsigned DEFAULT '0',
  `dateCreated` datetime NOT NULL,
  `dateUpdated` datetime NOT NULL,
  `uid` char(36) COLLATE utf8_unicode_ci NOT NULL DEFAULT '0',
  PRIMARY KEY (`id`),
  UNIQUE KEY `craft_matrixcontent_orderinfo_elementId_locale_unq_idx` (`elementId`,`locale`),
  KEY `craft_matrixcontent_orderinfo_locale_fk` (`locale`),
  CONSTRAINT `craft_matrixcontent_orderinfo_elementId_fk` FOREIGN KEY (`elementId`) REFERENCES `craft_elements` (`id`) ON DELETE CASCADE,
  CONSTRAINT `craft_matrixcontent_orderinfo_locale_fk` FOREIGN KEY (`locale`) REFERENCES `craft_locales` (`locale`) ON DELETE CASCADE ON UPDATE CASCADE
) ENGINE=InnoDB DEFAULT CHARSET=utf8 COLLATE=utf8_unicode_ci;

--
-- Dumping data for table `craft_matrixcontent_orderinfo`
--


--
-- Table structure for table `craft_matrixcontent_slider`
--

CREATE TABLE `craft_matrixcontent_slider` (
  `id` int(11) NOT NULL AUTO_INCREMENT,
  `elementId` int(11) NOT NULL,
  `locale` char(12) COLLATE utf8_unicode_ci NOT NULL,
  `field_slide_header` text COLLATE utf8_unicode_ci,
  `field_slide_text` text COLLATE utf8_unicode_ci,
  `field_slide_linkText` text COLLATE utf8_unicode_ci,
  `field_slide_linkUrl` text COLLATE utf8_unicode_ci,
  `field_slide_rtext` text COLLATE utf8_unicode_ci,
  `field_slide_rlinkText` text COLLATE utf8_unicode_ci,
  `field_slide_rlinkUrl` text COLLATE utf8_unicode_ci,
  `field_slide_rheader` text COLLATE utf8_unicode_ci,
  `dateCreated` datetime NOT NULL,
  `dateUpdated` datetime NOT NULL,
  `uid` char(36) COLLATE utf8_unicode_ci NOT NULL DEFAULT '0',
  PRIMARY KEY (`id`),
  UNIQUE KEY `craft_matrixcontent_slider_elementId_locale_unq_idx` (`elementId`,`locale`),
  KEY `craft_matrixcontent_slider_locale_idx` (`locale`),
  CONSTRAINT `craft_matrixcontent_slider_elementId_fk` FOREIGN KEY (`elementId`) REFERENCES `craft_elements` (`id`) ON DELETE CASCADE,
  CONSTRAINT `craft_matrixcontent_slider_locale_fk` FOREIGN KEY (`locale`) REFERENCES `craft_locales` (`locale`) ON DELETE CASCADE ON UPDATE CASCADE
) ENGINE=InnoDB AUTO_INCREMENT=2 DEFAULT CHARSET=utf8 COLLATE=utf8_unicode_ci;

--
-- Dumping data for table `craft_matrixcontent_slider`
--

INSERT INTO `craft_matrixcontent_slider` VALUES (1,126,'en_us','','','','','<p>February spring deal&nbsp;<br>for all health products</p>','Shop now','/shop','25% Off','2017-03-15 16:43:21','2017-04-12 23:43:16','2c996cdc-0a24-47d3-bc17-a0904d42265b');

--
-- Table structure for table `craft_matrixcontent_specification`
--

CREATE TABLE `craft_matrixcontent_specification` (
  `id` int(11) NOT NULL AUTO_INCREMENT,
  `elementId` int(11) NOT NULL,
  `locale` char(12) COLLATE utf8_unicode_ci NOT NULL,
  `field_specItem_specText` text COLLATE utf8_unicode_ci,
  `dateCreated` datetime NOT NULL,
  `dateUpdated` datetime NOT NULL,
  `uid` char(36) COLLATE utf8_unicode_ci NOT NULL DEFAULT '0',
  PRIMARY KEY (`id`),
  UNIQUE KEY `craft_matrixcontent_specification_elementId_locale_unq_idx` (`elementId`,`locale`),
  KEY `craft_matrixcontent_specification_locale_fk` (`locale`),
  CONSTRAINT `craft_matrixcontent_specification_elementId_fk` FOREIGN KEY (`elementId`) REFERENCES `craft_elements` (`id`) ON DELETE CASCADE,
  CONSTRAINT `craft_matrixcontent_specification_locale_fk` FOREIGN KEY (`locale`) REFERENCES `craft_locales` (`locale`) ON DELETE CASCADE ON UPDATE CASCADE
) ENGINE=InnoDB DEFAULT CHARSET=utf8 COLLATE=utf8_unicode_ci;

--
-- Dumping data for table `craft_matrixcontent_specification`
--


--
-- Table structure for table `craft_matrixcontent_tiles`
--

CREATE TABLE `craft_matrixcontent_tiles` (
  `id` int(11) NOT NULL AUTO_INCREMENT,
  `elementId` int(11) NOT NULL,
  `locale` char(12) COLLATE utf8_unicode_ci NOT NULL,
  `field_html_cssClass` varchar(255) COLLATE utf8_unicode_ci DEFAULT 'long',
  `field_html_data` text COLLATE utf8_unicode_ci,
  `field_html_promoText` text COLLATE utf8_unicode_ci,
  `field_html_buttonText` text COLLATE utf8_unicode_ci,
  `field_html_promoURL` text COLLATE utf8_unicode_ci,
  `dateCreated` datetime NOT NULL,
  `dateUpdated` datetime NOT NULL,
  `uid` char(36) COLLATE utf8_unicode_ci NOT NULL DEFAULT '0',
  PRIMARY KEY (`id`),
  UNIQUE KEY `craft_matrixcontent_tiles_elementId_locale_unq_idx` (`elementId`,`locale`),
  KEY `craft_matrixcontent_tiles_locale_fk` (`locale`),
  CONSTRAINT `craft_matrixcontent_tiles_elementId_fk` FOREIGN KEY (`elementId`) REFERENCES `craft_elements` (`id`) ON DELETE CASCADE,
  CONSTRAINT `craft_matrixcontent_tiles_locale_fk` FOREIGN KEY (`locale`) REFERENCES `craft_locales` (`locale`) ON DELETE CASCADE ON UPDATE CASCADE
) ENGINE=InnoDB AUTO_INCREMENT=15 DEFAULT CHARSET=utf8 COLLATE=utf8_unicode_ci;

--
-- Dumping data for table `craft_matrixcontent_tiles`
--

INSERT INTO `craft_matrixcontent_tiles` VALUES (1,127,'en_us',NULL,NULL,NULL,NULL,NULL,'2017-03-15 16:43:21','2017-04-12 23:43:16','004290c3-f57e-404f-beaa-444472f0103a'),(3,129,'en_us',NULL,NULL,NULL,NULL,NULL,'2017-03-15 16:43:21','2017-04-12 23:43:16','05a9bcd2-350f-4cc9-8b6e-8468af6a95ee'),(4,130,'en_us',NULL,NULL,NULL,NULL,NULL,'2017-03-15 16:43:21','2017-04-12 23:43:16','cce4f9c0-e442-403a-8b49-e81a2e32e0e0'),(5,131,'en_us',NULL,NULL,NULL,NULL,NULL,'2017-03-15 16:43:21','2017-04-12 23:43:16','b2ffcc41-50a0-442f-a3d8-62204448897d'),(6,132,'en_us',NULL,NULL,NULL,NULL,NULL,'2017-03-15 16:43:21','2017-04-12 23:43:16','e6bc96c5-bacb-467d-b773-e6aa6ce42d92'),(7,133,'en_us',NULL,NULL,NULL,NULL,NULL,'2017-03-15 16:43:21','2017-04-12 23:43:16','f00b67f4-b9dc-46af-a369-7cfd5be5b9f9'),(8,134,'en_us',NULL,NULL,NULL,NULL,NULL,'2017-03-15 16:43:21','2017-04-12 23:43:16','c40db44d-3b31-4be5-adc7-d09754f1e460'),(9,135,'en_us',NULL,NULL,NULL,NULL,NULL,'2017-03-15 16:43:21','2017-04-12 23:43:16','3e5aecc9-7fb6-4cc0-b8ef-7b63305e3664'),(11,204,'en_us',NULL,NULL,NULL,NULL,NULL,'2017-04-12 21:18:47','2017-04-12 23:43:16','b857751c-a390-4abf-b7e9-852007c4e475'),(12,205,'en_us',NULL,NULL,NULL,NULL,NULL,'2017-04-12 21:18:47','2017-04-12 23:43:16','9b07ef97-56b0-48d9-af17-8d509ac115c8'),(14,207,'en_us','short','25% Off','Healthy Teas','Shop now','shop','2017-04-12 23:42:39','2017-04-12 23:43:16','1ab293dd-19d1-40c4-bbfe-fdfc4be1cd59');

--
-- Table structure for table `craft_migrations`
--

CREATE TABLE `craft_migrations` (
  `id` int(11) NOT NULL AUTO_INCREMENT,
  `pluginId` int(11) DEFAULT NULL,
  `version` varchar(255) COLLATE utf8_unicode_ci NOT NULL,
  `applyTime` datetime NOT NULL,
  `dateCreated` datetime NOT NULL,
  `dateUpdated` datetime NOT NULL,
  `uid` char(36) COLLATE utf8_unicode_ci NOT NULL DEFAULT '0',
  PRIMARY KEY (`id`),
  UNIQUE KEY `craft_migrations_version_unq_idx` (`version`),
  KEY `craft_migrations_pluginId_fk` (`pluginId`),
  CONSTRAINT `craft_migrations_pluginId_fk` FOREIGN KEY (`pluginId`) REFERENCES `craft_plugins` (`id`) ON DELETE CASCADE
) ENGINE=InnoDB AUTO_INCREMENT=154 DEFAULT CHARSET=utf8 COLLATE=utf8_unicode_ci;

--
-- Dumping data for table `craft_migrations`
--

INSERT INTO `craft_migrations` VALUES (1,NULL,'m000000_000000_base','2017-03-06 09:19:06','2017-03-06 09:19:06','2017-03-06 09:19:06','9220fdc6-a4ca-4c39-ba87-d8a26c7220c1'),(2,NULL,'m140730_000001_add_filename_and_format_to_transformindex','2017-03-06 09:19:06','2017-03-06 09:19:06','2017-03-06 09:19:06','bc7b168f-f43b-44e1-862b-06e2f12d9b49'),(3,NULL,'m140815_000001_add_format_to_transforms','2017-03-06 09:19:06','2017-03-06 09:19:06','2017-03-06 09:19:06','01a60845-029b-4e1e-9034-a7a21d5b7210'),(4,NULL,'m140822_000001_allow_more_than_128_items_per_field','2017-03-06 09:19:06','2017-03-06 09:19:06','2017-03-06 09:19:06','7fe48b45-dcc3-4a41-a238-1b0549f95cec'),(5,NULL,'m140829_000001_single_title_formats','2017-03-06 09:19:06','2017-03-06 09:19:06','2017-03-06 09:19:06','fbe2e7db-18b0-471b-8f7d-c37224d28d52'),(6,NULL,'m140831_000001_extended_cache_keys','2017-03-06 09:19:06','2017-03-06 09:19:06','2017-03-06 09:19:06','95da760b-a108-45a3-b043-25cc4037ce5e'),(7,NULL,'m140922_000001_delete_orphaned_matrix_blocks','2017-03-06 09:19:06','2017-03-06 09:19:06','2017-03-06 09:19:06','4d7bb6d9-6c2a-42e0-85aa-87c5aea60767'),(8,NULL,'m141008_000001_elements_index_tune','2017-03-06 09:19:06','2017-03-06 09:19:06','2017-03-06 09:19:06','7236f4d8-5c6b-4911-a798-b8122b78344d'),(9,NULL,'m141009_000001_assets_source_handle','2017-03-06 09:19:06','2017-03-06 09:19:06','2017-03-06 09:19:06','a5b231c9-8414-4dff-8fa0-03ce298f7e2c'),(10,NULL,'m141024_000001_field_layout_tabs','2017-03-06 09:19:06','2017-03-06 09:19:06','2017-03-06 09:19:06','a3e85aa4-6fea-4d23-bce7-3e8666b7008f'),(11,NULL,'m141030_000000_plugin_schema_versions','2017-03-06 09:19:06','2017-03-06 09:19:06','2017-03-06 09:19:06','b1b13a1b-5fed-4c84-afd9-713efb69a30d'),(12,NULL,'m141030_000001_drop_structure_move_permission','2017-03-06 09:19:06','2017-03-06 09:19:06','2017-03-06 09:19:06','e81fb7f8-902f-4232-bc15-4382ff3b28aa'),(13,NULL,'m141103_000001_tag_titles','2017-03-06 09:19:06','2017-03-06 09:19:06','2017-03-06 09:19:06','87708f27-b927-4a6f-987c-00fc0e48255b'),(14,NULL,'m141109_000001_user_status_shuffle','2017-03-06 09:19:06','2017-03-06 09:19:06','2017-03-06 09:19:06','30b45c15-a15a-4365-b546-d4a09764cb78'),(15,NULL,'m141126_000001_user_week_start_day','2017-03-06 09:19:06','2017-03-06 09:19:06','2017-03-06 09:19:06','641507b3-2a8c-4898-9513-aaaa9685af48'),(16,NULL,'m150210_000001_adjust_user_photo_size','2017-03-06 09:19:06','2017-03-06 09:19:06','2017-03-06 09:19:06','dc8cac9f-391e-4669-859a-b1862962fb39'),(17,NULL,'m150724_000001_adjust_quality_settings','2017-03-06 09:19:06','2017-03-06 09:19:06','2017-03-06 09:19:06','bcef4bc6-be84-483d-88a4-d26023f640a7'),(18,NULL,'m150827_000000_element_index_settings','2017-03-06 09:19:06','2017-03-06 09:19:06','2017-03-06 09:19:06','2b001ba9-2eb5-4433-9911-15c42f0a5b9b'),(19,NULL,'m150918_000001_add_colspan_to_widgets','2017-03-06 09:19:06','2017-03-06 09:19:06','2017-03-06 09:19:06','c46ab8cc-1871-405e-b62c-8187a25069fd'),(20,NULL,'m151007_000000_clear_asset_caches','2017-03-06 09:19:06','2017-03-06 09:19:06','2017-03-06 09:19:06','ce75fe04-80cc-4c52-9c3c-c3cc6d54075b'),(21,NULL,'m151109_000000_text_url_formats','2017-03-06 09:19:06','2017-03-06 09:19:06','2017-03-06 09:19:06','20db54fd-9074-45cd-8996-d975eae09555'),(22,NULL,'m151110_000000_move_logo','2017-03-06 09:19:06','2017-03-06 09:19:06','2017-03-06 09:19:06','c4f829c9-8148-47f6-8adc-36a6165a05a6'),(23,NULL,'m151117_000000_adjust_image_widthheight','2017-03-06 09:19:06','2017-03-06 09:19:06','2017-03-06 09:19:06','0e31041e-68f8-41b8-9aa7-d2f5ed658e96'),(24,NULL,'m151127_000000_clear_license_key_status','2017-03-06 09:19:06','2017-03-06 09:19:06','2017-03-06 09:19:06','ff25a7b4-2e47-4753-b079-1f7e23fcce83'),(25,NULL,'m151127_000000_plugin_license_keys','2017-03-06 09:19:06','2017-03-06 09:19:06','2017-03-06 09:19:06','b4665d7a-4e22-4095-b7bd-0a64e8a26661'),(26,NULL,'m151130_000000_update_pt_widget_feeds','2017-03-06 09:19:06','2017-03-06 09:19:06','2017-03-06 09:19:06','d93e04ed-3571-4d77-8cfa-0d1513115ebd'),(27,NULL,'m160114_000000_asset_sources_public_url_default_true','2017-03-06 09:19:06','2017-03-06 09:19:06','2017-03-06 09:19:06','ee3bc845-eda7-4796-bcea-844406b70498'),(28,NULL,'m160223_000000_sortorder_to_smallint','2017-03-06 09:19:06','2017-03-06 09:19:06','2017-03-06 09:19:06','99592fbb-9204-4854-882e-470f5b09ad34'),(29,NULL,'m160229_000000_set_default_entry_statuses','2017-03-06 09:19:06','2017-03-06 09:19:06','2017-03-06 09:19:06','70112cbf-f33b-415c-9957-5b53aea6019f'),(30,NULL,'m160304_000000_client_permissions','2017-03-06 09:19:06','2017-03-06 09:19:06','2017-03-06 09:19:06','677ceaa3-4b5e-4601-83eb-35d17e8a3695'),(31,NULL,'m160322_000000_asset_filesize','2017-03-06 09:19:06','2017-03-06 09:19:06','2017-03-06 09:19:06','ca045a33-a3e3-4592-b178-c74471bb2429'),(32,NULL,'m160503_000000_orphaned_fieldlayouts','2017-03-06 09:19:06','2017-03-06 09:19:06','2017-03-06 09:19:06','4efce4b0-2be6-43b9-b1b6-3808e250f3dd'),(33,NULL,'m160510_000000_tasksettings','2017-03-06 09:19:06','2017-03-06 09:19:06','2017-03-06 09:19:06','b136730e-c553-4c84-b206-1c4fc4708df8'),(34,NULL,'m160829_000000_pending_user_content_cleanup','2017-03-06 09:19:06','2017-03-06 09:19:06','2017-03-06 09:19:06','dd8744b7-d805-4643-8a9b-ddceaeb0369f'),(35,NULL,'m160830_000000_asset_index_uri_increase','2017-03-06 09:19:06','2017-03-06 09:19:06','2017-03-06 09:19:06','411a5c82-43a2-47b8-b627-6fd89d58fcb0'),(36,NULL,'m160919_000000_usergroup_handle_title_unique','2017-03-06 09:19:06','2017-03-06 09:19:06','2017-03-06 09:19:06','7901353a-61b8-412c-a600-1d2a23b8cc8f'),(37,NULL,'m161108_000000_new_version_format','2017-03-06 09:19:06','2017-03-06 09:19:06','2017-03-06 09:19:06','52c8d842-2de9-4c61-aee0-29dfc83869bd'),(38,NULL,'m161109_000000_index_shuffle','2017-03-06 09:19:06','2017-03-06 09:19:06','2017-03-06 09:19:06','410168cc-21da-41d8-bc97-ac9505824a73'),(39,1,'m150916_010101_Commerce_Rename','2017-03-06 09:26:57','2017-03-06 09:26:57','2017-03-06 09:26:57','c2ef3c7d-3770-4451-ad58-29de27ded8f2'),(40,1,'m150917_010101_Commerce_DropEmailTypeColumn','2017-03-06 09:26:57','2017-03-06 09:26:57','2017-03-06 09:26:57','b4a44eae-3ab6-4ae2-aed8-20c306fc0bc5'),(41,1,'m150917_010102_Commerce_RenameCodeToHandletaxCatColumn','2017-03-06 09:26:57','2017-03-06 09:26:57','2017-03-06 09:26:57','fe59aa39-0d78-4637-9b05-13eeb666e766'),(42,1,'m150918_010101_Commerce_AddProductTypeLocales','2017-03-06 09:26:57','2017-03-06 09:26:57','2017-03-06 09:26:57','c3255ba5-7b41-4605-bc26-b0cfd8dfdaea'),(43,1,'m150918_010102_Commerce_RemoveNonLocaleBasedUrlFormat','2017-03-06 09:26:57','2017-03-06 09:26:57','2017-03-06 09:26:57','f76a6b32-a860-4fd5-9fa8-335dc990085d'),(44,1,'m150919_010101_Commerce_AddHasDimensionsToProductType','2017-03-06 09:26:57','2017-03-06 09:26:57','2017-03-06 09:26:57','686a4fc6-c92c-468b-9d75-d4b527fb1d87'),(45,1,'m151004_142113_commerce_PaymentMethods_name_unique','2017-03-06 09:26:57','2017-03-06 09:26:57','2017-03-06 09:26:57','68dbbe95-8718-40fa-86ed-4a05e61ada22'),(46,1,'m151018_010101_Commerce_DiscountCodeNull','2017-03-06 09:26:57','2017-03-06 09:26:57','2017-03-06 09:26:57','270dc08f-6a4f-4cbd-9eab-4d0dd02b7e74'),(47,1,'m151025_010101_Commerce_AddHandleToShippingMethod','2017-03-06 09:26:57','2017-03-06 09:26:57','2017-03-06 09:26:57','3b07c546-2ce2-4ca1-95a7-2bb03ec0dca3'),(48,1,'m151027_010101_Commerce_NewVariantUI','2017-03-06 09:26:57','2017-03-06 09:26:57','2017-03-06 09:26:57','a65136d7-13ea-434b-9051-4973422bfa21'),(49,1,'m151027_010102_Commerce_ProductDateNames','2017-03-06 09:26:57','2017-03-06 09:26:57','2017-03-06 09:26:57','f176976f-014b-489d-abdb-050fcb9d3cae'),(50,1,'m151102_010101_Commerce_PaymentTypeInMethodNotSettings','2017-03-06 09:26:57','2017-03-06 09:26:57','2017-03-06 09:26:57','2680a5ac-4de0-4a66-b61c-3035199fb5e1'),(51,1,'m151103_010101_Commerce_DefaultVariant','2017-03-06 09:26:57','2017-03-06 09:26:57','2017-03-06 09:26:57','7d4a9986-1762-487a-b1fb-bd28575e3e84'),(52,1,'m151109_010101_Commerce_AddCompanyNumberToAddress','2017-03-06 09:26:57','2017-03-06 09:26:57','2017-03-06 09:26:57','488cc74d-9443-4d95-a292-84de83a982f3'),(53,1,'m151109_010102_Commerce_AddOptionsToLineItems','2017-03-06 09:26:57','2017-03-06 09:26:57','2017-03-06 09:26:57','ad4ffa43-e8ca-4c39-8062-34b5762f108c'),(54,1,'m151110_010101_Commerce_RenameCompanyToAddress','2017-03-06 09:26:57','2017-03-06 09:26:57','2017-03-06 09:26:57','e8336ef9-aa73-40da-9719-f459e33e16b8'),(55,1,'m151111_010101_Commerce_ShowVariantTitleField','2017-03-06 09:26:57','2017-03-06 09:26:57','2017-03-06 09:26:57','44573fc7-0351-45a3-b22a-444b931173f5'),(56,1,'m151112_010101_Commerce_AutoSkuFormat','2017-03-06 09:26:57','2017-03-06 09:26:57','2017-03-06 09:26:57','4ae6e8f2-5a0d-4813-86c6-feb994a5d090'),(57,1,'m151117_010101_Commerce_TaxIncluded','2017-03-06 09:26:57','2017-03-06 09:26:57','2017-03-06 09:26:57','f558d600-4914-45c7-8a1d-25fa58d37633'),(58,1,'m151124_010101_Commerce_AddressManagement','2017-03-06 09:26:57','2017-03-06 09:26:57','2017-03-06 09:26:57','ac97e1d8-7705-4bda-b454-8b997e6435ac'),(59,1,'m151127_010101_Commerce_TaxRateTaxableOptions','2017-03-06 09:26:57','2017-03-06 09:26:57','2017-03-06 09:26:57','cd6c6005-6b49-482c-9d9f-4847f6d5666e'),(60,1,'m151210_010101_Commerce_FixMissingLineItemDimensionData','2017-03-06 09:26:57','2017-03-06 09:26:57','2017-03-06 09:26:57','b188a1fd-551a-4327-a9cc-50aa9a28f7e5'),(61,1,'m160215_010101_Commerce_ConsistentDecimalType','2017-03-06 09:26:57','2017-03-06 09:26:57','2017-03-06 09:26:57','be5c28b4-885a-4a4c-a0db-97ccf8b370d4'),(62,1,'m160226_010101_Commerce_OrderStatusSortOrder','2017-03-06 09:26:57','2017-03-06 09:26:57','2017-03-06 09:26:57','e2320fc6-cc01-482d-a918-285cde627764'),(63,1,'m160226_010102_Commerce_isCompleted','2017-03-06 09:26:57','2017-03-06 09:26:57','2017-03-06 09:26:57','2fc93903-b0d0-4a44-b60c-1cac85fb31c7'),(64,1,'m160227_010101_Commerce_OrderAdjustmentIncludedFlag','2017-03-06 09:26:57','2017-03-06 09:26:57','2017-03-06 09:26:57','7a0530cf-0cb2-4a38-ab96-2248978c6824'),(65,1,'m160229_010101_Commerce_ShippingZone','2017-03-06 09:26:57','2017-03-06 09:26:57','2017-03-06 09:26:57','96a2e6df-710c-41be-8a1f-e2b5c1391834'),(66,1,'m160229_010104_Commerce_SoftDeleteAndReorderPaymentMethod','2017-03-06 09:26:57','2017-03-06 09:26:57','2017-03-06 09:26:57','ed5a60b2-0533-4f12-bf4d-2413e8232a0a'),(67,1,'m160401_010101_Commerce_KeepAllTransactions','2017-03-06 09:26:57','2017-03-06 09:26:57','2017-03-06 09:26:57','b5b206cb-d849-40c0-a90c-dff862cf690d'),(68,1,'m160405_010101_Commerce_FixDefaultVariantId','2017-03-06 09:26:57','2017-03-06 09:26:57','2017-03-06 09:26:57','6f43e899-5f6c-4e34-a78a-f5ef76fbf903'),(69,1,'m160406_010101_Commerce_RemoveUnusedAuthorId','2017-03-06 09:26:57','2017-03-06 09:26:57','2017-03-06 09:26:57','d557468c-05fe-4f7b-ac8f-b4e8ee186f8b'),(70,1,'m160425_010101_Commerce_DeleteCountriesAndStates','2017-03-06 09:26:57','2017-03-06 09:26:57','2017-03-06 09:26:57','e0c04739-e982-4aee-bb0d-23cdcb5a223b'),(71,1,'m160510_010101_Commerce_EmailRecipientType','2017-03-06 09:26:57','2017-03-06 09:26:57','2017-03-06 09:26:57','bc2f9f9f-1985-4bc0-acda-a99ee0b4cd2a'),(72,1,'m160606_010101_Commerce_PerEmailLimitOnDiscount','2017-03-06 09:26:57','2017-03-06 09:26:57','2017-03-06 09:26:57','d6a3d1da-f028-4057-bd9d-722ff752f430'),(73,1,'m160706_010101_Commerce_Currencies','2017-03-06 09:26:57','2017-03-06 09:26:57','2017-03-06 09:26:57','d6526736-34a3-4aff-aedd-703adc04b976'),(74,1,'m160806_010101_Commerce_RemoveShowInLabel','2017-03-06 09:26:57','2017-03-06 09:26:57','2017-03-06 09:26:57','d8bb130a-1bc5-432a-bf39-41f84c1a3040'),(75,1,'m160806_010102_Commerce_AddVatTaxRateOption','2017-03-06 09:26:57','2017-03-06 09:26:57','2017-03-06 09:26:57','ce633055-3c6d-411c-aa51-9a05396df790'),(76,1,'m160825_010101_Commerce_AddMaxQtyToDiscount','2017-03-06 09:26:57','2017-03-06 09:26:57','2017-03-06 09:26:57','6ebd148a-1fbd-4fdb-9dc4-c865c1362757'),(77,1,'m160826_010101_Commerce_NewAddressFields','2017-03-06 09:26:57','2017-03-06 09:26:57','2017-03-06 09:26:57','fc9a4c43-924d-4b0d-9e78-3e49f4693e06'),(78,1,'m160915_010101_Commerce_RenameCurrencies','2017-03-06 09:26:57','2017-03-06 09:26:57','2017-03-06 09:26:57','b13f9de7-2be0-48f4-b29c-7947cd8a7311'),(79,1,'m160916_010102_Commerce_PdfFilenameFormat','2017-03-06 09:26:57','2017-03-06 09:26:57','2017-03-06 09:26:57','cfc860a7-0c34-487a-a774-6f57fa146b3f'),(80,1,'m160917_010103_Commerce_DescriptionFormat','2017-03-06 09:26:57','2017-03-06 09:26:57','2017-03-06 09:26:57','f58b9721-1db3-4e7f-af86-47352360b1cb'),(81,1,'m160917_010104_Commerce_ShippingCategories','2017-03-06 09:26:57','2017-03-06 09:26:57','2017-03-06 09:26:57','e72c96a1-709b-41ca-a68a-0dc7de40b833'),(82,1,'m160923_010101_Commerce_OrderLocale','2017-03-06 09:26:57','2017-03-06 09:26:57','2017-03-06 09:26:57','61a51981-4828-43e7-9115-635e5cb76a3c'),(83,1,'m160927_010101_Commerce_ProductTypeShippingTaxCategories','2017-03-06 09:26:57','2017-03-06 09:26:57','2017-03-06 09:26:57','b8cbbd54-cb71-404b-a84d-5c8754427c5f'),(84,1,'m160927_010101_Commerce_ShippingRuleCategories','2017-03-06 09:26:57','2017-03-06 09:26:57','2017-03-06 09:26:57','1d320374-8ec8-489e-bbe2-2ef73fa3e0c7'),(85,1,'m160930_010101_Commerce_RenameDefaultCurrencyToPrimary','2017-03-06 09:26:57','2017-03-06 09:26:57','2017-03-06 09:26:57','70424168-cc78-4704-a210-7fdcbc4e298f'),(86,1,'m161001_010101_Commerce_LineItemShippingCat','2017-03-06 09:26:57','2017-03-06 09:26:57','2017-03-06 09:26:57','0d5e677e-4f1c-47fe-b88e-bf191dcaed86'),(87,1,'m161001_010102_Commerce_DiscountOrdering','2017-03-06 09:26:57','2017-03-06 09:26:57','2017-03-06 09:26:57','329f09bd-3f3b-4a5d-88c0-741362c580bc'),(88,1,'m161001_010103_Commerce_DiscountStopProcessing','2017-03-06 09:26:57','2017-03-06 09:26:57','2017-03-06 09:26:57','dc10ea18-76ae-4054-b49c-16a3254d1598'),(89,1,'m161001_010104_Commerce_SaveTransactionCode','2017-03-06 09:26:57','2017-03-06 09:26:57','2017-03-06 09:26:57','4672498d-b12c-42ce-86f5-15f715a9c4e3'),(90,1,'m161001_010105_Commerce_RemovePaymentCurrencyName','2017-03-06 09:26:57','2017-03-06 09:26:57','2017-03-06 09:26:57','718aa880-8c51-43c5-8a75-94b2d2299c78'),(91,1,'m161024_010101_Commerce_FixDefaultShippingAndTaxCategoriesOnProducts','2017-03-06 09:26:57','2017-03-06 09:26:57','2017-03-06 09:26:57','5c995071-7ede-4e10-9241-4f9cb31cee1d'),(92,1,'m161101_010101_Commerce_AddBaseTaxToOrder','2017-03-06 09:26:57','2017-03-06 09:26:57','2017-03-06 09:26:57','58ebc04c-1552-45dd-a8d5-88676ccbd043'),(93,3,'m151225_000000_seomatic_addHumansField','2017-03-06 09:47:04','2017-03-06 09:47:04','2017-03-06 09:47:04','d23a450f-c1da-41da-abf4-1971741c1221'),(94,3,'m151226_000000_seomatic_addTwitterFacebookFields','2017-03-06 09:47:04','2017-03-06 09:47:04','2017-03-06 09:47:04','b8618811-3983-4df3-b957-d902ae615131'),(95,3,'m160101_000000_seomatic_addRobotsFields','2017-03-06 09:47:04','2017-03-06 09:47:04','2017-03-06 09:47:04','dcd272c6-ee5e-458a-8462-3f045f271066'),(96,3,'m160111_000000_seomatic_addTitleFields','2017-03-06 09:47:04','2017-03-06 09:47:04','2017-03-06 09:47:04','cf41c7f1-b6b5-4938-bd7e-2708b8f5348f'),(97,3,'m160122_000000_seomatic_addTypeFields','2017-03-06 09:47:04','2017-03-06 09:47:04','2017-03-06 09:47:04','018d2353-7670-4199-ac62-69feecec0e1d'),(98,3,'m160123_000000_seomatic_addOpeningHours','2017-03-06 09:47:04','2017-03-06 09:47:04','2017-03-06 09:47:04','c82284c0-aa17-494f-90b2-76172f93fae9'),(99,3,'m160202_000000_seomatic_addSocialHandles','2017-03-06 09:47:04','2017-03-06 09:47:04','2017-03-06 09:47:04','d13ede22-5965-4596-a8dd-26da239d698f'),(100,3,'m160204_000000_seomatic_addGoogleAnalytics','2017-03-06 09:47:04','2017-03-06 09:47:04','2017-03-06 09:47:04','cb651a52-2569-4dc0-970d-d41e1b66f235'),(101,3,'m160205_000000_seomatic_addResturantMenu','2017-03-06 09:47:04','2017-03-06 09:47:04','2017-03-06 09:47:04','43e860f8-45bb-4194-8557-0c6d5495cb4c'),(102,3,'m160206_000000_seomatic_addGoogleAnalyticsPlugins','2017-03-06 09:47:04','2017-03-06 09:47:04','2017-03-06 09:47:04','e5f702f1-4158-4f35-8b06-059afedc319f'),(103,3,'m160206_000000_seomatic_addGoogleAnalyticsSendPageView','2017-03-06 09:47:04','2017-03-06 09:47:04','2017-03-06 09:47:04','a5b63135-0871-4958-a7d4-056b8a266962'),(104,3,'m160209_000000_seomatic_alterDescriptionsColumns','2017-03-06 09:47:04','2017-03-06 09:47:04','2017-03-06 09:47:04','c6ea236e-f785-42c1-a335-6c44de03a536'),(105,3,'m160209_000001_seomatic_addRobotsTxt','2017-03-06 09:47:04','2017-03-06 09:47:04','2017-03-06 09:47:04','e2578325-4b97-4e28-ab86-b100f190a176'),(106,3,'m160227_000000_seomatic_addFacebookAppId','2017-03-06 09:47:04','2017-03-06 09:47:04','2017-03-06 09:47:04','66b716e0-8a85-47cc-a1ca-505aea170165'),(107,3,'m160416_000000_seomatic_addContactPoints','2017-03-06 09:47:04','2017-03-06 09:47:04','2017-03-06 09:47:04','75fab813-3242-478b-9e61-e13e8817f2c9'),(108,3,'m160509_000000_seomatic_addSiteLinksBing','2017-03-06 09:47:04','2017-03-06 09:47:04','2017-03-06 09:47:04','67baccb2-ce5d-4f66-8768-85f8336822e1'),(109,3,'m160707_000000_seomatic_addGoogleTagManager','2017-03-06 09:47:04','2017-03-06 09:47:04','2017-03-06 09:47:04','d4b427d2-6981-44b2-9664-8602fe11ce6f'),(110,3,'m160715_000000_seomatic_addSeoImageTransforms','2017-03-06 09:47:04','2017-03-06 09:47:04','2017-03-06 09:47:04','288e2f87-9bfc-45da-a83a-d577e1cf62f5'),(111,3,'m160723_000000_seomatic_addSeoMainEntityOfPage','2017-03-06 09:47:04','2017-03-06 09:47:04','2017-03-06 09:47:04','d9ca2b9e-08a0-4fa2-af08-7e0d68e26b4c'),(112,3,'m160724_000000_seomatic_addSeoMainEntityCategory','2017-03-06 09:47:04','2017-03-06 09:47:04','2017-03-06 09:47:04','be734362-ad49-4ebb-acbb-ab8344ef1ec8'),(113,3,'m160811_000000_seomatic_addVimeo','2017-03-06 09:47:04','2017-03-06 09:47:04','2017-03-06 09:47:04','9087b6f4-c27d-4f4a-a303-50c591c6daeb'),(114,3,'m160904_000000_seomatic_addTwitterFacebookImages','2017-03-06 09:47:04','2017-03-06 09:47:04','2017-03-06 09:47:04','11c1f9c8-d93e-4ea3-8974-c74499da4419'),(115,3,'m161220_000000_seomatic_addPriceRange','2017-03-06 09:47:04','2017-03-06 09:47:04','2017-03-06 09:47:04','d81503e6-623d-4945-b988-9e5c8cead084'),(116,3,'m170212_000000_seomatic_addGoogleAnalyticsAnonymizeIp','2017-03-06 09:47:04','2017-03-06 09:47:04','2017-03-06 09:47:04','9a7353bd-6cc3-4819-a39d-04f967205505'),(117,3,'m170212_000000_seomatic_addWikipedia','2017-03-06 09:47:04','2017-03-06 09:47:04','2017-03-06 09:47:04','774529d2-61e5-4ed0-8b09-19ca12d5bbce'),(118,7,'m160117_000000_reasons_addFieldLayoutIdColumn','2017-03-06 10:00:00','2017-03-06 10:00:00','2017-03-06 10:00:00','3fc22afd-8501-46c6-95ac-13e16a4c8c5a'),(119,9,'m150212_145000_AmNav_renamePagesToNodes','2017-03-15 14:38:47','2017-03-15 14:38:47','2017-03-15 14:38:47','094aa954-a8ec-4c9b-8b6e-f035782be966'),(120,9,'m150217_112800_AmNav_expandPageData','2017-03-15 14:38:47','2017-03-15 14:38:47','2017-03-15 14:38:47','cd6563d2-bed9-4f0e-a994-1205d611975a'),(121,9,'m150403_093000_AmNav_nodesWithElements','2017-03-15 14:38:47','2017-03-15 14:38:47','2017-03-15 14:38:47','9f226af4-24a7-4eb2-acc4-3a86e615d05c'),(122,9,'m150512_105600_AmNav_addOptionalClass','2017-03-15 14:38:47','2017-03-15 14:38:47','2017-03-15 14:38:47','6ab8d4eb-7ec0-4503-b7ff-488be1e615bc'),(123,1,'m170227_010101_Commerce_RemoveNameUniquenessFromShippingRules','2017-03-15 16:51:20','2017-03-15 16:51:20','2017-03-15 16:51:20','4ecb16e4-7f6e-4e53-a983-2e1d6a707d15'),(124,16,'m161204_230956_commerceregisteroncheckout_use_tables_to_store_checkout_reg_info_instead_of_POST','2017-03-21 07:06:16','2017-03-21 07:06:16','2017-03-21 07:06:16','c1af7dc4-41cb-448f-a75e-8e23b09dedb5'),(125,16,'m170220_000001_commerceregisteroncheckout_add_columns_for_last_address_ids','2017-03-21 07:06:16','2017-03-21 07:06:16','2017-03-21 07:06:16','3af39e6f-3ec0-40e0-bb0e-cbc07a52fc85'),(126,19,'m151016_151424_pimpmymatrix_add_block_types_table','2017-03-27 10:44:38','2017-03-27 10:44:38','2017-03-27 10:44:38','cdee1c7f-7edb-43e5-853a-f920ce6adf9d'),(127,19,'m151027_103010_pimpmymatrix_migrate_old_settings','2017-03-27 10:44:38','2017-03-27 10:44:38','2017-03-27 10:44:38','56aa2a8a-0c8b-4721-b52a-8a800201ee2e'),(128,20,'m131111_173345_charge_element_type','2017-04-07 10:12:51','2017-04-07 10:12:51','2017-04-07 10:12:51','de99a89b-32c5-4636-8dc2-0fffc99069b2'),(129,20,'m131113_225912_charge_add_hash_to_record','2017-04-07 10:12:51','2017-04-07 10:12:51','2017-04-07 10:12:51','eab3720b-bc3d-45f9-92dd-07e1c7e9394c'),(130,20,'m131126_123956_charge_add_notes_field','2017-04-07 10:12:51','2017-04-07 10:12:51','2017-04-07 10:12:51','1e623b07-a741-4eda-8948-70343090b393'),(131,20,'m131126_124438_charge_add_card_expiry_fields','2017-04-07 10:12:51','2017-04-07 10:12:51','2017-04-07 10:12:51','3a280c8c-2d14-4e0d-bea2-ec7a8378dd96'),(132,20,'m131203_170420_charge_AddUserFK','2017-04-07 10:12:51','2017-04-07 10:12:51','2017-04-07 10:12:51','0a888e33-82a1-4735-855c-2d03acdc5160'),(133,20,'m131203_170724_charge_AddExtraIndexesToCharges','2017-04-07 10:12:51','2017-04-07 10:12:51','2017-04-07 10:12:51','3523b9cb-8130-40b0-aeb5-5fe7d0b8ca6c'),(134,20,'m140202_221427_charge_AddCouponRecord','2017-04-07 10:12:51','2017-04-07 10:12:51','2017-04-07 10:12:51','15bf10c5-72bf-468a-a3db-373308a859f5'),(135,20,'m140218_110053_charge_AddPlanCoupon','2017-04-07 10:12:51','2017-04-07 10:12:51','2017-04-07 10:12:51','1664b4c2-d762-40ac-a832-b20c1e7f2232'),(136,20,'m140225_113115_charge_FixMissingFK','2017-04-07 10:12:51','2017-04-07 10:12:51','2017-04-07 10:12:51','2b1fa777-c0d3-4d4f-b65f-621c45d86420'),(137,20,'m140414_000000_charge_addMissingElementI18nRows','2017-04-07 10:12:51','2017-04-07 10:12:51','2017-04-07 10:12:51','5cd1dfce-77c0-4d5d-b72e-e5a009e4909f'),(138,20,'m150227_000000_charge_addStripeIdsToRecord','2017-04-07 10:12:51','2017-04-07 10:12:51','2017-04-07 10:12:51','618dcb0d-6e14-4f99-b996-c2d6d9fd69f9'),(139,20,'m150313_000000_charge_addMetaData','2017-04-07 10:12:51','2017-04-07 10:12:51','2017-04-07 10:12:51','e81ea879-1bec-42ac-bc9e-e7c5c14b0cb0'),(140,20,'m150521_000000_charge_createCustomerTable','2017-04-07 10:12:51','2017-04-07 10:12:51','2017-04-07 10:12:51','6b41cc11-29fd-430a-bbf5-2123ede5ca84'),(141,20,'m160129_000000_charge_fixMissingDefaults','2017-04-07 10:12:51','2017-04-07 10:12:51','2017-04-07 10:12:51','387549d7-fed2-4730-97bb-398dac7e5ba7'),(142,20,'m160426_000000_charge_addChargeRequest','2017-04-07 10:12:51','2017-04-07 10:12:51','2017-04-07 10:12:51','42f4d755-f5d2-4bfc-9d0c-955a84850fc2'),(143,20,'m160509_000000_charge_update200','2017-04-07 10:12:51','2017-04-07 10:12:51','2017-04-07 10:12:51','a9379bb3-e5c9-45d0-a72b-4455f0c94215'),(144,20,'m160705_000000_charge_createGuestRegisterTable','2017-04-07 10:12:51','2017-04-07 10:12:51','2017-04-07 10:12:51','55c16943-2ae7-408b-9c65-6af556ed6f6b'),(145,20,'m161020_000000_charge_updateLicense','2017-04-07 10:12:51','2017-04-07 10:12:51','2017-04-07 10:12:51','7f0cf05d-917b-4a02-aa09-cb39319f2eef'),(146,20,'m161116_000000_charge_addAmountCurrencyCols','2017-04-07 10:12:51','2017-04-07 10:12:51','2017-04-07 10:12:51','b2932172-b895-475b-93bf-b59987d453e0'),(147,20,'m161125_000000_charge_fixMigration','2017-04-07 10:12:51','2017-04-07 10:12:51','2017-04-07 10:12:51','c6b24155-4cf3-48a7-b561-cf2df9c0c5e8'),(148,20,'m170112_000000_charge_moveConnectToElements','2017-04-14 08:17:51','2017-04-14 08:17:51','2017-04-14 08:17:51','f44e481d-bf91-41a2-8600-fda24a33cb10'),(149,20,'m170409_000000_charge_addAccountToChargeTable','2017-04-14 08:17:51','2017-04-14 08:17:51','2017-04-14 08:17:51','7df9cb77-e4bd-4682-9c27-ec5ffd48280c'),(150,1,'m170411_010101_Commerce_AdditionalTaxRateTaxables','2017-06-16 06:23:13','2017-06-16 06:23:13','2017-06-16 06:23:13','3b61b3d7-af83-4435-8a01-27352ab59421'),(151,1,'m170411_010102_Commerce_OrderBaseTaxIncluded','2017-06-16 06:23:13','2017-06-16 06:23:13','2017-06-16 06:23:13','dfbc4945-b290-456d-afa2-5873425f194e'),(152,1,'m170426_010101_Commerce_IncreaseTaxRateDecimal','2017-06-16 06:23:13','2017-06-16 06:23:13','2017-06-16 06:23:13','cbac4b17-d9fe-4aed-ba3e-fec7cfe8502a'),(153,1,'m170609_010101_Commerce_AddRecieptEmailSettingToStripeGateway','2017-06-16 06:23:13','2017-06-16 06:23:13','2017-06-16 06:23:13','2e5efea4-e76e-44de-a19b-d085870b689b');

--
-- Table structure for table `craft_pimpmymatrix_blocktypes`
--

CREATE TABLE `craft_pimpmymatrix_blocktypes` (
  `id` int(11) NOT NULL AUTO_INCREMENT,
  `fieldId` int(11) NOT NULL,
  `matrixBlockTypeId` int(11) NOT NULL,
  `fieldLayoutId` int(11) DEFAULT NULL,
  `groupName` varchar(255) COLLATE utf8_unicode_ci NOT NULL,
  `context` varchar(255) COLLATE utf8_unicode_ci NOT NULL,
  `dateCreated` datetime NOT NULL,
  `dateUpdated` datetime NOT NULL,
  `uid` char(36) COLLATE utf8_unicode_ci NOT NULL DEFAULT '0',
  PRIMARY KEY (`id`),
  KEY `craft_pimpmymatrix_blocktypes_fieldId_fk` (`fieldId`),
  KEY `craft_pimpmymatrix_blocktypes_matrixBlockTypeId_fk` (`matrixBlockTypeId`),
  KEY `craft_pimpmymatrix_blocktypes_fieldLayoutId_fk` (`fieldLayoutId`),
  CONSTRAINT `craft_pimpmymatrix_blocktypes_fieldId_fk` FOREIGN KEY (`fieldId`) REFERENCES `craft_fields` (`id`) ON DELETE CASCADE,
  CONSTRAINT `craft_pimpmymatrix_blocktypes_fieldLayoutId_fk` FOREIGN KEY (`fieldLayoutId`) REFERENCES `craft_fieldlayouts` (`id`) ON DELETE SET NULL,
  CONSTRAINT `craft_pimpmymatrix_blocktypes_matrixBlockTypeId_fk` FOREIGN KEY (`matrixBlockTypeId`) REFERENCES `craft_matrixblocktypes` (`id`) ON DELETE CASCADE
) ENGINE=InnoDB AUTO_INCREMENT=10 DEFAULT CHARSET=utf8 COLLATE=utf8_unicode_ci;

--
-- Dumping data for table `craft_pimpmymatrix_blocktypes`
--

INSERT INTO `craft_pimpmymatrix_blocktypes` VALUES (1,36,4,NULL,'Text','global','2017-03-27 10:46:17','2017-03-27 10:46:17','40b73ce0-f29d-40fc-a142-7b9ad62e9657'),(2,36,7,NULL,'Text','global','2017-03-27 10:46:17','2017-03-27 10:46:17','9233a7c7-cd5c-456a-8e61-41b8a884c228'),(3,36,13,NULL,'Images','global','2017-03-27 10:46:17','2017-03-27 10:46:17','8ef84503-b3a0-4d32-83a3-ab1f96d3827e'),(4,36,8,NULL,'Images','global','2017-03-27 10:46:17','2017-03-27 10:46:17','9fc5a0ff-de02-477b-b364-49f6c1e60fa7'),(5,36,12,NULL,'Video','global','2017-03-27 10:46:17','2017-03-27 10:46:17','03e5b7ec-7310-401d-a0a4-e3f0de6e4fa1'),(6,36,17,NULL,'Columns','global','2017-03-27 10:46:17','2017-03-27 10:46:17','0e2f2d26-b9ee-4246-84e2-e853a8797ded'),(7,36,18,NULL,'Columns','global','2017-03-27 10:46:17','2017-03-27 10:46:17','45cc1ba6-453c-4f64-824b-f7e5598ae4f2'),(8,36,19,NULL,'Columns','global','2017-03-27 10:46:17','2017-03-27 10:46:17','8c6b27b4-7a4f-4916-a1cd-2c1caa39528d'),(9,36,20,NULL,'Columns','global','2017-03-27 10:46:17','2017-03-27 10:46:17','923c21c7-d898-41e2-a76c-eac735955a06');

--
-- Table structure for table `craft_plugins`
--

CREATE TABLE `craft_plugins` (
  `id` int(11) NOT NULL AUTO_INCREMENT,
  `class` varchar(150) COLLATE utf8_unicode_ci NOT NULL,
  `version` varchar(15) COLLATE utf8_unicode_ci NOT NULL,
  `schemaVersion` varchar(15) COLLATE utf8_unicode_ci DEFAULT NULL,
  `licenseKey` char(24) COLLATE utf8_unicode_ci DEFAULT NULL,
  `licenseKeyStatus` enum('valid','invalid','mismatched','unknown') COLLATE utf8_unicode_ci NOT NULL DEFAULT 'unknown',
  `enabled` tinyint(1) unsigned NOT NULL DEFAULT '0',
  `settings` text COLLATE utf8_unicode_ci,
  `installDate` datetime NOT NULL,
  `dateCreated` datetime NOT NULL,
  `dateUpdated` datetime NOT NULL,
  `uid` char(36) COLLATE utf8_unicode_ci NOT NULL DEFAULT '0',
  PRIMARY KEY (`id`)
) ENGINE=InnoDB AUTO_INCREMENT=23 DEFAULT CHARSET=utf8 COLLATE=utf8_unicode_ci;

--
-- Dumping data for table `craft_plugins`
--

INSERT INTO `craft_plugins` VALUES (1,'Commerce','1.2.1343','1.2.78',NULL,'unknown',1,'{\"weightUnits\":\"g\",\"dimensionUnits\":\"mm\",\"emailSenderAddress\":null,\"emailSenderName\":null,\"orderPdfPath\":\"shop\\/_pdf\\/order\",\"orderPdfFilenameFormat\":\"Order-{number}\"}','2017-03-06 09:26:57','2017-03-06 09:26:57','2017-08-14 14:49:51','0b5648b5-9098-4294-9298-52d98ad49cf4'),(2,'ContactForm','1.8.1','1.0.0',NULL,'unknown',1,NULL,'2017-03-06 09:46:05','2017-03-06 09:46:05','2017-08-14 14:49:51','99c4ee11-2740-4694-96e9-69dc43cea34a'),(3,'Seomatic','1.1.47','1.1.25',NULL,'unknown',1,NULL,'2017-03-06 09:47:04','2017-03-06 09:47:04','2017-08-14 14:49:51','49e369c9-0301-4602-8947-d81f2ec0ff2f'),(4,'AssetPreview','0.3.2',NULL,NULL,'unknown',1,NULL,'2017-03-06 09:53:55','2017-03-06 09:53:55','2017-08-14 14:49:51','0157d6f3-c19d-4588-a5e2-1dbfb5f544d6'),(6,'CommerceWidgets','1.0.4','1.0.4',NULL,'unknown',1,NULL,'2017-03-06 09:58:52','2017-03-06 09:58:52','2017-08-14 14:49:51','3ce13923-02d8-4bcd-82f4-99bd53bdf148'),(7,'Reasons','1.0.8','1.1',NULL,'unknown',1,NULL,'2017-03-06 10:00:00','2017-03-06 10:00:00','2017-08-14 14:49:51','48bef307-6f4a-4c76-a6eb-feb8cb8566f9'),(9,'AmNav','1.8.0','1.7.4',NULL,'unknown',1,NULL,'2017-03-15 14:38:47','2017-03-15 14:38:47','2017-08-14 14:49:51','253adfa6-28f0-4ab3-86e9-b79c676a2c61'),(10,'EmbeddedAssets','0.4.1','0.0.1',NULL,'unknown',1,'{\"whitelist\":[\"23hq.com\",\"app.net\",\"animoto.com\",\"aol.com\",\"collegehumor.com\",\"dailymotion.com\",\"deviantart.com\",\"embed.ly\",\"fav.me\",\"flic.kr\",\"flickr.com\",\"funnyordie.com\",\"hulu.com\",\"imgur.com\",\"instagr.am\",\"instagram.com\",\"kickstarter.com\",\"meetup.com\",\"meetup.ps\",\"nfb.ca\",\"official.fm\",\"rdio.com\",\"soundcloud.com\",\"twitter.com\",\"vimeo.com\",\"vine.co\",\"wikipedia.org\",\"wikimedia.org\",\"wordpress.com\",\"youtu.be\",\"youtube.com\",\"youtube-nocookie.com\"],\"parameters\":{\"maxwidth\":\"800\",\"maxheight\":\"600\"}}','2017-03-15 18:16:00','2017-03-15 18:16:00','2017-08-14 14:49:51','d2a98d52-1f5b-4de8-ac92-4d0bef70faff'),(11,'TemplateSelect','1.0',NULL,NULL,'unknown',1,NULL,'2017-03-17 14:59:14','2017-03-17 14:59:14','2017-08-14 14:49:51','5d0502e7-3c6c-463c-af0e-74fa8ef4ae93'),(12,'ElementOptions','1.0.3','1.0.2',NULL,'unknown',1,NULL,'2017-03-18 10:05:55','2017-03-18 10:05:55','2017-08-14 14:49:51','fbf4a4c3-7b6e-4282-942d-0dc4fae51c1a'),(13,'Hacksaw','2.0.0','2.0.0',NULL,'unknown',1,NULL,'2017-03-19 10:29:19','2017-03-19 10:29:19','2017-08-14 14:49:51','6f648c8c-c865-4bb5-b31f-b7e5d221cafb'),(14,'Element','1.0',NULL,NULL,'unknown',1,NULL,'2017-03-19 11:14:36','2017-03-19 11:14:36','2017-08-14 14:49:51','4e3e29af-ca53-4973-b6c7-6a4c147daf24'),(15,'Imager','1.5.3','1.0.0',NULL,'unknown',1,NULL,'2017-03-20 06:30:50','2017-03-20 06:30:50','2017-08-14 14:49:51','9f5f1997-6725-470e-b0ce-087a6f764a99'),(16,'CommerceRegisterOnCheckout','0.0.11','0.0.2',NULL,'unknown',1,NULL,'2017-03-21 07:06:16','2017-03-21 07:06:16','2017-08-14 14:49:51','3ce0d0a5-89bc-4862-a53b-2ae76d3fa951'),(17,'FruitAviaryImageEditor','0.9.3',NULL,NULL,'unknown',1,'{\"aviaryApiKey\":\"b7c793fc51ff4f9fa2580d81c7bf27a3\",\"enableCORS\":\"\",\"imageOverwrite\":\"\",\"aviaryTools\":\"*\",\"aviaryTheme\":\"minimum\"}','2017-03-24 19:59:12','2017-03-24 19:59:12','2017-08-14 14:49:51','e819c385-09de-412a-ae13-e86be5b96941'),(19,'PimpMyMatrix','2.1.4','2.0.0',NULL,'unknown',1,NULL,'2017-03-27 10:44:38','2017-03-27 10:44:38','2017-08-14 14:49:51','7079b5ad-6d73-4488-8d50-d5ccd6fa0f5f'),(20,'Charge','2.2.1','2.2.0',NULL,'valid',1,'{\"credentials\":{\"stripeTestCredentialsSK\":\"sk_test_FjbSeb4Aq4HOSJmkBasNbvZC\",\"stripeTestCredentialsPK\":\"pk_test_qigBn9STAmPl4W0wY5cwgm9f\",\"stripeLiveCredentialsSK\":\"sk_live_LkSev6PEO1aywTJSF01oJvRG\",\"stripeLiveCredentialsPK\":\"pk_live_UjxIA9nXtDYsrr3kR7tZi5BE\",\"stripeDefaultCurrency\":\"USD\"},\"mode\":null,\"webhook\":null,\"charges\":null,\"edition\":\"1\",\"connect\":null,\"userreg\":null,\"tests\":null,\"logs\":null,\"licenseKey\":\"WMETP-BHH4L-3C5P8-GC548-PT676\"}','2017-04-07 10:12:51','2017-04-07 10:12:51','2017-10-22 17:31:48','1a3e81c6-88a6-4af2-83f8-ab8162dfa570'),(21,'ChargeCommerce','0.1',NULL,NULL,'unknown',1,NULL,'2017-04-14 08:18:50','2017-04-14 08:18:50','2017-08-14 14:49:51','d0359af3-7c38-4bda-837e-d6c096ac21f1'),(22,'VzAddress','1.4.2','1.0.0',NULL,'unknown',1,NULL,'2017-04-14 13:41:11','2017-04-14 13:41:11','2017-08-14 14:49:51','876294e5-8173-4c56-b16a-0caa3f891edc');

--
-- Table structure for table `craft_rackspaceaccess`
--

CREATE TABLE `craft_rackspaceaccess` (
  `id` int(11) NOT NULL AUTO_INCREMENT,
  `connectionKey` varchar(255) COLLATE utf8_unicode_ci NOT NULL,
  `token` varchar(255) COLLATE utf8_unicode_ci NOT NULL,
  `storageUrl` varchar(255) COLLATE utf8_unicode_ci NOT NULL,
  `cdnUrl` varchar(255) COLLATE utf8_unicode_ci NOT NULL,
  `dateCreated` datetime NOT NULL,
  `dateUpdated` datetime NOT NULL,
  `uid` char(36) COLLATE utf8_unicode_ci NOT NULL DEFAULT '0',
  PRIMARY KEY (`id`),
  UNIQUE KEY `craft_rackspaceaccess_connectionKey_unq_idx` (`connectionKey`)
) ENGINE=InnoDB DEFAULT CHARSET=utf8 COLLATE=utf8_unicode_ci;

--
-- Dumping data for table `craft_rackspaceaccess`
--


--
-- Table structure for table `craft_reasons`
--

CREATE TABLE `craft_reasons` (
  `id` int(11) NOT NULL AUTO_INCREMENT,
  `fieldLayoutId` int(10) DEFAULT NULL,
  `conditionals` text COLLATE utf8_unicode_ci,
  `dateCreated` datetime NOT NULL,
  `dateUpdated` datetime NOT NULL,
  `uid` char(36) COLLATE utf8_unicode_ci NOT NULL DEFAULT '0',
  PRIMARY KEY (`id`),
  KEY `craft_reasons_fieldLayoutId_fk` (`fieldLayoutId`),
  CONSTRAINT `craft_reasons_fieldLayoutId_fk` FOREIGN KEY (`fieldLayoutId`) REFERENCES `craft_fieldlayouts` (`id`) ON DELETE CASCADE
) ENGINE=InnoDB DEFAULT CHARSET=utf8 COLLATE=utf8_unicode_ci;

--
-- Dumping data for table `craft_reasons`
--


--
-- Table structure for table `craft_relations`
--

CREATE TABLE `craft_relations` (
  `id` int(11) NOT NULL AUTO_INCREMENT,
  `fieldId` int(11) NOT NULL,
  `sourceId` int(11) NOT NULL,
  `sourceLocale` char(12) COLLATE utf8_unicode_ci DEFAULT NULL,
  `targetId` int(11) NOT NULL,
  `sortOrder` smallint(6) DEFAULT NULL,
  `dateCreated` datetime NOT NULL,
  `dateUpdated` datetime NOT NULL,
  `uid` char(36) COLLATE utf8_unicode_ci NOT NULL DEFAULT '0',
  PRIMARY KEY (`id`),
  UNIQUE KEY `craft_relations_fieldId_sourceId_sourceLocale_targetId_unq_idx` (`fieldId`,`sourceId`,`sourceLocale`,`targetId`),
  KEY `craft_relations_sourceId_fk` (`sourceId`),
  KEY `craft_relations_sourceLocale_fk` (`sourceLocale`),
  KEY `craft_relations_targetId_fk` (`targetId`),
  CONSTRAINT `craft_relations_fieldId_fk` FOREIGN KEY (`fieldId`) REFERENCES `craft_fields` (`id`) ON DELETE CASCADE,
  CONSTRAINT `craft_relations_sourceId_fk` FOREIGN KEY (`sourceId`) REFERENCES `craft_elements` (`id`) ON DELETE CASCADE,
  CONSTRAINT `craft_relations_sourceLocale_fk` FOREIGN KEY (`sourceLocale`) REFERENCES `craft_locales` (`locale`) ON DELETE CASCADE ON UPDATE CASCADE,
  CONSTRAINT `craft_relations_targetId_fk` FOREIGN KEY (`targetId`) REFERENCES `craft_elements` (`id`) ON DELETE CASCADE
) ENGINE=InnoDB AUTO_INCREMENT=357 DEFAULT CHARSET=utf8 COLLATE=utf8_unicode_ci;

--
-- Dumping data for table `craft_relations`
--

INSERT INTO `craft_relations` VALUES (35,15,31,NULL,78,1,'2017-03-15 16:29:54','2017-03-15 16:29:54','188aa62e-68c5-4923-a99d-e8b79c845cef'),(36,15,32,NULL,80,1,'2017-03-15 16:30:44','2017-03-15 16:30:44','5145ba46-1d5b-441f-a592-06f87c51cfb3'),(37,15,33,NULL,81,1,'2017-03-15 16:30:58','2017-03-15 16:30:58','adcfd229-2ed6-4c87-9bcc-00972fcfa3be'),(38,15,34,NULL,79,1,'2017-03-15 16:31:12','2017-03-15 16:31:12','914a7357-a53c-4de0-aaa9-ad4aa1b811fd'),(39,15,35,NULL,82,1,'2017-03-15 16:31:24','2017-03-15 16:31:24','78ef47a9-5b68-4cec-871c-32bb54c89ca4'),(40,15,36,NULL,83,1,'2017-03-15 16:31:40','2017-03-15 16:31:40','2cc6f253-c2c5-4810-ab4f-8a07ef998125'),(41,15,37,NULL,84,1,'2017-03-15 16:31:55','2017-03-15 16:31:55','a854f25a-1720-43b4-8b27-854003fb22e5'),(42,15,38,NULL,85,1,'2017-03-15 16:32:18','2017-03-15 16:32:18','80faa54d-c461-4b9b-9216-3d7488fe9e42'),(44,15,39,NULL,86,1,'2017-03-15 16:32:43','2017-03-15 16:32:43','ac9f1145-25bb-42dd-9341-32b85ae5312a'),(105,26,142,NULL,31,2,'2017-03-15 18:48:00','2017-03-15 18:48:00','a3ed30c3-0cac-4819-be2d-4dbe5a802515'),(106,15,142,NULL,112,1,'2017-03-15 18:48:00','2017-03-15 18:48:00','6b76d71f-d495-4529-b59a-a918667d831c'),(108,34,149,NULL,53,1,'2017-03-16 16:32:34','2017-03-16 16:32:34','fce82d6a-1ddf-4765-b460-728dc66f12d3'),(113,34,152,NULL,53,1,'2017-03-17 15:00:13','2017-03-17 15:00:13','ac221396-31e3-416d-82d2-74553f35151e'),(120,26,140,NULL,31,1,'2017-03-18 11:05:57','2017-03-18 11:05:57','ad35de93-c9dc-41e0-b10b-4955d9b4b9f7'),(121,15,140,NULL,111,1,'2017-03-18 11:05:57','2017-03-18 11:05:57','98900c4d-7ea9-40b6-bd85-c09ea737985c'),(122,15,140,NULL,112,2,'2017-03-18 11:05:57','2017-03-18 11:05:57','8d06cb48-e298-4c9e-8b0b-88bd57d32f2a'),(123,15,140,NULL,113,3,'2017-03-18 11:05:57','2017-03-18 11:05:57','d9e24c92-04ea-400f-85fc-ce1ca3a08bf5'),(124,15,140,NULL,93,4,'2017-03-18 11:05:57','2017-03-18 11:05:57','16f3641f-288c-4ac9-8de6-780716d7d5d0'),(139,61,168,NULL,142,1,'2017-03-20 06:48:02','2017-03-20 06:48:02','9d2a1b78-ea73-4222-b4b0-b66960e17199'),(140,34,171,NULL,53,1,'2017-03-20 09:44:07','2017-03-20 09:44:07','7d1148c2-5fd7-410d-bf35-76b0cb0e7de6'),(141,34,172,NULL,53,1,'2017-03-20 09:44:22','2017-03-20 09:44:22','92226b28-2b7a-4261-8312-26213cb44aaa'),(142,34,174,NULL,53,1,'2017-03-20 09:52:29','2017-03-20 09:52:29','c1c933d5-a0de-4fc7-b11c-fb17ea57f0c2'),(143,52,160,NULL,180,1,'2017-03-24 15:00:12','2017-03-24 15:00:12','ca084175-ed92-4bed-83a3-747dd1775f3d'),(144,53,166,NULL,162,1,'2017-03-24 15:00:12','2017-03-24 15:00:12','7f4149a1-87fd-4917-b4da-9b86953c95d2'),(145,53,166,NULL,161,2,'2017-03-24 15:00:12','2017-03-24 15:00:12','d84aa5d2-f852-4d96-a440-01ac2d4a0f94'),(146,53,166,NULL,163,3,'2017-03-24 15:00:12','2017-03-24 15:00:12','4734dae3-9473-40c4-bcc6-9a25e512708f'),(147,53,166,NULL,164,4,'2017-03-24 15:00:12','2017-03-24 15:00:12','92708aef-01d2-44c1-99ef-5b2f634757be'),(148,53,166,NULL,165,5,'2017-03-24 15:00:12','2017-03-24 15:00:12','49086268-9db5-4521-ad1a-285717affdef'),(149,15,138,NULL,78,1,'2017-03-24 15:00:12','2017-03-24 15:00:12','7ccacecd-eac9-4a4f-8f92-a023471ba498'),(232,26,187,NULL,31,1,'2017-03-26 21:41:59','2017-03-26 21:41:59','ed7b063b-6c49-4c62-aa76-89c0d238bf2b'),(233,15,187,NULL,190,1,'2017-03-26 21:41:59','2017-03-26 21:41:59','25fd2304-5fba-4392-a7b8-3e500ab1e1da'),(234,15,187,NULL,184,2,'2017-03-26 21:41:59','2017-03-26 21:41:59','6cdb545c-35cc-4a44-b006-45c3d2663721'),(235,15,187,NULL,185,3,'2017-03-26 21:41:59','2017-03-26 21:41:59','4d1f6fad-fad1-4835-8e43-046b39549df4'),(246,34,58,NULL,53,1,'2017-03-29 14:43:55','2017-03-29 14:43:55','6e637e5f-ad52-4692-8d2c-7d17c7a3f4f2'),(247,42,59,NULL,54,1,'2017-03-29 14:43:55','2017-03-29 14:43:55','a02d9947-f870-4ed1-aee1-cacf35b1ed6b'),(248,42,59,NULL,55,2,'2017-03-29 14:43:55','2017-03-29 14:43:55','b841c90d-6ca6-4ada-b5a0-fbd2249c131c'),(249,42,59,NULL,56,3,'2017-03-29 14:43:55','2017-03-29 14:43:55','250ffc51-1375-4405-b2a9-cbe9efe1466b'),(250,42,59,NULL,57,4,'2017-03-29 14:43:55','2017-03-29 14:43:55','ed30c680-7831-4133-b0df-34c11609dd36'),(251,52,198,NULL,195,1,'2017-03-29 14:43:55','2017-03-29 14:43:55','ef8c5de6-a62e-4b2b-b1f6-e4e50c4f5840'),(255,52,202,NULL,199,1,'2017-04-12 16:09:13','2017-04-12 16:09:13','c6daeb07-309c-4e30-bcce-83839507e938'),(336,28,126,NULL,181,1,'2017-04-12 23:43:16','2017-04-12 23:43:16','50f2d284-3287-4341-8102-3ee84c865206'),(337,66,126,NULL,182,1,'2017-04-12 23:43:16','2017-04-12 23:43:16','ead26de4-129f-4c95-9141-59bb0b6a532d'),(338,46,127,NULL,31,1,'2017-04-12 23:43:16','2017-04-12 23:43:16','9151447f-a735-4dad-be55-1462e7cc7929'),(339,46,129,NULL,33,1,'2017-04-12 23:43:16','2017-04-12 23:43:16','5b874e3f-f768-48cc-90ff-cc7a51b34b6b'),(340,46,130,NULL,34,1,'2017-04-12 23:43:16','2017-04-12 23:43:16','35f30a69-8733-473c-b0c0-ba7f399e7ae6'),(341,46,131,NULL,35,1,'2017-04-12 23:43:16','2017-04-12 23:43:16','7ea15eee-5a39-4612-81fb-65057f4c1bcc'),(342,46,132,NULL,36,1,'2017-04-12 23:43:16','2017-04-12 23:43:16','2726bf01-031e-40df-94fe-70b6e34b9c17'),(343,46,133,NULL,37,1,'2017-04-12 23:43:16','2017-04-12 23:43:16','a972337c-253f-4374-8a92-f77d4f7ae5ca'),(344,46,134,NULL,38,1,'2017-04-12 23:43:16','2017-04-12 23:43:16','8819bb90-d9d3-497f-93e1-2fed4401438a'),(345,46,135,NULL,39,1,'2017-04-12 23:43:16','2017-04-12 23:43:16','cf8c17da-681a-4b49-9068-136e14f9bca3'),(346,46,204,NULL,31,1,'2017-04-12 23:43:16','2017-04-12 23:43:16','b1f60ee1-7506-4a41-b6ce-3e28824fccb8'),(347,46,205,NULL,33,1,'2017-04-12 23:43:16','2017-04-12 23:43:16','a5c6eb0a-f82a-4d8d-8585-9851954dd20a'),(348,83,207,NULL,87,1,'2017-04-12 23:43:16','2017-04-12 23:43:16','62dc4261-51b3-48f5-9b7e-f183b63d2ac6'),(349,3,2,NULL,117,1,'2017-04-12 23:43:16','2017-04-12 23:43:16','97050077-8e0d-44af-99c9-0e3f37b08fa1'),(350,3,2,NULL,118,2,'2017-04-12 23:43:16','2017-04-12 23:43:16','c97e5d80-4523-4f5b-bab0-7fa3592cad9c'),(351,3,2,NULL,119,3,'2017-04-12 23:43:16','2017-04-12 23:43:16','f5f2f23a-76eb-45cb-8301-e88f0ed4d47c'),(352,3,2,NULL,120,4,'2017-04-12 23:43:16','2017-04-12 23:43:16','52599f71-d228-412c-8681-b36465f4a4f6'),(353,3,2,NULL,121,5,'2017-04-12 23:43:16','2017-04-12 23:43:16','f8529250-e95e-4e64-be76-640ec19ab475'),(354,3,2,NULL,122,6,'2017-04-12 23:43:16','2017-04-12 23:43:16','0f27c13f-2f61-4c2e-9ea8-c898a98d3df0'),(355,3,2,NULL,123,7,'2017-04-12 23:43:16','2017-04-12 23:43:16','e6d46d26-7224-4797-befc-4a1c5bdb905a'),(356,3,2,NULL,124,8,'2017-04-12 23:43:16','2017-04-12 23:43:16','f8733e5c-6c03-4222-a5ed-0d97a5ed407e');

--
-- Table structure for table `craft_routes`
--

CREATE TABLE `craft_routes` (
  `id` int(11) NOT NULL AUTO_INCREMENT,
  `locale` char(12) COLLATE utf8_unicode_ci DEFAULT NULL,
  `urlParts` varchar(255) COLLATE utf8_unicode_ci NOT NULL,
  `urlPattern` varchar(255) COLLATE utf8_unicode_ci NOT NULL,
  `template` varchar(255) COLLATE utf8_unicode_ci NOT NULL,
  `sortOrder` smallint(6) unsigned DEFAULT NULL,
  `dateCreated` datetime NOT NULL,
  `dateUpdated` datetime NOT NULL,
  `uid` char(36) COLLATE utf8_unicode_ci NOT NULL DEFAULT '0',
  PRIMARY KEY (`id`),
  UNIQUE KEY `craft_routes_urlPattern_unq_idx` (`urlPattern`),
  KEY `craft_routes_locale_idx` (`locale`),
  CONSTRAINT `craft_routes_locale_fk` FOREIGN KEY (`locale`) REFERENCES `craft_locales` (`locale`) ON DELETE CASCADE ON UPDATE CASCADE
) ENGINE=InnoDB DEFAULT CHARSET=utf8 COLLATE=utf8_unicode_ci;

--
-- Dumping data for table `craft_routes`
--


--
-- Table structure for table `craft_searchindex`
--

CREATE TABLE `craft_searchindex` (
  `elementId` int(11) NOT NULL,
  `attribute` varchar(25) COLLATE utf8_unicode_ci NOT NULL,
  `fieldId` int(11) NOT NULL,
  `locale` char(12) COLLATE utf8_unicode_ci NOT NULL,
  `keywords` text COLLATE utf8_unicode_ci NOT NULL,
  PRIMARY KEY (`elementId`,`attribute`,`fieldId`,`locale`),
  FULLTEXT KEY `craft_searchindex_keywords_idx` (`keywords`)
) ENGINE=MyISAM DEFAULT CHARSET=utf8 COLLATE=utf8_unicode_ci;

--
-- Dumping data for table `craft_searchindex`
--

INSERT INTO `craft_searchindex` VALUES (1,'username',0,'en_us',' max eec ms '),(1,'firstname',0,'en_us',' max '),(1,'lastname',0,'en_us',''),(1,'fullname',0,'en_us',' max '),(1,'email',0,'en_us',' max eec ms '),(1,'slug',0,'en_us',''),(2,'slug',0,'en_us',' homepage '),(2,'title',0,'en_us',' homepage '),(2,'field',1,'en_us',' its good about how far ahead are you going right and where am i gonna be okay but i don t know what to say you can t uh that is uh nobody s home '),(2,'field',16,'en_us',' rick founder monarch manor '),(55,'extension',0,'en_us',' jpg '),(55,'kind',0,'en_us',' image '),(22,'field',1,'en_us',' one morning when gregor samsa woke from troubled dreams he found himself transformed in his bed into a horrible vermin he lay on his armour like back and if he lifted his head a little he could see his brown belly slightly domed and divided by arches into stiff sections the bedding was hardly able to cover it and seemed ready to slide off any moment his many legs pitifully thin compared with the size of the rest of him waved about helplessly as he looked what s happened to me he thought it wasn t a dream his room a proper human room although a little too small lay peacefully between its four familiar walls a collection of textile samples lay spread out on the table samsa was a travelling salesman and above it there hung a picture that he had recently cut out of an illustrated magazine and housed in a nice gilded frame it showed a lady fitted out with a fur hat and fur boa who sat upright raising a heavy fur muff that covered the whole of her lower arm towards the viewer gregor then turned to look out the window at the dull weather drops '),(22,'field',10,'en_us',' monarch manor '),(22,'slug',0,'en_us',' about '),(22,'title',0,'en_us',' about '),(144,'field',33,'en_us',''),(144,'field',1,'en_us',''),(145,'slug',0,'en_us',' products '),(140,'field',26,'en_us',' healthcare nutrition '),(145,'title',0,'en_us',' products '),(140,'field',15,'en_us',' img product 01 img product 02 img product 03 img cart 01 '),(140,'field',1,'en_us',' a mild yet effective exfoliating gel masque formulated with papaya and pineapple '),(140,'field',23,'en_us',' glutenfree vegan '),(140,'title',0,'en_us',' lavender 1 '),(140,'defaultsku',0,'en_us',' lavender 16 fl oz '),(140,'slug',0,'en_us',' lavender '),(141,'sku',0,'en_us',' lavender 16 fl oz '),(141,'price',0,'en_us',' 100 '),(141,'width',0,'en_us',''),(141,'height',0,'en_us',''),(141,'length',0,'en_us',''),(141,'weight',0,'en_us',''),(141,'stock',0,'en_us',' 0 '),(141,'unlimitedstock',0,'en_us',' 1 '),(141,'minqty',0,'en_us',''),(141,'maxqty',0,'en_us',''),(141,'slug',0,'en_us',' lavender 1 '),(141,'title',0,'en_us',' 16 fl oz '),(142,'field',26,'en_us',' healthcare nutrition '),(142,'field',15,'en_us',' img product 02 '),(142,'field',1,'en_us',' img 02 '),(142,'field',23,'en_us',''),(142,'title',0,'en_us',' lavender 3=2 '),(142,'defaultsku',0,'en_us',' lavender2 '),(142,'slug',0,'en_us',' lavender 2 '),(143,'sku',0,'en_us',' lavender2 '),(143,'price',0,'en_us',' 125 '),(143,'width',0,'en_us',' 0 '),(143,'height',0,'en_us',' 0 '),(143,'length',0,'en_us',' 0 '),(143,'weight',0,'en_us',' 0 '),(143,'stock',0,'en_us',' 0 '),(143,'unlimitedstock',0,'en_us',' 1 '),(143,'minqty',0,'en_us',''),(143,'maxqty',0,'en_us',''),(143,'slug',0,'en_us',' lavender 2 '),(143,'title',0,'en_us',' lavender 3=2 '),(145,'field',56,'en_us',' 1 en_us 1 0 template creativework webpage products field title custom title custom title custom custom custom '),(90,'kind',0,'en_us',' image '),(90,'extension',0,'en_us',' png '),(90,'filename',0,'en_us',' img 14 png '),(89,'title',0,'en_us',' img 13 '),(89,'slug',0,'en_us',' img 13 '),(89,'kind',0,'en_us',' image '),(89,'extension',0,'en_us',' png '),(89,'filename',0,'en_us',' img 13 png '),(88,'title',0,'en_us',' img 12 '),(88,'slug',0,'en_us',' img 12 '),(88,'kind',0,'en_us',' image '),(88,'extension',0,'en_us',' png '),(88,'filename',0,'en_us',' img 12 png '),(87,'title',0,'en_us',' img 11 '),(87,'slug',0,'en_us',' img 11 '),(87,'kind',0,'en_us',' image '),(87,'extension',0,'en_us',' png '),(87,'filename',0,'en_us',' img 11 png '),(86,'title',0,'en_us',' img 10 '),(86,'slug',0,'en_us',' img 10 '),(86,'kind',0,'en_us',' image '),(86,'extension',0,'en_us',' png '),(86,'filename',0,'en_us',' img 10 png '),(85,'title',0,'en_us',' img 09 '),(85,'slug',0,'en_us',' img 09 '),(85,'kind',0,'en_us',' image '),(85,'extension',0,'en_us',' png '),(85,'filename',0,'en_us',' img 09 png '),(70,'field',10,'en_us',' about '),(71,'slug',0,'en_us',''),(54,'kind',0,'en_us',' image '),(54,'slug',0,'en_us',' img person 01 '),(54,'extension',0,'en_us',' jpg '),(54,'filename',0,'en_us',' img person 01 jpg '),(54,'field',14,'en_us',' $45 '),(54,'field',41,'en_us',''),(53,'title',0,'en_us',' img title 01 '),(53,'slug',0,'en_us',' img title 01 '),(53,'kind',0,'en_us',' image '),(53,'extension',0,'en_us',' jpg '),(53,'filename',0,'en_us',' img title 01 jpg '),(32,'slug',0,'en_us',' healthy teas '),(32,'title',0,'en_us',' healthy teas '),(31,'title',0,'en_us',' healthcare nutrition '),(31,'slug',0,'en_us',' healthcare nutrition '),(33,'slug',0,'en_us',' merchandise '),(33,'title',0,'en_us',' merchandise '),(34,'slug',0,'en_us',' recipes from the farm '),(34,'title',0,'en_us',' recipes from the farm '),(35,'slug',0,'en_us',' face and body '),(35,'title',0,'en_us',' face and body care products '),(36,'slug',0,'en_us',' farm fresh edibles '),(36,'title',0,'en_us',' farm fresh edibles '),(37,'slug',0,'en_us',' healthy cheese '),(37,'title',0,'en_us',' healthy cheese '),(38,'slug',0,'en_us',' photos and videos '),(38,'title',0,'en_us',' photos and videos '),(39,'slug',0,'en_us',' e books '),(39,'title',0,'en_us',' e books '),(84,'title',0,'en_us',' img 08 '),(84,'slug',0,'en_us',' img 08 '),(84,'kind',0,'en_us',' image '),(84,'extension',0,'en_us',' png '),(31,'field',15,'en_us',' img 02 '),(84,'filename',0,'en_us',' img 08 png '),(83,'title',0,'en_us',' img 07 '),(83,'slug',0,'en_us',' img 07 '),(83,'kind',0,'en_us',' image '),(83,'extension',0,'en_us',' png '),(83,'filename',0,'en_us',' img 07 png '),(82,'title',0,'en_us',' img 06 '),(82,'slug',0,'en_us',' img 06 '),(82,'kind',0,'en_us',' image '),(82,'extension',0,'en_us',' png '),(82,'filename',0,'en_us',' img 06 png '),(81,'title',0,'en_us',' img 04 '),(81,'slug',0,'en_us',' img 04 '),(81,'kind',0,'en_us',' image '),(81,'extension',0,'en_us',' png '),(81,'filename',0,'en_us',' img 04 png '),(80,'title',0,'en_us',' img 03 '),(80,'slug',0,'en_us',' img 03 '),(80,'kind',0,'en_us',' image '),(80,'extension',0,'en_us',' png '),(80,'filename',0,'en_us',' img 03 png '),(79,'title',0,'en_us',' img 05 '),(79,'slug',0,'en_us',' img 05 '),(79,'kind',0,'en_us',' image '),(79,'extension',0,'en_us',' png '),(79,'filename',0,'en_us',' img 05 png '),(78,'title',0,'en_us',' img 02 '),(78,'slug',0,'en_us',' img 02 '),(32,'field',15,'en_us',' img 03 '),(33,'field',15,'en_us',' img 04 '),(34,'field',15,'en_us',' img 05 '),(35,'field',15,'en_us',' img 06 '),(36,'field',15,'en_us',' img 07 '),(37,'field',15,'en_us',' img 08 '),(38,'field',15,'en_us',' img 09 '),(39,'field',15,'en_us',' img 10 '),(55,'slug',0,'en_us',' img person 02 '),(55,'filename',0,'en_us',' img person 02 jpg '),(55,'field',41,'en_us',''),(55,'field',14,'en_us',' assistant '),(54,'title',0,'en_us',' benefit 750 '),(70,'field',1,'en_us',' only the best comes from monarch manor farms for our family and yours with love '),(71,'field',81,'en_us',' support monarchmanor org '),(70,'slug',0,'en_us',''),(78,'kind',0,'en_us',' image '),(78,'extension',0,'en_us',' png '),(78,'filename',0,'en_us',' img 02 png '),(137,'kind',0,'en_us',' json '),(137,'extension',0,'en_us',' json '),(137,'filename',0,'en_us',' embed_northbound skateboarding on frozen sand json '),(55,'title',0,'en_us',' bill coel '),(56,'field',41,'en_us',''),(56,'field',14,'en_us',' assistant '),(56,'filename',0,'en_us',' img person 03 jpg '),(56,'extension',0,'en_us',' jpg '),(56,'kind',0,'en_us',' image '),(56,'slug',0,'en_us',' img person 03 '),(56,'title',0,'en_us',' robert dyson '),(57,'field',41,'en_us',''),(57,'field',14,'en_us',' assistant '),(57,'filename',0,'en_us',' img person 04 jpg '),(57,'extension',0,'en_us',' jpg '),(57,'kind',0,'en_us',' image '),(57,'slug',0,'en_us',' img person 04 '),(57,'title',0,'en_us',' mark stewart '),(22,'field',33,'en_us',' img title 01 about store '),(22,'field',36,'en_us',' benefit 750 bill coel robert dyson mark stewart we believe natural and organic products complement our hair and skin creating beautiful results without harming our environment through our small batch processes we provide exceptional natural and organic bath and beauty products to wholesale companies that sell under their brands as well as diy makers and crafters when you work with essential wholesale labs you can be confident you re buying high quality products and sustainably sourced ingredients whether you re looking for ready made products like usda certified organic hemp acai body butter bases such our aloe jojoba lotion essential oils additives clays or melt pour products you can trust them for yourself your customers your family and your business we strive to provide exceptional customer service and to produce relevant recipes blogs and diy videos about the products ingredients and business side of natural and organic skin care no glass or plastic bottlesglass or plastic jarsround tubes 40 ml to 236 ml some size restrictions so please talk with your account executive logo imprinted foil samples in 10 ml to 15 ml sizesdeodorant tubes15 oz sun sticksmelt pour tinsdistribution and logistics with 3rd party local partner manual or machine labellot codingshrink bandingpressure and heat induction sealingretail boxingfulfillment by amazon kittingpick pack and ship with 3rd party local partner this is the benefit descriptiolorem ipsum dolor sit amet consectetur adipisicing elit sed do eiusmod tempor incididunt ut labore et dolore magna aliqua ut enim ad minim veniam quis nostrud exercitation ullamco laboris nisi ut aliquip ex ea commodo consequat duis aute irure dolor in reprehenderit in voluptate velit esse cillum dolore eu fugiat nulla pariatur excepteur sint occaecat cupidatat non proident sunt in culpa qui officia deserunt mollit anim id est laborum the ingredients are at vero eos et accusamus et iusto odio dignissimos ducimus qui blanditiis praesentium voluptatum deleniti atque corrupti quos dolores et quas molestias excepturi sint occaecati cupiditate non provident similique sunt in culpa qui officia deserunt mollitia animi id est laborum et dolorum fuga et harum quidem rerum facilis est et expedita distinctio nam libero tempore cum soluta nobis est eligendi optio cumque nihil impedit quo minus id quod maxime placeat facere possimus omnis voluptas assumenda est omnis dolor repellendus temporibus autem quibusdam et aut officiis debitis aut rerum necessitatibus saepe eveniet ut et voluptates repudiandae sint et molestiae non recusandae itaque earum rerum hic tenetur a sapiente delectus ut aut reiciendis voluptatibus maiores alias consequatur aut perferendis doloribus asperiores repellat lorem ipsum dolor sit amet consectetur adipisicing elit sed do eiusmod tempor incididunt ut labore et dolore magna aliqua ut enim ad minim veniam quis nostrud exercitation ullamco laboris nisi ut aliquip ex ea commodo consequat duis aute irure dolor in reprehenderit in voluptate velit esse cillum dolore eu fugiat nulla pariatur excepteur sint occaecat cupidatat non proident sunt in culpa qui officia deserunt mollit anim id est laborum here is soemthign coollorem ipsum dolor sit amet consectetur adipisicing elit sed do eiusmod tempor incididunt ut labore et dolore magna aliqua ut enim ad minim veniam quis nostrud exercitation ullamco laboris nisi ut aliquip ex ea commodo consequat duis aute irure dolor in reprehenderit in voluptate velit esse cillum dolore eu fugiat nulla pariatur excepteur sint occaecat cupidatat non proident sunt in culpa qui officia deserunt mollit anim id est laborum at vero eos et accusamus et iusto odio dignissimos ducimus qui blanditiis praesentium voluptatum deleniti atque corrupti quos dolores et quas molestias excepturi sint occaecati cupiditate non provident similique sunt in culpa qui officia deserunt mollitia animi id est laborum et dolorum fuga et harum quidem rerum facilis est et expedita distinctio nam libero tempore cum soluta nobis est eligendi optio cumque nihil impedit quo minus id quod maxime placeat facere possimus omnis voluptas assumenda est omnis dolor repellendus temporibus autem quibusdam et aut officiis debitis aut rerum necessitatibus saepe eveniet ut et voluptates repudiandae sint et molestiae non recusandae itaque earum rerum hic tenetur a sapiente delectus ut aut reiciendis voluptatibus maiores alias consequatur aut perferendis doloribus asperiores repellat medium the cellular machinery of protein folding molecular chaperones in health and disease '),(58,'field',34,'en_us',' img title 01 '),(58,'field',35,'en_us',' about store '),(58,'slug',0,'en_us',''),(59,'field',42,'en_us',' benefit 750 bill coel robert dyson mark stewart '),(59,'slug',0,'en_us',''),(183,'extension',0,'en_us',' jpg '),(67,'field',1,'en_us',' terms of service '),(67,'field',33,'en_us',''),(62,'field',37,'en_us',' we believe natural and organic products complement our hair and skin creating beautiful results without harming our environment through our small batch processes we provide exceptional natural and organic bath and beauty products to wholesale companies that sell under their brands as well as diy makers and crafters when you work with essential wholesale labs you can be confident you re buying high quality products and sustainably sourced ingredients whether you re looking for ready made products like usda certified organic hemp acai body butter bases such our aloe jojoba lotion essential oils additives clays or melt pour products you can trust them for yourself your customers your family and your business we strive to provide exceptional customer service and to produce relevant recipes blogs and diy videos about the products ingredients and business side of natural and organic skin care '),(62,'slug',0,'en_us',''),(199,'extension',0,'en_us',' json '),(199,'kind',0,'en_us',' json '),(199,'slug',0,'en_us',' embed healthy chocolate milkshake vegan '),(199,'title',0,'en_us',' healthy chocolate milkshake vegan '),(200,'field',33,'en_us',' care for your health monarch manor farms coming soon '),(200,'field',1,'en_us',' happy to see you made it to the new website that will be up and running very soon please subscribe to our email list so we can inform you when we launch and grandfather you in for special discounts before launch until then stay healthy rick founder monarch manor '),(199,'filename',0,'en_us',' embed_healthy chocolate milkshake vegan json '),(183,'filename',0,'en_us',' benefits whole body nutrition shake 550x759 jpg '),(67,'field',36,'en_us',''),(67,'slug',0,'en_us',' terms of service '),(67,'title',0,'en_us',' terms of service '),(68,'field',33,'en_us',''),(68,'field',1,'en_us',''),(68,'field',36,'en_us',''),(68,'slug',0,'en_us',' custom formulation section '),(68,'title',0,'en_us',' custom formulation section '),(69,'field',33,'en_us',''),(69,'field',1,'en_us',' independent apartment in a villa with a splendid view over the gulf of rupione 1 living room with terrace with sea view dining area table and parasol 1 bedroom with double bed 160 1 fully equipped kitchen washing machine and nice privative swimming pool with large terrace sun baths and parasols 2mn walk from the beach of rupione accommodation is perfect for couples families and four legged companions independent apartment in a villa with a splendid view over the gulf of rupione 1 living room with terrace with sea view dining area table and parasol 1 bedroom with double bed 160 1 fully equipped kitchen washing machine and nice privative swimming pool with large terrace sun baths and parasols klsdjklsajdllkasjdlkasjduspcfedexuspsadfadfsasdfs2mn walk from the beach of rupione accommodation is perfect for couples families and four legged companions download this file healthy chocolate milkshake vegan why not a video '),(69,'field',36,'en_us',''),(69,'slug',0,'en_us',' shipping '),(69,'title',0,'en_us',' shipping '),(71,'field',43,'en_us',' 800 614 2005 '),(145,'field',1,'en_us',''),(145,'field',33,'en_us',''),(144,'title',0,'en_us',' shop '),(144,'slug',0,'en_us',' shop '),(74,'filename',0,'en_us',' img person 02 jpg '),(74,'extension',0,'en_us',' jpg '),(74,'kind',0,'en_us',' image '),(74,'slug',0,'en_us',' img person 02 '),(74,'title',0,'en_us',' img person 02 '),(75,'filename',0,'en_us',' img person 01 jpg '),(75,'extension',0,'en_us',' jpg '),(75,'kind',0,'en_us',' image '),(75,'slug',0,'en_us',' img person 01 '),(75,'title',0,'en_us',' img person 01 '),(76,'filename',0,'en_us',' img person 03 jpg '),(76,'extension',0,'en_us',' jpg '),(76,'kind',0,'en_us',' image '),(76,'slug',0,'en_us',' img person 03 '),(76,'title',0,'en_us',' img person 03 '),(77,'filename',0,'en_us',' img person 04 jpg '),(77,'extension',0,'en_us',' jpg '),(77,'kind',0,'en_us',' image '),(77,'slug',0,'en_us',' img person 04 '),(77,'title',0,'en_us',' img person 04 '),(90,'slug',0,'en_us',' img 14 '),(90,'title',0,'en_us',' test '),(91,'filename',0,'en_us',' img 15 png '),(91,'extension',0,'en_us',' png '),(91,'kind',0,'en_us',' image '),(91,'slug',0,'en_us',' img 15 '),(91,'title',0,'en_us',' img 15 '),(92,'filename',0,'en_us',' img blog 01 jpg '),(92,'extension',0,'en_us',' jpg '),(92,'kind',0,'en_us',' image '),(92,'slug',0,'en_us',' img blog 01 '),(92,'title',0,'en_us',' img blog 01 '),(93,'filename',0,'en_us',' img cart 01 png '),(93,'extension',0,'en_us',' png '),(93,'kind',0,'en_us',' image '),(93,'slug',0,'en_us',' img cart 01 '),(93,'title',0,'en_us',' img cart 01 '),(94,'filename',0,'en_us',' img cart small png '),(94,'extension',0,'en_us',' png '),(94,'kind',0,'en_us',' image '),(94,'slug',0,'en_us',' img cart small '),(94,'title',0,'en_us',' img cart small '),(95,'filename',0,'en_us',' img featured jpg '),(95,'extension',0,'en_us',' jpg '),(95,'kind',0,'en_us',' image '),(95,'slug',0,'en_us',' img featured '),(95,'title',0,'en_us',' img featured '),(96,'filename',0,'en_us',' img media 01 jpg '),(96,'extension',0,'en_us',' jpg '),(96,'kind',0,'en_us',' image '),(96,'slug',0,'en_us',' img media 01 '),(96,'title',0,'en_us',' img media 01 '),(97,'filename',0,'en_us',' img media 02 jpg '),(97,'extension',0,'en_us',' jpg '),(97,'kind',0,'en_us',' image '),(97,'slug',0,'en_us',' img media 02 '),(97,'title',0,'en_us',' img media 02 '),(98,'filename',0,'en_us',' img media 03 jpg '),(98,'extension',0,'en_us',' jpg '),(98,'kind',0,'en_us',' image '),(98,'slug',0,'en_us',' img media 03 '),(98,'title',0,'en_us',' img media 03 '),(99,'filename',0,'en_us',' img media 04 jpg '),(99,'extension',0,'en_us',' jpg '),(99,'kind',0,'en_us',' image '),(99,'slug',0,'en_us',' img media 04 '),(99,'title',0,'en_us',' img media 04 '),(100,'filename',0,'en_us',' img photo 01 jpg '),(100,'extension',0,'en_us',' jpg '),(100,'kind',0,'en_us',' image '),(100,'slug',0,'en_us',' img photo 01 '),(100,'title',0,'en_us',' img photo 01 '),(101,'filename',0,'en_us',' img photo 02 jpg '),(101,'extension',0,'en_us',' jpg '),(101,'kind',0,'en_us',' image '),(101,'slug',0,'en_us',' img photo 02 '),(101,'title',0,'en_us',' img photo 02 '),(102,'filename',0,'en_us',' img photo 03 jpg '),(102,'extension',0,'en_us',' jpg '),(102,'kind',0,'en_us',' image '),(102,'slug',0,'en_us',' img photo 03 '),(102,'title',0,'en_us',' img photo 03 '),(31,'field',44,'en_us',' 1 '),(103,'filename',0,'en_us',' img photo 04 jpg '),(103,'extension',0,'en_us',' jpg '),(103,'kind',0,'en_us',' image '),(103,'slug',0,'en_us',' img photo 04 '),(103,'title',0,'en_us',' img photo 04 '),(104,'filename',0,'en_us',' img photo 05 jpg '),(104,'extension',0,'en_us',' jpg '),(104,'kind',0,'en_us',' image '),(104,'slug',0,'en_us',' img photo 05 '),(104,'title',0,'en_us',' img photo 05 '),(105,'filename',0,'en_us',' img photo 06 jpg '),(105,'extension',0,'en_us',' jpg '),(105,'kind',0,'en_us',' image '),(105,'slug',0,'en_us',' img photo 06 '),(105,'title',0,'en_us',' img photo 06 '),(106,'filename',0,'en_us',' img photo 07 jpg '),(106,'extension',0,'en_us',' jpg '),(106,'kind',0,'en_us',' image '),(106,'slug',0,'en_us',' img photo 07 '),(106,'title',0,'en_us',' img photo 07 '),(107,'filename',0,'en_us',' img photo 08 jpg '),(107,'extension',0,'en_us',' jpg '),(107,'kind',0,'en_us',' image '),(107,'slug',0,'en_us',' img photo 08 '),(107,'title',0,'en_us',' img photo 08 '),(108,'filename',0,'en_us',' img post 01 jpg '),(108,'extension',0,'en_us',' jpg '),(108,'kind',0,'en_us',' image '),(108,'slug',0,'en_us',' img post 01 '),(108,'title',0,'en_us',' img post 01 '),(109,'filename',0,'en_us',' img post 02 jpg '),(109,'extension',0,'en_us',' jpg '),(109,'kind',0,'en_us',' image '),(109,'slug',0,'en_us',' img post 02 '),(109,'title',0,'en_us',' img post 02 '),(110,'filename',0,'en_us',' img post 03 jpg '),(110,'extension',0,'en_us',' jpg '),(110,'kind',0,'en_us',' image '),(110,'slug',0,'en_us',' img post 03 '),(110,'title',0,'en_us',' img post 03 '),(111,'filename',0,'en_us',' img product 01 png '),(111,'extension',0,'en_us',' png '),(111,'kind',0,'en_us',' image '),(111,'slug',0,'en_us',' img product 01 '),(111,'title',0,'en_us',' img product 01 '),(112,'filename',0,'en_us',' img product 02 png '),(112,'extension',0,'en_us',' png '),(112,'kind',0,'en_us',' image '),(112,'slug',0,'en_us',' img product 02 '),(112,'title',0,'en_us',' img product 02 '),(113,'filename',0,'en_us',' img product 03 png '),(113,'extension',0,'en_us',' png '),(113,'kind',0,'en_us',' image '),(113,'slug',0,'en_us',' img product 03 '),(113,'title',0,'en_us',' img product 03 '),(114,'filename',0,'en_us',' img slider small png '),(114,'extension',0,'en_us',' png '),(114,'kind',0,'en_us',' image '),(114,'slug',0,'en_us',' img slider small '),(114,'title',0,'en_us',' img slider small '),(115,'filename',0,'en_us',' img slider png '),(115,'extension',0,'en_us',' png '),(115,'kind',0,'en_us',' image '),(115,'slug',0,'en_us',' img slider '),(115,'title',0,'en_us',' img slider '),(116,'filename',0,'en_us',' img youtube jpg '),(116,'extension',0,'en_us',' jpg '),(116,'kind',0,'en_us',' image '),(116,'slug',0,'en_us',' img youtube '),(116,'title',0,'en_us',' img youtube '),(117,'filename',0,'en_us',' partner 01 png '),(117,'extension',0,'en_us',' png '),(117,'kind',0,'en_us',' image '),(117,'slug',0,'en_us',' partner 01 '),(117,'title',0,'en_us',' partner 01 '),(118,'filename',0,'en_us',' partner 02 png '),(118,'extension',0,'en_us',' png '),(118,'kind',0,'en_us',' image '),(118,'slug',0,'en_us',' partner 02 '),(118,'title',0,'en_us',' partner 02 '),(119,'filename',0,'en_us',' partner 03 png '),(119,'extension',0,'en_us',' png '),(119,'kind',0,'en_us',' image '),(119,'slug',0,'en_us',' partner 03 '),(119,'title',0,'en_us',' partner 03 '),(120,'filename',0,'en_us',' partner 04 png '),(120,'extension',0,'en_us',' png '),(120,'kind',0,'en_us',' image '),(120,'slug',0,'en_us',' partner 04 '),(120,'title',0,'en_us',' partner 04 '),(121,'filename',0,'en_us',' partner 05 png '),(121,'extension',0,'en_us',' png '),(121,'kind',0,'en_us',' image '),(121,'slug',0,'en_us',' partner 05 '),(121,'title',0,'en_us',' partner 05 '),(122,'filename',0,'en_us',' partner 06 png '),(122,'extension',0,'en_us',' png '),(122,'kind',0,'en_us',' image '),(122,'slug',0,'en_us',' partner 06 '),(122,'title',0,'en_us',' partner 06 '),(123,'filename',0,'en_us',' partner 07 png '),(123,'extension',0,'en_us',' png '),(123,'kind',0,'en_us',' image '),(123,'slug',0,'en_us',' partner 07 '),(123,'title',0,'en_us',' partner 07 '),(124,'filename',0,'en_us',' partner 08 png '),(124,'extension',0,'en_us',' png '),(124,'kind',0,'en_us',' image '),(124,'slug',0,'en_us',' partner 08 '),(124,'title',0,'en_us',' partner 08 '),(32,'field',44,'en_us',' 1 '),(33,'field',44,'en_us',' 1 '),(34,'field',44,'en_us',' 1 '),(35,'field',44,'en_us',' 1 '),(36,'field',44,'en_us',' 1 '),(37,'field',44,'en_us',' 1 '),(38,'field',44,'en_us',' 1 '),(39,'field',44,'en_us',' 1 '),(125,'filename',0,'en_us',' img 01 jpg '),(125,'extension',0,'en_us',' jpg '),(125,'kind',0,'en_us',' image '),(125,'slug',0,'en_us',' img 01 '),(125,'title',0,'en_us',' img 01 '),(2,'field',27,'en_us',' bg healthy chocolate milkshake vegan february spring deal for all health products 25% off shop now shop '),(2,'field',45,'en_us',' healthcare nutrition merchandise recipes from the farm face and body care products farm fresh edibles healthy cheese photos and videos e books healthcare nutrition merchandise shop now short 25% off img 11 shop healthy teas '),(126,'field',68,'en_us',' 25% off '),(2,'field',3,'en_us',' partner 01 partner 02 partner 03 partner 04 partner 05 partner 06 partner 07 partner 08 '),(126,'field',28,'en_us',' bg '),(126,'field',29,'en_us',''),(126,'field',30,'en_us',''),(126,'field',66,'en_us',' healthy chocolate milkshake vegan '),(126,'field',31,'en_us',''),(126,'field',32,'en_us',''),(126,'slug',0,'en_us',''),(127,'field',46,'en_us',' healthcare nutrition '),(127,'slug',0,'en_us',''),(204,'field',46,'en_us',' healthcare nutrition '),(129,'field',46,'en_us',' merchandise '),(129,'slug',0,'en_us',''),(130,'field',46,'en_us',' recipes from the farm '),(130,'slug',0,'en_us',''),(131,'field',46,'en_us',' face and body care products '),(131,'slug',0,'en_us',''),(132,'field',46,'en_us',' farm fresh edibles '),(132,'slug',0,'en_us',''),(133,'field',46,'en_us',' healthy cheese '),(133,'slug',0,'en_us',''),(134,'field',46,'en_us',' photos and videos '),(134,'slug',0,'en_us',''),(135,'field',46,'en_us',' e books '),(135,'slug',0,'en_us',''),(208,'chargeid',0,'en_us',''),(137,'slug',0,'en_us',' embed northbound skateboarding on frozen sand '),(137,'title',0,'en_us',' northbound skateboarding on frozen sand 4k '),(138,'field',33,'en_us',''),(138,'field',1,'en_us',' main text '),(138,'field',36,'en_us',' by the name of boston img 03 img 05 img 08 img 09 img 10 some extra text '),(138,'field',15,'en_us',' img 02 '),(138,'slug',0,'en_us',' test '),(138,'title',0,'en_us',' test '),(161,'filename',0,'en_us',' img 05 png '),(144,'field',56,'en_us',' 1 en_us 1 0 template creativework webpage field title custom title custom title custom images custom images custom images '),(146,'field',33,'en_us',''),(146,'field',1,'en_us',''),(146,'field',56,'en_us',' 1 en_us 1 0 template creativework webpage products field title custom title custom title custom custom custom '),(146,'slug',0,'en_us',' products '),(146,'title',0,'en_us',' products '),(147,'field',33,'en_us',''),(147,'field',1,'en_us',''),(147,'field',56,'en_us',' 1 en_us 1 0 template creativework webpage ingredients field title custom title custom title custom custom custom '),(147,'slug',0,'en_us',' ingredients '),(147,'title',0,'en_us',' ingredients '),(148,'field',15,'en_us',''),(148,'slug',0,'en_us',' tea mix '),(148,'title',0,'en_us',' tea mix '),(148,'field',33,'en_us',' img title 01 '),(148,'field',56,'en_us',' 1 en_us 1 0 template creativework webpage tea mix field title custom title custom title custom images custom images custom images '),(149,'field',34,'en_us',' img title 01 '),(149,'field',35,'en_us',''),(149,'slug',0,'en_us',''),(151,'field',33,'en_us',' img title 01 '),(151,'field',1,'en_us',' your cart is empty '),(151,'field',56,'en_us',' 1 en_us 1 0 template creativework webpage cart cart field title custom title custom title custom custom custom '),(151,'slug',0,'en_us',' cart '),(151,'title',0,'en_us',' cart '),(152,'field',34,'en_us',' img title 01 '),(152,'field',35,'en_us',''),(152,'slug',0,'en_us',''),(151,'field',57,'en_us',' shop cart html '),(153,'filename',0,'en_us',' icon gluten png '),(153,'extension',0,'en_us',' png '),(153,'kind',0,'en_us',' image '),(153,'slug',0,'en_us',' icon gluten '),(153,'title',0,'en_us',' icon gluten '),(154,'filename',0,'en_us',' icon leaf png '),(154,'extension',0,'en_us',' png '),(154,'kind',0,'en_us',' image '),(154,'slug',0,'en_us',' icon leaf '),(154,'title',0,'en_us',' icon leaf '),(141,'field',1,'en_us',''),(140,'field',58,'en_us',' how to use directions for usage as facial creme moisturize your face and neck with creme every morning and or night after you cleanse and tone always moisturize your face and neck in upward motions moisturizing is important for all skin types in every step of skin care always use circular upward motions with a gentle touch on your face don t help gravity by tugging down on your skin and remember that the skin on your face loves you so you should love it details directions for usage as body creme apply to entire body as often as needed throughout the day to hydrate and nourish the skin pay special attention to hands feet elbows and any other area of your body that is prone to dry skin ingredient super stars directions for usage as body creme apply to entire body as often as needed throughout the day to hydrate and nourish the skin pay special attention to hands feet elbows and any other area of your body that is prone to dry skin 12345 '),(140,'field',56,'en_us',' 1 en_us 1 0 template product lavender 1 lavender 1 field title custom title custom title custom images custom images custom images '),(142,'field',58,'en_us',''),(142,'field',56,'en_us',' 1 en_us 1 0 template creativework webpage field title custom title custom title custom images custom images custom images '),(155,'field',59,'en_us',' how to use '),(155,'field',60,'en_us',' directions for usage as facial creme moisturize your face and neck with creme every morning and or night after you cleanse and tone always moisturize your face and neck in upward motions moisturizing is important for all skin types in every step of skin care always use circular upward motions with a gentle touch on your face don t help gravity by tugging down on your skin and remember that the skin on your face loves you so you should love it '),(155,'slug',0,'en_us',''),(156,'field',59,'en_us',' details '),(156,'field',60,'en_us',' directions for usage as body creme apply to entire body as often as needed throughout the day to hydrate and nourish the skin pay special attention to hands feet elbows and any other area of your body that is prone to dry skin '),(156,'slug',0,'en_us',''),(157,'field',59,'en_us',' ingredient super stars '),(157,'field',60,'en_us',' directions for usage as body creme apply to entire body as often as needed throughout the day to hydrate and nourish the skin pay special attention to hands feet elbows and any other area of your body that is prone to dry skin 12345 '),(157,'slug',0,'en_us',''),(158,'field',1,'en_us',''),(158,'sku',0,'en_us',' lavender 8 fl oz '),(158,'price',0,'en_us',' 60 '),(158,'width',0,'en_us',''),(158,'height',0,'en_us',''),(158,'length',0,'en_us',''),(158,'weight',0,'en_us',''),(158,'stock',0,'en_us',' 0 '),(158,'unlimitedstock',0,'en_us',' 1 '),(158,'minqty',0,'en_us',''),(158,'maxqty',0,'en_us',''),(158,'slug',0,'en_us',' 8 fl oz '),(158,'title',0,'en_us',' 8 fl oz '),(159,'filename',0,'en_us',' embed_the future of music json '),(159,'extension',0,'en_us',' json '),(159,'kind',0,'en_us',' json '),(159,'slug',0,'en_us',' embed the future of music '),(159,'title',0,'en_us',' the future of music '),(160,'field',52,'en_us',' by the name of boston '),(160,'slug',0,'en_us',''),(161,'extension',0,'en_us',' png '),(161,'kind',0,'en_us',' image '),(161,'slug',0,'en_us',' img 05 '),(161,'title',0,'en_us',' img 05 '),(162,'filename',0,'en_us',' img 03 png '),(162,'extension',0,'en_us',' png '),(162,'kind',0,'en_us',' image '),(162,'slug',0,'en_us',' img 03 '),(162,'title',0,'en_us',' img 03 '),(163,'filename',0,'en_us',' img 08 png '),(163,'extension',0,'en_us',' png '),(163,'kind',0,'en_us',' image '),(163,'slug',0,'en_us',' img 08 '),(163,'title',0,'en_us',' img 08 '),(164,'filename',0,'en_us',' img 09 png '),(164,'extension',0,'en_us',' png '),(164,'kind',0,'en_us',' image '),(164,'slug',0,'en_us',' img 09 '),(164,'title',0,'en_us',' img 09 '),(165,'filename',0,'en_us',' img 10 png '),(165,'extension',0,'en_us',' png '),(165,'kind',0,'en_us',' image '),(165,'slug',0,'en_us',' img 10 '),(165,'title',0,'en_us',' img 10 '),(166,'field',53,'en_us',' img 03 img 05 img 08 img 09 img 10 '),(166,'slug',0,'en_us',''),(167,'field',37,'en_us',' some extra text '),(167,'slug',0,'en_us',''),(168,'slug',0,'en_us',' learning library '),(168,'title',0,'en_us',' learning library '),(168,'field',33,'en_us',''),(168,'field',1,'en_us',''),(168,'field',61,'en_us',' lavender 3=2 '),(168,'field',56,'en_us',' 1 en_us 1 0 template creativework webpage learning library field title custom title custom title custom custom custom '),(169,'field',33,'en_us',' img title 01 '),(169,'field',1,'en_us',''),(169,'field',57,'en_us',' shop checkout html '),(169,'field',56,'en_us',' 1 en_us 1 0 template creativework webpage checkout checkout field title custom title custom title custom custom custom '),(169,'slug',0,'en_us',' checkout '),(169,'title',0,'en_us',' checkout '),(170,'field',33,'en_us',' img title 01 '),(170,'field',1,'en_us',''),(170,'field',57,'en_us',' shop payment html '),(170,'field',56,'en_us',' 1 en_us 1 0 template creativework webpage payment payment field title custom title custom title custom custom custom '),(170,'slug',0,'en_us',' payment '),(170,'title',0,'en_us',' payment '),(171,'field',34,'en_us',' img title 01 '),(171,'field',35,'en_us',''),(171,'slug',0,'en_us',''),(172,'field',34,'en_us',' img title 01 '),(172,'field',35,'en_us',''),(172,'slug',0,'en_us',''),(173,'field',33,'en_us',' img title 01 search results '),(173,'field',1,'en_us',' nothing found '),(173,'field',57,'en_us',' search index html '),(173,'field',56,'en_us',' 1 en_us 1 0 template creativework webpage search field title custom title custom title custom custom custom '),(173,'slug',0,'en_us',' search '),(173,'title',0,'en_us',' search '),(174,'field',34,'en_us',' img title 01 '),(174,'field',35,'en_us',' search results '),(174,'slug',0,'en_us',''),(175,'field',33,'en_us',''),(175,'field',1,'en_us',''),(175,'field',36,'en_us',''),(175,'slug',0,'en_us',' account benefits '),(175,'title',0,'en_us',' account benefits '),(178,'username',0,'en_us',' support monarchmanor org '),(178,'firstname',0,'en_us',' rick '),(177,'username',0,'en_us',' florian designingit com '),(177,'firstname',0,'en_us',' florian '),(177,'lastname',0,'en_us',' auckenthaler '),(177,'fullname',0,'en_us',' florian auckenthaler '),(177,'email',0,'en_us',' florian designingit com '),(177,'slug',0,'en_us',''),(178,'lastname',0,'en_us',' nappi '),(178,'fullname',0,'en_us',' rick nappi '),(178,'email',0,'en_us',' support monarchmanor org '),(178,'slug',0,'en_us',''),(179,'username',0,'en_us',' florian test designingit com '),(179,'firstname',0,'en_us',' test '),(179,'lastname',0,'en_us',' test '),(179,'fullname',0,'en_us',' test test '),(179,'email',0,'en_us',' florian test designingit com '),(179,'slug',0,'en_us',''),(180,'filename',0,'en_us',' embed_by the name of boston json '),(180,'extension',0,'en_us',' json '),(180,'kind',0,'en_us',' json '),(180,'slug',0,'en_us',' embed by the name of boston '),(180,'title',0,'en_us',' by the name of boston '),(138,'field',56,'en_us',' 1 en_us 1 0 template creativework webpage test field title custom title custom title custom images custom images custom images '),(181,'filename',0,'en_us',' bg jpg '),(181,'extension',0,'en_us',' jpg '),(181,'kind',0,'en_us',' image '),(181,'slug',0,'en_us',' bg '),(181,'title',0,'en_us',' bg '),(182,'filename',0,'en_us',' embed_healthy chocolate milkshake vegan json '),(182,'extension',0,'en_us',' json '),(182,'kind',0,'en_us',' json '),(182,'slug',0,'en_us',' embed healthy chocolate milkshake vegan '),(182,'title',0,'en_us',' healthy chocolate milkshake vegan '),(126,'field',63,'en_us',' february spring deal for all health products '),(126,'field',64,'en_us',' shop now '),(126,'field',65,'en_us',' shop '),(126,'field',67,'en_us',''),(183,'kind',0,'en_us',' image '),(183,'slug',0,'en_us',' benefits whole body nutrition shake 550x759 '),(183,'title',0,'en_us',' benefits whole body nutrition shake 550x759 '),(184,'filename',0,'en_us',' benefits nutrition facts 1 jpg '),(184,'extension',0,'en_us',' jpg '),(184,'kind',0,'en_us',' image '),(184,'slug',0,'en_us',' benefits nutrition facts 1 '),(184,'title',0,'en_us',' benefits nutrition facts 1 '),(185,'filename',0,'en_us',' benefits nutrition facts 2 jpg '),(185,'extension',0,'en_us',' jpg '),(185,'kind',0,'en_us',' image '),(185,'slug',0,'en_us',' benefits nutrition facts 2 '),(185,'title',0,'en_us',' benefits nutrition facts 2 '),(186,'filename',0,'en_us',' benefits whole body nutrition shake 1a jpg '),(186,'extension',0,'en_us',' jpg '),(186,'kind',0,'en_us',' image '),(186,'slug',0,'en_us',' benefits whole body nutrition shake 1a '),(186,'title',0,'en_us',' benefits whole body nutrition shake 1a '),(187,'field',26,'en_us',' healthcare nutrition '),(187,'field',15,'en_us',' benefits whole body nutrition 500x 500 benefits nutrition facts 1 benefits nutrition facts 2 '),(187,'field',1,'en_us',' benefits creamy dark chocolate gelato is the result of three years of rd developed by a 35 year veteran naturopathic homeopathic doctor when making an all natural product that is all about the benefits we thought why not proudly put the benefits right on the front of the bottle in easy to read fonts unlike most quasi products that try to lure you in with pretty pictures of fruits vegetables or some other images to make up for what is not in their products and then make you breakout the magnifying glass to try to decode what s in it price is also a factor and we know you are smart enough to know you can not expect a cheap bargain priced look alike to provide you with the same results as benefits it would be impossible to produce a product on par with benefits which uses only the highest physician grade ingredients meticulous formulation synergy can not be found with any cut rate priced copy cat period benefits is all about the benefits not fluff and false promises once you taste this exquisite creamy dark chocolate taste you will never look back once you feel the benefits you will discover the big difference that separates benefits from the rest you will spend much less in the long run and feel many more benefits throughout '),(187,'field',23,'en_us',' glutenfree '),(187,'field',58,'en_us',' how to use use directions to enjoy this wonderful whole body nutritional shake place 1 level scoop 33 g in 14 16 oz of unsweetened vanilla almond milk cold water or any cold liquid you enjoy mix or blend well and drink at once super star ingredients product details '),(187,'field',56,'en_us',' 1 en_us 1 0 template product benefits whole body nutrition shake 30 servings benefits whole body nutrition shake field title custom title custom title custom images custom images custom images '),(187,'title',0,'en_us',' benefits whole body nutrition shake 30 servings '),(187,'defaultsku',0,'en_us',' benefits whole body nutrition shake '),(187,'slug',0,'en_us',' benefits whole body nutrition shake '),(188,'field',59,'en_us',' how to use '),(188,'field',60,'en_us',' use directions to enjoy this wonderful whole body nutritional shake place 1 level scoop 33 g in 14 16 oz of unsweetened vanilla almond milk cold water or any cold liquid you enjoy mix or blend well and drink at once '),(188,'slug',0,'en_us',''),(189,'field',1,'en_us',' seeing where this goes '),(189,'sku',0,'en_us',' benefits whole body nutrition shake '),(189,'price',0,'en_us',' 149 99 '),(189,'width',0,'en_us',''),(189,'height',0,'en_us',''),(189,'length',0,'en_us',''),(189,'weight',0,'en_us',' 990 '),(189,'stock',0,'en_us',' 2000 '),(189,'unlimitedstock',0,'en_us',''),(189,'minqty',0,'en_us',''),(189,'maxqty',0,'en_us',''),(189,'slug',0,'en_us',' benefits '),(189,'title',0,'en_us',' benefits '),(190,'filename',0,'en_us',' benefits whole body nutrition 500x 500 jpg '),(190,'extension',0,'en_us',' jpg '),(190,'kind',0,'en_us',' image '),(190,'slug',0,'en_us',' benefits whole body nutrition 500x 500 '),(190,'title',0,'en_us',' benefits whole body nutrition 500x 500 '),(191,'field',59,'en_us',' super star ingredients '),(191,'field',60,'en_us',''),(191,'slug',0,'en_us',''),(192,'field',59,'en_us',' product details '),(192,'field',60,'en_us',''),(192,'slug',0,'en_us',''),(193,'number',0,'en_us',' e26b237c789425bdca06f3b4b0f6aa34 '),(193,'email',0,'en_us',' support monarchmanor org '),(193,'slug',0,'en_us',''),(194,'field',73,'en_us',' glass or plastic bottlesglass or plastic jarsround tubes 40 ml to 236 ml some size restrictions so please talk with your account executive logo imprinted foil samples in 10 ml to 15 ml sizesdeodorant tubes15 oz sun sticksmelt pour tinsdistribution and logistics with 3rd party local partner '),(194,'field',74,'en_us',' manual or machine labellot codingshrink bandingpressure and heat induction sealingretail boxingfulfillment by amazon kittingpick pack and ship with 3rd party local partner '),(194,'slug',0,'en_us',''),(62,'field',79,'en_us',' no '),(195,'filename',0,'en_us',' embed_the cellular machinery of protein foldin json '),(195,'extension',0,'en_us',' json '),(195,'kind',0,'en_us',' json '),(195,'slug',0,'en_us',' embed the cellular machinery of protein foldin '),(195,'title',0,'en_us',' the cellular machinery of protein folding molecular chaperones in health and disease '),(196,'field',73,'en_us',' this is the benefit descriptiolorem ipsum dolor sit amet consectetur adipisicing elit sed do eiusmod tempor incididunt ut labore et dolore magna aliqua ut enim ad minim veniam quis nostrud exercitation ullamco laboris nisi ut aliquip ex ea commodo consequat duis aute irure dolor in reprehenderit in voluptate velit esse cillum dolore eu fugiat nulla pariatur excepteur sint occaecat cupidatat non proident sunt in culpa qui officia deserunt mollit anim id est laborum '),(196,'field',74,'en_us',' the ingredients are at vero eos et accusamus et iusto odio dignissimos ducimus qui blanditiis praesentium voluptatum deleniti atque corrupti quos dolores et quas molestias excepturi sint occaecati cupiditate non provident similique sunt in culpa qui officia deserunt mollitia animi id est laborum et dolorum fuga et harum quidem rerum facilis est et expedita distinctio nam libero tempore cum soluta nobis est eligendi optio cumque nihil impedit quo minus id quod maxime placeat facere possimus omnis voluptas assumenda est omnis dolor repellendus temporibus autem quibusdam et aut officiis debitis aut rerum necessitatibus saepe eveniet ut et voluptates repudiandae sint et molestiae non recusandae itaque earum rerum hic tenetur a sapiente delectus ut aut reiciendis voluptatibus maiores alias consequatur aut perferendis doloribus asperiores repellat lorem ipsum dolor sit amet consectetur adipisicing elit sed do eiusmod tempor incididunt ut labore et dolore magna aliqua ut enim ad minim veniam quis nostrud exercitation ullamco laboris nisi ut aliquip ex ea commodo consequat duis aute irure dolor in reprehenderit in voluptate velit esse cillum dolore eu fugiat nulla pariatur excepteur sint occaecat cupidatat non proident sunt in culpa qui officia deserunt mollit anim id est laborum '),(196,'slug',0,'en_us',''),(197,'field',37,'en_us',' here is soemthign coollorem ipsum dolor sit amet consectetur adipisicing elit sed do eiusmod tempor incididunt ut labore et dolore magna aliqua ut enim ad minim veniam quis nostrud exercitation ullamco laboris nisi ut aliquip ex ea commodo consequat duis aute irure dolor in reprehenderit in voluptate velit esse cillum dolore eu fugiat nulla pariatur excepteur sint occaecat cupidatat non proident sunt in culpa qui officia deserunt mollit anim id est laborum at vero eos et accusamus et iusto odio dignissimos ducimus qui blanditiis praesentium voluptatum deleniti atque corrupti quos dolores et quas molestias excepturi sint occaecati cupiditate non provident similique sunt in culpa qui officia deserunt mollitia animi id est laborum et dolorum fuga et harum quidem rerum facilis est et expedita distinctio nam libero tempore cum soluta nobis est eligendi optio cumque nihil impedit quo minus id quod maxime placeat facere possimus omnis voluptas assumenda est omnis dolor repellendus temporibus autem quibusdam et aut officiis debitis aut rerum necessitatibus saepe eveniet ut et voluptates repudiandae sint et molestiae non recusandae itaque earum rerum hic tenetur a sapiente delectus ut aut reiciendis voluptatibus maiores alias consequatur aut perferendis doloribus asperiores repellat '),(197,'field',79,'en_us',' medium '),(197,'slug',0,'en_us',''),(198,'field',52,'en_us',' the cellular machinery of protein folding molecular chaperones in health and disease '),(198,'slug',0,'en_us',''),(200,'field',36,'en_us',' healthy chocolate milkshake vegan '),(200,'slug',0,'en_us',' coming soon '),(200,'title',0,'en_us',' coming soon '),(201,'field',34,'en_us',''),(201,'field',35,'en_us',' care for your health monarch manor farms coming soon '),(201,'slug',0,'en_us',''),(202,'field',52,'en_us',' healthy chocolate milkshake vegan '),(202,'slug',0,'en_us',''),(204,'slug',0,'en_us',''),(205,'field',46,'en_us',' merchandise '),(205,'slug',0,'en_us',''),(208,'mode',0,'en_us',' test '),(207,'field',47,'en_us',' short '),(207,'field',48,'en_us',' 25% off '),(207,'field',82,'en_us',' healthy teas '),(207,'field',83,'en_us',' img 11 '),(207,'field',84,'en_us',' shop now '),(207,'field',85,'en_us',' shop '),(207,'slug',0,'en_us',''),(208,'stripeid',0,'en_us',' ch_1a8taskvjtbcdhcwvsbaq06b '),(208,'customerid',0,'en_us',' cus_atpytwmgtkiemk '),(208,'userid',0,'en_us',''),(208,'amount',0,'en_us',' 87499 '),(208,'slug',0,'en_us',''),(209,'number',0,'en_us',' 55e36f8e344a6c50f8e3b8c61e83c2d8 '),(209,'email',0,'en_us',''),(209,'slug',0,'en_us',''),(210,'number',0,'en_us',' 5d0bbef9dc317a1c21d4f63d973d8f97 '),(210,'email',0,'en_us',''),(210,'slug',0,'en_us',''),(211,'number',0,'en_us',' 9af53a6e602e3dc56b8a3a15573f2833 '),(211,'email',0,'en_us',''),(211,'slug',0,'en_us',''),(212,'number',0,'en_us',' 439a33e5880d32615bd2560672fdc7e8 '),(212,'email',0,'en_us',''),(212,'slug',0,'en_us',''),(213,'number',0,'en_us',' d943a39f5f1e5937664744a607535872 '),(213,'email',0,'en_us',''),(213,'slug',0,'en_us',''),(214,'number',0,'en_us',' eae7a66d95a9ff53ac7404ceae325df5 '),(214,'email',0,'en_us',' max eec ms '),(214,'slug',0,'en_us',''),(215,'mode',0,'en_us',' test '),(215,'status',0,'en_us',' test '),(215,'amount',0,'en_us',''),(215,'sourceurl',0,'en_us',' shop payment '),(215,'customeremail',0,'en_us',' max eec ms '),(215,'type',0,'en_us',' recurring '),(215,'hash',0,'en_us',' 37768326ab7a6fbe1187470163daa898 '),(215,'meta',0,'en_us',''),(215,'currency',0,'en_us',''),(215,'accountid',0,'en_us',''),(215,'slug',0,'en_us',' 37768326ab7a6fbe1187470163daa898 '),(216,'mode',0,'en_us',' test '),(216,'chargeid',0,'en_us',' 215 '),(216,'stripeid',0,'en_us',' ch_1a8tt4kvjtbcdhcw6tdx1eze '),(216,'customerid',0,'en_us',' cus_atqjslinv98z6a '),(216,'userid',0,'en_us',' 1 '),(216,'amount',0,'en_us',' 13875 '),(216,'slug',0,'en_us',''),(217,'mode',0,'en_us',' test '),(217,'status',0,'en_us',' test '),(217,'amount',0,'en_us',''),(217,'sourceurl',0,'en_us',' shop payment '),(217,'customeremail',0,'en_us',' max eec ms '),(217,'type',0,'en_us',' recurring '),(217,'hash',0,'en_us',' cdc05180eadc5820feaed10459bbd936 '),(217,'meta',0,'en_us',''),(217,'currency',0,'en_us',''),(217,'accountid',0,'en_us',''),(217,'slug',0,'en_us',' cdc05180eadc5820feaed10459bbd936 '),(218,'mode',0,'en_us',' test '),(218,'chargeid',0,'en_us',' 217 '),(218,'stripeid',0,'en_us',' ch_1a8tc0kvjtbcdhcwtmpnutqa '),(218,'customerid',0,'en_us',' cus_atqjslinv98z6a '),(218,'userid',0,'en_us',' 1 '),(218,'amount',0,'en_us',' 13875 '),(218,'slug',0,'en_us',''),(219,'mode',0,'en_us',' test '),(219,'status',0,'en_us',' test '),(219,'amount',0,'en_us',''),(219,'sourceurl',0,'en_us',' shop payment '),(219,'customeremail',0,'en_us',' max eec ms '),(219,'type',0,'en_us',' recurring '),(219,'hash',0,'en_us',' e1cec32e7b6dd7c3d218d8fa9074e446 '),(219,'meta',0,'en_us',''),(219,'currency',0,'en_us',''),(219,'accountid',0,'en_us',''),(219,'slug',0,'en_us',' e1cec32e7b6dd7c3d218d8fa9074e446 '),(220,'mode',0,'en_us',' test '),(220,'chargeid',0,'en_us',' 219 '),(220,'stripeid',0,'en_us',' ch_1a8tpnkvjtbcdhcwqjweqb4n '),(220,'customerid',0,'en_us',' cus_atqjslinv98z6a '),(220,'userid',0,'en_us',' 1 '),(220,'amount',0,'en_us',' 13875 '),(220,'slug',0,'en_us',''),(221,'mode',0,'en_us',' test '),(221,'status',0,'en_us',' test '),(221,'amount',0,'en_us',''),(221,'sourceurl',0,'en_us',' shop payment '),(221,'customeremail',0,'en_us',' max eec ms '),(221,'type',0,'en_us',' recurring '),(221,'hash',0,'en_us',' afa461477c33068d0650e90621254bb5 '),(221,'meta',0,'en_us',''),(221,'currency',0,'en_us',''),(221,'accountid',0,'en_us',''),(221,'slug',0,'en_us',' afa461477c33068d0650e90621254bb5 '),(222,'mode',0,'en_us',' test '),(222,'chargeid',0,'en_us',' 221 '),(222,'stripeid',0,'en_us',' ch_1a8tuskvjtbcdhcwkfa0vcqq '),(222,'customerid',0,'en_us',' cus_atqjslinv98z6a '),(222,'userid',0,'en_us',' 1 '),(222,'amount',0,'en_us',' 13875 '),(222,'slug',0,'en_us',''),(223,'mode',0,'en_us',' test '),(223,'status',0,'en_us',' test '),(223,'amount',0,'en_us',''),(223,'sourceurl',0,'en_us',' shop payment '),(223,'customeremail',0,'en_us',' max eec ms '),(223,'type',0,'en_us',' recurring '),(223,'hash',0,'en_us',' bcee2ac36f40cd585792c1cb504acd17 '),(223,'meta',0,'en_us',''),(223,'currency',0,'en_us',''),(223,'accountid',0,'en_us',''),(223,'slug',0,'en_us',' bcee2ac36f40cd585792c1cb504acd17 '),(224,'mode',0,'en_us',' test '),(224,'chargeid',0,'en_us',' 223 '),(224,'stripeid',0,'en_us',' ch_1a8u3tkvjtbcdhcwn1epazzh '),(224,'customerid',0,'en_us',' cus_atqjslinv98z6a '),(224,'userid',0,'en_us',' 1 '),(224,'amount',0,'en_us',' 13875 '),(224,'slug',0,'en_us',''),(225,'number',0,'en_us',' 887bbc34cf00f9db9ac35d6dd5b1e98b '),(225,'email',0,'en_us',' max eec ms '),(225,'slug',0,'en_us',''),(226,'field',86,'en_us',' 225 '),(226,'field',87,'en_us',''),(226,'field',88,'en_us',' yuri salimovskiy ispanska 5 10 odessa 65031 ua '),(226,'mode',0,'en_us',' test '),(226,'status',0,'en_us',' test '),(226,'amount',0,'en_us',''),(226,'sourceurl',0,'en_us',' shop payment '),(226,'customeremail',0,'en_us',' max eec ms '),(226,'type',0,'en_us',' recurring '),(226,'hash',0,'en_us',' 973776a5e3cb0327ef09f1e146324641 '),(226,'meta',0,'en_us',''),(226,'currency',0,'en_us',''),(226,'accountid',0,'en_us',''),(226,'slug',0,'en_us',' 973776a5e3cb0327ef09f1e146324641 '),(227,'mode',0,'en_us',' test '),(227,'chargeid',0,'en_us',' 226 '),(227,'stripeid',0,'en_us',' ch_1a8v7kkvjtbcdhcwjzvaqddi '),(227,'customerid',0,'en_us',' cus_atqjslinv98z6a '),(227,'userid',0,'en_us',' 1 '),(227,'amount',0,'en_us',' 13875 '),(227,'slug',0,'en_us',''),(228,'number',0,'en_us',' c83183cd9b2921f9787e0412828a5f5f '),(228,'email',0,'en_us',' max eec ms '),(228,'slug',0,'en_us',''),(229,'field',86,'en_us',' 228 '),(229,'field',87,'en_us',' lavender 3=2 1 lavender 3=2 1 '),(229,'field',91,'en_us',' flat rate shipping '),(229,'field',88,'en_us',' iurii salimovskyi ispanska 5 apt 10 odessa 65031 us '),(229,'mode',0,'en_us',' test '),(229,'status',0,'en_us',' test '),(229,'amount',0,'en_us',''),(229,'sourceurl',0,'en_us',' shop payment '),(229,'customeremail',0,'en_us',' max eec ms '),(229,'type',0,'en_us',' recurring '),(229,'hash',0,'en_us',' ecbbee8171ffcc81c9fd9cca690e04d5 '),(229,'meta',0,'en_us',''),(229,'currency',0,'en_us',''),(229,'accountid',0,'en_us',''),(229,'slug',0,'en_us',' ecbbee8171ffcc81c9fd9cca690e04d5 '),(230,'mode',0,'en_us',' test '),(230,'chargeid',0,'en_us',' 229 '),(230,'stripeid',0,'en_us',' ch_1a8vmzkvjtbcdhcwagvg2xru '),(230,'customerid',0,'en_us',' cus_atqjslinv98z6a '),(230,'userid',0,'en_us',' 1 '),(230,'amount',0,'en_us',' 13875 '),(230,'slug',0,'en_us','');

--
-- Table structure for table `craft_sections`
--

CREATE TABLE `craft_sections` (
  `id` int(11) NOT NULL AUTO_INCREMENT,
  `structureId` int(11) DEFAULT NULL,
  `name` varchar(255) COLLATE utf8_unicode_ci NOT NULL,
  `handle` varchar(255) COLLATE utf8_unicode_ci NOT NULL,
  `type` enum('single','channel','structure') COLLATE utf8_unicode_ci NOT NULL DEFAULT 'channel',
  `hasUrls` tinyint(1) unsigned NOT NULL DEFAULT '1',
  `template` varchar(500) COLLATE utf8_unicode_ci DEFAULT NULL,
  `enableVersioning` tinyint(1) unsigned NOT NULL DEFAULT '0',
  `dateCreated` datetime NOT NULL,
  `dateUpdated` datetime NOT NULL,
  `uid` char(36) COLLATE utf8_unicode_ci NOT NULL DEFAULT '0',
  PRIMARY KEY (`id`),
  UNIQUE KEY `craft_sections_name_unq_idx` (`name`),
  UNIQUE KEY `craft_sections_handle_unq_idx` (`handle`),
  KEY `craft_sections_structureId_fk` (`structureId`),
  CONSTRAINT `craft_sections_structureId_fk` FOREIGN KEY (`structureId`) REFERENCES `craft_structures` (`id`) ON DELETE SET NULL
) ENGINE=InnoDB AUTO_INCREMENT=11 DEFAULT CHARSET=utf8 COLLATE=utf8_unicode_ci;

--
-- Dumping data for table `craft_sections`
--

INSERT INTO `craft_sections` VALUES (1,NULL,'Homepage','homepage','single',1,'index',1,'2017-03-06 09:19:13','2017-03-06 09:19:13','3dfe60d7-6b92-4e59-b862-ae91cba41a88'),(3,NULL,'Pages','pages','channel',1,'pages/_entry',1,'2017-03-06 12:35:34','2017-03-15 14:47:06','54ed782b-d5fc-4930-a200-d8149148fc52'),(8,NULL,'Articles','articles','channel',1,'learn/_entry',1,'2017-03-15 18:02:50','2017-03-19 09:52:29','757b0d1e-e954-446a-b257-240451d06601'),(9,3,'Shop','shop','structure',1,'shop/index',1,'2017-03-15 19:09:52','2017-03-16 16:07:10','51ce9b80-ec23-492e-b732-e9378f28fcb1'),(10,NULL,'Learning Library','learn','single',1,'learn/index',1,'2017-03-19 09:53:04','2017-03-19 09:53:04','82a8be69-2817-4048-b95e-dccba52ed268');

--
-- Table structure for table `craft_sections_i18n`
--

CREATE TABLE `craft_sections_i18n` (
  `id` int(11) NOT NULL AUTO_INCREMENT,
  `sectionId` int(11) NOT NULL,
  `locale` char(12) COLLATE utf8_unicode_ci NOT NULL,
  `enabledByDefault` tinyint(1) unsigned NOT NULL DEFAULT '1',
  `urlFormat` text COLLATE utf8_unicode_ci,
  `nestedUrlFormat` text COLLATE utf8_unicode_ci,
  `dateCreated` datetime NOT NULL,
  `dateUpdated` datetime NOT NULL,
  `uid` char(36) COLLATE utf8_unicode_ci NOT NULL DEFAULT '0',
  PRIMARY KEY (`id`),
  UNIQUE KEY `craft_sections_i18n_sectionId_locale_unq_idx` (`sectionId`,`locale`),
  KEY `craft_sections_i18n_locale_fk` (`locale`),
  CONSTRAINT `craft_sections_i18n_locale_fk` FOREIGN KEY (`locale`) REFERENCES `craft_locales` (`locale`) ON DELETE CASCADE ON UPDATE CASCADE,
  CONSTRAINT `craft_sections_i18n_sectionId_fk` FOREIGN KEY (`sectionId`) REFERENCES `craft_sections` (`id`) ON DELETE CASCADE
) ENGINE=InnoDB AUTO_INCREMENT=11 DEFAULT CHARSET=utf8 COLLATE=utf8_unicode_ci;

--
-- Dumping data for table `craft_sections_i18n`
--

INSERT INTO `craft_sections_i18n` VALUES (1,1,'en_us',1,'__home__',NULL,'2017-03-06 09:19:13','2017-03-06 09:19:13','fed4e050-3f6d-4e76-b997-0da0ce302ef7'),(3,3,'en_us',1,'{slug}',NULL,'2017-03-06 12:35:34','2017-03-15 14:47:06','cac52622-5f8e-49fb-946b-16f6f78a1be0'),(8,8,'en_us',1,'learn/{slug}',NULL,'2017-03-15 18:02:50','2017-03-15 18:02:50','e78f60b9-f564-4af2-b430-087f4f32b512'),(9,9,'en_us',1,'{slug}','{parent.uri}/{slug}','2017-03-15 19:09:52','2017-03-16 16:07:10','255b80cc-48cf-4615-afd3-9de0af52332b'),(10,10,'en_us',1,'learn',NULL,'2017-03-19 09:53:04','2017-03-19 09:53:04','fa3aef49-0dec-4471-b84b-a659aedf0b78');

--
-- Table structure for table `craft_seomatic_meta`
--

CREATE TABLE `craft_seomatic_meta` (
  `id` int(11) NOT NULL,
  `seoImageId` int(11) DEFAULT NULL,
  `seoTwitterImageId` int(11) DEFAULT NULL,
  `seoFacebookImageId` int(11) DEFAULT NULL,
  `locale` varchar(255) COLLATE utf8_unicode_ci DEFAULT 'en_us',
  `elementId` int(10) DEFAULT '0',
  `metaType` enum('default','template') COLLATE utf8_unicode_ci DEFAULT 'template',
  `metaPath` varchar(255) COLLATE utf8_unicode_ci DEFAULT '',
  `seoMainEntityCategory` varchar(255) COLLATE utf8_unicode_ci DEFAULT '',
  `seoMainEntityOfPage` varchar(255) COLLATE utf8_unicode_ci DEFAULT '',
  `seoTitle` varchar(255) COLLATE utf8_unicode_ci DEFAULT '',
  `seoDescription` varchar(255) COLLATE utf8_unicode_ci DEFAULT '',
  `seoKeywords` varchar(255) COLLATE utf8_unicode_ci DEFAULT '',
  `seoImageTransform` varchar(255) COLLATE utf8_unicode_ci DEFAULT '',
  `seoFacebookImageTransform` varchar(255) COLLATE utf8_unicode_ci DEFAULT '',
  `seoTwitterImageTransform` varchar(255) COLLATE utf8_unicode_ci DEFAULT '',
  `twitterCardType` varchar(255) COLLATE utf8_unicode_ci DEFAULT 'summary',
  `openGraphType` varchar(255) COLLATE utf8_unicode_ci DEFAULT 'website',
  `robots` varchar(255) COLLATE utf8_unicode_ci DEFAULT '',
  `dateCreated` datetime NOT NULL,
  `dateUpdated` datetime NOT NULL,
  `uid` char(36) COLLATE utf8_unicode_ci NOT NULL DEFAULT '0',
  PRIMARY KEY (`id`),
  KEY `craft_seomatic_meta_seoImageId_fk` (`seoImageId`),
  KEY `craft_seomatic_meta_seoTwitterImageId_fk` (`seoTwitterImageId`),
  KEY `craft_seomatic_meta_seoFacebookImageId_fk` (`seoFacebookImageId`),
  CONSTRAINT `craft_seomatic_meta_id_fk` FOREIGN KEY (`id`) REFERENCES `craft_elements` (`id`) ON DELETE CASCADE,
  CONSTRAINT `craft_seomatic_meta_seoFacebookImageId_fk` FOREIGN KEY (`seoFacebookImageId`) REFERENCES `craft_assetfiles` (`id`) ON DELETE SET NULL,
  CONSTRAINT `craft_seomatic_meta_seoImageId_fk` FOREIGN KEY (`seoImageId`) REFERENCES `craft_assetfiles` (`id`) ON DELETE SET NULL,
  CONSTRAINT `craft_seomatic_meta_seoTwitterImageId_fk` FOREIGN KEY (`seoTwitterImageId`) REFERENCES `craft_assetfiles` (`id`) ON DELETE SET NULL
) ENGINE=InnoDB DEFAULT CHARSET=utf8 COLLATE=utf8_unicode_ci;

--
-- Dumping data for table `craft_seomatic_meta`
--


--
-- Table structure for table `craft_seomatic_settings`
--

CREATE TABLE `craft_seomatic_settings` (
  `id` int(11) NOT NULL AUTO_INCREMENT,
  `siteSeoImageId` int(11) DEFAULT NULL,
  `siteSeoTwitterImageId` int(11) DEFAULT NULL,
  `siteSeoFacebookImageId` int(11) DEFAULT NULL,
  `genericOwnerImageId` int(11) DEFAULT NULL,
  `genericCreatorImageId` int(11) DEFAULT NULL,
  `locale` varchar(255) COLLATE utf8_unicode_ci DEFAULT '',
  `siteSeoName` varchar(255) COLLATE utf8_unicode_ci DEFAULT '',
  `siteSeoTitle` varchar(255) COLLATE utf8_unicode_ci DEFAULT '',
  `siteSeoTitleSeparator` varchar(10) COLLATE utf8_unicode_ci DEFAULT '|',
  `siteSeoTitlePlacement` enum('before','after','none') COLLATE utf8_unicode_ci DEFAULT 'after',
  `siteSeoDescription` varchar(255) COLLATE utf8_unicode_ci DEFAULT '',
  `siteSeoKeywords` varchar(255) COLLATE utf8_unicode_ci DEFAULT '',
  `siteSeoImageTransform` varchar(100) COLLATE utf8_unicode_ci DEFAULT '',
  `siteSeoFacebookImageTransform` varchar(100) COLLATE utf8_unicode_ci DEFAULT '',
  `siteSeoTwitterImageTransform` varchar(100) COLLATE utf8_unicode_ci DEFAULT '',
  `siteTwitterCardType` varchar(50) COLLATE utf8_unicode_ci DEFAULT '',
  `siteOpenGraphType` varchar(50) COLLATE utf8_unicode_ci DEFAULT '',
  `siteRobots` varchar(50) COLLATE utf8_unicode_ci DEFAULT '',
  `siteRobotsTxt` text COLLATE utf8_unicode_ci,
  `siteLinksSearchTargets` text COLLATE utf8_unicode_ci,
  `siteLinksQueryInput` varchar(50) COLLATE utf8_unicode_ci DEFAULT '',
  `googleSiteVerification` varchar(100) COLLATE utf8_unicode_ci DEFAULT '',
  `bingSiteVerification` varchar(100) COLLATE utf8_unicode_ci DEFAULT '',
  `googleAnalyticsUID` varchar(50) COLLATE utf8_unicode_ci DEFAULT '',
  `googleTagManagerID` varchar(50) COLLATE utf8_unicode_ci DEFAULT '',
  `googleAnalyticsSendPageview` tinyint(1) unsigned NOT NULL DEFAULT '1',
  `googleAnalyticsAdvertising` tinyint(1) unsigned NOT NULL DEFAULT '0',
  `googleAnalyticsEcommerce` tinyint(1) unsigned NOT NULL DEFAULT '0',
  `googleAnalyticsEEcommerce` tinyint(1) unsigned NOT NULL DEFAULT '0',
  `googleAnalyticsLinkAttribution` tinyint(1) unsigned NOT NULL DEFAULT '0',
  `googleAnalyticsLinker` tinyint(1) unsigned NOT NULL DEFAULT '0',
  `googleAnalyticsAnonymizeIp` tinyint(1) unsigned NOT NULL DEFAULT '0',
  `siteOwnerType` varchar(50) COLLATE utf8_unicode_ci DEFAULT '',
  `siteOwnerSubType` varchar(50) COLLATE utf8_unicode_ci DEFAULT '',
  `siteOwnerSpecificType` varchar(50) COLLATE utf8_unicode_ci DEFAULT '',
  `genericOwnerName` varchar(255) COLLATE utf8_unicode_ci DEFAULT '',
  `genericOwnerAlternateName` varchar(255) COLLATE utf8_unicode_ci DEFAULT '',
  `genericOwnerDescription` varchar(1024) COLLATE utf8_unicode_ci DEFAULT '',
  `genericOwnerUrl` varchar(255) COLLATE utf8_unicode_ci DEFAULT '',
  `genericOwnerTelephone` varchar(255) COLLATE utf8_unicode_ci DEFAULT '',
  `genericOwnerEmail` varchar(255) COLLATE utf8_unicode_ci DEFAULT '',
  `genericOwnerStreetAddress` varchar(255) COLLATE utf8_unicode_ci DEFAULT '',
  `genericOwnerAddressLocality` varchar(255) COLLATE utf8_unicode_ci DEFAULT '',
  `genericOwnerAddressRegion` varchar(255) COLLATE utf8_unicode_ci DEFAULT '',
  `genericOwnerPostalCode` varchar(255) COLLATE utf8_unicode_ci DEFAULT '',
  `genericOwnerAddressCountry` varchar(255) COLLATE utf8_unicode_ci DEFAULT '',
  `genericOwnerGeoLatitude` varchar(255) COLLATE utf8_unicode_ci DEFAULT '',
  `genericOwnerGeoLongitude` varchar(255) COLLATE utf8_unicode_ci DEFAULT '',
  `organizationOwnerDuns` varchar(255) COLLATE utf8_unicode_ci DEFAULT '',
  `organizationOwnerFounder` varchar(255) COLLATE utf8_unicode_ci DEFAULT '',
  `organizationOwnerFoundingDate` varchar(255) COLLATE utf8_unicode_ci DEFAULT '',
  `organizationOwnerFoundingLocation` varchar(255) COLLATE utf8_unicode_ci DEFAULT '',
  `organizationOwnerContactPoints` text COLLATE utf8_unicode_ci,
  `localBusinessPriceRange` varchar(10) COLLATE utf8_unicode_ci DEFAULT '$$$',
  `localBusinessOwnerOpeningHours` text COLLATE utf8_unicode_ci,
  `corporationOwnerTickerSymbol` varchar(255) COLLATE utf8_unicode_ci DEFAULT '',
  `restaurantOwnerServesCuisine` varchar(255) COLLATE utf8_unicode_ci DEFAULT '',
  `restaurantOwnerMenuUrl` varchar(255) COLLATE utf8_unicode_ci DEFAULT '',
  `restaurantOwnerReservationsUrl` varchar(255) COLLATE utf8_unicode_ci DEFAULT '',
  `personOwnerGender` varchar(255) COLLATE utf8_unicode_ci DEFAULT '',
  `personOwnerBirthPlace` varchar(255) COLLATE utf8_unicode_ci DEFAULT '',
  `twitterHandle` varchar(50) COLLATE utf8_unicode_ci DEFAULT '',
  `facebookHandle` varchar(50) COLLATE utf8_unicode_ci DEFAULT '',
  `facebookProfileId` varchar(50) COLLATE utf8_unicode_ci DEFAULT '',
  `facebookAppId` varchar(50) COLLATE utf8_unicode_ci DEFAULT '',
  `linkedInHandle` varchar(50) COLLATE utf8_unicode_ci DEFAULT '',
  `googlePlusHandle` varchar(50) COLLATE utf8_unicode_ci DEFAULT '',
  `youtubeHandle` varchar(50) COLLATE utf8_unicode_ci DEFAULT '',
  `youtubeChannelHandle` varchar(50) COLLATE utf8_unicode_ci DEFAULT '',
  `instagramHandle` varchar(50) COLLATE utf8_unicode_ci DEFAULT '',
  `pinterestHandle` varchar(50) COLLATE utf8_unicode_ci DEFAULT '',
  `githubHandle` varchar(50) COLLATE utf8_unicode_ci DEFAULT '',
  `vimeoHandle` varchar(50) COLLATE utf8_unicode_ci DEFAULT '',
  `wikipediaUrl` varchar(100) COLLATE utf8_unicode_ci DEFAULT '',
  `siteCreatorType` varchar(255) COLLATE utf8_unicode_ci DEFAULT '',
  `siteCreatorSubType` varchar(255) COLLATE utf8_unicode_ci DEFAULT '',
  `siteCreatorSpecificType` varchar(255) COLLATE utf8_unicode_ci DEFAULT '',
  `genericCreatorName` varchar(255) COLLATE utf8_unicode_ci DEFAULT '',
  `genericCreatorAlternateName` varchar(255) COLLATE utf8_unicode_ci DEFAULT '',
  `genericCreatorDescription` varchar(1024) COLLATE utf8_unicode_ci DEFAULT '',
  `genericCreatorUrl` varchar(255) COLLATE utf8_unicode_ci DEFAULT '',
  `genericCreatorTelephone` varchar(255) COLLATE utf8_unicode_ci DEFAULT '',
  `genericCreatorEmail` varchar(255) COLLATE utf8_unicode_ci DEFAULT '',
  `genericCreatorStreetAddress` varchar(255) COLLATE utf8_unicode_ci DEFAULT '',
  `genericCreatorAddressLocality` varchar(255) COLLATE utf8_unicode_ci DEFAULT '',
  `genericCreatorAddressRegion` varchar(255) COLLATE utf8_unicode_ci DEFAULT '',
  `genericCreatorPostalCode` varchar(255) COLLATE utf8_unicode_ci DEFAULT '',
  `genericCreatorAddressCountry` varchar(255) COLLATE utf8_unicode_ci DEFAULT '',
  `genericCreatorGeoLatitude` varchar(255) COLLATE utf8_unicode_ci DEFAULT '',
  `genericCreatorGeoLongitude` varchar(255) COLLATE utf8_unicode_ci DEFAULT '',
  `organizationCreatorDuns` varchar(255) COLLATE utf8_unicode_ci DEFAULT '',
  `organizationCreatorFounder` varchar(255) COLLATE utf8_unicode_ci DEFAULT '',
  `organizationCreatorFoundingDate` varchar(255) COLLATE utf8_unicode_ci DEFAULT '',
  `organizationCreatorFoundingLocation` varchar(255) COLLATE utf8_unicode_ci DEFAULT '',
  `organizationCreatorContactPoints` text COLLATE utf8_unicode_ci,
  `localBusinessCreatorOpeningHours` text COLLATE utf8_unicode_ci,
  `corporationCreatorTickerSymbol` varchar(255) COLLATE utf8_unicode_ci DEFAULT '',
  `restaurantCreatorServesCuisine` varchar(255) COLLATE utf8_unicode_ci DEFAULT '',
  `restaurantCreatorMenuUrl` varchar(255) COLLATE utf8_unicode_ci DEFAULT '',
  `restaurantCreatorReservationsUrl` varchar(255) COLLATE utf8_unicode_ci DEFAULT '',
  `personCreatorGender` varchar(255) COLLATE utf8_unicode_ci DEFAULT '',
  `personCreatorBirthPlace` varchar(255) COLLATE utf8_unicode_ci DEFAULT '',
  `genericCreatorHumansTxt` text COLLATE utf8_unicode_ci,
  `dateCreated` datetime NOT NULL,
  `dateUpdated` datetime NOT NULL,
  `uid` char(36) COLLATE utf8_unicode_ci NOT NULL DEFAULT '0',
  PRIMARY KEY (`id`),
  KEY `craft_seomatic_settings_siteSeoImageId_fk` (`siteSeoImageId`),
  KEY `craft_seomatic_settings_siteSeoTwitterImageId_fk` (`siteSeoTwitterImageId`),
  KEY `craft_seomatic_settings_siteSeoFacebookImageId_fk` (`siteSeoFacebookImageId`),
  KEY `craft_seomatic_settings_genericOwnerImageId_fk` (`genericOwnerImageId`),
  KEY `craft_seomatic_settings_genericCreatorImageId_fk` (`genericCreatorImageId`),
  CONSTRAINT `craft_seomatic_settings_genericCreatorImageId_fk` FOREIGN KEY (`genericCreatorImageId`) REFERENCES `craft_assetfiles` (`id`) ON DELETE SET NULL,
  CONSTRAINT `craft_seomatic_settings_genericOwnerImageId_fk` FOREIGN KEY (`genericOwnerImageId`) REFERENCES `craft_assetfiles` (`id`) ON DELETE SET NULL,
  CONSTRAINT `craft_seomatic_settings_siteSeoFacebookImageId_fk` FOREIGN KEY (`siteSeoFacebookImageId`) REFERENCES `craft_assetfiles` (`id`) ON DELETE SET NULL,
  CONSTRAINT `craft_seomatic_settings_siteSeoImageId_fk` FOREIGN KEY (`siteSeoImageId`) REFERENCES `craft_assetfiles` (`id`) ON DELETE SET NULL,
  CONSTRAINT `craft_seomatic_settings_siteSeoTwitterImageId_fk` FOREIGN KEY (`siteSeoTwitterImageId`) REFERENCES `craft_assetfiles` (`id`) ON DELETE SET NULL
) ENGINE=InnoDB AUTO_INCREMENT=2 DEFAULT CHARSET=utf8 COLLATE=utf8_unicode_ci;

--
-- Dumping data for table `craft_seomatic_settings`
--

INSERT INTO `craft_seomatic_settings` VALUES (1,NULL,NULL,NULL,NULL,NULL,'en_us','Monarch Manor','This is the default global title of the site pages.','|','after','This is the default global natural language description of the content on the site pages.','default,global,comma-separated,keywords','','','','summary','website','','# robots.txt for {{ siteUrl }}\n\nSitemap: {{ siteUrl |trim(\'/\') }}/sitemap.xml\n\n# Don\'t allow web crawlers to index Craft\n\nUser-agent: *\nDisallow: /craft/\n','','','','','','',1,0,0,0,0,0,0,'Organization','Corporation','','Monarch Manor','','','{siteUrl}/','','','','','','','','','','','','','','','$$$','','','','','','','','','','','','','','','','','','','','','Organization','Corporation','','','','','','','','','','','','','','','','','','','','','','','','','','','/* TEAM */\n\n{% if seomaticCreator.name is defined and seomaticCreator.name %}\nCreator: {{ seomaticCreator.name }}\n{% endif %}\n{% if seomaticCreator.url is defined and seomaticCreator.url %}\nURL: {{ seomaticCreator.url }}\n{% endif %}\n{% if seomaticCreator.description is defined and seomaticCreator.description %}\nDescription: {{ seomaticCreator.description }}\n{% endif %}\n\n/* THANKS */\n\nPixel & Tonic - https://pixelandtonic.com\n\n/* SITE */\n\nStandards: HTML5, CSS3\nComponents: Craft CMS, Yii, PHP, Javascript, SEOmatic','2017-03-06 09:47:08','2017-03-06 09:47:08','b91fc32d-f0d2-42a8-b731-57a018a3b865');

--
-- Table structure for table `craft_sessions`
--

CREATE TABLE `craft_sessions` (
  `id` int(11) NOT NULL AUTO_INCREMENT,
  `userId` int(11) NOT NULL,
  `token` char(100) COLLATE utf8_unicode_ci NOT NULL,
  `dateCreated` datetime NOT NULL,
  `dateUpdated` datetime NOT NULL,
  `uid` char(36) COLLATE utf8_unicode_ci NOT NULL DEFAULT '0',
  PRIMARY KEY (`id`),
  KEY `craft_sessions_uid_idx` (`uid`),
  KEY `craft_sessions_token_idx` (`token`),
  KEY `craft_sessions_dateUpdated_idx` (`dateUpdated`),
  KEY `craft_sessions_userId_fk` (`userId`),
  CONSTRAINT `craft_sessions_userId_fk` FOREIGN KEY (`userId`) REFERENCES `craft_users` (`id`) ON DELETE CASCADE
) ENGINE=InnoDB AUTO_INCREMENT=47 DEFAULT CHARSET=utf8 COLLATE=utf8_unicode_ci;

--
-- Dumping data for table `craft_sessions`
--

INSERT INTO `craft_sessions` VALUES (4,1,'16d1267ff51546eb0d8245624b293a1e4b772bb6czozMjoiUEVfUHd0SzJscmRyQkhVUGR1bFZrOHVhUkZPc2RHeHAiOw==','2017-03-20 13:03:10','2017-03-20 13:03:10','427d98f8-5b09-4071-9f40-78a782070111'),(5,1,'2cfec2aac5810d40095069a6acf1e4e59c8dfa5fczozMjoifndRbXR5OTZRQVNwMkNnY3hOTWJGWXlmTlBPNlYwWlIiOw==','2017-03-21 06:32:28','2017-03-22 11:32:55','54055c26-936c-4f6a-852b-2fd64597b6d7'),(8,1,'070e16cf4452eaf01f41dc227d385985451e22c9czozMjoiSUlnMzJvOXBPdGRoZ2V3VjJkSUZDdll5NHZ3U1VhMEkiOw==','2017-03-22 11:33:19','2017-03-22 11:33:19','1b957668-153a-41ef-be19-f612a6836971'),(10,177,'70547f2d963adea7a9d1dbd530b3f5bc3ed984d0czozMjoiNXJuSlVaUlBZcDZaNXNwd0FiTmFrak9qfmRhQnhnYzIiOw==','2017-03-22 11:38:09','2017-03-22 11:38:09','6b4ad2ff-b066-4455-aded-dbb69edc6cfe'),(12,1,'cf84e565e3e834514c41a7a3909b607c31d6edc3czozMjoiY2ZqRUJySXhlTm5VQX5+ODFLQUZnb0kxajRTYkc0TVQiOw==','2017-03-22 22:59:00','2017-03-22 23:00:10','0d5dc769-1768-4ba4-b31e-59b2f814bd5c'),(13,1,'999093877df3d8facad49dcbf0cdb10206c077d1czozMjoieW1laGpiVnRBaUg5OHdkNE1TazZzZVpmNTd4VzFTUG0iOw==','2017-03-22 22:59:56','2017-03-22 22:59:56','aef8a139-87c2-4dfa-b689-7d52f39d206f'),(15,177,'8a48fd197719fee43ad783d9f098ff16fd474477czozMjoiVGRkNFlES2tLWnFXMTQ3Y2pyc0JiZlFsRG1yeDdtZ0oiOw==','2017-03-22 23:03:30','2017-03-22 23:04:16','d14f171c-c1ab-49de-af55-08e151177e22'),(16,178,'0ef31c7df41836523f404d35c2c8150a765416a1czozMjoiX3U0dHJfaGk4REI0cXJaRGMzQ2I3OVRpMEtJa0ZtZ3kiOw==','2017-03-22 23:07:15','2017-03-22 23:07:15','3f97014e-7463-4199-9a04-91dd2d447b28'),(17,178,'164e7fe12c65e67fc3d1abe2698f364a78728112czozMjoiMFNLQWNLa1hOUHp2fnhLd0hQOEhkfjJRVENXQXVYfnMiOw==','2017-03-23 01:48:32','2017-03-23 01:48:32','ca5f0109-cfaa-42df-a9cc-0b6fe762d695'),(18,177,'e8c4e58e7663073d394bba39724e2b900717079fczozMjoiUTMxYzladW9WX1hyOHpDRU1RbThCMGJMaUU2RmtUNDEiOw==','2017-03-23 13:21:17','2017-03-23 13:21:17','cca13958-d70f-466d-bea0-ede88a23be5b'),(20,177,'4e586e7bf963ebee47ec2c42cfddafa2d808ad06czozMjoiREZRTl82SEo0SktkOXRUYklzakFKcFlXN291dzlERVQiOw==','2017-03-24 12:28:45','2017-03-24 12:28:45','4f56bab3-7fc0-4198-ada3-5c711b96f770'),(21,177,'674108e49ddc1debe50b2a650ee291e92d5383a7czozMjoiVVlWcU1YMX5LOXlGRmQ1Vms4ZmdlVlMxSm0zTGc3QnEiOw==','2017-03-24 15:27:39','2017-03-24 15:27:39','a81dfa1c-933d-49c7-93ba-8b25a67c1a0d'),(23,177,'63d4be2ee01a5943e7c3de97143fc5c68b7e0d10czozMjoiMENSbXF2VHBrdGFZc3YzbmJqWWJrRHl6OUZua2wyWFciOw==','2017-03-25 15:46:37','2017-03-25 15:46:37','f135898d-5b97-49a5-9c58-4db4e60d2349'),(25,178,'76c906892442b87ead4b7205b2b676f975a7cbaeczozMjoibDFuWGx6fnFteWs1c2VNa3N0RndqOTVoMExRczFiRngiOw==','2017-03-26 16:09:01','2017-03-26 16:09:01','99bae67f-0419-498b-8b2d-fff79aac5c8f'),(26,178,'466d0bf6a165599bfdd356b2cf4f2982d274e6acczozMjoiVGJRQlZhcVl5OFQ5NnhFdGw3U3N3cGhaYkNhRFJ6eE8iOw==','2017-03-26 20:24:42','2017-03-26 20:24:42','b728ab34-8e48-4f24-9895-c1f3e31f96bc'),(27,177,'e5d7991f993dfb1d4b1dc1121f9eb68a85ac88e4czozMjoiVkxmSVVGbXg3OVVRaFRwZjF4YXlWRGk0Y3NrWEdhWFYiOw==','2017-03-26 22:05:47','2017-03-26 22:05:47','c3491770-fc2e-4a32-8e22-e8cc9264b5fb'),(28,1,'bdfd8502c82f4bd62aa69fc1820ce01ecf3dee03czozMjoiM2Fia3RoWFpBSE1iajg4bVk2RVlRYXlIVG50cWdRVEkiOw==','2017-03-27 05:35:34','2017-03-27 05:35:34','d0af7660-b28d-408d-8d10-4941847ef229'),(29,177,'48660590ef77b31c4de06444e7834da1d7e1bb34czozMjoiZGlDb3c3SU5ESmxuWUY4S2ViT0xORzBudzUxcH5YVEwiOw==','2017-03-27 10:50:27','2017-03-27 10:50:27','84043662-2da4-4b5c-86ec-5e6546e9ef96'),(30,177,'1eddbfa37a3bd82407c27ac8cf41e8f54df20f00czozMjoiTG1TNFpFcGI2VW1idElxajZqZkhLdEVTM1FvNFJmRl8iOw==','2017-03-29 12:38:47','2017-03-29 12:38:47','853bfcd2-8194-473a-936b-34eeeaac36c5'),(31,177,'55156b897f0d3399c82ccd79c612229dc2e0108dczozMjoifnVORU9BRkdYMWs0QmFBSno5VFNXWHFWMG95Sm5xcmIiOw==','2017-03-29 14:13:55','2017-03-29 14:13:55','dffe07d7-2e18-4a35-9cb4-b13d8cde1433'),(32,1,'964f279185bbeb6c9710046346000ce66470e161czozMjoiaU5nNlpvX2piTHlsaV9hbX5fMnBGSlZSTUlaR2w2Z1IiOw==','2017-04-07 10:12:34','2017-04-07 10:12:34','8b596c4a-8a45-43bd-88a6-baf3d2ee8c68'),(33,177,'820b2698fcad1f61ec7718e6543d2fe4faf06c9cczozMjoicG5vWEU4MXZSbVBjOE5CcUU2NDhyVkVLcFQySUhqc0IiOw==','2017-04-12 15:06:51','2017-04-12 15:06:51','98ec7874-c72a-4546-ba73-50f56dbd6663'),(34,178,'780f2a07c2963d9f038cb178286fdecb961f0fefczozMjoiQmdFQmNaUEdUWm1BUjNpRVVjOXgzVTBmbkRnT1lsX2kiOw==','2017-04-12 16:00:34','2017-04-12 16:00:34','18ba472b-03a0-473a-a930-135e6cc65534'),(35,177,'f23224eacd59010e3bc240b38c4fda05e920fefcczozMjoiaGpiV2FhRDVrQ1lQa2ZOVDRvaDlmMDdCQkk1X1JqMm0iOw==','2017-04-12 20:50:15','2017-04-12 20:50:15','4f92f688-9845-47f4-a254-da4522e9c082'),(36,177,'abb92b092ac23f185a28ae4ad08c54d4d0b1c62eczozMjoid2ZrbFM5c1lnTmticGx5dHhEWWNjUzR0eVlGd0NIWlMiOw==','2017-04-12 22:57:28','2017-04-12 22:57:28','01107390-3518-46c0-8f4d-999b9833d5ad'),(37,1,'5f762592f895bbe3639bcab4e811ebad13b197a9czozMjoiZWM1Vk5wUVU0aVZaNjFMSFJqMkFLZk1WM2JBckp3VGEiOw==','2017-04-13 14:47:55','2017-04-13 14:47:55','80e27159-93c9-449d-b20a-b7decd83a370'),(38,1,'c25a34cff7435452b2668e3c71cec659061005d9czozMjoiekQ4MHVwTEkwekRzQ2xRdlE2bUhkcUYxVUhzaVlFdmYiOw==','2017-04-14 08:17:41','2017-04-14 08:17:41','1dabf45e-262d-4500-82c5-1e1c40c0c409'),(39,1,'b3644763be89746af26879fa42748cd052c83908czozMjoiZH4zV3gzY0N3cEl2elEzU3I1bWtOWThtSE5pMEdqSHQiOw==','2017-04-14 11:41:34','2017-04-14 11:41:34','390a8f8d-81b3-48ab-b7e7-befff7d8cc73'),(40,1,'5b4bda051afb6afd1410c1eb3689e73680eec57aczozMjoiMmxlZ3dFTng1cEthZ3c0dUM3WFd1M2phd2gyaTRJX0oiOw==','2017-04-14 12:11:15','2017-04-14 12:11:15','dfa59d16-ab91-496d-ba43-23b527195416'),(41,1,'f801c9fd93b520900b32d82ea15a93189bdd0532czozMjoiVGRxb2ltVzA4Y2tmeDltMk1vTE5OdHdqTllHb28yN1ciOw==','2017-04-14 12:12:17','2017-04-14 12:12:17','e242f7f6-c208-45f0-aee6-c9bbd63d2568'),(42,1,'832ed56e047d1798eab20ef309d238f5931de4b8czozMjoiVFpzVTRHcmVyTVpIbXBuZE1rZmtLbkxxYlROcFRhNGEiOw==','2017-06-16 06:26:15','2017-06-16 06:26:15','560df72e-ece5-4426-9a6f-f51870dff926'),(43,1,'411cb0293f114c3103586feedc82fe7e8eb42549czozMjoiaVNTcTh0WUhJV3VrR0VVb284fkswcnFMbWJHRlR0dmYiOw==','2017-06-19 06:37:44','2017-06-19 06:37:44','270600fd-d48c-4bc3-a8c2-b27f665dfb7e'),(45,178,'54e27987266a33fd1d946dd17863e1609679d383czozMjoiVkswZkVEdmtpZU1hejNBRElpeXhyNndwMHF2Z0g4bjYiOw==','2017-06-26 11:58:25','2017-06-26 11:58:25','cb67e03f-2c3f-4281-b435-ce20395f01d8'),(46,1,'8d122dad38fb1a2f68405c8765c48a1941f502ebczozMjoiTGlsMnY5NWdJQnhzSXpUSGNMSUllNkZoaVdodFFkN2siOw==','2017-08-14 14:49:44','2017-08-14 14:49:44','c0af3411-981c-4f06-a029-d2c46bf309a6');

--
-- Table structure for table `craft_shunnedmessages`
--

CREATE TABLE `craft_shunnedmessages` (
  `id` int(11) NOT NULL AUTO_INCREMENT,
  `userId` int(11) NOT NULL,
  `message` varchar(255) COLLATE utf8_unicode_ci NOT NULL,
  `expiryDate` datetime DEFAULT NULL,
  `dateCreated` datetime NOT NULL,
  `dateUpdated` datetime NOT NULL,
  `uid` char(36) COLLATE utf8_unicode_ci NOT NULL DEFAULT '0',
  PRIMARY KEY (`id`),
  UNIQUE KEY `craft_shunnedmessages_userId_message_unq_idx` (`userId`,`message`),
  CONSTRAINT `craft_shunnedmessages_userId_fk` FOREIGN KEY (`userId`) REFERENCES `craft_users` (`id`) ON DELETE CASCADE
) ENGINE=InnoDB DEFAULT CHARSET=utf8 COLLATE=utf8_unicode_ci;

--
-- Dumping data for table `craft_shunnedmessages`
--


--
-- Table structure for table `craft_structureelements`
--

CREATE TABLE `craft_structureelements` (
  `id` int(11) NOT NULL AUTO_INCREMENT,
  `structureId` int(11) NOT NULL,
  `elementId` int(11) DEFAULT NULL,
  `root` int(11) unsigned DEFAULT NULL,
  `lft` int(11) unsigned NOT NULL,
  `rgt` int(11) unsigned NOT NULL,
  `level` smallint(6) unsigned NOT NULL,
  `dateCreated` datetime NOT NULL,
  `dateUpdated` datetime NOT NULL,
  `uid` char(36) COLLATE utf8_unicode_ci NOT NULL DEFAULT '0',
  PRIMARY KEY (`id`),
  UNIQUE KEY `craft_structureelements_structureId_elementId_unq_idx` (`structureId`,`elementId`),
  KEY `craft_structureelements_root_idx` (`root`),
  KEY `craft_structureelements_lft_idx` (`lft`),
  KEY `craft_structureelements_rgt_idx` (`rgt`),
  KEY `craft_structureelements_level_idx` (`level`),
  KEY `craft_structureelements_elementId_fk` (`elementId`),
  CONSTRAINT `craft_structureelements_elementId_fk` FOREIGN KEY (`elementId`) REFERENCES `craft_elements` (`id`) ON DELETE CASCADE,
  CONSTRAINT `craft_structureelements_structureId_fk` FOREIGN KEY (`structureId`) REFERENCES `craft_structures` (`id`) ON DELETE CASCADE
) ENGINE=InnoDB AUTO_INCREMENT=20 DEFAULT CHARSET=utf8 COLLATE=utf8_unicode_ci;

--
-- Dumping data for table `craft_structureelements`
--

INSERT INTO `craft_structureelements` VALUES (1,1,NULL,1,1,22,0,'2017-03-06 14:28:40','2017-03-06 14:28:40','4b8e86f0-0afb-4673-9862-10270e0022fe'),(2,1,31,1,2,3,1,'2017-03-06 14:28:40','2017-03-06 14:28:40','f5bb9c97-4a5c-4846-ac91-874e34207802'),(3,1,32,1,4,7,1,'2017-03-06 14:28:52','2017-03-06 14:28:52','34832760-9517-4be7-9c95-f44f6e039f55'),(4,1,33,1,8,9,1,'2017-03-06 14:29:03','2017-03-06 14:29:03','9caab510-f7b5-47c0-9715-29eded4642c9'),(5,1,34,1,10,11,1,'2017-03-06 14:29:21','2017-03-06 14:29:21','c81e3eb4-770d-4be3-ab30-2a2f44d1cc88'),(6,1,35,1,12,13,1,'2017-03-06 14:29:44','2017-03-06 14:29:44','adccc940-cf28-485c-b2bd-849862a79b88'),(7,1,36,1,14,15,1,'2017-03-06 14:30:20','2017-03-06 14:30:20','9a860611-01b0-4b4c-bc69-41edeff7a650'),(8,1,37,1,16,17,1,'2017-03-06 14:30:35','2017-03-06 14:30:35','4ebd7990-1f1d-42bb-b8f6-e01b6f532a56'),(9,1,38,1,18,19,1,'2017-03-06 14:30:54','2017-03-06 14:30:54','62478978-e229-41e1-bc5e-54691baa35c8'),(10,1,39,1,20,21,1,'2017-03-06 14:31:04','2017-03-06 14:31:04','9d732ff3-cb2d-4d39-a198-7438a3e78bf3'),(11,3,NULL,11,1,16,0,'2017-03-16 16:05:18','2017-03-16 16:05:18','2801f9e1-10bc-43c1-a9fa-a5ba1935ed66'),(12,3,144,11,2,13,1,'2017-03-16 16:05:18','2017-03-16 16:05:18','2abe1ebf-2ffa-42cd-bb93-f6e7eca4bb7c'),(13,3,146,11,3,4,2,'2017-03-16 16:07:18','2017-03-16 16:07:18','ea913b48-25d9-4b53-abd0-df4def54db08'),(14,3,147,11,5,6,2,'2017-03-16 16:07:44','2017-03-16 16:07:44','9e1eb569-924a-4e18-aff1-ce0bc0167bfc'),(15,1,148,1,5,6,2,'2017-03-16 16:24:52','2017-03-16 16:24:52','24f3c9e1-1737-4fef-a7c0-491ef853df6b'),(16,3,151,11,7,8,2,'2017-03-17 14:40:29','2017-03-17 14:40:29','decb82d0-89c4-4805-abd7-f64f69c11930'),(17,3,169,11,9,10,2,'2017-03-20 07:51:10','2017-03-20 07:51:10','ed8136b3-f4b0-4a9d-901b-bcb202d7d334'),(18,3,170,11,11,12,2,'2017-03-20 07:51:49','2017-03-20 07:51:49','6a400d69-2ae7-4556-9a21-7b8cb00dce84'),(19,3,173,11,14,15,1,'2017-03-20 09:52:29','2017-03-20 09:52:29','c89b9d51-9268-4643-8526-8434ef799e20');

--
-- Table structure for table `craft_structures`
--

CREATE TABLE `craft_structures` (
  `id` int(11) NOT NULL AUTO_INCREMENT,
  `maxLevels` smallint(6) unsigned DEFAULT NULL,
  `dateCreated` datetime NOT NULL,
  `dateUpdated` datetime NOT NULL,
  `uid` char(36) COLLATE utf8_unicode_ci NOT NULL DEFAULT '0',
  PRIMARY KEY (`id`)
) ENGINE=InnoDB AUTO_INCREMENT=4 DEFAULT CHARSET=utf8 COLLATE=utf8_unicode_ci;

--
-- Dumping data for table `craft_structures`
--

INSERT INTO `craft_structures` VALUES (1,NULL,'2017-03-06 14:27:11','2017-03-16 16:31:26','77b7f8cf-b7c7-4b70-899d-237491227ff7'),(2,NULL,'2017-03-15 19:02:32','2017-03-16 16:41:29','74710e74-57f1-45e8-8ae9-85269796f250'),(3,2,'2017-03-16 16:05:18','2017-03-16 16:07:10','2f5623ea-9fa5-4f9c-b42d-90da1ac42525');

--
-- Table structure for table `craft_systemsettings`
--

CREATE TABLE `craft_systemsettings` (
  `id` int(11) NOT NULL AUTO_INCREMENT,
  `category` varchar(15) COLLATE utf8_unicode_ci NOT NULL,
  `settings` text COLLATE utf8_unicode_ci,
  `dateCreated` datetime NOT NULL,
  `dateUpdated` datetime NOT NULL,
  `uid` char(36) COLLATE utf8_unicode_ci NOT NULL DEFAULT '0',
  PRIMARY KEY (`id`),
  UNIQUE KEY `craft_systemsettings_category_unq_idx` (`category`)
) ENGINE=InnoDB AUTO_INCREMENT=2 DEFAULT CHARSET=utf8 COLLATE=utf8_unicode_ci;

--
-- Dumping data for table `craft_systemsettings`
--

INSERT INTO `craft_systemsettings` VALUES (1,'email','{\"protocol\":\"php\",\"emailAddress\":\"max@eec.ms\",\"senderName\":\"Monarch Manor\"}','2017-03-06 09:19:13','2017-03-06 09:19:13','b8f285b2-fc73-4807-a9da-e654f60a4357');

--
-- Table structure for table `craft_taggroups`
--

CREATE TABLE `craft_taggroups` (
  `id` int(11) NOT NULL AUTO_INCREMENT,
  `name` varchar(255) COLLATE utf8_unicode_ci NOT NULL,
  `handle` varchar(255) COLLATE utf8_unicode_ci NOT NULL,
  `fieldLayoutId` int(10) DEFAULT NULL,
  `dateCreated` datetime NOT NULL,
  `dateUpdated` datetime NOT NULL,
  `uid` char(36) COLLATE utf8_unicode_ci NOT NULL DEFAULT '0',
  PRIMARY KEY (`id`),
  UNIQUE KEY `craft_taggroups_name_unq_idx` (`name`),
  UNIQUE KEY `craft_taggroups_handle_unq_idx` (`handle`),
  KEY `craft_taggroups_fieldLayoutId_fk` (`fieldLayoutId`),
  CONSTRAINT `craft_taggroups_fieldLayoutId_fk` FOREIGN KEY (`fieldLayoutId`) REFERENCES `craft_fieldlayouts` (`id`) ON DELETE SET NULL
) ENGINE=InnoDB AUTO_INCREMENT=2 DEFAULT CHARSET=utf8 COLLATE=utf8_unicode_ci;

--
-- Dumping data for table `craft_taggroups`
--

INSERT INTO `craft_taggroups` VALUES (1,'Default','default',1,'2017-03-06 09:19:13','2017-03-06 09:19:13','c7c709c9-9ba9-4192-b9e0-46d7a09032e4');

--
-- Table structure for table `craft_tags`
--

CREATE TABLE `craft_tags` (
  `id` int(11) NOT NULL,
  `groupId` int(11) NOT NULL,
  `dateCreated` datetime NOT NULL,
  `dateUpdated` datetime NOT NULL,
  `uid` char(36) COLLATE utf8_unicode_ci NOT NULL DEFAULT '0',
  PRIMARY KEY (`id`),
  KEY `craft_tags_groupId_fk` (`groupId`),
  CONSTRAINT `craft_tags_groupId_fk` FOREIGN KEY (`groupId`) REFERENCES `craft_taggroups` (`id`) ON DELETE CASCADE,
  CONSTRAINT `craft_tags_id_fk` FOREIGN KEY (`id`) REFERENCES `craft_elements` (`id`) ON DELETE CASCADE
) ENGINE=InnoDB DEFAULT CHARSET=utf8 COLLATE=utf8_unicode_ci;

--
-- Dumping data for table `craft_tags`
--


--
-- Table structure for table `craft_tasks`
--

CREATE TABLE `craft_tasks` (
  `id` int(11) NOT NULL AUTO_INCREMENT,
  `root` int(11) unsigned DEFAULT NULL,
  `lft` int(11) unsigned NOT NULL,
  `rgt` int(11) unsigned NOT NULL,
  `level` smallint(6) unsigned NOT NULL,
  `currentStep` int(11) unsigned DEFAULT NULL,
  `totalSteps` int(11) unsigned DEFAULT NULL,
  `status` enum('pending','error','running') COLLATE utf8_unicode_ci DEFAULT NULL,
  `type` varchar(150) COLLATE utf8_unicode_ci NOT NULL,
  `description` varchar(255) COLLATE utf8_unicode_ci DEFAULT NULL,
  `settings` mediumtext COLLATE utf8_unicode_ci,
  `dateCreated` datetime NOT NULL,
  `dateUpdated` datetime NOT NULL,
  `uid` char(36) COLLATE utf8_unicode_ci NOT NULL DEFAULT '0',
  PRIMARY KEY (`id`),
  KEY `craft_tasks_root_idx` (`root`),
  KEY `craft_tasks_lft_idx` (`lft`),
  KEY `craft_tasks_rgt_idx` (`rgt`),
  KEY `craft_tasks_level_idx` (`level`)
) ENGINE=InnoDB DEFAULT CHARSET=utf8 COLLATE=utf8_unicode_ci;

--
-- Dumping data for table `craft_tasks`
--


--
-- Table structure for table `craft_templatecachecriteria`
--

CREATE TABLE `craft_templatecachecriteria` (
  `id` int(11) NOT NULL AUTO_INCREMENT,
  `cacheId` int(11) NOT NULL,
  `type` varchar(150) COLLATE utf8_unicode_ci NOT NULL,
  `criteria` text COLLATE utf8_unicode_ci NOT NULL,
  PRIMARY KEY (`id`),
  KEY `craft_templatecachecriteria_cacheId_fk` (`cacheId`),
  KEY `craft_templatecachecriteria_type_idx` (`type`),
  CONSTRAINT `craft_templatecachecriteria_cacheId_fk` FOREIGN KEY (`cacheId`) REFERENCES `craft_templatecaches` (`id`) ON DELETE CASCADE
) ENGINE=InnoDB DEFAULT CHARSET=utf8 COLLATE=utf8_unicode_ci;

--
-- Dumping data for table `craft_templatecachecriteria`
--


--
-- Table structure for table `craft_templatecacheelements`
--

CREATE TABLE `craft_templatecacheelements` (
  `cacheId` int(11) NOT NULL,
  `elementId` int(11) NOT NULL,
  KEY `craft_templatecacheelements_cacheId_fk` (`cacheId`),
  KEY `craft_templatecacheelements_elementId_fk` (`elementId`),
  CONSTRAINT `craft_templatecacheelements_cacheId_fk` FOREIGN KEY (`cacheId`) REFERENCES `craft_templatecaches` (`id`) ON DELETE CASCADE,
  CONSTRAINT `craft_templatecacheelements_elementId_fk` FOREIGN KEY (`elementId`) REFERENCES `craft_elements` (`id`) ON DELETE CASCADE
) ENGINE=InnoDB DEFAULT CHARSET=utf8 COLLATE=utf8_unicode_ci;

--
-- Dumping data for table `craft_templatecacheelements`
--


--
-- Table structure for table `craft_templatecaches`
--

CREATE TABLE `craft_templatecaches` (
  `id` int(11) NOT NULL AUTO_INCREMENT,
  `cacheKey` varchar(255) COLLATE utf8_unicode_ci NOT NULL,
  `locale` char(12) COLLATE utf8_unicode_ci NOT NULL,
  `path` varchar(255) COLLATE utf8_unicode_ci DEFAULT NULL,
  `expiryDate` datetime NOT NULL,
  `body` mediumtext COLLATE utf8_unicode_ci NOT NULL,
  PRIMARY KEY (`id`),
  KEY `craft_templatecaches_expiryDate_cacheKey_locale_path_idx` (`expiryDate`,`cacheKey`,`locale`,`path`),
  KEY `craft_templatecaches_locale_fk` (`locale`),
  CONSTRAINT `craft_templatecaches_locale_fk` FOREIGN KEY (`locale`) REFERENCES `craft_locales` (`locale`) ON DELETE CASCADE ON UPDATE CASCADE
) ENGINE=InnoDB DEFAULT CHARSET=utf8 COLLATE=utf8_unicode_ci;

--
-- Dumping data for table `craft_templatecaches`
--


--
-- Table structure for table `craft_tokens`
--

CREATE TABLE `craft_tokens` (
  `id` int(11) NOT NULL AUTO_INCREMENT,
  `token` char(32) COLLATE utf8_unicode_ci NOT NULL,
  `route` text COLLATE utf8_unicode_ci,
  `usageLimit` tinyint(3) unsigned DEFAULT NULL,
  `usageCount` tinyint(3) unsigned DEFAULT NULL,
  `expiryDate` datetime NOT NULL,
  `dateCreated` datetime NOT NULL,
  `dateUpdated` datetime NOT NULL,
  `uid` char(36) COLLATE utf8_unicode_ci NOT NULL DEFAULT '0',
  PRIMARY KEY (`id`),
  UNIQUE KEY `craft_tokens_token_unq_idx` (`token`),
  KEY `craft_tokens_expiryDate_idx` (`expiryDate`)
) ENGINE=InnoDB DEFAULT CHARSET=utf8 COLLATE=utf8_unicode_ci;

--
-- Dumping data for table `craft_tokens`
--


--
-- Table structure for table `craft_usergroups`
--

CREATE TABLE `craft_usergroups` (
  `id` int(11) NOT NULL AUTO_INCREMENT,
  `name` varchar(255) COLLATE utf8_unicode_ci NOT NULL,
  `handle` varchar(255) COLLATE utf8_unicode_ci NOT NULL,
  `dateCreated` datetime NOT NULL,
  `dateUpdated` datetime NOT NULL,
  `uid` char(36) COLLATE utf8_unicode_ci NOT NULL DEFAULT '0',
  PRIMARY KEY (`id`),
  UNIQUE KEY `craft_usergroups_name_unq_idx` (`name`),
  UNIQUE KEY `craft_usergroups_handle_unq_idx` (`handle`)
) ENGINE=InnoDB DEFAULT CHARSET=utf8 COLLATE=utf8_unicode_ci;

--
-- Dumping data for table `craft_usergroups`
--


--
-- Table structure for table `craft_usergroups_users`
--

CREATE TABLE `craft_usergroups_users` (
  `id` int(11) NOT NULL AUTO_INCREMENT,
  `groupId` int(11) NOT NULL,
  `userId` int(11) NOT NULL,
  `dateCreated` datetime NOT NULL,
  `dateUpdated` datetime NOT NULL,
  `uid` char(36) COLLATE utf8_unicode_ci NOT NULL DEFAULT '0',
  PRIMARY KEY (`id`),
  UNIQUE KEY `craft_usergroups_users_groupId_userId_unq_idx` (`groupId`,`userId`),
  KEY `craft_usergroups_users_userId_fk` (`userId`),
  CONSTRAINT `craft_usergroups_users_groupId_fk` FOREIGN KEY (`groupId`) REFERENCES `craft_usergroups` (`id`) ON DELETE CASCADE,
  CONSTRAINT `craft_usergroups_users_userId_fk` FOREIGN KEY (`userId`) REFERENCES `craft_users` (`id`) ON DELETE CASCADE
) ENGINE=InnoDB DEFAULT CHARSET=utf8 COLLATE=utf8_unicode_ci;

--
-- Dumping data for table `craft_usergroups_users`
--


--
-- Table structure for table `craft_userpermissions`
--

CREATE TABLE `craft_userpermissions` (
  `id` int(11) NOT NULL AUTO_INCREMENT,
  `name` varchar(255) COLLATE utf8_unicode_ci NOT NULL,
  `dateCreated` datetime NOT NULL,
  `dateUpdated` datetime NOT NULL,
  `uid` char(36) COLLATE utf8_unicode_ci NOT NULL DEFAULT '0',
  PRIMARY KEY (`id`),
  UNIQUE KEY `craft_userpermissions_name_unq_idx` (`name`)
) ENGINE=InnoDB DEFAULT CHARSET=utf8 COLLATE=utf8_unicode_ci;

--
-- Dumping data for table `craft_userpermissions`
--


--
-- Table structure for table `craft_userpermissions_usergroups`
--

CREATE TABLE `craft_userpermissions_usergroups` (
  `id` int(11) NOT NULL AUTO_INCREMENT,
  `permissionId` int(11) NOT NULL,
  `groupId` int(11) NOT NULL,
  `dateCreated` datetime NOT NULL,
  `dateUpdated` datetime NOT NULL,
  `uid` char(36) COLLATE utf8_unicode_ci NOT NULL DEFAULT '0',
  PRIMARY KEY (`id`),
  UNIQUE KEY `craft_userpermissions_usergroups_permissionId_groupId_unq_idx` (`permissionId`,`groupId`),
  KEY `craft_userpermissions_usergroups_groupId_fk` (`groupId`),
  CONSTRAINT `craft_userpermissions_usergroups_groupId_fk` FOREIGN KEY (`groupId`) REFERENCES `craft_usergroups` (`id`) ON DELETE CASCADE,
  CONSTRAINT `craft_userpermissions_usergroups_permissionId_fk` FOREIGN KEY (`permissionId`) REFERENCES `craft_userpermissions` (`id`) ON DELETE CASCADE
) ENGINE=InnoDB DEFAULT CHARSET=utf8 COLLATE=utf8_unicode_ci;

--
-- Dumping data for table `craft_userpermissions_usergroups`
--


--
-- Table structure for table `craft_userpermissions_users`
--

CREATE TABLE `craft_userpermissions_users` (
  `id` int(11) NOT NULL AUTO_INCREMENT,
  `permissionId` int(11) NOT NULL,
  `userId` int(11) NOT NULL,
  `dateCreated` datetime NOT NULL,
  `dateUpdated` datetime NOT NULL,
  `uid` char(36) COLLATE utf8_unicode_ci NOT NULL DEFAULT '0',
  PRIMARY KEY (`id`),
  UNIQUE KEY `craft_userpermissions_users_permissionId_userId_unq_idx` (`permissionId`,`userId`),
  KEY `craft_userpermissions_users_userId_fk` (`userId`),
  CONSTRAINT `craft_userpermissions_users_permissionId_fk` FOREIGN KEY (`permissionId`) REFERENCES `craft_userpermissions` (`id`) ON DELETE CASCADE,
  CONSTRAINT `craft_userpermissions_users_userId_fk` FOREIGN KEY (`userId`) REFERENCES `craft_users` (`id`) ON DELETE CASCADE
) ENGINE=InnoDB DEFAULT CHARSET=utf8 COLLATE=utf8_unicode_ci;

--
-- Dumping data for table `craft_userpermissions_users`
--


--
-- Table structure for table `craft_users`
--

CREATE TABLE `craft_users` (
  `id` int(11) NOT NULL,
  `username` varchar(100) COLLATE utf8_unicode_ci NOT NULL,
  `photo` varchar(100) COLLATE utf8_unicode_ci DEFAULT NULL,
  `firstName` varchar(100) COLLATE utf8_unicode_ci DEFAULT NULL,
  `lastName` varchar(100) COLLATE utf8_unicode_ci DEFAULT NULL,
  `email` varchar(255) COLLATE utf8_unicode_ci NOT NULL,
  `password` char(255) COLLATE utf8_unicode_ci DEFAULT NULL,
  `preferredLocale` char(12) COLLATE utf8_unicode_ci DEFAULT NULL,
  `weekStartDay` tinyint(1) unsigned NOT NULL DEFAULT '0',
  `admin` tinyint(1) unsigned NOT NULL DEFAULT '0',
  `client` tinyint(1) unsigned NOT NULL DEFAULT '0',
  `locked` tinyint(1) unsigned NOT NULL DEFAULT '0',
  `suspended` tinyint(1) unsigned NOT NULL DEFAULT '0',
  `pending` tinyint(1) unsigned NOT NULL DEFAULT '0',
  `archived` tinyint(1) unsigned NOT NULL DEFAULT '0',
  `lastLoginDate` datetime DEFAULT NULL,
  `lastLoginAttemptIPAddress` varchar(45) COLLATE utf8_unicode_ci DEFAULT NULL,
  `invalidLoginWindowStart` datetime DEFAULT NULL,
  `invalidLoginCount` tinyint(4) unsigned DEFAULT NULL,
  `lastInvalidLoginDate` datetime DEFAULT NULL,
  `lockoutDate` datetime DEFAULT NULL,
  `verificationCode` char(100) COLLATE utf8_unicode_ci DEFAULT NULL,
  `verificationCodeIssuedDate` datetime DEFAULT NULL,
  `unverifiedEmail` varchar(255) COLLATE utf8_unicode_ci DEFAULT NULL,
  `passwordResetRequired` tinyint(1) unsigned NOT NULL DEFAULT '0',
  `lastPasswordChangeDate` datetime DEFAULT NULL,
  `dateCreated` datetime NOT NULL,
  `dateUpdated` datetime NOT NULL,
  `uid` char(36) COLLATE utf8_unicode_ci NOT NULL DEFAULT '0',
  PRIMARY KEY (`id`),
  UNIQUE KEY `craft_users_username_unq_idx` (`username`),
  UNIQUE KEY `craft_users_email_unq_idx` (`email`),
  KEY `craft_users_verificationCode_idx` (`verificationCode`),
  KEY `craft_users_uid_idx` (`uid`),
  KEY `craft_users_preferredLocale_fk` (`preferredLocale`),
  CONSTRAINT `craft_users_id_fk` FOREIGN KEY (`id`) REFERENCES `craft_elements` (`id`) ON DELETE CASCADE,
  CONSTRAINT `craft_users_preferredLocale_fk` FOREIGN KEY (`preferredLocale`) REFERENCES `craft_locales` (`locale`) ON DELETE SET NULL ON UPDATE CASCADE
) ENGINE=InnoDB DEFAULT CHARSET=utf8 COLLATE=utf8_unicode_ci;

--
-- Dumping data for table `craft_users`
--

INSERT INTO `craft_users` VALUES (1,'max@eec.ms',NULL,'Max','','max@eec.ms','$2y$13$AKYUdjS5fun8nDZjmFb.jeN3eEz5XI/Ce0JLq.lq95mmWndZ6n8QO',NULL,0,1,0,0,0,0,0,'2017-08-14 14:49:44','213.110.122.206',NULL,NULL,'2017-04-13 14:47:39',NULL,NULL,NULL,NULL,0,'2017-04-07 07:41:10','2017-03-06 09:19:09','2017-08-14 14:49:44','5f8af83c-1d1b-4e52-98e0-249905cdb860'),(177,'florian@designingit.com',NULL,'Florian','Auckenthaler','florian@designingit.com','$2y$13$OD7AvTI74GsrnoJCPgYtWO47zgYovzJUD82cqUp2KX8sDV2F5czBG',NULL,0,1,0,0,0,0,0,'2017-04-12 22:57:28','174.56.148.110',NULL,NULL,NULL,NULL,NULL,NULL,NULL,0,'2017-03-22 11:36:53','2017-03-22 11:34:11','2017-04-12 22:57:28','d6724a8a-8ac9-40d8-8266-0fce328c2d6a'),(178,'support@monarchmanor.org',NULL,'Rick','Nappi','support@monarchmanor.org','$2y$13$wsMUmERvSecMwhGG4iicrO1WrYq4OYljZ4J040/QVmTadNob2Vkgu',NULL,0,1,0,0,0,0,0,'2017-06-26 11:58:25','94.158.154.250','2017-10-16 10:49:24',5,'2017-10-16 07:22:15',NULL,NULL,NULL,NULL,0,'2017-03-22 23:06:43','2017-03-22 23:01:59','2017-10-16 07:22:15','8357eacd-4b12-43ef-96f9-65cf5e7add54'),(179,'florian+test@designingit.com',NULL,'Test','Test','florian+test@designingit.com',NULL,NULL,0,1,0,0,0,1,0,NULL,NULL,NULL,NULL,NULL,NULL,'$2y$13$qZolSgiH/xU7gy1fEnz.YeKdObT0khwrAL62IyHfyeWe0ZENGin7O','2017-03-22 23:02:04','florian+test@designingit.com',0,NULL,'2017-03-22 23:02:03','2017-03-22 23:02:04','cc9ea871-b8ae-410e-9613-2989f1222a43');

--
-- Table structure for table `craft_widgets`
--

CREATE TABLE `craft_widgets` (
  `id` int(11) NOT NULL AUTO_INCREMENT,
  `userId` int(11) NOT NULL,
  `type` varchar(150) COLLATE utf8_unicode_ci NOT NULL,
  `sortOrder` smallint(6) unsigned DEFAULT NULL,
  `colspan` tinyint(4) unsigned DEFAULT NULL,
  `settings` text COLLATE utf8_unicode_ci,
  `enabled` tinyint(1) unsigned NOT NULL DEFAULT '1',
  `dateCreated` datetime NOT NULL,
  `dateUpdated` datetime NOT NULL,
  `uid` char(36) COLLATE utf8_unicode_ci NOT NULL DEFAULT '0',
  PRIMARY KEY (`id`),
  KEY `craft_widgets_userId_fk` (`userId`),
  CONSTRAINT `craft_widgets_userId_fk` FOREIGN KEY (`userId`) REFERENCES `craft_users` (`id`) ON DELETE CASCADE
) ENGINE=InnoDB AUTO_INCREMENT=13 DEFAULT CHARSET=utf8 COLLATE=utf8_unicode_ci;

--
-- Dumping data for table `craft_widgets`
--

INSERT INTO `craft_widgets` VALUES (1,1,'RecentEntries',1,NULL,NULL,1,'2017-03-06 09:19:44','2017-03-06 09:19:44','1a4925f2-1d99-48a2-84b4-d03d4dd65c42'),(2,1,'GetHelp',2,NULL,NULL,1,'2017-03-06 09:19:44','2017-03-06 09:19:44','572234f9-5ff1-4b4f-83d0-9f8d28e3669f'),(3,1,'Updates',3,NULL,NULL,1,'2017-03-06 09:19:44','2017-03-06 09:19:44','3371d3a3-b6c4-4977-9f56-69d60ff4f2a0'),(4,1,'Feed',4,NULL,'{\"url\":\"https:\\/\\/craftcms.com\\/news.rss\",\"title\":\"Craft News\"}',1,'2017-03-06 09:19:44','2017-03-06 09:19:44','74748140-9ac9-42aa-824e-77b346f12c51'),(5,177,'RecentEntries',1,1,NULL,1,'2017-03-22 11:37:03','2017-03-23 13:21:35','9641b3fc-f755-4e01-bcb7-6dc2ea443d6d'),(6,177,'GetHelp',2,NULL,NULL,1,'2017-03-22 11:37:03','2017-03-22 11:37:03','1a9bc880-df32-411c-93df-eb5958ba16a0'),(7,177,'Updates',3,NULL,NULL,1,'2017-03-22 11:37:03','2017-03-22 11:37:03','3ab845f3-471e-4ba2-973f-f85ff5d19686'),(8,177,'Feed',4,NULL,'{\"url\":\"https:\\/\\/craftcms.com\\/news.rss\",\"title\":\"Craft News\"}',1,'2017-03-22 11:37:03','2017-03-22 11:37:03','424b556d-bab6-4206-8d12-936aeb8ef37d'),(9,178,'RecentEntries',1,NULL,NULL,1,'2017-03-22 23:07:16','2017-03-22 23:07:16','a33a568c-d06a-4b0c-9467-690b8ce923e1'),(10,178,'GetHelp',2,NULL,NULL,1,'2017-03-22 23:07:16','2017-03-22 23:07:16','6e8a2512-395a-4bec-9f39-7704fae1ce90'),(11,178,'Updates',3,NULL,NULL,1,'2017-03-22 23:07:16','2017-03-22 23:07:16','e8d2dae5-5345-43c2-b87a-51ca56b5a4ef'),(12,178,'Feed',4,NULL,'{\"url\":\"https:\\/\\/craftcms.com\\/news.rss\",\"title\":\"Craft News\"}',1,'2017-03-22 23:07:16','2017-03-22 23:07:16','5530c179-018d-43a7-84a2-ddd577ea02b3');


